[INFO] fetching crate kde_frameworks 0.2.0...
[INFO] testing kde_frameworks-0.2.0 against 1.69.0 for beta-1.70-1
[INFO] extracting crate kde_frameworks 0.2.0 into /workspace/builds/worker-7-tc1/source
[INFO] validating manifest of crates.io crate kde_frameworks 0.2.0 on toolchain 1.69.0
[INFO] running `Command { std: CARGO_HOME="/workspace/cargo-home" RUSTUP_HOME="/workspace/rustup-home" "/workspace/cargo-home/bin/cargo" "+1.69.0" "metadata" "--manifest-path" "Cargo.toml" "--no-deps", kill_on_drop: false }`
[INFO] started tweaking crates.io crate kde_frameworks 0.2.0
[INFO] finished tweaking crates.io crate kde_frameworks 0.2.0
[INFO] tweaked toml for crates.io crate kde_frameworks 0.2.0 written to /workspace/builds/worker-7-tc1/source/Cargo.toml
[INFO] running `Command { std: CARGO_HOME="/workspace/cargo-home" RUSTUP_HOME="/workspace/rustup-home" __CARGO_TEST_CHANNEL_OVERRIDE_DO_NOT_USE_THIS="nightly" "/workspace/cargo-home/bin/cargo" "+1.69.0" "generate-lockfile" "--manifest-path" "Cargo.toml" "-Zno-index-update", kill_on_drop: false }`
[INFO] running `Command { std: CARGO_HOME="/workspace/cargo-home" RUSTUP_HOME="/workspace/rustup-home" "/workspace/cargo-home/bin/cargo" "+1.69.0" "fetch" "--manifest-path" "Cargo.toml", kill_on_drop: false }`
[INFO] running `Command { std: "docker" "create" "-v" "/var/lib/crater-agent-workspace/builds/worker-7-tc1/target:/opt/rustwide/target:rw,Z" "-v" "/var/lib/crater-agent-workspace/builds/worker-7-tc1/source:/opt/rustwide/workdir:ro,Z" "-v" "/var/lib/crater-agent-workspace/cargo-home:/opt/rustwide/cargo-home:ro,Z" "-v" "/var/lib/crater-agent-workspace/rustup-home:/opt/rustwide/rustup-home:ro,Z" "-e" "SOURCE_DIR=/opt/rustwide/workdir" "-e" "CARGO_TARGET_DIR=/opt/rustwide/target" "-e" "CARGO_HOME=/opt/rustwide/cargo-home" "-e" "RUSTUP_HOME=/opt/rustwide/rustup-home" "-w" "/opt/rustwide/workdir" "-m" "1610612736" "--user" "0:0" "--network" "none" "ghcr.io/rust-lang/crates-build-env/linux@sha256:5ff2268d62e97bff2cde7d5815dd6ed5b47097566f13b8d0ca110b04b60e07ed" "/opt/rustwide/cargo-home/bin/cargo" "+1.69.0" "metadata" "--no-deps" "--format-version=1", kill_on_drop: false }`
[INFO] [stdout] 33fb1e6ce213c0f7efca181b216585425586d05ca4ea4efc597c998706e70912
[INFO] running `Command { std: "docker" "start" "-a" "33fb1e6ce213c0f7efca181b216585425586d05ca4ea4efc597c998706e70912", kill_on_drop: false }`
[INFO] running `Command { std: "docker" "inspect" "33fb1e6ce213c0f7efca181b216585425586d05ca4ea4efc597c998706e70912", kill_on_drop: false }`
[INFO] running `Command { std: "docker" "rm" "-f" "33fb1e6ce213c0f7efca181b216585425586d05ca4ea4efc597c998706e70912", kill_on_drop: false }`
[INFO] [stdout] 33fb1e6ce213c0f7efca181b216585425586d05ca4ea4efc597c998706e70912
[INFO] running `Command { std: "docker" "create" "-v" "/var/lib/crater-agent-workspace/builds/worker-7-tc1/target:/opt/rustwide/target:rw,Z" "-v" "/var/lib/crater-agent-workspace/builds/worker-7-tc1/source:/opt/rustwide/workdir:ro,Z" "-v" "/var/lib/crater-agent-workspace/cargo-home:/opt/rustwide/cargo-home:ro,Z" "-v" "/var/lib/crater-agent-workspace/rustup-home:/opt/rustwide/rustup-home:ro,Z" "-e" "SOURCE_DIR=/opt/rustwide/workdir" "-e" "CARGO_TARGET_DIR=/opt/rustwide/target" "-e" "CARGO_INCREMENTAL=0" "-e" "RUST_BACKTRACE=full" "-e" "RUSTFLAGS=--cap-lints=warn" "-e" "RUSTDOCFLAGS=--cap-lints=warn" "-e" "CARGO_HOME=/opt/rustwide/cargo-home" "-e" "RUSTUP_HOME=/opt/rustwide/rustup-home" "-w" "/opt/rustwide/workdir" "-m" "1610612736" "--user" "0:0" "--network" "none" "ghcr.io/rust-lang/crates-build-env/linux@sha256:5ff2268d62e97bff2cde7d5815dd6ed5b47097566f13b8d0ca110b04b60e07ed" "/opt/rustwide/cargo-home/bin/cargo" "+1.69.0" "build" "--frozen" "--message-format=json", kill_on_drop: false }`
[INFO] [stdout] dda26db36cc72ed150e05134de7786d6b42d95f0bf5893c0da17576367fd85d2
[INFO] running `Command { std: "docker" "start" "-a" "dda26db36cc72ed150e05134de7786d6b42d95f0bf5893c0da17576367fd85d2", kill_on_drop: false }`
[INFO] [stderr]    Compiling semver v1.0.17
[INFO] [stderr]    Compiling kde_frameworks v0.2.0 (/opt/rustwide/workdir)
[INFO] [stderr]     Finished dev [unoptimized + debuginfo] target(s) in 2.00s
[INFO] running `Command { std: "docker" "inspect" "dda26db36cc72ed150e05134de7786d6b42d95f0bf5893c0da17576367fd85d2", kill_on_drop: false }`
[INFO] running `Command { std: "docker" "rm" "-f" "dda26db36cc72ed150e05134de7786d6b42d95f0bf5893c0da17576367fd85d2", kill_on_drop: false }`
[INFO] [stdout] dda26db36cc72ed150e05134de7786d6b42d95f0bf5893c0da17576367fd85d2
[INFO] running `Command { std: "docker" "create" "-v" "/var/lib/crater-agent-workspace/builds/worker-7-tc1/target:/opt/rustwide/target:rw,Z" "-v" "/var/lib/crater-agent-workspace/builds/worker-7-tc1/source:/opt/rustwide/workdir:ro,Z" "-v" "/var/lib/crater-agent-workspace/cargo-home:/opt/rustwide/cargo-home:ro,Z" "-v" "/var/lib/crater-agent-workspace/rustup-home:/opt/rustwide/rustup-home:ro,Z" "-e" "SOURCE_DIR=/opt/rustwide/workdir" "-e" "CARGO_TARGET_DIR=/opt/rustwide/target" "-e" "CARGO_INCREMENTAL=0" "-e" "RUST_BACKTRACE=full" "-e" "RUSTFLAGS=--cap-lints=warn" "-e" "RUSTDOCFLAGS=--cap-lints=warn" "-e" "CARGO_HOME=/opt/rustwide/cargo-home" "-e" "RUSTUP_HOME=/opt/rustwide/rustup-home" "-w" "/opt/rustwide/workdir" "-m" "1610612736" "--user" "0:0" "--network" "none" "ghcr.io/rust-lang/crates-build-env/linux@sha256:5ff2268d62e97bff2cde7d5815dd6ed5b47097566f13b8d0ca110b04b60e07ed" "/opt/rustwide/cargo-home/bin/cargo" "+1.69.0" "test" "--frozen" "--no-run" "--message-format=json", kill_on_drop: false }`
[INFO] [stdout] bd26d65fbb3f4da73179f5eb7570f88ceb7f20f0c3ac1918bd47daa84b906a6b
[INFO] running `Command { std: "docker" "start" "-a" "bd26d65fbb3f4da73179f5eb7570f88ceb7f20f0c3ac1918bd47daa84b906a6b", kill_on_drop: false }`
[INFO] [stderr]    Compiling kde_frameworks v0.2.0 (/opt/rustwide/workdir)
[INFO] [stderr]     Finished test [unoptimized + debuginfo] target(s) in 0.46s
[INFO] running `Command { std: "docker" "inspect" "bd26d65fbb3f4da73179f5eb7570f88ceb7f20f0c3ac1918bd47daa84b906a6b", kill_on_drop: false }`
[INFO] running `Command { std: "docker" "rm" "-f" "bd26d65fbb3f4da73179f5eb7570f88ceb7f20f0c3ac1918bd47daa84b906a6b", kill_on_drop: false }`
[INFO] [stdout] bd26d65fbb3f4da73179f5eb7570f88ceb7f20f0c3ac1918bd47daa84b906a6b
[INFO] running `Command { std: "docker" "create" "-v" "/var/lib/crater-agent-workspace/builds/worker-7-tc1/target:/opt/rustwide/target:rw,Z" "-v" "/var/lib/crater-agent-workspace/builds/worker-7-tc1/source:/opt/rustwide/workdir:ro,Z" "-v" "/var/lib/crater-agent-workspace/cargo-home:/opt/rustwide/cargo-home:ro,Z" "-v" "/var/lib/crater-agent-workspace/rustup-home:/opt/rustwide/rustup-home:ro,Z" "-e" "SOURCE_DIR=/opt/rustwide/workdir" "-e" "CARGO_TARGET_DIR=/opt/rustwide/target" "-e" "CARGO_INCREMENTAL=0" "-e" "RUST_BACKTRACE=full" "-e" "RUSTFLAGS=--cap-lints=warn" "-e" "RUSTDOCFLAGS=--cap-lints=warn" "-e" "CARGO_HOME=/opt/rustwide/cargo-home" "-e" "RUSTUP_HOME=/opt/rustwide/rustup-home" "-w" "/opt/rustwide/workdir" "-m" "1610612736" "--user" "0:0" "--network" "none" "ghcr.io/rust-lang/crates-build-env/linux@sha256:5ff2268d62e97bff2cde7d5815dd6ed5b47097566f13b8d0ca110b04b60e07ed" "/opt/rustwide/cargo-home/bin/cargo" "+1.69.0" "test" "--frozen", kill_on_drop: false }`
[INFO] [stdout] a446d137b3298a78ed99f55653f627f24c5553e81b9308038bb37e2749f1f380
[INFO] running `Command { std: "docker" "start" "-a" "a446d137b3298a78ed99f55653f627f24c5553e81b9308038bb37e2749f1f380", kill_on_drop: false }`
[INFO] [stderr]     Finished test [unoptimized + debuginfo] target(s) in 0.00s
[INFO] [stderr]      Running unittests src/lib.rs (/opt/rustwide/target/debug/deps/kde_frameworks-0648b5468b1870e0)
[INFO] [stdout] 
[INFO] [stdout] running 0 tests
[INFO] [stdout] 
[INFO] [stdout] test result: ok. 0 passed; 0 failed; 0 ignored; 0 measured; 0 filtered out; finished in 0.00s
[INFO] [stdout] 
[INFO] [stderr]    Doc-tests kde_frameworks
[INFO] [stdout] 
[INFO] [stdout] running 2 tests
[INFO] [stdout] test src/lib.rs - link_lib (line 38) - compile ... FAILED
[INFO] [stdout] test src/lib.rs - get_lib_include_path (line 51) - compile ... FAILED
[INFO] [stdout] 
[INFO] [stdout] failures:
[INFO] [stdout] 
[INFO] [stdout] ---- src/lib.rs - link_lib (line 38) stdout ----
[INFO] [stdout] error[E0061]: this function takes 2 arguments but 1 argument was supplied
[INFO] [stdout]   --> src/lib.rs:41:1
[INFO] [stdout]    |
[INFO] [stdout] 6  | link_lib("I18n");
[INFO] [stdout]    | ^^^^^^^^-------- an argument of type `u64` is missing
[INFO] [stdout]    |
[INFO] [stdout] note: function defined here
[INFO] [stdout]   --> /opt/rustwide/workdir/src/lib.rs:43:8
[INFO] [stdout]    |
[INFO] [stdout] 43 | pub fn link_lib(lib: &str, major_version: u64) -> Result<(), semver::Error> {
[INFO] [stdout]    |        ^^^^^^^^
[INFO] [stdout] help: provide the argument
[INFO] [stdout]    |
[INFO] [stdout] 6  | link_lib("I18n", /* u64 */);
[INFO] [stdout]    |         ~~~~~~~~~~~~~~~~~~~
[INFO] [stdout] 
[INFO] [stdout] error: aborting due to previous error
[INFO] [stdout] 
[INFO] [stdout] For more information about this error, try `rustc --explain E0061`.
[INFO] [stdout] Couldn't compile the test.
[INFO] [stdout] ---- src/lib.rs - get_lib_include_path (line 51) stdout ----
[INFO] [stdout] error[E0061]: this function takes 3 arguments but 1 argument was supplied
[INFO] [stdout]   --> src/lib.rs:54:1
[INFO] [stdout]    |
[INFO] [stdout] 6  | get_lib_include_path("I18n");
[INFO] [stdout]    | ^^^^^^^^^^^^^^^^^^^^-------- two arguments of type `u64` and `&Path` are missing
[INFO] [stdout]    |
[INFO] [stdout] note: function defined here
[INFO] [stdout]   --> /opt/rustwide/workdir/src/lib.rs:56:8
[INFO] [stdout]    |
[INFO] [stdout] 56 | pub fn get_lib_include_path(
[INFO] [stdout]    |        ^^^^^^^^^^^^^^^^^^^^
[INFO] [stdout] help: provide the arguments
[INFO] [stdout]    |
[INFO] [stdout] 6  | get_lib_include_path("I18n", /* u64 */, /* &Path */);
[INFO] [stdout]    |                     ~~~~~~~~~~~~~~~~~~~~~~~~~~~~~~~~
[INFO] [stdout] 
[INFO] [stdout] error: aborting due to previous error
[INFO] [stdout] 
[INFO] [stdout] For more information about this error, try `rustc --explain E0061`.
[INFO] [stdout] Couldn't compile the test.
[INFO] [stdout] 
[INFO] [stdout] failures:
[INFO] [stdout]     src/lib.rs - get_lib_include_path (line 51)
[INFO] [stdout]     src/lib.rs - link_lib (line 38)
[INFO] [stdout] 
[INFO] [stdout] test result: FAILED. 0 passed; 2 failed; 0 ignored; 0 measured; 0 filtered out; finished in 0.08s
[INFO] [stdout] 
[INFO] [stderr] error: doctest failed, to rerun pass `--doc`
[INFO] running `Command { std: "docker" "inspect" "a446d137b3298a78ed99f55653f627f24c5553e81b9308038bb37e2749f1f380", kill_on_drop: false }`
[INFO] running `Command { std: "docker" "rm" "-f" "a446d137b3298a78ed99f55653f627f24c5553e81b9308038bb37e2749f1f380", kill_on_drop: false }`
[INFO] [stdout] a446d137b3298a78ed99f55653f627f24c5553e81b9308038bb37e2749f1f380
