[INFO] fetching crate kdd 0.1.9...
[INFO] testing kdd-0.1.9 against beta-2023-04-20 for beta-1.70-1
[INFO] extracting crate kdd 0.1.9 into /workspace/builds/worker-0-tc2/source
[INFO] validating manifest of crates.io crate kdd 0.1.9 on toolchain beta-2023-04-20
[INFO] running `Command { std: CARGO_HOME="/workspace/cargo-home" RUSTUP_HOME="/workspace/rustup-home" "/workspace/cargo-home/bin/cargo" "+beta-2023-04-20" "metadata" "--manifest-path" "Cargo.toml" "--no-deps", kill_on_drop: false }`
[INFO] started tweaking crates.io crate kdd 0.1.9
[INFO] finished tweaking crates.io crate kdd 0.1.9
[INFO] tweaked toml for crates.io crate kdd 0.1.9 written to /workspace/builds/worker-0-tc2/source/Cargo.toml
[INFO] crate crates.io crate kdd 0.1.9 already has a lockfile, it will not be regenerated
[INFO] running `Command { std: CARGO_HOME="/workspace/cargo-home" RUSTUP_HOME="/workspace/rustup-home" "/workspace/cargo-home/bin/cargo" "+beta-2023-04-20" "fetch" "--manifest-path" "Cargo.toml", kill_on_drop: false }`
[INFO] [stderr]  Downloading crates ...
[INFO] [stderr]   Downloaded ucd-trie v0.1.4
[INFO] [stderr]   Downloaded strum_macros v0.24.2
[INFO] [stderr]   Downloaded rustversion v1.0.8
[INFO] [stderr]   Downloaded clap v3.2.12
[INFO] [stderr]   Downloaded serde v1.0.139
[INFO] [stderr]   Downloaded tokio v1.20.0
[INFO] [stderr]   Downloaded handlebars v4.3.2
[INFO] running `Command { std: "docker" "create" "-v" "/var/lib/crater-agent-workspace/builds/worker-0-tc2/target:/opt/rustwide/target:rw,Z" "-v" "/var/lib/crater-agent-workspace/builds/worker-0-tc2/source:/opt/rustwide/workdir:ro,Z" "-v" "/var/lib/crater-agent-workspace/cargo-home:/opt/rustwide/cargo-home:ro,Z" "-v" "/var/lib/crater-agent-workspace/rustup-home:/opt/rustwide/rustup-home:ro,Z" "-e" "SOURCE_DIR=/opt/rustwide/workdir" "-e" "CARGO_TARGET_DIR=/opt/rustwide/target" "-e" "CARGO_HOME=/opt/rustwide/cargo-home" "-e" "RUSTUP_HOME=/opt/rustwide/rustup-home" "-w" "/opt/rustwide/workdir" "-m" "1610612736" "--user" "0:0" "--network" "none" "ghcr.io/rust-lang/crates-build-env/linux@sha256:5ff2268d62e97bff2cde7d5815dd6ed5b47097566f13b8d0ca110b04b60e07ed" "/opt/rustwide/cargo-home/bin/cargo" "+beta-2023-04-20" "metadata" "--no-deps" "--format-version=1", kill_on_drop: false }`
[INFO] [stdout] 63a2bb556980260c4bd4660f7a4227a7c740a024d581c4d739cff5d58e1e3a01
[INFO] running `Command { std: "docker" "start" "-a" "63a2bb556980260c4bd4660f7a4227a7c740a024d581c4d739cff5d58e1e3a01", kill_on_drop: false }`
[INFO] running `Command { std: "docker" "inspect" "63a2bb556980260c4bd4660f7a4227a7c740a024d581c4d739cff5d58e1e3a01", kill_on_drop: false }`
[INFO] running `Command { std: "docker" "rm" "-f" "63a2bb556980260c4bd4660f7a4227a7c740a024d581c4d739cff5d58e1e3a01", kill_on_drop: false }`
[INFO] [stdout] 63a2bb556980260c4bd4660f7a4227a7c740a024d581c4d739cff5d58e1e3a01
[INFO] running `Command { std: "docker" "create" "-v" "/var/lib/crater-agent-workspace/builds/worker-0-tc2/target:/opt/rustwide/target:rw,Z" "-v" "/var/lib/crater-agent-workspace/builds/worker-0-tc2/source:/opt/rustwide/workdir:ro,Z" "-v" "/var/lib/crater-agent-workspace/cargo-home:/opt/rustwide/cargo-home:ro,Z" "-v" "/var/lib/crater-agent-workspace/rustup-home:/opt/rustwide/rustup-home:ro,Z" "-e" "SOURCE_DIR=/opt/rustwide/workdir" "-e" "CARGO_TARGET_DIR=/opt/rustwide/target" "-e" "CARGO_INCREMENTAL=0" "-e" "RUST_BACKTRACE=full" "-e" "RUSTFLAGS=--cap-lints=warn" "-e" "RUSTDOCFLAGS=--cap-lints=warn" "-e" "CARGO_HOME=/opt/rustwide/cargo-home" "-e" "RUSTUP_HOME=/opt/rustwide/rustup-home" "-w" "/opt/rustwide/workdir" "-m" "1610612736" "--user" "0:0" "--network" "none" "ghcr.io/rust-lang/crates-build-env/linux@sha256:5ff2268d62e97bff2cde7d5815dd6ed5b47097566f13b8d0ca110b04b60e07ed" "/opt/rustwide/cargo-home/bin/cargo" "+beta-2023-04-20" "build" "--frozen" "--message-format=json", kill_on_drop: false }`
[INFO] [stdout] a4fcc6c8761395c317cf42deca2752005aacb04177fcf1d451b3d95c255d885b
[INFO] running `Command { std: "docker" "start" "-a" "a4fcc6c8761395c317cf42deca2752005aacb04177fcf1d451b3d95c255d885b", kill_on_drop: false }`
[INFO] [stderr]    Compiling proc-macro2 v1.0.40
[INFO] [stderr]    Compiling unicode-ident v1.0.2
[INFO] [stderr]    Compiling quote v1.0.20
[INFO] [stderr]    Compiling syn v1.0.98
[INFO] [stderr]    Compiling libc v0.2.126
[INFO] [stderr]    Compiling futures-core v0.3.21
[INFO] [stderr]    Compiling ucd-trie v0.1.4
[INFO] [stderr]    Compiling serde v1.0.139
[INFO] [stderr]    Compiling futures-util v0.3.21
[INFO] [stderr]    Compiling maplit v1.0.2
[INFO] [stderr]    Compiling parking_lot_core v0.9.3
[INFO] [stderr]    Compiling indexmap v1.9.1
[INFO] [stderr]    Compiling smallvec v1.9.0
[INFO] [stderr]    Compiling serde_json v1.0.82
[INFO] [stderr]    Compiling rustversion v1.0.8
[INFO] [stderr]    Compiling tokio v1.20.0
[INFO] [stderr]    Compiling os_str_bytes v6.2.0
[INFO] [stderr]    Compiling itoa v1.0.2
[INFO] [stderr]    Compiling pest v2.1.3
[INFO] [stderr]    Compiling ryu v1.0.10
[INFO] [stderr]    Compiling once_cell v1.13.0
[INFO] [stderr]    Compiling clap_lex v0.2.4
[INFO] [stderr]    Compiling aho-corasick v0.7.18
[INFO] [stderr]    Compiling regex-syntax v0.6.27
[INFO] [stderr]    Compiling futures-channel v0.3.21
[INFO] [stderr]    Compiling textwrap v0.15.0
[INFO] [stderr]    Compiling heck v0.4.0
[INFO] [stderr]    Compiling pathdiff v0.2.1
[INFO] [stderr]    Compiling strum v0.24.1
[INFO] [stderr]    Compiling pest_meta v2.1.3
[INFO] [stderr]    Compiling signal-hook-registry v1.4.0
[INFO] [stderr]    Compiling num_cpus v1.13.1
[INFO] [stderr]    Compiling socket2 v0.4.4
[INFO] [stderr]    Compiling mio v0.8.4
[INFO] [stderr]    Compiling atty v0.2.14
[INFO] [stderr]    Compiling clap v3.2.12
[INFO] [stderr]    Compiling parking_lot v0.12.1
[INFO] [stderr]    Compiling regex v1.6.0
[INFO] [stderr]    Compiling pest_generator v2.1.3
[INFO] [stderr]    Compiling futures-macro v0.3.21
[INFO] [stderr]    Compiling thiserror-impl v1.0.31
[INFO] [stderr]    Compiling tokio-macros v1.8.0
[INFO] [stderr]    Compiling pest_derive v2.1.0
[INFO] [stderr]    Compiling strum_macros v0.24.2
[INFO] [stderr]    Compiling thiserror v1.0.31
[INFO] [stderr]    Compiling handlebars v4.3.2
[INFO] [stderr]    Compiling futures-executor v0.3.21
[INFO] [stderr]    Compiling futures v0.3.21
[INFO] [stderr]    Compiling kdd v0.1.9 (/opt/rustwide/workdir)
[INFO] [stderr]     Finished dev [unoptimized + debuginfo] target(s) in 20.07s
[INFO] running `Command { std: "docker" "inspect" "a4fcc6c8761395c317cf42deca2752005aacb04177fcf1d451b3d95c255d885b", kill_on_drop: false }`
[INFO] running `Command { std: "docker" "rm" "-f" "a4fcc6c8761395c317cf42deca2752005aacb04177fcf1d451b3d95c255d885b", kill_on_drop: false }`
[INFO] [stdout] a4fcc6c8761395c317cf42deca2752005aacb04177fcf1d451b3d95c255d885b
[INFO] running `Command { std: "docker" "create" "-v" "/var/lib/crater-agent-workspace/builds/worker-0-tc2/target:/opt/rustwide/target:rw,Z" "-v" "/var/lib/crater-agent-workspace/builds/worker-0-tc2/source:/opt/rustwide/workdir:ro,Z" "-v" "/var/lib/crater-agent-workspace/cargo-home:/opt/rustwide/cargo-home:ro,Z" "-v" "/var/lib/crater-agent-workspace/rustup-home:/opt/rustwide/rustup-home:ro,Z" "-e" "SOURCE_DIR=/opt/rustwide/workdir" "-e" "CARGO_TARGET_DIR=/opt/rustwide/target" "-e" "CARGO_INCREMENTAL=0" "-e" "RUST_BACKTRACE=full" "-e" "RUSTFLAGS=--cap-lints=warn" "-e" "RUSTDOCFLAGS=--cap-lints=warn" "-e" "CARGO_HOME=/opt/rustwide/cargo-home" "-e" "RUSTUP_HOME=/opt/rustwide/rustup-home" "-w" "/opt/rustwide/workdir" "-m" "1610612736" "--user" "0:0" "--network" "none" "ghcr.io/rust-lang/crates-build-env/linux@sha256:5ff2268d62e97bff2cde7d5815dd6ed5b47097566f13b8d0ca110b04b60e07ed" "/opt/rustwide/cargo-home/bin/cargo" "+beta-2023-04-20" "test" "--frozen" "--no-run" "--message-format=json", kill_on_drop: false }`
[INFO] [stdout] ca4c369855d41a8cf9270be10cc1ff72fb1b8afbba1cb573af4f9b0a3d1bc2af
[INFO] running `Command { std: "docker" "start" "-a" "ca4c369855d41a8cf9270be10cc1ff72fb1b8afbba1cb573af4f9b0a3d1bc2af", kill_on_drop: false }`
[INFO] [stderr]    Compiling kdd v0.1.9 (/opt/rustwide/workdir)
[INFO] [stderr]     Finished test [unoptimized + debuginfo] target(s) in 2.60s
[INFO] running `Command { std: "docker" "inspect" "ca4c369855d41a8cf9270be10cc1ff72fb1b8afbba1cb573af4f9b0a3d1bc2af", kill_on_drop: false }`
[INFO] running `Command { std: "docker" "rm" "-f" "ca4c369855d41a8cf9270be10cc1ff72fb1b8afbba1cb573af4f9b0a3d1bc2af", kill_on_drop: false }`
[INFO] [stdout] ca4c369855d41a8cf9270be10cc1ff72fb1b8afbba1cb573af4f9b0a3d1bc2af
[INFO] running `Command { std: "docker" "create" "-v" "/var/lib/crater-agent-workspace/builds/worker-0-tc2/target:/opt/rustwide/target:rw,Z" "-v" "/var/lib/crater-agent-workspace/builds/worker-0-tc2/source:/opt/rustwide/workdir:ro,Z" "-v" "/var/lib/crater-agent-workspace/cargo-home:/opt/rustwide/cargo-home:ro,Z" "-v" "/var/lib/crater-agent-workspace/rustup-home:/opt/rustwide/rustup-home:ro,Z" "-e" "SOURCE_DIR=/opt/rustwide/workdir" "-e" "CARGO_TARGET_DIR=/opt/rustwide/target" "-e" "CARGO_INCREMENTAL=0" "-e" "RUST_BACKTRACE=full" "-e" "RUSTFLAGS=--cap-lints=warn" "-e" "RUSTDOCFLAGS=--cap-lints=warn" "-e" "CARGO_HOME=/opt/rustwide/cargo-home" "-e" "RUSTUP_HOME=/opt/rustwide/rustup-home" "-w" "/opt/rustwide/workdir" "-m" "1610612736" "--user" "0:0" "--network" "none" "ghcr.io/rust-lang/crates-build-env/linux@sha256:5ff2268d62e97bff2cde7d5815dd6ed5b47097566f13b8d0ca110b04b60e07ed" "/opt/rustwide/cargo-home/bin/cargo" "+beta-2023-04-20" "test" "--frozen", kill_on_drop: false }`
[INFO] [stdout] 69a47ab6d1a6e0d96fab1a3d2a25546064a863c02d3807d19f71468b2ee493b9
[INFO] running `Command { std: "docker" "start" "-a" "69a47ab6d1a6e0d96fab1a3d2a25546064a863c02d3807d19f71468b2ee493b9", kill_on_drop: false }`
[INFO] [stderr]     Finished test [unoptimized + debuginfo] target(s) in 0.06s
[INFO] [stderr]      Running unittests src/main.rs (/opt/rustwide/target/debug/deps/kdd-be1af653fd588b17)
[INFO] [stdout] 
[INFO] [stdout] running 5 tests
[INFO] [stdout] test kdd::loader::tests::loader_dev_realm ... FAILED
[INFO] [stdout] test kdd::loader::tests::loader_prod_realm ... FAILED
[INFO] [stdout] test kdd::version::tests::version ... FAILED
[INFO] [stdout] test kdd::loader::tests::loader_structure ... FAILED
[INFO] [stdout] test kdd::version::tests::version_href_rgx ... ok
[INFO] [stdout] 
[INFO] [stdout] failures:
[INFO] [stdout] 
[INFO] [stdout] ---- kdd::loader::tests::loader_dev_realm stdout ----
[INFO] [stdout] Error: IOError(Os { code: 2, kind: NotFound, message: "No such file or directory" })
[INFO] [stdout] 
[INFO] [stdout] ---- kdd::loader::tests::loader_prod_realm stdout ----
[INFO] [stdout] Error: IOError(Os { code: 2, kind: NotFound, message: "No such file or directory" })
[INFO] [stdout] 
[INFO] [stdout] ---- kdd::version::tests::version stdout ----
[INFO] [stdout] Error: IOError(Os { code: 2, kind: NotFound, message: "No such file or directory" })
[INFO] [stdout] 
[INFO] [stdout] ---- kdd::loader::tests::loader_structure stdout ----
[INFO] [stdout] Error: IOError(Os { code: 2, kind: NotFound, message: "No such file or directory" })
[INFO] [stdout] 
[INFO] [stdout] 
[INFO] [stdout] failures:
[INFO] [stdout]     kdd::loader::tests::loader_dev_realm
[INFO] [stdout]     kdd::loader::tests::loader_prod_realm
[INFO] [stdout]     kdd::loader::tests::loader_structure
[INFO] [stdout]     kdd::version::tests::version
[INFO] [stdout] 
[INFO] [stdout] test result: FAILED. 1 passed; 4 failed; 0 ignored; 0 measured; 0 filtered out; finished in 0.01s
[INFO] [stdout] 
[INFO] [stderr] error: test failed, to rerun pass `--bin kdd`
[INFO] running `Command { std: "docker" "inspect" "69a47ab6d1a6e0d96fab1a3d2a25546064a863c02d3807d19f71468b2ee493b9", kill_on_drop: false }`
[INFO] running `Command { std: "docker" "rm" "-f" "69a47ab6d1a6e0d96fab1a3d2a25546064a863c02d3807d19f71468b2ee493b9", kill_on_drop: false }`
[INFO] [stdout] 69a47ab6d1a6e0d96fab1a3d2a25546064a863c02d3807d19f71468b2ee493b9
