[INFO] fetching crate kagura 0.14.5...
[INFO] testing kagura-0.14.5 against beta-2023-04-20 for beta-1.70-1
[INFO] extracting crate kagura 0.14.5 into /workspace/builds/worker-1-tc2/source
[INFO] validating manifest of crates.io crate kagura 0.14.5 on toolchain beta-2023-04-20
[INFO] running `Command { std: CARGO_HOME="/workspace/cargo-home" RUSTUP_HOME="/workspace/rustup-home" "/workspace/cargo-home/bin/cargo" "+beta-2023-04-20" "metadata" "--manifest-path" "Cargo.toml" "--no-deps", kill_on_drop: false }`
[INFO] started tweaking crates.io crate kagura 0.14.5
[INFO] finished tweaking crates.io crate kagura 0.14.5
[INFO] tweaked toml for crates.io crate kagura 0.14.5 written to /workspace/builds/worker-1-tc2/source/Cargo.toml
[INFO] running `Command { std: CARGO_HOME="/workspace/cargo-home" RUSTUP_HOME="/workspace/rustup-home" __CARGO_TEST_CHANNEL_OVERRIDE_DO_NOT_USE_THIS="nightly" "/workspace/cargo-home/bin/cargo" "+beta-2023-04-20" "generate-lockfile" "--manifest-path" "Cargo.toml" "-Zno-index-update", kill_on_drop: false }`
[INFO] running `Command { std: CARGO_HOME="/workspace/cargo-home" RUSTUP_HOME="/workspace/rustup-home" "/workspace/cargo-home/bin/cargo" "+beta-2023-04-20" "fetch" "--manifest-path" "Cargo.toml", kill_on_drop: false }`
[INFO] running `Command { std: "docker" "create" "-v" "/var/lib/crater-agent-workspace/builds/worker-1-tc2/target:/opt/rustwide/target:rw,Z" "-v" "/var/lib/crater-agent-workspace/builds/worker-1-tc2/source:/opt/rustwide/workdir:ro,Z" "-v" "/var/lib/crater-agent-workspace/cargo-home:/opt/rustwide/cargo-home:ro,Z" "-v" "/var/lib/crater-agent-workspace/rustup-home:/opt/rustwide/rustup-home:ro,Z" "-e" "SOURCE_DIR=/opt/rustwide/workdir" "-e" "CARGO_TARGET_DIR=/opt/rustwide/target" "-e" "CARGO_HOME=/opt/rustwide/cargo-home" "-e" "RUSTUP_HOME=/opt/rustwide/rustup-home" "-w" "/opt/rustwide/workdir" "-m" "1610612736" "--user" "0:0" "--network" "none" "ghcr.io/rust-lang/crates-build-env/linux@sha256:5ff2268d62e97bff2cde7d5815dd6ed5b47097566f13b8d0ca110b04b60e07ed" "/opt/rustwide/cargo-home/bin/cargo" "+beta-2023-04-20" "metadata" "--no-deps" "--format-version=1", kill_on_drop: false }`
[INFO] [stdout] d4474970c69ab6eb7bc5d294c876e5fa7ecd3d2b4feddf6fd68ea61be94c585b
[INFO] running `Command { std: "docker" "start" "-a" "d4474970c69ab6eb7bc5d294c876e5fa7ecd3d2b4feddf6fd68ea61be94c585b", kill_on_drop: false }`
[INFO] running `Command { std: "docker" "inspect" "d4474970c69ab6eb7bc5d294c876e5fa7ecd3d2b4feddf6fd68ea61be94c585b", kill_on_drop: false }`
[INFO] running `Command { std: "docker" "rm" "-f" "d4474970c69ab6eb7bc5d294c876e5fa7ecd3d2b4feddf6fd68ea61be94c585b", kill_on_drop: false }`
[INFO] [stdout] d4474970c69ab6eb7bc5d294c876e5fa7ecd3d2b4feddf6fd68ea61be94c585b
[INFO] running `Command { std: "docker" "create" "-v" "/var/lib/crater-agent-workspace/builds/worker-1-tc2/target:/opt/rustwide/target:rw,Z" "-v" "/var/lib/crater-agent-workspace/builds/worker-1-tc2/source:/opt/rustwide/workdir:ro,Z" "-v" "/var/lib/crater-agent-workspace/cargo-home:/opt/rustwide/cargo-home:ro,Z" "-v" "/var/lib/crater-agent-workspace/rustup-home:/opt/rustwide/rustup-home:ro,Z" "-e" "SOURCE_DIR=/opt/rustwide/workdir" "-e" "CARGO_TARGET_DIR=/opt/rustwide/target" "-e" "CARGO_INCREMENTAL=0" "-e" "RUST_BACKTRACE=full" "-e" "RUSTFLAGS=--cap-lints=warn" "-e" "RUSTDOCFLAGS=--cap-lints=warn" "-e" "CARGO_HOME=/opt/rustwide/cargo-home" "-e" "RUSTUP_HOME=/opt/rustwide/rustup-home" "-w" "/opt/rustwide/workdir" "-m" "1610612736" "--user" "0:0" "--network" "none" "ghcr.io/rust-lang/crates-build-env/linux@sha256:5ff2268d62e97bff2cde7d5815dd6ed5b47097566f13b8d0ca110b04b60e07ed" "/opt/rustwide/cargo-home/bin/cargo" "+beta-2023-04-20" "build" "--frozen" "--message-format=json", kill_on_drop: false }`
[INFO] [stdout] c2825689788d2fa8ed9f295b230aca8d8195302b5344231f261b84f0b5d18cbc
[INFO] running `Command { std: "docker" "start" "-a" "c2825689788d2fa8ed9f295b230aca8d8195302b5344231f261b84f0b5d18cbc", kill_on_drop: false }`
[INFO] [stderr]    Compiling proc-macro2 v1.0.56
[INFO] [stderr]    Compiling syn v1.0.109
[INFO] [stderr]    Compiling crossbeam-utils v0.8.15
[INFO] [stderr]    Compiling libc v0.2.142
[INFO] [stderr]    Compiling log v0.4.17
[INFO] [stderr]    Compiling event-listener v2.5.3
[INFO] [stderr]    Compiling parking v2.1.0
[INFO] [stderr]    Compiling waker-fn v1.1.0
[INFO] [stderr]    Compiling value-bag v1.0.0-alpha.9
[INFO] [stderr]    Compiling futures-io v0.3.28
[INFO] [stderr]    Compiling polling v2.8.0
[INFO] [stderr]    Compiling rustix v0.37.18
[INFO] [stderr]    Compiling async-io v1.13.0
[INFO] [stderr]    Compiling linux-raw-sys v0.3.6
[INFO] [stderr]    Compiling async-task v4.4.0
[INFO] [stderr]    Compiling atomic-waker v1.1.1
[INFO] [stderr]    Compiling futures-lite v1.13.0
[INFO] [stderr]    Compiling async-lock v2.7.0
[INFO] [stderr]    Compiling concurrent-queue v2.2.0
[INFO] [stderr]    Compiling quote v1.0.26
[INFO] [stderr]    Compiling async-channel v1.8.0
[INFO] [stderr]    Compiling async-executor v1.5.1
[INFO] [stderr]    Compiling io-lifetimes v1.0.10
[INFO] [stderr]    Compiling socket2 v0.4.9
[INFO] [stderr]    Compiling ctor v0.1.26
[INFO] [stderr]    Compiling blocking v1.3.1
[INFO] [stderr]    Compiling kv-log-macro v1.0.7
[INFO] [stderr]    Compiling async-global-executor v2.3.1
[INFO] [stderr]    Compiling async-std v1.12.0
[INFO] [stderr]    Compiling kagura v0.14.5 (/opt/rustwide/workdir)
[INFO] [stderr]     Finished dev [unoptimized + debuginfo] target(s) in 9.40s
[INFO] running `Command { std: "docker" "inspect" "c2825689788d2fa8ed9f295b230aca8d8195302b5344231f261b84f0b5d18cbc", kill_on_drop: false }`
[INFO] running `Command { std: "docker" "rm" "-f" "c2825689788d2fa8ed9f295b230aca8d8195302b5344231f261b84f0b5d18cbc", kill_on_drop: false }`
[INFO] [stdout] c2825689788d2fa8ed9f295b230aca8d8195302b5344231f261b84f0b5d18cbc
[INFO] running `Command { std: "docker" "create" "-v" "/var/lib/crater-agent-workspace/builds/worker-1-tc2/target:/opt/rustwide/target:rw,Z" "-v" "/var/lib/crater-agent-workspace/builds/worker-1-tc2/source:/opt/rustwide/workdir:ro,Z" "-v" "/var/lib/crater-agent-workspace/cargo-home:/opt/rustwide/cargo-home:ro,Z" "-v" "/var/lib/crater-agent-workspace/rustup-home:/opt/rustwide/rustup-home:ro,Z" "-e" "SOURCE_DIR=/opt/rustwide/workdir" "-e" "CARGO_TARGET_DIR=/opt/rustwide/target" "-e" "CARGO_INCREMENTAL=0" "-e" "RUST_BACKTRACE=full" "-e" "RUSTFLAGS=--cap-lints=warn" "-e" "RUSTDOCFLAGS=--cap-lints=warn" "-e" "CARGO_HOME=/opt/rustwide/cargo-home" "-e" "RUSTUP_HOME=/opt/rustwide/rustup-home" "-w" "/opt/rustwide/workdir" "-m" "1610612736" "--user" "0:0" "--network" "none" "ghcr.io/rust-lang/crates-build-env/linux@sha256:5ff2268d62e97bff2cde7d5815dd6ed5b47097566f13b8d0ca110b04b60e07ed" "/opt/rustwide/cargo-home/bin/cargo" "+beta-2023-04-20" "test" "--frozen" "--no-run" "--message-format=json", kill_on_drop: false }`
[INFO] [stdout] 282b2af92eabe7c406a4559d8196eff04497ba70c432273154f89e583cdf6ac4
[INFO] running `Command { std: "docker" "start" "-a" "282b2af92eabe7c406a4559d8196eff04497ba70c432273154f89e583cdf6ac4", kill_on_drop: false }`
[INFO] [stderr]    Compiling kagura v0.14.5 (/opt/rustwide/workdir)
[INFO] [stderr]     Finished test [unoptimized + debuginfo] target(s) in 0.56s
[INFO] running `Command { std: "docker" "inspect" "282b2af92eabe7c406a4559d8196eff04497ba70c432273154f89e583cdf6ac4", kill_on_drop: false }`
[INFO] running `Command { std: "docker" "rm" "-f" "282b2af92eabe7c406a4559d8196eff04497ba70c432273154f89e583cdf6ac4", kill_on_drop: false }`
[INFO] [stdout] 282b2af92eabe7c406a4559d8196eff04497ba70c432273154f89e583cdf6ac4
[INFO] running `Command { std: "docker" "create" "-v" "/var/lib/crater-agent-workspace/builds/worker-1-tc2/target:/opt/rustwide/target:rw,Z" "-v" "/var/lib/crater-agent-workspace/builds/worker-1-tc2/source:/opt/rustwide/workdir:ro,Z" "-v" "/var/lib/crater-agent-workspace/cargo-home:/opt/rustwide/cargo-home:ro,Z" "-v" "/var/lib/crater-agent-workspace/rustup-home:/opt/rustwide/rustup-home:ro,Z" "-e" "SOURCE_DIR=/opt/rustwide/workdir" "-e" "CARGO_TARGET_DIR=/opt/rustwide/target" "-e" "CARGO_INCREMENTAL=0" "-e" "RUST_BACKTRACE=full" "-e" "RUSTFLAGS=--cap-lints=warn" "-e" "RUSTDOCFLAGS=--cap-lints=warn" "-e" "CARGO_HOME=/opt/rustwide/cargo-home" "-e" "RUSTUP_HOME=/opt/rustwide/rustup-home" "-w" "/opt/rustwide/workdir" "-m" "1610612736" "--user" "0:0" "--network" "none" "ghcr.io/rust-lang/crates-build-env/linux@sha256:5ff2268d62e97bff2cde7d5815dd6ed5b47097566f13b8d0ca110b04b60e07ed" "/opt/rustwide/cargo-home/bin/cargo" "+beta-2023-04-20" "test" "--frozen", kill_on_drop: false }`
[INFO] [stdout] f7c19cad09aff0172526d9e3b97cf353821f828ee95d46dd949890f9fa328937
[INFO] running `Command { std: "docker" "start" "-a" "f7c19cad09aff0172526d9e3b97cf353821f828ee95d46dd949890f9fa328937", kill_on_drop: false }`
[INFO] [stderr]     Finished test [unoptimized + debuginfo] target(s) in 0.06s
[INFO] [stderr]      Running unittests src/lib.rs (/opt/rustwide/target/debug/deps/kagura-7242d40dad9be7a8)
[INFO] [stdout] 
[INFO] [stdout] running 0 tests
[INFO] [stdout] 
[INFO] [stdout] test result: ok. 0 passed; 0 failed; 0 ignored; 0 measured; 0 filtered out; finished in 0.00s
[INFO] [stdout] 
[INFO] [stderr]    Doc-tests kagura
[INFO] [stdout] 
[INFO] [stdout] running 1 test
[INFO] [stdout] test src/component/mod.rs - component (line 3) ... FAILED
[INFO] [stdout] 
[INFO] [stdout] failures:
[INFO] [stdout] 
[INFO] [stdout] ---- src/component/mod.rs - component (line 3) stdout ----
[INFO] [stdout] error[E0432]: unresolved import `tokio`
[INFO] [stdout]  --> src/component/mod.rs:5:5
[INFO] [stdout]   |
[INFO] [stdout] 5 | use tokio::time;
[INFO] [stdout]   |     ^^^^^ use of undeclared crate or module `tokio`
[INFO] [stdout] 
[INFO] [stdout] error[E0412]: cannot find type `Pin` in this scope
[INFO] [stdout]   --> src/component/mod.rs:26:27
[INFO] [stdout]    |
[INFO] [stdout] 26 |     fn poll(&mut self) -> Pin<Box<dyn Future<Output = Cmd<MyComponent>>>> {
[INFO] [stdout]    |                           ^^^ not found in this scope
[INFO] [stdout]    |
[INFO] [stdout] help: consider importing one of these items
[INFO] [stdout]    |
[INFO] [stdout] 2  + use core::pin::Pin;
[INFO] [stdout]    |
[INFO] [stdout] 2  + use std::pin::Pin;
[INFO] [stdout]    |
[INFO] [stdout] 
[INFO] [stdout] error[E0405]: cannot find trait `Future` in this scope
[INFO] [stdout]   --> src/component/mod.rs:26:39
[INFO] [stdout]    |
[INFO] [stdout] 26 |     fn poll(&mut self) -> Pin<Box<dyn Future<Output = Cmd<MyComponent>>>> {
[INFO] [stdout]    |                                       ^^^^^^ not found in this scope
[INFO] [stdout]    |
[INFO] [stdout] help: consider importing one of these items
[INFO] [stdout]    |
[INFO] [stdout] 2  + use async_std::prelude::Future;
[INFO] [stdout]    |
[INFO] [stdout] 2  + use core::future::Future;
[INFO] [stdout]    |
[INFO] [stdout] 2  + use std::future::Future;
[INFO] [stdout]    |
[INFO] [stdout] 
[INFO] [stdout] error[E0433]: failed to resolve: use of undeclared type `Duration`
[INFO] [stdout]   --> src/component/mod.rs:27:24
[INFO] [stdout]    |
[INFO] [stdout] 27 |         let duration = Duration::from_millis(self.interval);
[INFO] [stdout]    |                        ^^^^^^^^ use of undeclared type `Duration`
[INFO] [stdout]    |
[INFO] [stdout] help: consider importing one of these items
[INFO] [stdout]    |
[INFO] [stdout] 2  + use core::time::Duration;
[INFO] [stdout]    |
[INFO] [stdout] 2  + use std::time::Duration;
[INFO] [stdout]    |
[INFO] [stdout] 
[INFO] [stdout] error[E0425]: cannot find value `count` in this scope
[INFO] [stdout]   --> src/component/mod.rs:30:38
[INFO] [stdout]    |
[INFO] [stdout] 30 |             Cmd::chain(Msg::SetCount(count + 1))
[INFO] [stdout]    |                                      ^^^^^ not found in this scope
[INFO] [stdout] 
[INFO] [stdout] error[E0412]: cannot find type `Pin` in this scope
[INFO] [stdout]   --> src/component/mod.rs:48:26
[INFO] [stdout]    |
[INFO] [stdout] 48 |     fn on_assemble(self: Pin<&mut Self>) -> Cmd<Self> {
[INFO] [stdout]    |                          ^^^ not found in this scope
[INFO] [stdout]    |
[INFO] [stdout] help: consider importing one of these items
[INFO] [stdout]    |
[INFO] [stdout] 2  + use core::pin::Pin;
[INFO] [stdout]    |
[INFO] [stdout] 2  + use std::pin::Pin;
[INFO] [stdout]    |
[INFO] [stdout] 
[INFO] [stdout] error[E0412]: cannot find type `Pin` in this scope
[INFO] [stdout]   --> src/component/mod.rs:54:22
[INFO] [stdout]    |
[INFO] [stdout] 54 |     fn on_load(self: Pin<&mut Self>, props: Props) -> Cmd<Self> {
[INFO] [stdout]    |                      ^^^ not found in this scope
[INFO] [stdout]    |
[INFO] [stdout] help: consider importing one of these items
[INFO] [stdout]    |
[INFO] [stdout] 2  + use core::pin::Pin;
[INFO] [stdout]    |
[INFO] [stdout] 2  + use std::pin::Pin;
[INFO] [stdout]    |
[INFO] [stdout] 
[INFO] [stdout] error[E0412]: cannot find type `Pin` in this scope
[INFO] [stdout]   --> src/component/mod.rs:61:21
[INFO] [stdout]    |
[INFO] [stdout] 61 |     fn update(self: Pin<&mut Self>, msg: Msg) -> Cmd<Self> {
[INFO] [stdout]    |                     ^^^ not found in this scope
[INFO] [stdout]    |
[INFO] [stdout] help: consider importing one of these items
[INFO] [stdout]    |
[INFO] [stdout] 2  + use core::pin::Pin;
[INFO] [stdout]    |
[INFO] [stdout] 2  + use std::pin::Pin;
[INFO] [stdout]    |
[INFO] [stdout] 
[INFO] [stdout] error: aborting due to 8 previous errors
[INFO] [stdout] 
[INFO] [stdout] Some errors have detailed explanations: E0405, E0412, E0425, E0432, E0433.
[INFO] [stdout] For more information about an error, try `rustc --explain E0405`.
[INFO] [stdout] Couldn't compile the test.
[INFO] [stdout] 
[INFO] [stdout] failures:
[INFO] [stdout]     src/component/mod.rs - component (line 3)
[INFO] [stdout] 
[INFO] [stdout] test result: FAILED. 0 passed; 1 failed; 0 ignored; 0 measured; 0 filtered out; finished in 0.05s
[INFO] [stdout] 
[INFO] [stderr] error: doctest failed, to rerun pass `--doc`
[INFO] running `Command { std: "docker" "inspect" "f7c19cad09aff0172526d9e3b97cf353821f828ee95d46dd949890f9fa328937", kill_on_drop: false }`
[INFO] running `Command { std: "docker" "rm" "-f" "f7c19cad09aff0172526d9e3b97cf353821f828ee95d46dd949890f9fa328937", kill_on_drop: false }`
[INFO] [stdout] f7c19cad09aff0172526d9e3b97cf353821f828ee95d46dd949890f9fa328937
