[INFO] fetching crate kafcat 0.1.2...
[INFO] testing kafcat-0.1.2 against 1.69.0 for beta-1.70-1
[INFO] extracting crate kafcat 0.1.2 into /workspace/builds/worker-4-tc1/source
[INFO] validating manifest of crates.io crate kafcat 0.1.2 on toolchain 1.69.0
[INFO] running `Command { std: CARGO_HOME="/workspace/cargo-home" RUSTUP_HOME="/workspace/rustup-home" "/workspace/cargo-home/bin/cargo" "+1.69.0" "metadata" "--manifest-path" "Cargo.toml" "--no-deps", kill_on_drop: false }`
[INFO] started tweaking crates.io crate kafcat 0.1.2
[INFO] finished tweaking crates.io crate kafcat 0.1.2
[INFO] tweaked toml for crates.io crate kafcat 0.1.2 written to /workspace/builds/worker-4-tc1/source/Cargo.toml
[INFO] crate crates.io crate kafcat 0.1.2 already has a lockfile, it will not be regenerated
[INFO] running `Command { std: CARGO_HOME="/workspace/cargo-home" RUSTUP_HOME="/workspace/rustup-home" "/workspace/cargo-home/bin/cargo" "+1.69.0" "fetch" "--manifest-path" "Cargo.toml", kill_on_drop: false }`
[INFO] [stderr]  Downloading crates ...
[INFO] [stderr]   Downloaded strum v0.24.0
[INFO] [stderr]   Downloaded flate2 v0.2.20
[INFO] [stderr]   Downloaded miniz-sys v0.1.12
[INFO] [stderr]   Downloaded build_const v0.2.2
[INFO] [stderr]   Downloaded ref_slice v1.2.1
[INFO] [stderr]   Downloaded twox-hash v1.6.2
[INFO] [stderr]   Downloaded clap v3.1.9
[INFO] [stderr]   Downloaded strum_macros v0.24.0
[INFO] [stderr]   Downloaded rdkafka v0.28.0
[INFO] [stderr]   Downloaded snap v0.2.5
[INFO] [stderr]   Downloaded libz-sys v1.1.5
[INFO] [stderr]   Downloaded rdkafka-sys v4.2.0+1.8.2
[INFO] [stderr]   Downloaded kafka v0.8.0
[INFO] running `Command { std: "docker" "create" "-v" "/var/lib/crater-agent-workspace/builds/worker-4-tc1/target:/opt/rustwide/target:rw,Z" "-v" "/var/lib/crater-agent-workspace/builds/worker-4-tc1/source:/opt/rustwide/workdir:ro,Z" "-v" "/var/lib/crater-agent-workspace/cargo-home:/opt/rustwide/cargo-home:ro,Z" "-v" "/var/lib/crater-agent-workspace/rustup-home:/opt/rustwide/rustup-home:ro,Z" "-e" "SOURCE_DIR=/opt/rustwide/workdir" "-e" "CARGO_TARGET_DIR=/opt/rustwide/target" "-e" "CARGO_HOME=/opt/rustwide/cargo-home" "-e" "RUSTUP_HOME=/opt/rustwide/rustup-home" "-w" "/opt/rustwide/workdir" "-m" "1610612736" "--user" "0:0" "--network" "none" "ghcr.io/rust-lang/crates-build-env/linux@sha256:5ff2268d62e97bff2cde7d5815dd6ed5b47097566f13b8d0ca110b04b60e07ed" "/opt/rustwide/cargo-home/bin/cargo" "+1.69.0" "metadata" "--no-deps" "--format-version=1", kill_on_drop: false }`
[INFO] [stdout] be98eb6de0becc155e68a065b50ccd28fe7bc1e7f8b6f08527f9d2a89863a8b5
[INFO] running `Command { std: "docker" "start" "-a" "be98eb6de0becc155e68a065b50ccd28fe7bc1e7f8b6f08527f9d2a89863a8b5", kill_on_drop: false }`
[INFO] running `Command { std: "docker" "inspect" "be98eb6de0becc155e68a065b50ccd28fe7bc1e7f8b6f08527f9d2a89863a8b5", kill_on_drop: false }`
[INFO] running `Command { std: "docker" "rm" "-f" "be98eb6de0becc155e68a065b50ccd28fe7bc1e7f8b6f08527f9d2a89863a8b5", kill_on_drop: false }`
[INFO] [stdout] be98eb6de0becc155e68a065b50ccd28fe7bc1e7f8b6f08527f9d2a89863a8b5
[INFO] running `Command { std: "docker" "create" "-v" "/var/lib/crater-agent-workspace/builds/worker-4-tc1/target:/opt/rustwide/target:rw,Z" "-v" "/var/lib/crater-agent-workspace/builds/worker-4-tc1/source:/opt/rustwide/workdir:ro,Z" "-v" "/var/lib/crater-agent-workspace/cargo-home:/opt/rustwide/cargo-home:ro,Z" "-v" "/var/lib/crater-agent-workspace/rustup-home:/opt/rustwide/rustup-home:ro,Z" "-e" "SOURCE_DIR=/opt/rustwide/workdir" "-e" "CARGO_TARGET_DIR=/opt/rustwide/target" "-e" "CARGO_INCREMENTAL=0" "-e" "RUST_BACKTRACE=full" "-e" "RUSTFLAGS=--cap-lints=warn" "-e" "RUSTDOCFLAGS=--cap-lints=warn" "-e" "CARGO_HOME=/opt/rustwide/cargo-home" "-e" "RUSTUP_HOME=/opt/rustwide/rustup-home" "-w" "/opt/rustwide/workdir" "-m" "1610612736" "--user" "0:0" "--network" "none" "ghcr.io/rust-lang/crates-build-env/linux@sha256:5ff2268d62e97bff2cde7d5815dd6ed5b47097566f13b8d0ca110b04b60e07ed" "/opt/rustwide/cargo-home/bin/cargo" "+1.69.0" "build" "--frozen" "--message-format=json", kill_on_drop: false }`
[INFO] [stdout] d617b4918de46121ceefb4a6bf045dde921641cff146ec9d88ee8cf93fffb24e
[INFO] running `Command { std: "docker" "start" "-a" "d617b4918de46121ceefb4a6bf045dde921641cff146ec9d88ee8cf93fffb24e", kill_on_drop: false }`
[INFO] [stderr]    Compiling libc v0.2.123
[INFO] [stderr]    Compiling proc-macro2 v1.0.37
[INFO] [stderr]    Compiling syn v1.0.91
[INFO] [stderr]    Compiling cc v1.0.73
[INFO] [stderr]    Compiling pkg-config v0.3.25
[INFO] [stderr]    Compiling futures-core v0.3.21
[INFO] [stderr]    Compiling log v0.4.16
[INFO] [stderr]    Compiling futures-channel v0.3.21
[INFO] [stderr]    Compiling futures-task v0.3.21
[INFO] [stderr]    Compiling lock_api v0.4.7
[INFO] [stderr]    Compiling miniz_oxide v0.4.4
[INFO] [stderr]    Compiling parking_lot_core v0.9.2
[INFO] [stderr]    Compiling futures-util v0.3.21
[INFO] [stderr]    Compiling futures-sink v0.3.21
[INFO] [stderr]    Compiling quote v1.0.18
[INFO] [stderr]    Compiling num-traits v0.2.14
[INFO] [stderr]    Compiling indexmap v1.8.1
[INFO] [stderr]    Compiling gimli v0.26.1
[INFO] [stderr]    Compiling getrandom v0.2.6
[INFO] [stderr]    Compiling libz-sys v1.1.5
[INFO] [stderr]    Compiling openssl-sys v0.9.72
[INFO] [stderr]    Compiling rand_core v0.6.3
[INFO] [stderr]    Compiling backtrace v0.3.64
[INFO] [stderr]    Compiling miniz-sys v0.1.12
[INFO] [stderr]    Compiling adler v1.0.2
[INFO] [stderr]    Compiling rand_chacha v0.3.1
[INFO] [stderr]    Compiling futures-io v0.3.21
[INFO] [stderr]    Compiling build_const v0.2.2
[INFO] [stderr]    Compiling slab v0.4.6
[INFO] [stderr]    Compiling rustversion v1.0.6
[INFO] [stderr]    Compiling crc v1.8.1
[INFO] [stderr]    Compiling rand v0.8.5
[INFO] [stderr]    Compiling rdkafka-sys v4.2.0+1.8.2
[INFO] [stderr]    Compiling object v0.27.1
[INFO] [stderr]    Compiling num-integer v0.1.44
[INFO] [stderr]    Compiling openssl v0.10.38
[INFO] [stderr]    Compiling rustc-demangle v0.1.21
[INFO] [stderr]    Compiling hashbrown v0.11.2
[INFO] [stderr]    Compiling parking_lot v0.12.0
[INFO] [stderr]    Compiling addr2line v0.17.0
[INFO] [stderr]    Compiling dirs-sys-next v0.1.2
[INFO] [stderr]    Compiling num_cpus v1.13.1
[INFO] [stderr]    Compiling atty v0.2.14
[INFO] [stderr]    Compiling signal-hook-registry v1.4.0
[INFO] [stderr]    Compiling mio v0.8.2
[INFO] [stderr]    Compiling socket2 v0.4.4
[INFO] [stderr]    Compiling aho-corasick v0.7.18
[INFO] [stderr]    Compiling byteorder v1.4.3
[INFO] [stderr]    Compiling heck v0.4.0
[INFO] [stderr]    Compiling regex-syntax v0.6.25
[INFO] [stderr]    Compiling os_str_bytes v6.0.0
[INFO] [stderr]    Compiling anyhow v1.0.56
[INFO] [stderr]    Compiling async-trait v0.1.53
[INFO] [stderr]    Compiling termcolor v1.1.3
[INFO] [stderr]    Compiling linked-hash-map v0.5.4
[INFO] [stderr]    Compiling twox-hash v1.6.2
[INFO] [stderr]    Compiling yaml-rust v0.4.5
[INFO] [stderr]    Compiling clap_lex v0.1.1
[INFO] [stderr]    Compiling snap v0.2.5
[INFO] [stderr]    Compiling error-chain v0.10.0
[INFO] [stderr]    Compiling dirs-next v2.0.0
[INFO] [stderr]    Compiling flate2 v0.2.20
[INFO] [stderr]    Compiling time v0.1.43
[INFO] [stderr]    Compiling log v0.3.9
[INFO] [stderr]    Compiling regex v1.5.5
[INFO] [stderr]    Compiling instant v0.1.12
[INFO] [stderr]    Compiling humantime v2.1.0
[INFO] [stderr]    Compiling textwrap v0.15.0
[INFO] [stderr]    Compiling byteorder v0.5.3
[INFO] [stderr]    Compiling ref_slice v1.2.1
[INFO] [stderr]    Compiling strsim v0.10.0
[INFO] [stderr]    Compiling backoff v0.4.0
[INFO] [stderr]    Compiling clap v3.1.9
[INFO] [stderr]    Compiling chrono v0.4.19
[INFO] [stderr]    Compiling shellexpand v2.1.0
[INFO] [stderr]    Compiling env_logger v0.9.0
[INFO] [stderr]    Compiling serde_derive v1.0.136
[INFO] [stderr]    Compiling thiserror-impl v1.0.30
[INFO] [stderr]    Compiling futures-macro v0.3.21
[INFO] [stderr]    Compiling tokio-macros v1.7.0
[INFO] [stderr]    Compiling async-stream-impl v0.3.3
[INFO] [stderr]    Compiling tokio v1.17.0
[INFO] [stderr]    Compiling strum_macros v0.24.0
[INFO] [stderr]    Compiling thiserror v1.0.30
[INFO] [stderr]    Compiling async-stream v0.3.3
[INFO] [stderr]    Compiling kafka v0.8.0
[INFO] [stderr]    Compiling strum v0.24.0
[INFO] [stderr]    Compiling serde v1.0.136
[INFO] [stderr]    Compiling futures-executor v0.3.21
[INFO] [stderr]    Compiling futures v0.3.21
[INFO] [stderr]    Compiling toml v0.5.9
[INFO] [stderr]    Compiling proc-macro-crate v1.1.3
[INFO] [stderr]    Compiling num_enum_derive v0.5.7
[INFO] [stderr]    Compiling serde_json v1.0.79
[INFO] [stderr]    Compiling serde_yaml v0.8.23
[INFO] [stderr]    Compiling num_enum v0.5.7
[INFO] [stderr]    Compiling rdkafka v0.28.0
[INFO] [stderr]    Compiling kafcat v0.1.2 (/opt/rustwide/workdir)
[INFO] [stderr]     Finished dev [unoptimized + debuginfo] target(s) in 2m 11s
[INFO] [stderr] warning: the following packages contain code that will be rejected by a future version of Rust: snap v0.2.5
[INFO] [stderr] note: to see what the problems were, use the option `--future-incompat-report`, or run `cargo report future-incompatibilities --id 1`
[INFO] running `Command { std: "docker" "inspect" "d617b4918de46121ceefb4a6bf045dde921641cff146ec9d88ee8cf93fffb24e", kill_on_drop: false }`
[INFO] running `Command { std: "docker" "rm" "-f" "d617b4918de46121ceefb4a6bf045dde921641cff146ec9d88ee8cf93fffb24e", kill_on_drop: false }`
[INFO] [stdout] d617b4918de46121ceefb4a6bf045dde921641cff146ec9d88ee8cf93fffb24e
[INFO] running `Command { std: "docker" "create" "-v" "/var/lib/crater-agent-workspace/builds/worker-4-tc1/target:/opt/rustwide/target:rw,Z" "-v" "/var/lib/crater-agent-workspace/builds/worker-4-tc1/source:/opt/rustwide/workdir:ro,Z" "-v" "/var/lib/crater-agent-workspace/cargo-home:/opt/rustwide/cargo-home:ro,Z" "-v" "/var/lib/crater-agent-workspace/rustup-home:/opt/rustwide/rustup-home:ro,Z" "-e" "SOURCE_DIR=/opt/rustwide/workdir" "-e" "CARGO_TARGET_DIR=/opt/rustwide/target" "-e" "CARGO_INCREMENTAL=0" "-e" "RUST_BACKTRACE=full" "-e" "RUSTFLAGS=--cap-lints=warn" "-e" "RUSTDOCFLAGS=--cap-lints=warn" "-e" "CARGO_HOME=/opt/rustwide/cargo-home" "-e" "RUSTUP_HOME=/opt/rustwide/rustup-home" "-w" "/opt/rustwide/workdir" "-m" "1610612736" "--user" "0:0" "--network" "none" "ghcr.io/rust-lang/crates-build-env/linux@sha256:5ff2268d62e97bff2cde7d5815dd6ed5b47097566f13b8d0ca110b04b60e07ed" "/opt/rustwide/cargo-home/bin/cargo" "+1.69.0" "test" "--frozen" "--no-run" "--message-format=json", kill_on_drop: false }`
[INFO] [stdout] e6d2fb9475bc12d5e9a7a8ced699292ab616f88eaafb7967d2c8b60b5bf2becd
[INFO] running `Command { std: "docker" "start" "-a" "e6d2fb9475bc12d5e9a7a8ced699292ab616f88eaafb7967d2c8b60b5bf2becd", kill_on_drop: false }`
[INFO] [stderr]    Compiling doc-comment v0.3.3
[INFO] [stderr]    Compiling predicates-core v1.0.3
[INFO] [stderr]    Compiling either v1.6.1
[INFO] [stderr]    Compiling termtree v0.2.4
[INFO] [stderr]    Compiling difflib v0.4.0
[INFO] [stderr]    Compiling regex-automata v0.1.10
[INFO] [stderr]    Compiling wait-timeout v0.2.0
[INFO] [stderr]    Compiling itertools v0.10.3
[INFO] [stderr]    Compiling predicates-tree v1.0.5
[INFO] [stderr]    Compiling bstr v0.2.17
[INFO] [stderr]    Compiling predicates v2.1.1
[INFO] [stderr]    Compiling assert_cmd v2.0.4
[INFO] [stderr]    Compiling kafcat v0.1.2 (/opt/rustwide/workdir)
[INFO] [stderr]     Finished test [unoptimized + debuginfo] target(s) in 7.97s
[INFO] [stderr] warning: the following packages contain code that will be rejected by a future version of Rust: snap v0.2.5
[INFO] [stderr] note: to see what the problems were, use the option `--future-incompat-report`, or run `cargo report future-incompatibilities --id 1`
[INFO] running `Command { std: "docker" "inspect" "e6d2fb9475bc12d5e9a7a8ced699292ab616f88eaafb7967d2c8b60b5bf2becd", kill_on_drop: false }`
[INFO] running `Command { std: "docker" "rm" "-f" "e6d2fb9475bc12d5e9a7a8ced699292ab616f88eaafb7967d2c8b60b5bf2becd", kill_on_drop: false }`
[INFO] [stdout] e6d2fb9475bc12d5e9a7a8ced699292ab616f88eaafb7967d2c8b60b5bf2becd
[INFO] running `Command { std: "docker" "create" "-v" "/var/lib/crater-agent-workspace/builds/worker-4-tc1/target:/opt/rustwide/target:rw,Z" "-v" "/var/lib/crater-agent-workspace/builds/worker-4-tc1/source:/opt/rustwide/workdir:ro,Z" "-v" "/var/lib/crater-agent-workspace/cargo-home:/opt/rustwide/cargo-home:ro,Z" "-v" "/var/lib/crater-agent-workspace/rustup-home:/opt/rustwide/rustup-home:ro,Z" "-e" "SOURCE_DIR=/opt/rustwide/workdir" "-e" "CARGO_TARGET_DIR=/opt/rustwide/target" "-e" "CARGO_INCREMENTAL=0" "-e" "RUST_BACKTRACE=full" "-e" "RUSTFLAGS=--cap-lints=warn" "-e" "RUSTDOCFLAGS=--cap-lints=warn" "-e" "CARGO_HOME=/opt/rustwide/cargo-home" "-e" "RUSTUP_HOME=/opt/rustwide/rustup-home" "-w" "/opt/rustwide/workdir" "-m" "1610612736" "--user" "0:0" "--network" "none" "ghcr.io/rust-lang/crates-build-env/linux@sha256:5ff2268d62e97bff2cde7d5815dd6ed5b47097566f13b8d0ca110b04b60e07ed" "/opt/rustwide/cargo-home/bin/cargo" "+1.69.0" "test" "--frozen", kill_on_drop: false }`
[INFO] [stdout] 57847c20ec3644fe1ed1da811d15f361a0e20a2a53a03d7e2b0996d7576b2e72
[INFO] running `Command { std: "docker" "start" "-a" "57847c20ec3644fe1ed1da811d15f361a0e20a2a53a03d7e2b0996d7576b2e72", kill_on_drop: false }`
[INFO] [stderr]     Finished test [unoptimized + debuginfo] target(s) in 0.12s
[INFO] [stderr] warning: the following packages contain code that will be rejected by a future version of Rust: snap v0.2.5
[INFO] [stderr] note: to see what the problems were, use the option `--future-incompat-report`, or run `cargo report future-incompatibilities --id 1`
[INFO] [stdout] 
[INFO] [stderr]      Running unittests src/lib.rs (/opt/rustwide/target/debug/deps/kafcat-67e823d4385adb63)
[INFO] [stdout] running 10 tests
[INFO] [stdout] test configs::tests::test_read_config_basic ... ok
[INFO] [stdout] test configs::tests::test_read_config_sasl_ssl ... ok
[INFO] [stdout] test configs::tests::producer_config ... ok
[INFO] [stdout] test configs::tests::test_read_config_sasl_plaintext ... ok
[INFO] [stdout] test configs::tests::test_read_config_sasl_ssl_custom_ca ... ok
[INFO] [stdout] test configs::tests::consumer_config ... ok
[INFO] [stdout] test configs::tests::test_read_config_ssl_keys ... ok
[INFO] [stdout] test configs::tests::copy_config ... ok
[INFO] [stdout] test configs::tests::test_read_config_sasl_ssl_insecure ... ok
[INFO] [stdout] test configs::tests::test_read_config_sasl_ssl_scram ... ok
[INFO] [stdout] 
[INFO] [stdout] test result: ok. 10 passed; 0 failed; 0 ignored; 0 measured; 0 filtered out; finished in 0.03s
[INFO] [stdout] 
[INFO] [stderr]      Running unittests src/main.rs (/opt/rustwide/target/debug/deps/kafcat-d62c77df6f937e30)
[INFO] [stdout] 
[INFO] [stdout] running 0 tests
[INFO] [stdout] 
[INFO] [stdout] test result: ok. 0 passed; 0 failed; 0 ignored; 0 measured; 0 filtered out; finished in 0.00s
[INFO] [stdout] 
[INFO] [stderr]      Running tests/consumer.rs (/opt/rustwide/target/debug/deps/consumer-b7cef19f94932c79)
[INFO] [stdout] 
[INFO] [stdout] running 1 test
[INFO] [stderr]      Running tests/test_network.rs (/opt/rustwide/target/debug/deps/test_network-081e9b824a4b84bc)
[INFO] [stdout] test consumer_short ... ok
[INFO] [stdout] 
[INFO] [stdout] test result: ok. 1 passed; 0 failed; 0 ignored; 0 measured; 0 filtered out; finished in 3.04s
[INFO] [stdout] 
[INFO] [stdout] 
[INFO] [stdout] running 1 test
[INFO] [stdout] test test_network ... FAILED
[INFO] [stdout] 
[INFO] [stdout] failures:
[INFO] [stdout] 
[INFO] [stdout] ---- test_network stdout ----
[INFO] [stdout] thread 'test_network' panicked at 'command="nc" "localhost" "9092"
[INFO] [stdout] code=1
[INFO] [stdout] stdout=""
[INFO] [stdout] stderr=""
[INFO] [stdout] ', /opt/rustwide/cargo-home/registry/src/github.com-1ecc6299db9ec823/assert_cmd-2.0.4/src/output.rs:65:25
[INFO] [stdout] stack backtrace:
[INFO] [stdout]    0:     0x55ec501b8caa - std::backtrace_rs::backtrace::libunwind::trace::ha9053a9a07ca49cb
[INFO] [stdout]                                at /rustc/84c898d65adf2f39a5a98507f1fe0ce10a2b8dbc/library/std/src/../../backtrace/src/backtrace/libunwind.rs:93:5
[INFO] [stdout]    1:     0x55ec501b8caa - std::backtrace_rs::backtrace::trace_unsynchronized::h9c2852a457ad564e
[INFO] [stdout]                                at /rustc/84c898d65adf2f39a5a98507f1fe0ce10a2b8dbc/library/std/src/../../backtrace/src/backtrace/mod.rs:66:5
[INFO] [stdout]    2:     0x55ec501b8caa - std::sys_common::backtrace::_print_fmt::h457936fbfaa0070f
[INFO] [stdout]                                at /rustc/84c898d65adf2f39a5a98507f1fe0ce10a2b8dbc/library/std/src/sys_common/backtrace.rs:65:5
[INFO] [stdout]    3:     0x55ec501b8caa - <std::sys_common::backtrace::_print::DisplayBacktrace as core::fmt::Display>::fmt::h5779d7bf7f70cb0c
[INFO] [stdout]                                at /rustc/84c898d65adf2f39a5a98507f1fe0ce10a2b8dbc/library/std/src/sys_common/backtrace.rs:44:22
[INFO] [stdout]    4:     0x55ec501dd29e - core::fmt::write::h5a4baaff1bcd3eb5
[INFO] [stdout]                                at /rustc/84c898d65adf2f39a5a98507f1fe0ce10a2b8dbc/library/core/src/fmt/mod.rs:1232:17
[INFO] [stdout]    5:     0x55ec501b5da5 - std::io::Write::write_fmt::h478f79c628ef31d1
[INFO] [stdout]                                at /rustc/84c898d65adf2f39a5a98507f1fe0ce10a2b8dbc/library/std/src/io/mod.rs:1684:15
[INFO] [stdout]    6:     0x55ec501b8a75 - std::sys_common::backtrace::_print::h5fcdc36060f177e8
[INFO] [stdout]                                at /rustc/84c898d65adf2f39a5a98507f1fe0ce10a2b8dbc/library/std/src/sys_common/backtrace.rs:47:5
[INFO] [stdout]    7:     0x55ec501b8a75 - std::sys_common::backtrace::print::h54ca9458b876c8bf
[INFO] [stdout]                                at /rustc/84c898d65adf2f39a5a98507f1fe0ce10a2b8dbc/library/std/src/sys_common/backtrace.rs:34:9
[INFO] [stdout]    8:     0x55ec501ba8bf - std::panicking::default_hook::{{closure}}::hbe471161c7664ed6
[INFO] [stdout]                                at /rustc/84c898d65adf2f39a5a98507f1fe0ce10a2b8dbc/library/std/src/panicking.rs:271:22
[INFO] [stdout]    9:     0x55ec501ba57f - std::panicking::default_hook::ha3500da57aa4ac4f
[INFO] [stdout]                                at /rustc/84c898d65adf2f39a5a98507f1fe0ce10a2b8dbc/library/std/src/panicking.rs:287:9
[INFO] [stdout]   10:     0x55ec5015a577 - <alloc::boxed::Box<F,A> as core::ops::function::Fn<Args>>::call::hdf1b89dd137ece34
[INFO] [stdout]                                at /rustc/84c898d65adf2f39a5a98507f1fe0ce10a2b8dbc/library/alloc/src/boxed.rs:2001:9
[INFO] [stdout]   11:     0x55ec5015a577 - test::test_main::{{closure}}::h9081a79f20e75698
[INFO] [stdout]                                at /rustc/84c898d65adf2f39a5a98507f1fe0ce10a2b8dbc/library/test/src/lib.rs:135:21
[INFO] [stdout]   12:     0x55ec501bafed - <alloc::boxed::Box<F,A> as core::ops::function::Fn<Args>>::call::h6507bddc3eebb4a5
[INFO] [stdout]                                at /rustc/84c898d65adf2f39a5a98507f1fe0ce10a2b8dbc/library/alloc/src/boxed.rs:2001:9
[INFO] [stdout]   13:     0x55ec501bafed - std::panicking::rust_panic_with_hook::h50c09d000dc561d2
[INFO] [stdout]                                at /rustc/84c898d65adf2f39a5a98507f1fe0ce10a2b8dbc/library/std/src/panicking.rs:696:13
[INFO] [stdout]   14:     0x55ec501bad69 - std::panicking::begin_panic_handler::{{closure}}::h9e2b2176e00e0d9c
[INFO] [stdout]                                at /rustc/84c898d65adf2f39a5a98507f1fe0ce10a2b8dbc/library/std/src/panicking.rs:583:13
[INFO] [stdout]   15:     0x55ec501b9116 - std::sys_common::backtrace::__rust_end_short_backtrace::h5739b8e512c09d02
[INFO] [stdout]                                at /rustc/84c898d65adf2f39a5a98507f1fe0ce10a2b8dbc/library/std/src/sys_common/backtrace.rs:150:18
[INFO] [stdout]   16:     0x55ec501baa72 - rust_begin_unwind
[INFO] [stdout]                                at /rustc/84c898d65adf2f39a5a98507f1fe0ce10a2b8dbc/library/std/src/panicking.rs:579:5
[INFO] [stdout]   17:     0x55ec50129b83 - core::panicking::panic_fmt::hf33a1475b4dc5c3e
[INFO] [stdout]                                at /rustc/84c898d65adf2f39a5a98507f1fe0ce10a2b8dbc/library/core/src/panicking.rs:64:14
[INFO] [stdout]   18:     0x55ec50173dec - core::panicking::panic_display::h7115478fe1c435ca
[INFO] [stdout]                                at /rustc/84c898d65adf2f39a5a98507f1fe0ce10a2b8dbc/library/core/src/panicking.rs:147:5
[INFO] [stdout]   19:     0x55ec5016ddf2 - assert_cmd::output::OutputOkExt::unwrap::h2574ef52cbea5b3e
[INFO] [stdout]                                at /opt/rustwide/cargo-home/registry/src/github.com-1ecc6299db9ec823/assert_cmd-2.0.4/src/output.rs:65:25
[INFO] [stdout]   20:     0x55ec5016ca27 - assert_cmd::cmd::Command::unwrap::h4ff843e32935d130
[INFO] [stdout]                                at /opt/rustwide/cargo-home/registry/src/github.com-1ecc6299db9ec823/assert_cmd-2.0.4/src/cmd.rs:152:9
[INFO] [stdout]   21:     0x55ec5012b16b - test_network::test_network::h5885724738cdc7eb
[INFO] [stdout]                                at /opt/rustwide/workdir/tests/test_network.rs:6:5
[INFO] [stdout]   22:     0x55ec5012b0d7 - test_network::test_network::{{closure}}::h9d6530f09ced49e3
[INFO] [stdout]                                at /opt/rustwide/workdir/tests/test_network.rs:5:19
[INFO] [stdout]   23:     0x55ec5012a5b5 - core::ops::function::FnOnce::call_once::h7b6f10b4aaeeefeb
[INFO] [stdout]                                at /rustc/84c898d65adf2f39a5a98507f1fe0ce10a2b8dbc/library/core/src/ops/function.rs:250:5
[INFO] [stdout]   24:     0x55ec5015f95f - core::ops::function::FnOnce::call_once::h7d969581be7d0075
[INFO] [stdout]                                at /rustc/84c898d65adf2f39a5a98507f1fe0ce10a2b8dbc/library/core/src/ops/function.rs:250:5
[INFO] [stdout]   25:     0x55ec5015f95f - test::__rust_begin_short_backtrace::hca25a52684e56655
[INFO] [stdout]                                at /rustc/84c898d65adf2f39a5a98507f1fe0ce10a2b8dbc/library/test/src/lib.rs:656:18
[INFO] [stdout]   26:     0x55ec50130f7c - test::run_test::{{closure}}::ha8ac744c4af1a4bb
[INFO] [stdout]                                at /rustc/84c898d65adf2f39a5a98507f1fe0ce10a2b8dbc/library/test/src/lib.rs:647:30
[INFO] [stdout]   27:     0x55ec50130f7c - core::ops::function::FnOnce::call_once{{vtable.shim}}::h7b411a9ed45bdecf
[INFO] [stdout]                                at /rustc/84c898d65adf2f39a5a98507f1fe0ce10a2b8dbc/library/core/src/ops/function.rs:250:5
[INFO] [stdout]   28:     0x55ec5015e926 - <alloc::boxed::Box<F,A> as core::ops::function::FnOnce<Args>>::call_once::hd05328869a8ed200
[INFO] [stdout]                                at /rustc/84c898d65adf2f39a5a98507f1fe0ce10a2b8dbc/library/alloc/src/boxed.rs:1987:9
[INFO] [stdout]   29:     0x55ec5015e926 - <core::panic::unwind_safe::AssertUnwindSafe<F> as core::ops::function::FnOnce<()>>::call_once::h0c601ce20bd5b2be
[INFO] [stdout]                                at /rustc/84c898d65adf2f39a5a98507f1fe0ce10a2b8dbc/library/core/src/panic/unwind_safe.rs:271:9
[INFO] [stdout]   30:     0x55ec5015e926 - std::panicking::try::do_call::ha4be5c164fe30854
[INFO] [stdout]                                at /rustc/84c898d65adf2f39a5a98507f1fe0ce10a2b8dbc/library/std/src/panicking.rs:487:40
[INFO] [stdout]   31:     0x55ec5015e926 - std::panicking::try::h604546f3609af05f
[INFO] [stdout]                                at /rustc/84c898d65adf2f39a5a98507f1fe0ce10a2b8dbc/library/std/src/panicking.rs:451:19
[INFO] [stdout]   32:     0x55ec5015e926 - std::panic::catch_unwind::h5bfa8afe44c9c2f9
[INFO] [stdout]                                at /rustc/84c898d65adf2f39a5a98507f1fe0ce10a2b8dbc/library/std/src/panic.rs:140:14
[INFO] [stdout]   33:     0x55ec5015e926 - test::run_test_in_process::hd50dee55dd63e6aa
[INFO] [stdout]                                at /rustc/84c898d65adf2f39a5a98507f1fe0ce10a2b8dbc/library/test/src/lib.rs:679:27
[INFO] [stdout]   34:     0x55ec5015e926 - test::run_test::run_test_inner::{{closure}}::h4aa0f433aa85cea8
[INFO] [stdout]                                at /rustc/84c898d65adf2f39a5a98507f1fe0ce10a2b8dbc/library/test/src/lib.rs:573:39
[INFO] [stdout]   35:     0x55ec5012b5f1 - test::run_test::run_test_inner::{{closure}}::had56431adf24b4d6
[INFO] [stdout]                                at /rustc/84c898d65adf2f39a5a98507f1fe0ce10a2b8dbc/library/test/src/lib.rs:600:37
[INFO] [stdout]   36:     0x55ec5012b5f1 - std::sys_common::backtrace::__rust_begin_short_backtrace::ha8d9890e0c73bf13
[INFO] [stdout]                                at /rustc/84c898d65adf2f39a5a98507f1fe0ce10a2b8dbc/library/std/src/sys_common/backtrace.rs:134:18
[INFO] [stdout]   37:     0x55ec5013100b - std::thread::Builder::spawn_unchecked_::{{closure}}::{{closure}}::h251832bcb4a95327
[INFO] [stdout]                                at /rustc/84c898d65adf2f39a5a98507f1fe0ce10a2b8dbc/library/std/src/thread/mod.rs:560:17
[INFO] [stdout]   38:     0x55ec5013100b - <core::panic::unwind_safe::AssertUnwindSafe<F> as core::ops::function::FnOnce<()>>::call_once::h8fdff598fa414831
[INFO] [stdout]                                at /rustc/84c898d65adf2f39a5a98507f1fe0ce10a2b8dbc/library/core/src/panic/unwind_safe.rs:271:9
[INFO] [stdout]   39:     0x55ec5013100b - std::panicking::try::do_call::h455dd2f7764a950f
[INFO] [stdout]                                at /rustc/84c898d65adf2f39a5a98507f1fe0ce10a2b8dbc/library/std/src/panicking.rs:487:40
[INFO] [stdout]   40:     0x55ec5013100b - std::panicking::try::had6f23b7b73ae72a
[INFO] [stdout]                                at /rustc/84c898d65adf2f39a5a98507f1fe0ce10a2b8dbc/library/std/src/panicking.rs:451:19
[INFO] [stdout]   41:     0x55ec5013100b - std::panic::catch_unwind::ha6a5ca3915b4dad0
[INFO] [stdout]                                at /rustc/84c898d65adf2f39a5a98507f1fe0ce10a2b8dbc/library/std/src/panic.rs:140:14
[INFO] [stdout]   42:     0x55ec5013100b - std::thread::Builder::spawn_unchecked_::{{closure}}::h883b72ef75da6231
[INFO] [stdout]                                at /rustc/84c898d65adf2f39a5a98507f1fe0ce10a2b8dbc/library/std/src/thread/mod.rs:559:30
[INFO] [stdout]   43:     0x55ec5013100b - core::ops::function::FnOnce::call_once{{vtable.shim}}::hb7dff73dc8bd2ccb
[INFO] [stdout]                                at /rustc/84c898d65adf2f39a5a98507f1fe0ce10a2b8dbc/library/core/src/ops/function.rs:250:5
[INFO] [stdout]   44:     0x55ec501bfc33 - <alloc::boxed::Box<F,A> as core::ops::function::FnOnce<Args>>::call_once::h39990b24eedef2ab
[INFO] [stdout]                                at /rustc/84c898d65adf2f39a5a98507f1fe0ce10a2b8dbc/library/alloc/src/boxed.rs:1987:9
[INFO] [stdout]   45:     0x55ec501bfc33 - <alloc::boxed::Box<F,A> as core::ops::function::FnOnce<Args>>::call_once::h01a027258444143b
[INFO] [stdout]                                at /rustc/84c898d65adf2f39a5a98507f1fe0ce10a2b8dbc/library/alloc/src/boxed.rs:1987:9
[INFO] [stdout]   46:     0x55ec501bfc33 - std::sys::unix::thread::Thread::new::thread_start::ha4f1cdd9c25884ba
[INFO] [stdout]                                at /rustc/84c898d65adf2f39a5a98507f1fe0ce10a2b8dbc/library/std/src/sys/unix/thread.rs:108:17
[INFO] [stdout]   47:     0x7f61234e6b43 - <unknown>
[INFO] [stdout]   48:     0x7f6123577bb4 - __clone
[INFO] [stdout]   49:                0x0 - <unknown>
[INFO] [stdout] 
[INFO] [stdout] 
[INFO] [stdout] failures:
[INFO] [stdout]     test_network
[INFO] [stdout] 
[INFO] [stdout] test result: FAILED. 0 passed; 1 failed; 0 ignored; 0 measured; 0 filtered out; finished in 0.08s
[INFO] [stdout] 
[INFO] [stderr] error: test failed, to rerun pass `--test test_network`
[INFO] running `Command { std: "docker" "inspect" "57847c20ec3644fe1ed1da811d15f361a0e20a2a53a03d7e2b0996d7576b2e72", kill_on_drop: false }`
[INFO] running `Command { std: "docker" "rm" "-f" "57847c20ec3644fe1ed1da811d15f361a0e20a2a53a03d7e2b0996d7576b2e72", kill_on_drop: false }`
[INFO] [stdout] 57847c20ec3644fe1ed1da811d15f361a0e20a2a53a03d7e2b0996d7576b2e72
