[INFO] fetching crate jsonschema 0.17.0...
[INFO] testing jsonschema-0.17.0 against 1.69.0 for beta-1.70-1
[INFO] extracting crate jsonschema 0.17.0 into /workspace/builds/worker-6-tc1/source
[INFO] validating manifest of crates.io crate jsonschema 0.17.0 on toolchain 1.69.0
[INFO] running `Command { std: CARGO_HOME="/workspace/cargo-home" RUSTUP_HOME="/workspace/rustup-home" "/workspace/cargo-home/bin/cargo" "+1.69.0" "metadata" "--manifest-path" "Cargo.toml" "--no-deps", kill_on_drop: false }`
[INFO] started tweaking crates.io crate jsonschema 0.17.0
[INFO] finished tweaking crates.io crate jsonschema 0.17.0
[INFO] tweaked toml for crates.io crate jsonschema 0.17.0 written to /workspace/builds/worker-6-tc1/source/Cargo.toml
[INFO] crate crates.io crate jsonschema 0.17.0 already has a lockfile, it will not be regenerated
[INFO] running `Command { std: CARGO_HOME="/workspace/cargo-home" RUSTUP_HOME="/workspace/rustup-home" "/workspace/cargo-home/bin/cargo" "+1.69.0" "fetch" "--manifest-path" "Cargo.toml", kill_on_drop: false }`
[INFO] [stderr]  Downloading crates ...
[INFO] [stderr]   Downloaded num-cmp v0.1.0
[INFO] [stderr]   Downloaded cxxbridge-flags v1.0.92
[INFO] [stderr]   Downloaded json_schema_test_suite_test_case v0.3.0
[INFO] [stderr]   Downloaded test-case v3.0.0
[INFO] [stderr]   Downloaded valico v3.6.1
[INFO] [stderr]   Downloaded json_schema_test_suite_proc_macro v0.3.0
[INFO] [stderr]   Downloaded jsonway v2.0.0
[INFO] [stderr]   Downloaded json-pointer v0.3.4
[INFO] [stderr]   Downloaded test-case-core v3.0.0
[INFO] [stderr]   Downloaded test-case-macros v3.0.0
[INFO] [stderr]   Downloaded cxx-build v1.0.92
[INFO] [stderr]   Downloaded uritemplate-next v0.2.0
[INFO] [stderr]   Downloaded jsonschema-valid v0.5.1
[INFO] [stderr]   Downloaded mockito v0.31.1
[INFO] [stderr]   Downloaded unicode-bidi v0.3.11
[INFO] [stderr]   Downloaded io-lifetimes v1.0.6
[INFO] [stderr]   Downloaded cxxbridge-macro v1.0.92
[INFO] [stderr]   Downloaded fancy-regex v0.11.0
[INFO] [stderr]   Downloaded fraction v0.13.1
[INFO] [stderr]   Downloaded psl v2.1.3
[INFO] [stderr]   Downloaded json_schema_test_suite v0.3.0
[INFO] [stderr]   Downloaded cxx v1.0.92
[INFO] [stderr]   Downloaded iri-string v0.5.6
[INFO] [stderr]   Downloaded addr v0.11.8
[INFO] running `Command { std: "docker" "create" "-v" "/var/lib/crater-agent-workspace/builds/worker-6-tc1/target:/opt/rustwide/target:rw,Z" "-v" "/var/lib/crater-agent-workspace/builds/worker-6-tc1/source:/opt/rustwide/workdir:ro,Z" "-v" "/var/lib/crater-agent-workspace/cargo-home:/opt/rustwide/cargo-home:ro,Z" "-v" "/var/lib/crater-agent-workspace/rustup-home:/opt/rustwide/rustup-home:ro,Z" "-e" "SOURCE_DIR=/opt/rustwide/workdir" "-e" "CARGO_TARGET_DIR=/opt/rustwide/target" "-e" "CARGO_HOME=/opt/rustwide/cargo-home" "-e" "RUSTUP_HOME=/opt/rustwide/rustup-home" "-w" "/opt/rustwide/workdir" "-m" "1610612736" "--user" "0:0" "--network" "none" "ghcr.io/rust-lang/crates-build-env/linux@sha256:5ff2268d62e97bff2cde7d5815dd6ed5b47097566f13b8d0ca110b04b60e07ed" "/opt/rustwide/cargo-home/bin/cargo" "+1.69.0" "metadata" "--no-deps" "--format-version=1", kill_on_drop: false }`
[INFO] [stdout] 509c8192d1db7831457dcd6ee2c251e96bc913f6e9836d3d241e0f84576ed335
[INFO] running `Command { std: "docker" "start" "-a" "509c8192d1db7831457dcd6ee2c251e96bc913f6e9836d3d241e0f84576ed335", kill_on_drop: false }`
[INFO] running `Command { std: "docker" "inspect" "509c8192d1db7831457dcd6ee2c251e96bc913f6e9836d3d241e0f84576ed335", kill_on_drop: false }`
[INFO] running `Command { std: "docker" "rm" "-f" "509c8192d1db7831457dcd6ee2c251e96bc913f6e9836d3d241e0f84576ed335", kill_on_drop: false }`
[INFO] [stdout] 509c8192d1db7831457dcd6ee2c251e96bc913f6e9836d3d241e0f84576ed335
[INFO] running `Command { std: "docker" "create" "-v" "/var/lib/crater-agent-workspace/builds/worker-6-tc1/target:/opt/rustwide/target:rw,Z" "-v" "/var/lib/crater-agent-workspace/builds/worker-6-tc1/source:/opt/rustwide/workdir:ro,Z" "-v" "/var/lib/crater-agent-workspace/cargo-home:/opt/rustwide/cargo-home:ro,Z" "-v" "/var/lib/crater-agent-workspace/rustup-home:/opt/rustwide/rustup-home:ro,Z" "-e" "SOURCE_DIR=/opt/rustwide/workdir" "-e" "CARGO_TARGET_DIR=/opt/rustwide/target" "-e" "CARGO_INCREMENTAL=0" "-e" "RUST_BACKTRACE=full" "-e" "RUSTFLAGS=--cap-lints=warn" "-e" "RUSTDOCFLAGS=--cap-lints=warn" "-e" "CARGO_HOME=/opt/rustwide/cargo-home" "-e" "RUSTUP_HOME=/opt/rustwide/rustup-home" "-w" "/opt/rustwide/workdir" "-m" "1610612736" "--user" "0:0" "--network" "none" "ghcr.io/rust-lang/crates-build-env/linux@sha256:5ff2268d62e97bff2cde7d5815dd6ed5b47097566f13b8d0ca110b04b60e07ed" "/opt/rustwide/cargo-home/bin/cargo" "+1.69.0" "build" "--frozen" "--message-format=json", kill_on_drop: false }`
[INFO] [stdout] ba9a303d951531169a3a223ab68930fcf7acdaca64def2c6ed517a421fe1af36
[INFO] running `Command { std: "docker" "start" "-a" "ba9a303d951531169a3a223ab68930fcf7acdaca64def2c6ed517a421fe1af36", kill_on_drop: false }`
[INFO] [stderr]     Blocking waiting for file lock on package cache
[INFO] [stderr]     Blocking waiting for file lock on package cache
[INFO] [stderr]    Compiling num-traits v0.2.15
[INFO] [stderr]    Compiling pin-project-lite v0.2.9
[INFO] [stderr]    Compiling once_cell v1.17.1
[INFO] [stderr]    Compiling futures-core v0.3.27
[INFO] [stderr]    Compiling num-integer v0.1.45
[INFO] [stderr]    Compiling serde_derive v1.0.156
[INFO] [stderr]    Compiling bytes v1.4.0
[INFO] [stderr]    Compiling tokio v1.26.0
[INFO] [stderr]    Compiling slab v0.4.8
[INFO] [stderr]    Compiling serde v1.0.156
[INFO] [stderr]    Compiling futures-task v0.3.27
[INFO] [stderr]    Compiling socket2 v0.4.9
[INFO] [stderr]    Compiling num-bigint v0.4.3
[INFO] [stderr]    Compiling indexmap v1.9.2
[INFO] [stderr]    Compiling futures-util v0.3.27
[INFO] [stderr]    Compiling io-lifetimes v1.0.6
[INFO] [stderr]    Compiling num-rational v0.4.1
[INFO] [stderr]    Compiling tracing-core v0.1.30
[INFO] [stderr]    Compiling num-iter v0.1.43
[INFO] [stderr]    Compiling hashbrown v0.12.3
[INFO] [stderr]    Compiling futures-channel v0.3.27
[INFO] [stderr]    Compiling rustix v0.36.9
[INFO] [stderr]    Compiling http v0.2.9
[INFO] [stderr]    Compiling futures-io v0.3.27
[INFO] [stderr]    Compiling futures-sink v0.3.27
[INFO] [stderr]    Compiling try-lock v0.2.4
[INFO] [stderr]    Compiling tracing v0.1.37
[INFO] [stderr]    Compiling unicode-bidi v0.3.11
[INFO] [stderr]    Compiling want v0.3.0
[INFO] [stderr]    Compiling ahash v0.8.3
[INFO] [stderr]    Compiling minimal-lexical v0.2.1
[INFO] [stderr]    Compiling time-core v0.1.0
[INFO] [stderr]    Compiling os_str_bytes v6.4.1
[INFO] [stderr]    Compiling tower-service v0.3.2
[INFO] [stderr]    Compiling anyhow v1.0.69
[INFO] [stderr]    Compiling bit-vec v0.6.3
[INFO] [stderr]    Compiling time-macros v0.2.8
[INFO] [stderr]    Compiling clap_derive v4.1.8
[INFO] [stderr]    Compiling idna v0.3.0
[INFO] [stderr]    Compiling nom v7.1.3
[INFO] [stderr]    Compiling clap_lex v0.3.2
[INFO] [stderr]    Compiling encoding_rs v0.8.32
[INFO] [stderr]    Compiling bit-set v0.5.3
[INFO] [stderr]    Compiling http-body v0.4.5
[INFO] [stderr]    Compiling ipnet v2.7.1
[INFO] [stderr]    Compiling fancy-regex v0.11.0
[INFO] [stderr]    Compiling url v2.3.1
[INFO] [stderr]    Compiling num-complex v0.4.3
[INFO] [stderr]    Compiling num-cmp v0.1.0
[INFO] [stderr]    Compiling bytecount v0.6.3
[INFO] [stderr]    Compiling is-terminal v0.4.4
[INFO] [stderr]    Compiling uuid v1.3.0
[INFO] [stderr]    Compiling time v0.3.20
[INFO] [stderr]    Compiling iso8601 v0.6.1
[INFO] [stderr]    Compiling clap v4.1.8
[INFO] [stderr]    Compiling tokio-util v0.7.7
[INFO] [stderr]    Compiling num v0.4.0
[INFO] [stderr]    Compiling fraction v0.13.1
[INFO] [stderr]    Compiling h2 v0.3.16
[INFO] [stderr]    Compiling serde_json v1.0.94
[INFO] [stderr]    Compiling serde_urlencoded v0.7.1
[INFO] [stderr]    Compiling hyper v0.14.25
[INFO] [stderr]    Compiling reqwest v0.11.14
[INFO] [stderr]    Compiling jsonschema v0.17.0 (/opt/rustwide/workdir)
[INFO] [stdout] warning: unused variable: `parent`
[INFO] [stdout]    --> src/keywords/contains.rs:413:5
[INFO] [stdout]     |
[INFO] [stdout] 413 |     parent: &'a Map<String, Value>,
[INFO] [stdout]     |     ^^^^^^ help: if this is intentional, prefix it with an underscore: `_parent`
[INFO] [stdout]     |
[INFO] [stdout]     = note: `#[warn(unused_variables)]` on by default
[INFO] [stdout] 
[INFO] [stdout] 
[INFO] [stdout] warning: unused variable: `parent`
[INFO] [stdout]    --> src/keywords/items.rs:233:5
[INFO] [stdout]     |
[INFO] [stdout] 233 |     parent: &'a Map<String, Value>,
[INFO] [stdout]     |     ^^^^^^ help: if this is intentional, prefix it with an underscore: `_parent`
[INFO] [stdout] 
[INFO] [stdout] 
[INFO] [stdout] warning: static `DRAFT201909` is never used
[INFO] [stdout]   --> src/compilation/options.rs:25:9
[INFO] [stdout]    |
[INFO] [stdout] 25 | schema!(DRAFT201909, "../../meta_schemas/draft2019-09/schema.json");
[INFO] [stdout]    |         ^^^^^^^^^^^
[INFO] [stdout]    |
[INFO] [stdout]    = note: `#[warn(dead_code)]` on by default
[INFO] [stdout]    = note: this warning originates in the macro `schema` (in Nightly builds, run with -Z macro-backtrace for more info)
[INFO] [stdout] 
[INFO] [stdout] 
[INFO] [stdout] warning: static `DRAFT201909_APPLICATOR` is never used
[INFO] [stdout]   --> src/compilation/options.rs:27:5
[INFO] [stdout]    |
[INFO] [stdout] 27 |     DRAFT201909_APPLICATOR,
[INFO] [stdout]    |     ^^^^^^^^^^^^^^^^^^^^^^
[INFO] [stdout]    |
[INFO] [stdout]    = note: this warning originates in the macro `schema` (in Nightly builds, run with -Z macro-backtrace for more info)
[INFO] [stdout] 
[INFO] [stdout] 
[INFO] [stdout] warning: static `DRAFT201909_CONTENT` is never used
[INFO] [stdout]   --> src/compilation/options.rs:31:5
[INFO] [stdout]    |
[INFO] [stdout] 31 |     DRAFT201909_CONTENT,
[INFO] [stdout]    |     ^^^^^^^^^^^^^^^^^^^
[INFO] [stdout]    |
[INFO] [stdout]    = note: this warning originates in the macro `schema` (in Nightly builds, run with -Z macro-backtrace for more info)
[INFO] [stdout] 
[INFO] [stdout] 
[INFO] [stdout] warning: static `DRAFT201909_CORE` is never used
[INFO] [stdout]   --> src/compilation/options.rs:35:5
[INFO] [stdout]    |
[INFO] [stdout] 35 |     DRAFT201909_CORE,
[INFO] [stdout]    |     ^^^^^^^^^^^^^^^^
[INFO] [stdout]    |
[INFO] [stdout]    = note: this warning originates in the macro `schema` (in Nightly builds, run with -Z macro-backtrace for more info)
[INFO] [stdout] 
[INFO] [stdout] 
[INFO] [stdout] warning: static `DRAFT201909_FORMAT` is never used
[INFO] [stdout]   --> src/compilation/options.rs:39:5
[INFO] [stdout]    |
[INFO] [stdout] 39 |     DRAFT201909_FORMAT,
[INFO] [stdout]    |     ^^^^^^^^^^^^^^^^^^
[INFO] [stdout]    |
[INFO] [stdout]    = note: this warning originates in the macro `schema` (in Nightly builds, run with -Z macro-backtrace for more info)
[INFO] [stdout] 
[INFO] [stdout] 
[INFO] [stdout] warning: static `DRAFT201909_META_DATA` is never used
[INFO] [stdout]   --> src/compilation/options.rs:43:5
[INFO] [stdout]    |
[INFO] [stdout] 43 |     DRAFT201909_META_DATA,
[INFO] [stdout]    |     ^^^^^^^^^^^^^^^^^^^^^
[INFO] [stdout]    |
[INFO] [stdout]    = note: this warning originates in the macro `schema` (in Nightly builds, run with -Z macro-backtrace for more info)
[INFO] [stdout] 
[INFO] [stdout] 
[INFO] [stdout] warning: static `DRAFT201909_VALIDATION` is never used
[INFO] [stdout]   --> src/compilation/options.rs:47:5
[INFO] [stdout]    |
[INFO] [stdout] 47 |     DRAFT201909_VALIDATION,
[INFO] [stdout]    |     ^^^^^^^^^^^^^^^^^^^^^^
[INFO] [stdout]    |
[INFO] [stdout]    = note: this warning originates in the macro `schema` (in Nightly builds, run with -Z macro-backtrace for more info)
[INFO] [stdout] 
[INFO] [stdout] 
[INFO] [stdout] warning: static `DRAFT202012` is never used
[INFO] [stdout]   --> src/compilation/options.rs:50:9
[INFO] [stdout]    |
[INFO] [stdout] 50 | schema!(DRAFT202012, "../../meta_schemas/draft2020-12/schema.json");
[INFO] [stdout]    |         ^^^^^^^^^^^
[INFO] [stdout]    |
[INFO] [stdout]    = note: this warning originates in the macro `schema` (in Nightly builds, run with -Z macro-backtrace for more info)
[INFO] [stdout] 
[INFO] [stdout] 
[INFO] [stdout] warning: static `DRAFT202012_CORE` is never used
[INFO] [stdout]   --> src/compilation/options.rs:52:5
[INFO] [stdout]    |
[INFO] [stdout] 52 |     DRAFT202012_CORE,
[INFO] [stdout]    |     ^^^^^^^^^^^^^^^^
[INFO] [stdout]    |
[INFO] [stdout]    = note: this warning originates in the macro `schema` (in Nightly builds, run with -Z macro-backtrace for more info)
[INFO] [stdout] 
[INFO] [stdout] 
[INFO] [stdout] warning: static `DRAFT202012_APPLICATOR` is never used
[INFO] [stdout]   --> src/compilation/options.rs:56:5
[INFO] [stdout]    |
[INFO] [stdout] 56 |     DRAFT202012_APPLICATOR,
[INFO] [stdout]    |     ^^^^^^^^^^^^^^^^^^^^^^
[INFO] [stdout]    |
[INFO] [stdout]    = note: this warning originates in the macro `schema` (in Nightly builds, run with -Z macro-backtrace for more info)
[INFO] [stdout] 
[INFO] [stdout] 
[INFO] [stdout] warning: static `DRAFT202012_UNEVALUATED` is never used
[INFO] [stdout]   --> src/compilation/options.rs:60:5
[INFO] [stdout]    |
[INFO] [stdout] 60 |     DRAFT202012_UNEVALUATED,
[INFO] [stdout]    |     ^^^^^^^^^^^^^^^^^^^^^^^
[INFO] [stdout]    |
[INFO] [stdout]    = note: this warning originates in the macro `schema` (in Nightly builds, run with -Z macro-backtrace for more info)
[INFO] [stdout] 
[INFO] [stdout] 
[INFO] [stdout] warning: static `DRAFT202012_VALIDATION` is never used
[INFO] [stdout]   --> src/compilation/options.rs:64:5
[INFO] [stdout]    |
[INFO] [stdout] 64 |     DRAFT202012_VALIDATION,
[INFO] [stdout]    |     ^^^^^^^^^^^^^^^^^^^^^^
[INFO] [stdout]    |
[INFO] [stdout]    = note: this warning originates in the macro `schema` (in Nightly builds, run with -Z macro-backtrace for more info)
[INFO] [stdout] 
[INFO] [stdout] 
[INFO] [stdout] warning: static `DRAFT202012_META_DATA` is never used
[INFO] [stdout]   --> src/compilation/options.rs:68:5
[INFO] [stdout]    |
[INFO] [stdout] 68 |     DRAFT202012_META_DATA,
[INFO] [stdout]    |     ^^^^^^^^^^^^^^^^^^^^^
[INFO] [stdout]    |
[INFO] [stdout]    = note: this warning originates in the macro `schema` (in Nightly builds, run with -Z macro-backtrace for more info)
[INFO] [stdout] 
[INFO] [stdout] 
[INFO] [stdout] warning: static `DRAFT202012_FORMAT_ANNOTATION` is never used
[INFO] [stdout]   --> src/compilation/options.rs:72:5
[INFO] [stdout]    |
[INFO] [stdout] 72 |     DRAFT202012_FORMAT_ANNOTATION,
[INFO] [stdout]    |     ^^^^^^^^^^^^^^^^^^^^^^^^^^^^^
[INFO] [stdout]    |
[INFO] [stdout]    = note: this warning originates in the macro `schema` (in Nightly builds, run with -Z macro-backtrace for more info)
[INFO] [stdout] 
[INFO] [stdout] 
[INFO] [stdout] warning: static `DRAFT202012_CONTENT` is never used
[INFO] [stdout]   --> src/compilation/options.rs:76:5
[INFO] [stdout]    |
[INFO] [stdout] 76 |     DRAFT202012_CONTENT,
[INFO] [stdout]    |     ^^^^^^^^^^^^^^^^^^^
[INFO] [stdout]    |
[INFO] [stdout]    = note: this warning originates in the macro `schema` (in Nightly builds, run with -Z macro-backtrace for more info)
[INFO] [stdout] 
[INFO] [stdout] 
[INFO] [stdout] warning: associated function `unevaluated_properties` is never used
[INFO] [stdout]    --> src/error.rs:697:25
[INFO] [stdout]     |
[INFO] [stdout] 697 |     pub(crate) const fn unevaluated_properties(
[INFO] [stdout]     |                         ^^^^^^^^^^^^^^^^^^^^^^
[INFO] [stdout] 
[INFO] [stdout] 
[INFO] [stdout] warning: associated function `compile` is never used
[INFO] [stdout]    --> src/keywords/contains.rs:117:19
[INFO] [stdout]     |
[INFO] [stdout] 117 |     pub(crate) fn compile<'a>(
[INFO] [stdout]     |                   ^^^^^^^
[INFO] [stdout] 
[INFO] [stdout] 
[INFO] [stdout] warning: associated function `compile` is never used
[INFO] [stdout]    --> src/keywords/contains.rs:215:19
[INFO] [stdout]     |
[INFO] [stdout] 215 |     pub(crate) fn compile<'a>(
[INFO] [stdout]     |                   ^^^^^^^
[INFO] [stdout] 
[INFO] [stdout] 
[INFO] [stdout] warning: associated function `compile` is never used
[INFO] [stdout]    --> src/keywords/contains.rs:322:19
[INFO] [stdout]     |
[INFO] [stdout] 322 |     pub(crate) fn compile<'a>(
[INFO] [stdout]     |                   ^^^^^^^
[INFO] [stdout] 
[INFO] [stdout] 
[INFO] [stdout] warning: function `compile_dependent_required` is never used
[INFO] [stdout]    --> src/keywords/dependencies.rs:262:15
[INFO] [stdout]     |
[INFO] [stdout] 262 | pub(crate) fn compile_dependent_required<'a>(
[INFO] [stdout]     |               ^^^^^^^^^^^^^^^^^^^^^^^^^^
[INFO] [stdout] 
[INFO] [stdout] 
[INFO] [stdout] warning: function `compile_dependent_schemas` is never used
[INFO] [stdout]    --> src/keywords/dependencies.rs:270:15
[INFO] [stdout]     |
[INFO] [stdout] 270 | pub(crate) fn compile_dependent_schemas<'a>(
[INFO] [stdout]     |               ^^^^^^^^^^^^^^^^^^^^^^^^^
[INFO] [stdout] 
[INFO] [stdout] 
[INFO] [stdout] warning: associated function `compile` is never used
[INFO] [stdout]    --> src/keywords/dependencies.rs:101:19
[INFO] [stdout]     |
[INFO] [stdout] 101 |     pub(crate) fn compile<'a>(
[INFO] [stdout]     |                   ^^^^^^^
[INFO] [stdout] 
[INFO] [stdout] 
[INFO] [stdout] warning: associated function `compile` is never used
[INFO] [stdout]    --> src/keywords/dependencies.rs:191:19
[INFO] [stdout]     |
[INFO] [stdout] 191 |     pub(crate) fn compile<'a>(
[INFO] [stdout]     |                   ^^^^^^^
[INFO] [stdout] 
[INFO] [stdout] 
[INFO] [stdout] warning: associated function `compile` is never used
[INFO] [stdout]    --> src/keywords/format.rs:49:27
[INFO] [stdout]     |
[INFO] [stdout] 49  |             pub(crate) fn compile<'a>(context: &CompilationContext) -> CompilationResult<'a> {
[INFO] [stdout]     |                           ^^^^^^^
[INFO] [stdout] ...
[INFO] [stdout] 346 | format_validator!(UUIDValidator, "uuid");
[INFO] [stdout]     | ---------------------------------------- in this macro invocation
[INFO] [stdout]     |
[INFO] [stdout]     = note: this warning originates in the macro `format_validator` (in Nightly builds, run with -Z macro-backtrace for more info)
[INFO] [stdout] 
[INFO] [stdout] 
[INFO] [stdout] warning: associated function `compile` is never used
[INFO] [stdout]    --> src/keywords/format.rs:49:27
[INFO] [stdout]     |
[INFO] [stdout] 49  |             pub(crate) fn compile<'a>(context: &CompilationContext) -> CompilationResult<'a> {
[INFO] [stdout]     |                           ^^^^^^^
[INFO] [stdout] ...
[INFO] [stdout] 358 | format_validator!(DurationValidator, "duration");
[INFO] [stdout]     | ------------------------------------------------ in this macro invocation
[INFO] [stdout]     |
[INFO] [stdout]     = note: this warning originates in the macro `format_validator` (in Nightly builds, run with -Z macro-backtrace for more info)
[INFO] [stdout] 
[INFO] [stdout] 
[INFO] [stdout] warning: function `map_get_u64` is never used
[INFO] [stdout]   --> src/keywords/helpers.rs:67:15
[INFO] [stdout]    |
[INFO] [stdout] 67 | pub(crate) fn map_get_u64<'a>(
[INFO] [stdout]    |               ^^^^^^^^^^^
[INFO] [stdout] 
[INFO] [stdout] 
[INFO] [stdout] warning: associated function `compile` is never used
[INFO] [stdout]    --> src/keywords/items.rs:153:19
[INFO] [stdout]     |
[INFO] [stdout] 153 |     pub(crate) fn compile<'a>(
[INFO] [stdout]     |                   ^^^^^^^
[INFO] [stdout] 
[INFO] [stdout] 
[INFO] [stdout] warning: function `compile` is never used
[INFO] [stdout]    --> src/keywords/prefix_items.rs:111:15
[INFO] [stdout]     |
[INFO] [stdout] 111 | pub(crate) fn compile<'a>(
[INFO] [stdout]     |               ^^^^^^^
[INFO] [stdout] 
[INFO] [stdout] 
[INFO] [stdout] warning: associated function `compile` is never used
[INFO] [stdout]   --> src/keywords/prefix_items.rs:19:19
[INFO] [stdout]    |
[INFO] [stdout] 19 |     pub(crate) fn compile<'a>(
[INFO] [stdout]    |                   ^^^^^^^
[INFO] [stdout] 
[INFO] [stdout] 
[INFO] [stdout] warning: method `is_valid` is never used
[INFO] [stdout]    --> src/validator.rs:134:25
[INFO] [stdout]     |
[INFO] [stdout] 134 |     pub(crate) const fn is_valid(&self) -> bool {
[INFO] [stdout]     |                         ^^^^^^^^
[INFO] [stdout] 
[INFO] [stdout] 
[INFO] [stdout] warning: 32 warnings emitted
[INFO] [stdout] 
[INFO] [stdout] 
[INFO] [stderr]     Finished dev [unoptimized + debuginfo] target(s) in 26.99s
[INFO] running `Command { std: "docker" "inspect" "ba9a303d951531169a3a223ab68930fcf7acdaca64def2c6ed517a421fe1af36", kill_on_drop: false }`
[INFO] running `Command { std: "docker" "rm" "-f" "ba9a303d951531169a3a223ab68930fcf7acdaca64def2c6ed517a421fe1af36", kill_on_drop: false }`
[INFO] [stdout] ba9a303d951531169a3a223ab68930fcf7acdaca64def2c6ed517a421fe1af36
[INFO] running `Command { std: "docker" "create" "-v" "/var/lib/crater-agent-workspace/builds/worker-6-tc1/target:/opt/rustwide/target:rw,Z" "-v" "/var/lib/crater-agent-workspace/builds/worker-6-tc1/source:/opt/rustwide/workdir:ro,Z" "-v" "/var/lib/crater-agent-workspace/cargo-home:/opt/rustwide/cargo-home:ro,Z" "-v" "/var/lib/crater-agent-workspace/rustup-home:/opt/rustwide/rustup-home:ro,Z" "-e" "SOURCE_DIR=/opt/rustwide/workdir" "-e" "CARGO_TARGET_DIR=/opt/rustwide/target" "-e" "CARGO_INCREMENTAL=0" "-e" "RUST_BACKTRACE=full" "-e" "RUSTFLAGS=--cap-lints=warn" "-e" "RUSTDOCFLAGS=--cap-lints=warn" "-e" "CARGO_HOME=/opt/rustwide/cargo-home" "-e" "RUSTUP_HOME=/opt/rustwide/rustup-home" "-w" "/opt/rustwide/workdir" "-m" "1610612736" "--user" "0:0" "--network" "none" "ghcr.io/rust-lang/crates-build-env/linux@sha256:5ff2268d62e97bff2cde7d5815dd6ed5b47097566f13b8d0ca110b04b60e07ed" "/opt/rustwide/cargo-home/bin/cargo" "+1.69.0" "test" "--frozen" "--no-run" "--message-format=json", kill_on_drop: false }`
[INFO] [stdout] b932f1ebda9694f234829d1141d4ad58c638605f0346be6f6ae84fb4115f8b85
[INFO] running `Command { std: "docker" "start" "-a" "b932f1ebda9694f234829d1141d4ad58c638605f0346be6f6ae84fb4115f8b85", kill_on_drop: false }`
[INFO] [stderr]    Compiling serde v1.0.156
[INFO] [stderr]    Compiling libc v0.2.140
[INFO] [stderr]    Compiling getrandom v0.1.16
[INFO] [stderr]    Compiling ppv-lite86 v0.2.17
[INFO] [stderr]    Compiling getrandom v0.2.8
[INFO] [stderr]    Compiling syn v1.0.109
[INFO] [stderr]    Compiling siphasher v0.3.10
[INFO] [stderr]    Compiling time v0.1.45
[INFO] [stderr]    Compiling atty v0.2.14
[INFO] [stderr]    Compiling psl-types v2.0.11
[INFO] [stderr]    Compiling half v1.8.2
[INFO] [stderr]    Compiling iana-time-zone v0.1.53
[INFO] [stderr]    Compiling ciborium-io v0.2.0
[INFO] [stderr]    Compiling clap_lex v0.2.4
[INFO] [stderr]    Compiling paste v1.0.12
[INFO] [stderr]    Compiling textwrap v0.16.0
[INFO] [stderr]    Compiling same-file v1.0.6
[INFO] [stderr]    Compiling cast v0.3.0
[INFO] [stderr]    Compiling phf_shared v0.8.0
[INFO] [stderr]    Compiling rand_core v0.6.4
[INFO] [stderr]    Compiling chrono v0.4.24
[INFO] [stderr]    Compiling ciborium-ll v0.2.0
[INFO] [stderr]    Compiling psl v2.1.3
[INFO] [stderr]    Compiling phf v0.8.0
[INFO] [stderr]    Compiling criterion-plot v0.5.0
[INFO] [stderr]    Compiling rand_chacha v0.3.1
[INFO] [stderr]    Compiling clap v3.2.23
[INFO] [stderr]    Compiling walkdir v2.3.2
[INFO] [stderr]    Compiling uuid v0.8.2
[INFO] [stderr]    Compiling colored v2.0.0
[INFO] [stderr]    Compiling uritemplate-next v0.2.0
[INFO] [stderr]    Compiling textwrap v0.15.2
[INFO] [stderr]    Compiling oorandom v11.1.3
[INFO] [stderr]    Compiling iri-string v0.5.6
[INFO] [stderr]    Compiling rand v0.8.5
[INFO] [stderr]    Compiling base64 v0.13.1
[INFO] [stderr]    Compiling similar v2.2.1
[INFO] [stderr]    Compiling anes v0.1.6
[INFO] [stderr]    Compiling rand_core v0.5.1
[INFO] [stderr]    Compiling rand_pcg v0.2.1
[INFO] [stderr]    Compiling rand_chacha v0.2.2
[INFO] [stderr]    Compiling rand v0.7.3
[INFO] [stderr]    Compiling phf_generator v0.8.0
[INFO] [stderr]    Compiling phf_codegen v0.8.0
[INFO] [stderr]    Compiling valico v3.6.1
[INFO] [stderr]    Compiling proc-macro-error v1.0.4
[INFO] [stderr]    Compiling test-case-core v3.0.0
[INFO] [stderr]    Compiling serde_derive v1.0.156
[INFO] [stderr]    Compiling clap_derive v4.1.8
[INFO] [stderr]    Compiling test-case-macros v3.0.0
[INFO] [stderr]    Compiling test-case v3.0.0
[INFO] [stderr]    Compiling clap v4.1.8
[INFO] [stderr]    Compiling serde_json v1.0.94
[INFO] [stderr]    Compiling serde_urlencoded v0.7.1
[INFO] [stderr]    Compiling no-std-net v0.5.0
[INFO] [stderr]    Compiling ahash v0.8.3
[INFO] [stderr]    Compiling ciborium v0.2.0
[INFO] [stderr]    Compiling addr v0.11.8
[INFO] [stderr]    Compiling json-pointer v0.3.4
[INFO] [stderr]    Compiling jsonway v2.0.0
[INFO] [stderr]    Compiling assert-json-diff v2.0.2
[INFO] [stderr]    Compiling tinytemplate v1.2.1
[INFO] [stderr]    Compiling reqwest v0.11.14
[INFO] [stderr]    Compiling json_schema_test_suite_test_case v0.3.0
[INFO] [stderr]    Compiling jsonschema-valid v0.5.1
[INFO] [stderr]    Compiling mockito v0.31.1
[INFO] [stderr]    Compiling criterion v0.4.0
[INFO] [stderr]    Compiling json_schema_test_suite_proc_macro v0.3.0
[INFO] [stderr]    Compiling jsonschema v0.17.0 (/opt/rustwide/workdir)
[INFO] [stderr]    Compiling json_schema_test_suite v0.3.0
[INFO] [stdout] warning: unused variable: `parent`
[INFO] [stdout]    --> src/keywords/contains.rs:413:5
[INFO] [stdout]     |
[INFO] [stdout] 413 |     parent: &'a Map<String, Value>,
[INFO] [stdout]     |     ^^^^^^ help: if this is intentional, prefix it with an underscore: `_parent`
[INFO] [stdout]     |
[INFO] [stdout]     = note: `#[warn(unused_variables)]` on by default
[INFO] [stdout] 
[INFO] [stdout] 
[INFO] [stdout] warning: unused variable: `parent`
[INFO] [stdout]    --> src/keywords/items.rs:233:5
[INFO] [stdout]     |
[INFO] [stdout] 233 |     parent: &'a Map<String, Value>,
[INFO] [stdout]     |     ^^^^^^ help: if this is intentional, prefix it with an underscore: `_parent`
[INFO] [stdout] 
[INFO] [stdout] 
[INFO] [stdout] warning: static `DRAFT201909` is never used
[INFO] [stdout]   --> src/compilation/options.rs:25:9
[INFO] [stdout]    |
[INFO] [stdout] 25 | schema!(DRAFT201909, "../../meta_schemas/draft2019-09/schema.json");
[INFO] [stdout]    |         ^^^^^^^^^^^
[INFO] [stdout]    |
[INFO] [stdout]    = note: `#[warn(dead_code)]` on by default
[INFO] [stdout]    = note: this warning originates in the macro `schema` (in Nightly builds, run with -Z macro-backtrace for more info)
[INFO] [stdout] 
[INFO] [stdout] 
[INFO] [stdout] warning: static `DRAFT201909_APPLICATOR` is never used
[INFO] [stdout]   --> src/compilation/options.rs:27:5
[INFO] [stdout]    |
[INFO] [stdout] 27 |     DRAFT201909_APPLICATOR,
[INFO] [stdout]    |     ^^^^^^^^^^^^^^^^^^^^^^
[INFO] [stdout]    |
[INFO] [stdout]    = note: this warning originates in the macro `schema` (in Nightly builds, run with -Z macro-backtrace for more info)
[INFO] [stdout] 
[INFO] [stdout] 
[INFO] [stdout] warning: static `DRAFT201909_CONTENT` is never used
[INFO] [stdout]   --> src/compilation/options.rs:31:5
[INFO] [stdout]    |
[INFO] [stdout] 31 |     DRAFT201909_CONTENT,
[INFO] [stdout]    |     ^^^^^^^^^^^^^^^^^^^
[INFO] [stdout]    |
[INFO] [stdout]    = note: this warning originates in the macro `schema` (in Nightly builds, run with -Z macro-backtrace for more info)
[INFO] [stdout] 
[INFO] [stdout] 
[INFO] [stdout] warning: static `DRAFT201909_CORE` is never used
[INFO] [stdout]   --> src/compilation/options.rs:35:5
[INFO] [stdout]    |
[INFO] [stdout] 35 |     DRAFT201909_CORE,
[INFO] [stdout]    |     ^^^^^^^^^^^^^^^^
[INFO] [stdout]    |
[INFO] [stdout]    = note: this warning originates in the macro `schema` (in Nightly builds, run with -Z macro-backtrace for more info)
[INFO] [stdout] 
[INFO] [stdout] 
[INFO] [stdout] warning: static `DRAFT201909_FORMAT` is never used
[INFO] [stdout]   --> src/compilation/options.rs:39:5
[INFO] [stdout]    |
[INFO] [stdout] 39 |     DRAFT201909_FORMAT,
[INFO] [stdout]    |     ^^^^^^^^^^^^^^^^^^
[INFO] [stdout]    |
[INFO] [stdout]    = note: this warning originates in the macro `schema` (in Nightly builds, run with -Z macro-backtrace for more info)
[INFO] [stdout] 
[INFO] [stdout] 
[INFO] [stdout] warning: static `DRAFT201909_META_DATA` is never used
[INFO] [stdout]   --> src/compilation/options.rs:43:5
[INFO] [stdout]    |
[INFO] [stdout] 43 |     DRAFT201909_META_DATA,
[INFO] [stdout]    |     ^^^^^^^^^^^^^^^^^^^^^
[INFO] [stdout]    |
[INFO] [stdout]    = note: this warning originates in the macro `schema` (in Nightly builds, run with -Z macro-backtrace for more info)
[INFO] [stdout] 
[INFO] [stdout] 
[INFO] [stdout] warning: static `DRAFT201909_VALIDATION` is never used
[INFO] [stdout]   --> src/compilation/options.rs:47:5
[INFO] [stdout]    |
[INFO] [stdout] 47 |     DRAFT201909_VALIDATION,
[INFO] [stdout]    |     ^^^^^^^^^^^^^^^^^^^^^^
[INFO] [stdout]    |
[INFO] [stdout]    = note: this warning originates in the macro `schema` (in Nightly builds, run with -Z macro-backtrace for more info)
[INFO] [stdout] 
[INFO] [stdout] 
[INFO] [stdout] warning: static `DRAFT202012` is never used
[INFO] [stdout]   --> src/compilation/options.rs:50:9
[INFO] [stdout]    |
[INFO] [stdout] 50 | schema!(DRAFT202012, "../../meta_schemas/draft2020-12/schema.json");
[INFO] [stdout]    |         ^^^^^^^^^^^
[INFO] [stdout]    |
[INFO] [stdout]    = note: this warning originates in the macro `schema` (in Nightly builds, run with -Z macro-backtrace for more info)
[INFO] [stdout] 
[INFO] [stdout] 
[INFO] [stdout] warning: static `DRAFT202012_CORE` is never used
[INFO] [stdout]   --> src/compilation/options.rs:52:5
[INFO] [stdout]    |
[INFO] [stdout] 52 |     DRAFT202012_CORE,
[INFO] [stdout]    |     ^^^^^^^^^^^^^^^^
[INFO] [stdout]    |
[INFO] [stdout]    = note: this warning originates in the macro `schema` (in Nightly builds, run with -Z macro-backtrace for more info)
[INFO] [stdout] 
[INFO] [stdout] 
[INFO] [stdout] warning: static `DRAFT202012_APPLICATOR` is never used
[INFO] [stdout]   --> src/compilation/options.rs:56:5
[INFO] [stdout]    |
[INFO] [stdout] 56 |     DRAFT202012_APPLICATOR,
[INFO] [stdout]    |     ^^^^^^^^^^^^^^^^^^^^^^
[INFO] [stdout]    |
[INFO] [stdout]    = note: this warning originates in the macro `schema` (in Nightly builds, run with -Z macro-backtrace for more info)
[INFO] [stdout] 
[INFO] [stdout] 
[INFO] [stdout] warning: static `DRAFT202012_UNEVALUATED` is never used
[INFO] [stdout]   --> src/compilation/options.rs:60:5
[INFO] [stdout]    |
[INFO] [stdout] 60 |     DRAFT202012_UNEVALUATED,
[INFO] [stdout]    |     ^^^^^^^^^^^^^^^^^^^^^^^
[INFO] [stdout]    |
[INFO] [stdout]    = note: this warning originates in the macro `schema` (in Nightly builds, run with -Z macro-backtrace for more info)
[INFO] [stdout] 
[INFO] [stdout] 
[INFO] [stdout] warning: static `DRAFT202012_VALIDATION` is never used
[INFO] [stdout]   --> src/compilation/options.rs:64:5
[INFO] [stdout]    |
[INFO] [stdout] 64 |     DRAFT202012_VALIDATION,
[INFO] [stdout]    |     ^^^^^^^^^^^^^^^^^^^^^^
[INFO] [stdout]    |
[INFO] [stdout]    = note: this warning originates in the macro `schema` (in Nightly builds, run with -Z macro-backtrace for more info)
[INFO] [stdout] 
[INFO] [stdout] 
[INFO] [stdout] warning: static `DRAFT202012_META_DATA` is never used
[INFO] [stdout]   --> src/compilation/options.rs:68:5
[INFO] [stdout]    |
[INFO] [stdout] 68 |     DRAFT202012_META_DATA,
[INFO] [stdout]    |     ^^^^^^^^^^^^^^^^^^^^^
[INFO] [stdout]    |
[INFO] [stdout]    = note: this warning originates in the macro `schema` (in Nightly builds, run with -Z macro-backtrace for more info)
[INFO] [stdout] 
[INFO] [stdout] 
[INFO] [stdout] warning: static `DRAFT202012_FORMAT_ANNOTATION` is never used
[INFO] [stdout]   --> src/compilation/options.rs:72:5
[INFO] [stdout]    |
[INFO] [stdout] 72 |     DRAFT202012_FORMAT_ANNOTATION,
[INFO] [stdout]    |     ^^^^^^^^^^^^^^^^^^^^^^^^^^^^^
[INFO] [stdout]    |
[INFO] [stdout]    = note: this warning originates in the macro `schema` (in Nightly builds, run with -Z macro-backtrace for more info)
[INFO] [stdout] 
[INFO] [stdout] 
[INFO] [stdout] warning: static `DRAFT202012_CONTENT` is never used
[INFO] [stdout]   --> src/compilation/options.rs:76:5
[INFO] [stdout]    |
[INFO] [stdout] 76 |     DRAFT202012_CONTENT,
[INFO] [stdout]    |     ^^^^^^^^^^^^^^^^^^^
[INFO] [stdout]    |
[INFO] [stdout]    = note: this warning originates in the macro `schema` (in Nightly builds, run with -Z macro-backtrace for more info)
[INFO] [stdout] 
[INFO] [stdout] 
[INFO] [stdout] warning: associated function `unevaluated_properties` is never used
[INFO] [stdout]    --> src/error.rs:697:25
[INFO] [stdout]     |
[INFO] [stdout] 697 |     pub(crate) const fn unevaluated_properties(
[INFO] [stdout]     |                         ^^^^^^^^^^^^^^^^^^^^^^
[INFO] [stdout] 
[INFO] [stdout] 
[INFO] [stdout] warning: associated function `compile` is never used
[INFO] [stdout]    --> src/keywords/contains.rs:117:19
[INFO] [stdout]     |
[INFO] [stdout] 117 |     pub(crate) fn compile<'a>(
[INFO] [stdout]     |                   ^^^^^^^
[INFO] [stdout] 
[INFO] [stdout] 
[INFO] [stdout] warning: associated function `compile` is never used
[INFO] [stdout]    --> src/keywords/contains.rs:215:19
[INFO] [stdout]     |
[INFO] [stdout] 215 |     pub(crate) fn compile<'a>(
[INFO] [stdout]     |                   ^^^^^^^
[INFO] [stdout] 
[INFO] [stdout] 
[INFO] [stdout] warning: associated function `compile` is never used
[INFO] [stdout]    --> src/keywords/contains.rs:322:19
[INFO] [stdout]     |
[INFO] [stdout] 322 |     pub(crate) fn compile<'a>(
[INFO] [stdout]     |                   ^^^^^^^
[INFO] [stdout] 
[INFO] [stdout] 
[INFO] [stdout] warning: function `compile_dependent_required` is never used
[INFO] [stdout]    --> src/keywords/dependencies.rs:262:15
[INFO] [stdout]     |
[INFO] [stdout] 262 | pub(crate) fn compile_dependent_required<'a>(
[INFO] [stdout]     |               ^^^^^^^^^^^^^^^^^^^^^^^^^^
[INFO] [stdout] 
[INFO] [stdout] 
[INFO] [stdout] warning: function `compile_dependent_schemas` is never used
[INFO] [stdout]    --> src/keywords/dependencies.rs:270:15
[INFO] [stdout]     |
[INFO] [stdout] 270 | pub(crate) fn compile_dependent_schemas<'a>(
[INFO] [stdout]     |               ^^^^^^^^^^^^^^^^^^^^^^^^^
[INFO] [stdout] 
[INFO] [stdout] 
[INFO] [stdout] warning: associated function `compile` is never used
[INFO] [stdout]    --> src/keywords/dependencies.rs:101:19
[INFO] [stdout]     |
[INFO] [stdout] 101 |     pub(crate) fn compile<'a>(
[INFO] [stdout]     |                   ^^^^^^^
[INFO] [stdout] 
[INFO] [stdout] 
[INFO] [stdout] warning: associated function `compile` is never used
[INFO] [stdout]    --> src/keywords/dependencies.rs:191:19
[INFO] [stdout]     |
[INFO] [stdout] 191 |     pub(crate) fn compile<'a>(
[INFO] [stdout]     |                   ^^^^^^^
[INFO] [stdout] 
[INFO] [stdout] 
[INFO] [stdout] warning: associated function `compile` is never used
[INFO] [stdout]    --> src/keywords/format.rs:49:27
[INFO] [stdout]     |
[INFO] [stdout] 49  |             pub(crate) fn compile<'a>(context: &CompilationContext) -> CompilationResult<'a> {
[INFO] [stdout]     |                           ^^^^^^^
[INFO] [stdout] ...
[INFO] [stdout] 346 | format_validator!(UUIDValidator, "uuid");
[INFO] [stdout]     | ---------------------------------------- in this macro invocation
[INFO] [stdout]     |
[INFO] [stdout]     = note: this warning originates in the macro `format_validator` (in Nightly builds, run with -Z macro-backtrace for more info)
[INFO] [stdout] 
[INFO] [stdout] 
[INFO] [stdout] warning: associated function `compile` is never used
[INFO] [stdout]    --> src/keywords/format.rs:49:27
[INFO] [stdout]     |
[INFO] [stdout] 49  |             pub(crate) fn compile<'a>(context: &CompilationContext) -> CompilationResult<'a> {
[INFO] [stdout]     |                           ^^^^^^^
[INFO] [stdout] ...
[INFO] [stdout] 358 | format_validator!(DurationValidator, "duration");
[INFO] [stdout]     | ------------------------------------------------ in this macro invocation
[INFO] [stdout]     |
[INFO] [stdout]     = note: this warning originates in the macro `format_validator` (in Nightly builds, run with -Z macro-backtrace for more info)
[INFO] [stdout] 
[INFO] [stdout] 
[INFO] [stdout] warning: function `map_get_u64` is never used
[INFO] [stdout]   --> src/keywords/helpers.rs:67:15
[INFO] [stdout]    |
[INFO] [stdout] 67 | pub(crate) fn map_get_u64<'a>(
[INFO] [stdout]    |               ^^^^^^^^^^^
[INFO] [stdout] 
[INFO] [stdout] 
[INFO] [stdout] warning: associated function `compile` is never used
[INFO] [stdout]    --> src/keywords/items.rs:153:19
[INFO] [stdout]     |
[INFO] [stdout] 153 |     pub(crate) fn compile<'a>(
[INFO] [stdout]     |                   ^^^^^^^
[INFO] [stdout] 
[INFO] [stdout] 
[INFO] [stdout] warning: function `compile` is never used
[INFO] [stdout]    --> src/keywords/prefix_items.rs:111:15
[INFO] [stdout]     |
[INFO] [stdout] 111 | pub(crate) fn compile<'a>(
[INFO] [stdout]     |               ^^^^^^^
[INFO] [stdout] 
[INFO] [stdout] 
[INFO] [stdout] warning: associated function `compile` is never used
[INFO] [stdout]   --> src/keywords/prefix_items.rs:19:19
[INFO] [stdout]    |
[INFO] [stdout] 19 |     pub(crate) fn compile<'a>(
[INFO] [stdout]    |                   ^^^^^^^
[INFO] [stdout] 
[INFO] [stdout] 
[INFO] [stdout] warning: method `is_valid` is never used
[INFO] [stdout]    --> src/validator.rs:134:25
[INFO] [stdout]     |
[INFO] [stdout] 134 |     pub(crate) const fn is_valid(&self) -> bool {
[INFO] [stdout]     |                         ^^^^^^^^
[INFO] [stdout] 
[INFO] [stdout] 
[INFO] [stdout] warning: 32 warnings emitted
[INFO] [stdout] 
[INFO] [stdout] 
[INFO] [stdout] warning: unused variable: `parent`
[INFO] [stdout]    --> src/keywords/contains.rs:413:5
[INFO] [stdout]     |
[INFO] [stdout] 413 |     parent: &'a Map<String, Value>,
[INFO] [stdout]     |     ^^^^^^ help: if this is intentional, prefix it with an underscore: `_parent`
[INFO] [stdout]     |
[INFO] [stdout]     = note: `#[warn(unused_variables)]` on by default
[INFO] [stdout] 
[INFO] [stdout] 
[INFO] [stdout] warning: unused variable: `parent`
[INFO] [stdout]    --> src/keywords/items.rs:233:5
[INFO] [stdout]     |
[INFO] [stdout] 233 |     parent: &'a Map<String, Value>,
[INFO] [stdout]     |     ^^^^^^ help: if this is intentional, prefix it with an underscore: `_parent`
[INFO] [stdout] 
[INFO] [stdout] 
[INFO] [stdout] warning: static `DRAFT201909` is never used
[INFO] [stdout]   --> src/compilation/options.rs:25:9
[INFO] [stdout]    |
[INFO] [stdout] 25 | schema!(DRAFT201909, "../../meta_schemas/draft2019-09/schema.json");
[INFO] [stdout]    |         ^^^^^^^^^^^
[INFO] [stdout]    |
[INFO] [stdout]    = note: `#[warn(dead_code)]` on by default
[INFO] [stdout]    = note: this warning originates in the macro `schema` (in Nightly builds, run with -Z macro-backtrace for more info)
[INFO] [stdout] 
[INFO] [stdout] 
[INFO] [stdout] warning: static `DRAFT201909_APPLICATOR` is never used
[INFO] [stdout]   --> src/compilation/options.rs:27:5
[INFO] [stdout]    |
[INFO] [stdout] 27 |     DRAFT201909_APPLICATOR,
[INFO] [stdout]    |     ^^^^^^^^^^^^^^^^^^^^^^
[INFO] [stdout]    |
[INFO] [stdout]    = note: this warning originates in the macro `schema` (in Nightly builds, run with -Z macro-backtrace for more info)
[INFO] [stdout] 
[INFO] [stdout] 
[INFO] [stdout] warning: static `DRAFT201909_CONTENT` is never used
[INFO] [stdout]   --> src/compilation/options.rs:31:5
[INFO] [stdout]    |
[INFO] [stdout] 31 |     DRAFT201909_CONTENT,
[INFO] [stdout]    |     ^^^^^^^^^^^^^^^^^^^
[INFO] [stdout]    |
[INFO] [stdout]    = note: this warning originates in the macro `schema` (in Nightly builds, run with -Z macro-backtrace for more info)
[INFO] [stdout] 
[INFO] [stdout] 
[INFO] [stdout] warning: static `DRAFT201909_CORE` is never used
[INFO] [stdout]   --> src/compilation/options.rs:35:5
[INFO] [stdout]    |
[INFO] [stdout] 35 |     DRAFT201909_CORE,
[INFO] [stdout]    |     ^^^^^^^^^^^^^^^^
[INFO] [stdout]    |
[INFO] [stdout]    = note: this warning originates in the macro `schema` (in Nightly builds, run with -Z macro-backtrace for more info)
[INFO] [stdout] 
[INFO] [stdout] 
[INFO] [stdout] warning: static `DRAFT201909_FORMAT` is never used
[INFO] [stdout]   --> src/compilation/options.rs:39:5
[INFO] [stdout]    |
[INFO] [stdout] 39 |     DRAFT201909_FORMAT,
[INFO] [stdout]    |     ^^^^^^^^^^^^^^^^^^
[INFO] [stdout]    |
[INFO] [stdout]    = note: this warning originates in the macro `schema` (in Nightly builds, run with -Z macro-backtrace for more info)
[INFO] [stdout] 
[INFO] [stdout] 
[INFO] [stdout] warning: static `DRAFT201909_META_DATA` is never used
[INFO] [stdout]   --> src/compilation/options.rs:43:5
[INFO] [stdout]    |
[INFO] [stdout] 43 |     DRAFT201909_META_DATA,
[INFO] [stdout]    |     ^^^^^^^^^^^^^^^^^^^^^
[INFO] [stdout]    |
[INFO] [stdout]    = note: this warning originates in the macro `schema` (in Nightly builds, run with -Z macro-backtrace for more info)
[INFO] [stdout] 
[INFO] [stdout] 
[INFO] [stdout] warning: static `DRAFT201909_VALIDATION` is never used
[INFO] [stdout]   --> src/compilation/options.rs:47:5
[INFO] [stdout]    |
[INFO] [stdout] 47 |     DRAFT201909_VALIDATION,
[INFO] [stdout]    |     ^^^^^^^^^^^^^^^^^^^^^^
[INFO] [stdout]    |
[INFO] [stdout]    = note: this warning originates in the macro `schema` (in Nightly builds, run with -Z macro-backtrace for more info)
[INFO] [stdout] 
[INFO] [stdout] 
[INFO] [stdout] warning: static `DRAFT202012` is never used
[INFO] [stdout]   --> src/compilation/options.rs:50:9
[INFO] [stdout]    |
[INFO] [stdout] 50 | schema!(DRAFT202012, "../../meta_schemas/draft2020-12/schema.json");
[INFO] [stdout]    |         ^^^^^^^^^^^
[INFO] [stdout]    |
[INFO] [stdout]    = note: this warning originates in the macro `schema` (in Nightly builds, run with -Z macro-backtrace for more info)
[INFO] [stdout] 
[INFO] [stdout] 
[INFO] [stdout] warning: static `DRAFT202012_CORE` is never used
[INFO] [stdout]   --> src/compilation/options.rs:52:5
[INFO] [stdout]    |
[INFO] [stdout] 52 |     DRAFT202012_CORE,
[INFO] [stdout]    |     ^^^^^^^^^^^^^^^^
[INFO] [stdout]    |
[INFO] [stdout]    = note: this warning originates in the macro `schema` (in Nightly builds, run with -Z macro-backtrace for more info)
[INFO] [stdout] 
[INFO] [stdout] 
[INFO] [stdout] warning: static `DRAFT202012_APPLICATOR` is never used
[INFO] [stdout]   --> src/compilation/options.rs:56:5
[INFO] [stdout]    |
[INFO] [stdout] 56 |     DRAFT202012_APPLICATOR,
[INFO] [stdout]    |     ^^^^^^^^^^^^^^^^^^^^^^
[INFO] [stdout]    |
[INFO] [stdout]    = note: this warning originates in the macro `schema` (in Nightly builds, run with -Z macro-backtrace for more info)
[INFO] [stdout] 
[INFO] [stdout] 
[INFO] [stdout] warning: static `DRAFT202012_UNEVALUATED` is never used
[INFO] [stdout]   --> src/compilation/options.rs:60:5
[INFO] [stdout]    |
[INFO] [stdout] 60 |     DRAFT202012_UNEVALUATED,
[INFO] [stdout]    |     ^^^^^^^^^^^^^^^^^^^^^^^
[INFO] [stdout]    |
[INFO] [stdout]    = note: this warning originates in the macro `schema` (in Nightly builds, run with -Z macro-backtrace for more info)
[INFO] [stdout] 
[INFO] [stdout] 
[INFO] [stdout] warning: static `DRAFT202012_VALIDATION` is never used
[INFO] [stdout]   --> src/compilation/options.rs:64:5
[INFO] [stdout]    |
[INFO] [stdout] 64 |     DRAFT202012_VALIDATION,
[INFO] [stdout]    |     ^^^^^^^^^^^^^^^^^^^^^^
[INFO] [stdout]    |
[INFO] [stdout]    = note: this warning originates in the macro `schema` (in Nightly builds, run with -Z macro-backtrace for more info)
[INFO] [stdout] 
[INFO] [stdout] 
[INFO] [stdout] warning: static `DRAFT202012_META_DATA` is never used
[INFO] [stdout]   --> src/compilation/options.rs:68:5
[INFO] [stdout]    |
[INFO] [stdout] 68 |     DRAFT202012_META_DATA,
[INFO] [stdout]    |     ^^^^^^^^^^^^^^^^^^^^^
[INFO] [stdout]    |
[INFO] [stdout]    = note: this warning originates in the macro `schema` (in Nightly builds, run with -Z macro-backtrace for more info)
[INFO] [stdout] 
[INFO] [stdout] 
[INFO] [stdout] warning: static `DRAFT202012_FORMAT_ANNOTATION` is never used
[INFO] [stdout]   --> src/compilation/options.rs:72:5
[INFO] [stdout]    |
[INFO] [stdout] 72 |     DRAFT202012_FORMAT_ANNOTATION,
[INFO] [stdout]    |     ^^^^^^^^^^^^^^^^^^^^^^^^^^^^^
[INFO] [stdout]    |
[INFO] [stdout]    = note: this warning originates in the macro `schema` (in Nightly builds, run with -Z macro-backtrace for more info)
[INFO] [stdout] 
[INFO] [stdout] 
[INFO] [stdout] warning: static `DRAFT202012_CONTENT` is never used
[INFO] [stdout]   --> src/compilation/options.rs:76:5
[INFO] [stdout]    |
[INFO] [stdout] 76 |     DRAFT202012_CONTENT,
[INFO] [stdout]    |     ^^^^^^^^^^^^^^^^^^^
[INFO] [stdout]    |
[INFO] [stdout]    = note: this warning originates in the macro `schema` (in Nightly builds, run with -Z macro-backtrace for more info)
[INFO] [stdout] 
[INFO] [stdout] 
[INFO] [stdout] warning: associated function `unevaluated_properties` is never used
[INFO] [stdout]    --> src/error.rs:697:25
[INFO] [stdout]     |
[INFO] [stdout] 697 |     pub(crate) const fn unevaluated_properties(
[INFO] [stdout]     |                         ^^^^^^^^^^^^^^^^^^^^^^
[INFO] [stdout] 
[INFO] [stdout] 
[INFO] [stdout] warning: associated function `compile` is never used
[INFO] [stdout]    --> src/keywords/contains.rs:117:19
[INFO] [stdout]     |
[INFO] [stdout] 117 |     pub(crate) fn compile<'a>(
[INFO] [stdout]     |                   ^^^^^^^
[INFO] [stdout] 
[INFO] [stdout] 
[INFO] [stdout] warning: associated function `compile` is never used
[INFO] [stdout]    --> src/keywords/contains.rs:215:19
[INFO] [stdout]     |
[INFO] [stdout] 215 |     pub(crate) fn compile<'a>(
[INFO] [stdout]     |                   ^^^^^^^
[INFO] [stdout] 
[INFO] [stdout] 
[INFO] [stdout] warning: associated function `compile` is never used
[INFO] [stdout]    --> src/keywords/contains.rs:322:19
[INFO] [stdout]     |
[INFO] [stdout] 322 |     pub(crate) fn compile<'a>(
[INFO] [stdout]     |                   ^^^^^^^
[INFO] [stdout] 
[INFO] [stdout] 
[INFO] [stdout] warning: function `compile_dependent_required` is never used
[INFO] [stdout]    --> src/keywords/dependencies.rs:262:15
[INFO] [stdout]     |
[INFO] [stdout] 262 | pub(crate) fn compile_dependent_required<'a>(
[INFO] [stdout]     |               ^^^^^^^^^^^^^^^^^^^^^^^^^^
[INFO] [stdout] 
[INFO] [stdout] 
[INFO] [stdout] warning: function `compile_dependent_schemas` is never used
[INFO] [stdout]    --> src/keywords/dependencies.rs:270:15
[INFO] [stdout]     |
[INFO] [stdout] 270 | pub(crate) fn compile_dependent_schemas<'a>(
[INFO] [stdout]     |               ^^^^^^^^^^^^^^^^^^^^^^^^^
[INFO] [stdout] 
[INFO] [stdout] 
[INFO] [stdout] warning: associated function `compile` is never used
[INFO] [stdout]    --> src/keywords/dependencies.rs:101:19
[INFO] [stdout]     |
[INFO] [stdout] 101 |     pub(crate) fn compile<'a>(
[INFO] [stdout]     |                   ^^^^^^^
[INFO] [stdout] 
[INFO] [stdout] 
[INFO] [stdout] warning: associated function `compile` is never used
[INFO] [stdout]    --> src/keywords/dependencies.rs:191:19
[INFO] [stdout]     |
[INFO] [stdout] 191 |     pub(crate) fn compile<'a>(
[INFO] [stdout]     |                   ^^^^^^^
[INFO] [stdout] 
[INFO] [stdout] 
[INFO] [stdout] warning: associated function `compile` is never used
[INFO] [stdout]    --> src/keywords/format.rs:49:27
[INFO] [stdout]     |
[INFO] [stdout] 49  |             pub(crate) fn compile<'a>(context: &CompilationContext) -> CompilationResult<'a> {
[INFO] [stdout]     |                           ^^^^^^^
[INFO] [stdout] ...
[INFO] [stdout] 346 | format_validator!(UUIDValidator, "uuid");
[INFO] [stdout]     | ---------------------------------------- in this macro invocation
[INFO] [stdout]     |
[INFO] [stdout]     = note: this warning originates in the macro `format_validator` (in Nightly builds, run with -Z macro-backtrace for more info)
[INFO] [stdout] 
[INFO] [stdout] 
[INFO] [stdout] warning: associated function `compile` is never used
[INFO] [stdout]    --> src/keywords/format.rs:49:27
[INFO] [stdout]     |
[INFO] [stdout] 49  |             pub(crate) fn compile<'a>(context: &CompilationContext) -> CompilationResult<'a> {
[INFO] [stdout]     |                           ^^^^^^^
[INFO] [stdout] ...
[INFO] [stdout] 358 | format_validator!(DurationValidator, "duration");
[INFO] [stdout]     | ------------------------------------------------ in this macro invocation
[INFO] [stdout]     |
[INFO] [stdout]     = note: this warning originates in the macro `format_validator` (in Nightly builds, run with -Z macro-backtrace for more info)
[INFO] [stdout] 
[INFO] [stdout] 
[INFO] [stdout] warning: function `map_get_u64` is never used
[INFO] [stdout]   --> src/keywords/helpers.rs:67:15
[INFO] [stdout]    |
[INFO] [stdout] 67 | pub(crate) fn map_get_u64<'a>(
[INFO] [stdout]    |               ^^^^^^^^^^^
[INFO] [stdout] 
[INFO] [stdout] 
[INFO] [stdout] warning: associated function `compile` is never used
[INFO] [stdout]    --> src/keywords/items.rs:153:19
[INFO] [stdout]     |
[INFO] [stdout] 153 |     pub(crate) fn compile<'a>(
[INFO] [stdout]     |                   ^^^^^^^
[INFO] [stdout] 
[INFO] [stdout] 
[INFO] [stdout] warning: function `compile` is never used
[INFO] [stdout]    --> src/keywords/prefix_items.rs:111:15
[INFO] [stdout]     |
[INFO] [stdout] 111 | pub(crate) fn compile<'a>(
[INFO] [stdout]     |               ^^^^^^^
[INFO] [stdout] 
[INFO] [stdout] 
[INFO] [stdout] warning: associated function `compile` is never used
[INFO] [stdout]   --> src/keywords/prefix_items.rs:19:19
[INFO] [stdout]    |
[INFO] [stdout] 19 |     pub(crate) fn compile<'a>(
[INFO] [stdout]    |                   ^^^^^^^
[INFO] [stdout] 
[INFO] [stdout] 
[INFO] [stdout] warning: method `is_valid` is never used
[INFO] [stdout]    --> src/validator.rs:134:25
[INFO] [stdout]     |
[INFO] [stdout] 134 |     pub(crate) const fn is_valid(&self) -> bool {
[INFO] [stdout]     |                         ^^^^^^^^
[INFO] [stdout] 
[INFO] [stdout] 
[INFO] [stdout] warning: 32 warnings emitted
[INFO] [stdout] 
[INFO] [stdout] 
[INFO] [stderr]     Finished test [unoptimized + debuginfo] target(s) in 41.02s
[INFO] running `Command { std: "docker" "inspect" "b932f1ebda9694f234829d1141d4ad58c638605f0346be6f6ae84fb4115f8b85", kill_on_drop: false }`
[INFO] running `Command { std: "docker" "rm" "-f" "b932f1ebda9694f234829d1141d4ad58c638605f0346be6f6ae84fb4115f8b85", kill_on_drop: false }`
[INFO] [stdout] b932f1ebda9694f234829d1141d4ad58c638605f0346be6f6ae84fb4115f8b85
[INFO] running `Command { std: "docker" "create" "-v" "/var/lib/crater-agent-workspace/builds/worker-6-tc1/target:/opt/rustwide/target:rw,Z" "-v" "/var/lib/crater-agent-workspace/builds/worker-6-tc1/source:/opt/rustwide/workdir:ro,Z" "-v" "/var/lib/crater-agent-workspace/cargo-home:/opt/rustwide/cargo-home:ro,Z" "-v" "/var/lib/crater-agent-workspace/rustup-home:/opt/rustwide/rustup-home:ro,Z" "-e" "SOURCE_DIR=/opt/rustwide/workdir" "-e" "CARGO_TARGET_DIR=/opt/rustwide/target" "-e" "CARGO_INCREMENTAL=0" "-e" "RUST_BACKTRACE=full" "-e" "RUSTFLAGS=--cap-lints=warn" "-e" "RUSTDOCFLAGS=--cap-lints=warn" "-e" "CARGO_HOME=/opt/rustwide/cargo-home" "-e" "RUSTUP_HOME=/opt/rustwide/rustup-home" "-w" "/opt/rustwide/workdir" "-m" "1610612736" "--user" "0:0" "--network" "none" "ghcr.io/rust-lang/crates-build-env/linux@sha256:5ff2268d62e97bff2cde7d5815dd6ed5b47097566f13b8d0ca110b04b60e07ed" "/opt/rustwide/cargo-home/bin/cargo" "+1.69.0" "test" "--frozen", kill_on_drop: false }`
[INFO] [stdout] c73b50ef74a9beeaddc4189dec53b43e1e03efd7bc47432363e2d67f06d3d74f
[INFO] running `Command { std: "docker" "start" "-a" "c73b50ef74a9beeaddc4189dec53b43e1e03efd7bc47432363e2d67f06d3d74f", kill_on_drop: false }`
[INFO] [stderr] warning: unused variable: `parent`
[INFO] [stderr]    --> src/keywords/contains.rs:413:5
[INFO] [stderr]     |
[INFO] [stderr] 413 |     parent: &'a Map<String, Value>,
[INFO] [stderr]     |     ^^^^^^ help: if this is intentional, prefix it with an underscore: `_parent`
[INFO] [stderr]     |
[INFO] [stderr]     = note: `#[warn(unused_variables)]` on by default
[INFO] [stderr] 
[INFO] [stderr] warning: unused variable: `parent`
[INFO] [stderr]    --> src/keywords/items.rs:233:5
[INFO] [stderr]     |
[INFO] [stderr] 233 |     parent: &'a Map<String, Value>,
[INFO] [stderr]     |     ^^^^^^ help: if this is intentional, prefix it with an underscore: `_parent`
[INFO] [stderr] 
[INFO] [stderr] warning: static `DRAFT201909` is never used
[INFO] [stderr]   --> src/compilation/options.rs:25:9
[INFO] [stderr]    |
[INFO] [stderr] 25 | schema!(DRAFT201909, "../../meta_schemas/draft2019-09/schema.json");
[INFO] [stderr]    |         ^^^^^^^^^^^
[INFO] [stderr]    |
[INFO] [stderr]    = note: `#[warn(dead_code)]` on by default
[INFO] [stderr]    = note: this warning originates in the macro `schema` (in Nightly builds, run with -Z macro-backtrace for more info)
[INFO] [stderr] 
[INFO] [stderr] warning: static `DRAFT201909_APPLICATOR` is never used
[INFO] [stderr]   --> src/compilation/options.rs:27:5
[INFO] [stderr]    |
[INFO] [stderr] 27 |     DRAFT201909_APPLICATOR,
[INFO] [stderr]    |     ^^^^^^^^^^^^^^^^^^^^^^
[INFO] [stderr]    |
[INFO] [stderr]    = note: this warning originates in the macro `schema` (in Nightly builds, run with -Z macro-backtrace for more info)
[INFO] [stderr] 
[INFO] [stderr] warning: static `DRAFT201909_CONTENT` is never used
[INFO] [stderr]   --> src/compilation/options.rs:31:5
[INFO] [stderr]    |
[INFO] [stderr] 31 |     DRAFT201909_CONTENT,
[INFO] [stderr]    |     ^^^^^^^^^^^^^^^^^^^
[INFO] [stderr]    |
[INFO] [stderr]    = note: this warning originates in the macro `schema` (in Nightly builds, run with -Z macro-backtrace for more info)
[INFO] [stderr] 
[INFO] [stderr] warning: static `DRAFT201909_CORE` is never used
[INFO] [stderr]   --> src/compilation/options.rs:35:5
[INFO] [stderr]    |
[INFO] [stderr] 35 |     DRAFT201909_CORE,
[INFO] [stderr]    |     ^^^^^^^^^^^^^^^^
[INFO] [stderr]    |
[INFO] [stderr]    = note: this warning originates in the macro `schema` (in Nightly builds, run with -Z macro-backtrace for more info)
[INFO] [stderr] 
[INFO] [stderr] warning: static `DRAFT201909_FORMAT` is never used
[INFO] [stderr]   --> src/compilation/options.rs:39:5
[INFO] [stderr]    |
[INFO] [stderr] 39 |     DRAFT201909_FORMAT,
[INFO] [stderr]    |     ^^^^^^^^^^^^^^^^^^
[INFO] [stderr]    |
[INFO] [stderr]    = note: this warning originates in the macro `schema` (in Nightly builds, run with -Z macro-backtrace for more info)
[INFO] [stderr] 
[INFO] [stderr] warning: static `DRAFT201909_META_DATA` is never used
[INFO] [stderr]   --> src/compilation/options.rs:43:5
[INFO] [stderr]    |
[INFO] [stderr] 43 |     DRAFT201909_META_DATA,
[INFO] [stderr]    |     ^^^^^^^^^^^^^^^^^^^^^
[INFO] [stderr]    |
[INFO] [stderr]    = note: this warning originates in the macro `schema` (in Nightly builds, run with -Z macro-backtrace for more info)
[INFO] [stderr] 
[INFO] [stderr] warning: static `DRAFT201909_VALIDATION` is never used
[INFO] [stderr]   --> src/compilation/options.rs:47:5
[INFO] [stderr]    |
[INFO] [stderr] 47 |     DRAFT201909_VALIDATION,
[INFO] [stderr]    |     ^^^^^^^^^^^^^^^^^^^^^^
[INFO] [stderr]    |
[INFO] [stderr]    = note: this warning originates in the macro `schema` (in Nightly builds, run with -Z macro-backtrace for more info)
[INFO] [stderr] 
[INFO] [stderr] warning: static `DRAFT202012` is never used
[INFO] [stderr]   --> src/compilation/options.rs:50:9
[INFO] [stderr]    |
[INFO] [stderr] 50 | schema!(DRAFT202012, "../../meta_schemas/draft2020-12/schema.json");
[INFO] [stderr]    |         ^^^^^^^^^^^
[INFO] [stderr]    |
[INFO] [stderr]    = note: this warning originates in the macro `schema` (in Nightly builds, run with -Z macro-backtrace for more info)
[INFO] [stderr] 
[INFO] [stderr] warning: static `DRAFT202012_CORE` is never used
[INFO] [stderr]   --> src/compilation/options.rs:52:5
[INFO] [stderr]    |
[INFO] [stderr] 52 |     DRAFT202012_CORE,
[INFO] [stderr]    |     ^^^^^^^^^^^^^^^^
[INFO] [stderr]    |
[INFO] [stderr]    = note: this warning originates in the macro `schema` (in Nightly builds, run with -Z macro-backtrace for more info)
[INFO] [stderr] 
[INFO] [stderr] warning: static `DRAFT202012_APPLICATOR` is never used
[INFO] [stderr]   --> src/compilation/options.rs:56:5
[INFO] [stderr]    |
[INFO] [stderr] 56 |     DRAFT202012_APPLICATOR,
[INFO] [stderr]    |     ^^^^^^^^^^^^^^^^^^^^^^
[INFO] [stderr]    |
[INFO] [stderr]    = note: this warning originates in the macro `schema` (in Nightly builds, run with -Z macro-backtrace for more info)
[INFO] [stderr] 
[INFO] [stderr] warning: static `DRAFT202012_UNEVALUATED` is never used
[INFO] [stderr]   --> src/compilation/options.rs:60:5
[INFO] [stderr]    |
[INFO] [stderr] 60 |     DRAFT202012_UNEVALUATED,
[INFO] [stderr]    |     ^^^^^^^^^^^^^^^^^^^^^^^
[INFO] [stderr]    |
[INFO] [stderr]    = note: this warning originates in the macro `schema` (in Nightly builds, run with -Z macro-backtrace for more info)
[INFO] [stderr] 
[INFO] [stderr] warning: static `DRAFT202012_VALIDATION` is never used
[INFO] [stderr]   --> src/compilation/options.rs:64:5
[INFO] [stderr]    |
[INFO] [stderr] 64 |     DRAFT202012_VALIDATION,
[INFO] [stderr]    |     ^^^^^^^^^^^^^^^^^^^^^^
[INFO] [stderr]    |
[INFO] [stderr]    = note: this warning originates in the macro `schema` (in Nightly builds, run with -Z macro-backtrace for more info)
[INFO] [stderr] 
[INFO] [stderr] warning: static `DRAFT202012_META_DATA` is never used
[INFO] [stderr]   --> src/compilation/options.rs:68:5
[INFO] [stderr]    |
[INFO] [stderr] 68 |     DRAFT202012_META_DATA,
[INFO] [stderr]    |     ^^^^^^^^^^^^^^^^^^^^^
[INFO] [stderr]    |
[INFO] [stderr]    = note: this warning originates in the macro `schema` (in Nightly builds, run with -Z macro-backtrace for more info)
[INFO] [stderr] 
[INFO] [stderr] warning: static `DRAFT202012_FORMAT_ANNOTATION` is never used
[INFO] [stderr]   --> src/compilation/options.rs:72:5
[INFO] [stderr]    |
[INFO] [stderr] 72 |     DRAFT202012_FORMAT_ANNOTATION,
[INFO] [stderr]    |     ^^^^^^^^^^^^^^^^^^^^^^^^^^^^^
[INFO] [stderr]    |
[INFO] [stderr]    = note: this warning originates in the macro `schema` (in Nightly builds, run with -Z macro-backtrace for more info)
[INFO] [stderr] 
[INFO] [stderr] warning: static `DRAFT202012_CONTENT` is never used
[INFO] [stderr]   --> src/compilation/options.rs:76:5
[INFO] [stderr]    |
[INFO] [stderr] 76 |     DRAFT202012_CONTENT,
[INFO] [stderr]    |     ^^^^^^^^^^^^^^^^^^^
[INFO] [stderr]    |
[INFO] [stderr]    = note: this warning originates in the macro `schema` (in Nightly builds, run with -Z macro-backtrace for more info)
[INFO] [stderr] 
[INFO] [stderr] warning: associated function `unevaluated_properties` is never used
[INFO] [stderr]    --> src/error.rs:697:25
[INFO] [stderr]     |
[INFO] [stderr] 697 |     pub(crate) const fn unevaluated_properties(
[INFO] [stderr]     |                         ^^^^^^^^^^^^^^^^^^^^^^
[INFO] [stderr] 
[INFO] [stderr] warning: associated function `compile` is never used
[INFO] [stderr]    --> src/keywords/contains.rs:117:19
[INFO] [stderr]     |
[INFO] [stderr] 117 |     pub(crate) fn compile<'a>(
[INFO] [stderr]     |                   ^^^^^^^
[INFO] [stderr] 
[INFO] [stderr] warning: associated function `compile` is never used
[INFO] [stderr]    --> src/keywords/contains.rs:215:19
[INFO] [stderr]     |
[INFO] [stderr] 215 |     pub(crate) fn compile<'a>(
[INFO] [stderr]     |                   ^^^^^^^
[INFO] [stderr] 
[INFO] [stderr] warning: associated function `compile` is never used
[INFO] [stderr]    --> src/keywords/contains.rs:322:19
[INFO] [stderr]     |
[INFO] [stderr] 322 |     pub(crate) fn compile<'a>(
[INFO] [stderr]     |                   ^^^^^^^
[INFO] [stderr] 
[INFO] [stderr] warning: function `compile_dependent_required` is never used
[INFO] [stderr]    --> src/keywords/dependencies.rs:262:15
[INFO] [stderr]     |
[INFO] [stderr] 262 | pub(crate) fn compile_dependent_required<'a>(
[INFO] [stderr]     |               ^^^^^^^^^^^^^^^^^^^^^^^^^^
[INFO] [stderr] 
[INFO] [stderr] warning: function `compile_dependent_schemas` is never used
[INFO] [stderr]    --> src/keywords/dependencies.rs:270:15
[INFO] [stderr]     |
[INFO] [stderr] 270 | pub(crate) fn compile_dependent_schemas<'a>(
[INFO] [stderr]     |               ^^^^^^^^^^^^^^^^^^^^^^^^^
[INFO] [stderr] 
[INFO] [stderr] warning: associated function `compile` is never used
[INFO] [stderr]    --> src/keywords/dependencies.rs:101:19
[INFO] [stderr]     |
[INFO] [stderr] 101 |     pub(crate) fn compile<'a>(
[INFO] [stderr]     |                   ^^^^^^^
[INFO] [stderr] 
[INFO] [stderr] warning: associated function `compile` is never used
[INFO] [stderr]    --> src/keywords/dependencies.rs:191:19
[INFO] [stderr]     |
[INFO] [stderr] 191 |     pub(crate) fn compile<'a>(
[INFO] [stderr]     |                   ^^^^^^^
[INFO] [stderr] 
[INFO] [stderr] warning: associated function `compile` is never used
[INFO] [stderr]    --> src/keywords/format.rs:49:27
[INFO] [stderr]     |
[INFO] [stderr] 49  |             pub(crate) fn compile<'a>(context: &CompilationContext) -> CompilationResult<'a> {
[INFO] [stderr]     |                           ^^^^^^^
[INFO] [stderr] ...
[INFO] [stderr] 346 | format_validator!(UUIDValidator, "uuid");
[INFO] [stderr]     | ---------------------------------------- in this macro invocation
[INFO] [stderr]     |
[INFO] [stderr]     = note: this warning originates in the macro `format_validator` (in Nightly builds, run with -Z macro-backtrace for more info)
[INFO] [stderr] 
[INFO] [stderr] warning: associated function `compile` is never used
[INFO] [stderr]    --> src/keywords/format.rs:49:27
[INFO] [stderr]     |
[INFO] [stderr] 49  |             pub(crate) fn compile<'a>(context: &CompilationContext) -> CompilationResult<'a> {
[INFO] [stderr]     |                           ^^^^^^^
[INFO] [stderr] ...
[INFO] [stderr] 358 | format_validator!(DurationValidator, "duration");
[INFO] [stderr]     | ------------------------------------------------ in this macro invocation
[INFO] [stderr]     |
[INFO] [stderr]     = note: this warning originates in the macro `format_validator` (in Nightly builds, run with -Z macro-backtrace for more info)
[INFO] [stderr] 
[INFO] [stderr] warning: function `map_get_u64` is never used
[INFO] [stderr]   --> src/keywords/helpers.rs:67:15
[INFO] [stderr]    |
[INFO] [stderr] 67 | pub(crate) fn map_get_u64<'a>(
[INFO] [stderr]    |               ^^^^^^^^^^^
[INFO] [stderr] 
[INFO] [stderr] warning: associated function `compile` is never used
[INFO] [stderr]    --> src/keywords/items.rs:153:19
[INFO] [stderr]     |
[INFO] [stderr] 153 |     pub(crate) fn compile<'a>(
[INFO] [stderr]     |                   ^^^^^^^
[INFO] [stderr] 
[INFO] [stderr] warning: function `compile` is never used
[INFO] [stderr]    --> src/keywords/prefix_items.rs:111:15
[INFO] [stderr]     |
[INFO] [stderr] 111 | pub(crate) fn compile<'a>(
[INFO] [stderr]     |               ^^^^^^^
[INFO] [stderr] 
[INFO] [stderr] warning: associated function `compile` is never used
[INFO] [stderr]   --> src/keywords/prefix_items.rs:19:19
[INFO] [stderr]    |
[INFO] [stderr] 19 |     pub(crate) fn compile<'a>(
[INFO] [stderr]    |                   ^^^^^^^
[INFO] [stderr] 
[INFO] [stderr] warning: method `is_valid` is never used
[INFO] [stderr]    --> src/validator.rs:134:25
[INFO] [stderr]     |
[INFO] [stderr] 134 |     pub(crate) const fn is_valid(&self) -> bool {
[INFO] [stderr]     |                         ^^^^^^^^
[INFO] [stderr] 
[INFO] [stderr] warning: `jsonschema` (lib) generated 32 warnings (run `cargo fix --lib -p jsonschema` to apply 2 suggestions)
[INFO] [stderr] warning: `jsonschema` (lib test) generated 32 warnings (32 duplicates)
[INFO] [stderr]     Finished test [unoptimized + debuginfo] target(s) in 0.30s
[INFO] [stderr]      Running unittests src/lib.rs (/opt/rustwide/target/debug/deps/jsonschema-6ba94f496cdd579b)
[INFO] [stdout] 
[INFO] [stdout] running 403 tests
[INFO] [stdout] test error::tests::instance_path_nested_arrays::false_json_1_2_3_4_5_6_42_pathchunk_index_2_expects ... ok
[INFO] [stdout] test compilation::tests::only_keyword ... ok
[INFO] [stdout] test compilation::options::tests::test_ensure_that_draft_detection_is_honored::none_json_expects_draft_default_ ... ok
[INFO] [stdout] test compilation::options::tests::custom_format ... ok
[INFO] [stdout] test compilation::tests::wrong_schema_type ... ok
[INFO] [stdout] test compilation::options::tests::test_ensure_that_draft_detection_is_honored::some_draft_draft4_json_expects_draft_draft4 ... ok
[INFO] [stdout] test error::tests::instance_path_arrays::true_json_1_a_pathchunk_index_1_expects ... ok
[INFO] [stdout] test compilation::options::tests::test_with_document ... ok
[INFO] [stdout] test error::tests::instance_path_nested_arrays::false_json_1_2_3_4_5_6_7_8_9_pathchunk_index_1_pathchunk_index_1_expects ... ok
[INFO] [stdout] test error::tests::instance_path_nested_arrays::true_json_1_2_3_4_5_6_7_8_9_pathchunk_index_1_pathchunk_index_1_expects ... ok
[INFO] [stdout] test error::tests::instance_path_arrays::false_json_123_expects ... ok
[INFO] [stdout] test error::tests::instance_path_arrays::false_json_1_a_pathchunk_index_1_expects ... ok
[INFO] [stdout] test compilation::options::tests::test_ensure_that_draft_detection_is_honored::none_json_schema_http_json_schema_org_draft_06_schema_expects_draft_draft6 ... ok
[INFO] [stdout] test error::tests::instance_path_arrays::true_json_123_expects ... ok
[INFO] [stdout] test error::tests::instance_path_nested_arrays::true_json_1_2_3_4_5_6_42_pathchunk_index_2_expects ... ok
[INFO] [stdout] test error::tests::instance_path_properties_and_arrays::true_json_1_foo_42_pathchunk_index_0_expects ... ok
[INFO] [stdout] test keywords::additional_items::tests::schema_path::_json_additionalitems_false_items_false_json_1_additionalitems_expects ... ok
[INFO] [stdout] test keywords::additional_items::tests::schema_path::_json_additionalitems_false_items_json_1_2_additionalitems_expects ... ok
[INFO] [stdout] test error::tests::single_type_error ... ok
[INFO] [stdout] test keywords::additional_items::tests::schema_path::_json_additionalitems_type_string_items_json_1_2_additionalitems_type_expects ... ok
[INFO] [stdout] test error::tests::instance_path_properties::true_json_foo_bar_42_foo_bar_expects ... ok
[INFO] [stdout] test error::tests::instance_path_properties_and_arrays::false_json_1_foo_42_pathchunk_index_0_expects ... ok
[INFO] [stdout] test error::tests::multiple_types_error ... ok
[INFO] [stdout] test error::tests::instance_path_properties_and_arrays::true_json_a_foo_42_pathchunk_index_1_pathchunk_property_foo_into_pathchunk_index_0_expects ... ok
[INFO] [stdout] test keywords::additional_properties::tests::schema_1_invalid::_json_bar_6_spam_11_11_is_greater_than_the_maximum_of_10_patternproperties_spam_maximum_expects ... ok
[INFO] [stdout] test keywords::additional_properties::tests::schema_1_invalid::_json_bar_4_spam_8_4_is_less_than_the_minimum_of_5_patternproperties_bar_minimum_expects ... ok
[INFO] [stdout] test keywords::additional_properties::tests::schema_1_invalid::_json_faz_1_additional_properties_are_not_allowed_faz_was_unexpected_additionalproperties_expects ... ok
[INFO] [stdout] test error::tests::instance_path_properties::false_json_foo_bar_42_foo_bar_expects ... ok
[INFO] [stdout] test keywords::additional_properties::tests::schema_1_invalid::_json_bar_4_4_is_less_than_the_minimum_of_5_patternproperties_bar_minimum_expects ... ok
[INFO] [stdout] test keywords::additional_properties::tests::schema_1_invalid::_json_barspam_4_4_is_less_than_the_minimum_of_5_patternproperties_bar_minimum_expects ... ok
[INFO] [stdout] test keywords::additional_properties::tests::schema_1_invalid::_json_foo_3_bar_4_4_is_less_than_the_minimum_of_5_3_is_not_of_type_string_patternproperties_bar_minimum_properties_foo_type_expects ... ok
[INFO] [stdout] test keywords::additional_properties::tests::schema_1_invalid::_json_spam_11_11_is_greater_than_the_maximum_of_10_patternproperties_spam_maximum_expects ... ok
[INFO] [stdout] test keywords::additional_properties::tests::schema_1_valid::_json_bar_6_expects ... ok
[INFO] [stdout] test keywords::additional_properties::tests::schema_1_valid::_json_bar_6_spam_7_expects ... ok
[INFO] [stdout] test error::tests::instance_path_properties::false_json_foo_a_foo_expects ... ok
[INFO] [stdout] test keywords::additional_properties::tests::schema_1_valid::_json_1_expects ... ok
[INFO] [stdout] test keywords::additional_properties::tests::schema_1_invalid::_json_foo_3_3_is_not_of_type_string_properties_foo_type_expects ... ok
[INFO] [stdout] test error::tests::instance_path_properties::true_json_foo_a_foo_expects ... ok
[INFO] [stdout] test compilation::tests::multiple_errors ... ok
[INFO] [stdout] test keywords::additional_properties::tests::schema_1_valid::_json_barbaz_6_expects ... ok
[INFO] [stdout] test keywords::additional_properties::tests::schema_1_invalid::_json_barbaz_3_3_is_less_than_the_minimum_of_5_patternproperties_bar_minimum_expects ... ok
[INFO] [stdout] test keywords::additional_properties::tests::schema_1_invalid::_json_faz_1_haz_1_additional_properties_are_not_allowed_faz_haz_were_unexpected_additionalproperties_expects ... ok
[INFO] [stdout] test keywords::additional_properties::tests::schema_1_valid::_json_expects ... ok
[INFO] [stdout] test keywords::additional_properties::tests::schema_1_valid::_json_barspam_7_bar_6_spam_7_foo_a_barbaz_6_expects ... ok
[INFO] [stdout] test keywords::additional_properties::tests::schema_1_valid::_json_spam_7_expects ... ok
[INFO] [stdout] test keywords::additional_properties::tests::schema_2_invalid::_json_bar_4_spam_11_4_is_less_than_the_minimum_of_5_11_is_greater_than_the_maximum_of_10_patternproperties_bar_minimum_patternproperties_spam_maximum_expects ... ok
[INFO] [stdout] test keywords::additional_properties::tests::schema_2_invalid::_json_barspam_4_4_is_less_than_the_minimum_of_5_patternproperties_bar_minimum_expects ... ok
[INFO] [stdout] test keywords::additional_properties::tests::schema_2_invalid::_json_bar_4_4_is_less_than_the_minimum_of_5_patternproperties_bar_minimum_expects ... ok
[INFO] [stdout] test keywords::additional_properties::tests::schema_2_invalid::_json_bar_4_spam_11_faz_1_4_is_less_than_the_minimum_of_5_11_is_greater_than_the_maximum_of_10_additional_properties_are_not_allowed_faz_was_unexpected_patternproperties_bar_minimum_patternproperties_spam_maximum_additionalproperties_expects ... ok
[INFO] [stdout] test keywords::additional_properties::tests::schema_2_invalid::_json_bar_4_spam_8_4_is_less_than_the_minimum_of_5_patternproperties_bar_minimum_expects ... ok
[INFO] [stdout] test keywords::additional_properties::tests::schema_2_invalid::_json_spam_11_11_is_greater_than_the_maximum_of_10_patternproperties_spam_maximum_expects ... ok
[INFO] [stdout] test keywords::additional_properties::tests::schema_1_valid::_json_foo_a_expects ... ok
[INFO] [stdout] test error::tests::instance_path_properties_and_arrays::false_json_a_foo_42_pathchunk_index_1_pathchunk_property_foo_into_pathchunk_index_0_expects ... ok
[INFO] [stdout] test keywords::additional_properties::tests::schema_2_valid::_json_bar_6_spam_7_expects ... ok
[INFO] [stdout] test keywords::additional_properties::tests::schema_1_invalid::_json_bar_4_spam_11_foo_3_faz_1_4_is_less_than_the_minimum_of_5_3_is_not_of_type_string_11_is_greater_than_the_maximum_of_10_additional_properties_are_not_allowed_faz_was_unexpected_patternproperties_bar_minimum_properties_foo_type_patternproperties_spam_maximum_additionalproperties_expects ... ok
[INFO] [stdout] test keywords::additional_properties::tests::schema_2_invalid::_json_barspam_11_11_is_greater_than_the_maximum_of_10_patternproperties_spam_maximum_expects ... ok
[INFO] [stdout] test keywords::additional_properties::tests::schema_2_valid::_json_1_expects ... ok
[INFO] [stdout] test keywords::additional_properties::tests::schema_2_valid::_json_barspam_7_expects ... ok
[INFO] [stdout] test keywords::additional_properties::tests::schema_3_invalid::_json_foo_3_3_is_not_of_type_string_properties_foo_type_expects ... ok
[INFO] [stdout] test compilation::tests::validate_ref ... FAILED
[INFO] [stdout] test keywords::additional_properties::tests::schema_2_valid::_json_expects ... ok
[INFO] [stdout] test keywords::additional_properties::tests::schema_2_invalid::_json_bar_6_spam_11_11_is_greater_than_the_maximum_of_10_patternproperties_spam_maximum_expects ... ok
[INFO] [stdout] test keywords::additional_properties::tests::schema_2_valid::_json_spam_7_expects ... ok
[INFO] [stdout] test keywords::additional_properties::tests::schema_4_valid::_json_1_expects ... ok
[INFO] [stdout] test keywords::additional_properties::tests::schema_4_invalid::_json_foo_3_bar_a_a_is_not_of_type_integer_3_is_not_of_type_string_additionalproperties_type_properties_foo_type_expects ... ok
[INFO] [stdout] test keywords::additional_properties::tests::schema_4_invalid::_json_bar_a_a_is_not_of_type_integer_additionalproperties_type_expects ... ok
[INFO] [stdout] test keywords::additional_properties::tests::schema_2_invalid::_json_faz_a_additional_properties_are_not_allowed_faz_was_unexpected_additionalproperties_expects ... ok
[INFO] [stdout] test keywords::additional_properties::tests::schema_3_invalid::_json_faz_a_additional_properties_are_not_allowed_faz_was_unexpected_additionalproperties_expects ... ok
[INFO] [stdout] test keywords::additional_properties::tests::schema_4_valid::_json_foo_a_bar_4_expects ... ok
[INFO] [stdout] test keywords::additional_properties::tests::schema_4_valid::_json_foo_a_expects ... ok
[INFO] [stdout] test keywords::additional_properties::tests::schema_4_valid::_json_bar_4_expects ... ok
[INFO] [stdout] test keywords::additional_properties::tests::schema_3_valid::_json_1_expects ... ok
[INFO] [stdout] test keywords::additional_properties::tests::schema_3_invalid::_json_foo_3_faz_a_3_is_not_of_type_string_additional_properties_are_not_allowed_faz_was_unexpected_properties_foo_type_additionalproperties_expects ... ok
[INFO] [stdout] test keywords::additional_properties::tests::schema_4_valid::_json_expects ... ok
[INFO] [stdout] test keywords::additional_properties::tests::schema_1_invalid::_json_bar_4_spam_11_4_is_less_than_the_minimum_of_5_11_is_greater_than_the_maximum_of_10_patternproperties_bar_minimum_patternproperties_spam_maximum_expects ... ok
[INFO] [stdout] test keywords::additional_properties::tests::schema_3_valid::_json_expects ... ok
[INFO] [stdout] test keywords::additional_properties::tests::schema_4_invalid::_json_foo_3_3_is_not_of_type_string_properties_foo_type_expects ... ok
[INFO] [stdout] test keywords::additional_properties::tests::schema_2_valid::_json_bar_6_expects ... ok
[INFO] [stdout] test keywords::additional_properties::tests::schema_5_invalid::_json_bar_4_spam_8_4_is_less_than_the_minimum_of_5_patternproperties_bar_minimum_expects ... ok
[INFO] [stdout] test keywords::additional_properties::tests::schema_5_invalid::_json_bar_6_spam_11_11_is_greater_than_the_maximum_of_10_patternproperties_spam_maximum_expects ... ok
[INFO] [stdout] test keywords::additional_properties::tests::schema_5_invalid::_json_bar_4_4_is_less_than_the_minimum_of_5_patternproperties_bar_minimum_expects ... ok
[INFO] [stdout] test keywords::additional_properties::tests::schema_5_invalid::_json_barspam_11_11_is_greater_than_the_maximum_of_10_patternproperties_spam_maximum_expects ... ok
[INFO] [stdout] test keywords::additional_properties::tests::schema_5_invalid::_json_spam_11_11_is_greater_than_the_maximum_of_10_patternproperties_spam_maximum_expects ... ok
[INFO] [stdout] test keywords::additional_properties::tests::schema_5_invalid::_json_barspam_4_4_is_less_than_the_minimum_of_5_patternproperties_bar_minimum_expects ... ok
[INFO] [stdout] test keywords::additional_properties::tests::schema_3_valid::_json_foo_a_expects ... ok
[INFO] [stdout] test keywords::additional_properties::tests::schema_5_invalid::_json_bar_4_spam_11_foo_3_faz_a_fam_42_4_is_less_than_the_minimum_of_5_a_is_not_of_type_integer_3_is_not_of_type_string_11_is_greater_than_the_maximum_of_10_patternproperties_bar_minimum_additionalproperties_type_properties_foo_type_patternproperties_spam_maximum_expects ... ok
[INFO] [stdout] test keywords::additional_properties::tests::schema_5_invalid::_json_foo_3_3_is_not_of_type_string_properties_foo_type_expects ... ok
[INFO] [stdout] test keywords::additional_properties::tests::schema_5_valid::_json_bar_6_spam_7_expects ... ok
[INFO] [stdout] test keywords::additional_properties::tests::schema_5_invalid::_json_barbaz_3_3_is_less_than_the_minimum_of_5_patternproperties_bar_minimum_expects ... ok
[INFO] [stdout] test keywords::additional_properties::tests::schema_5_invalid::_json_foo_3_bar_4_4_is_less_than_the_minimum_of_5_3_is_not_of_type_string_patternproperties_bar_minimum_properties_foo_type_expects ... ok
[INFO] [stdout] test keywords::additional_properties::tests::schema_5_valid::_json_barbaz_6_expects ... ok
[INFO] [stdout] test keywords::additional_properties::tests::schema_5_valid::_json_1_expects ... ok
[INFO] [stdout] test keywords::additional_properties::tests::schema_1_valid::_json_barspam_7_expects ... ok
[INFO] [stdout] test keywords::additional_properties::tests::schema_2_valid::_json_barspam_7_bar_6_spam_7_expects ... ok
[INFO] [stdout] test keywords::additional_properties::tests::schema_5_valid::_json_bar_6_expects ... ok
[INFO] [stdout] test keywords::additional_properties::tests::schema_5_valid::_json_spam_7_expects ... ok
[INFO] [stdout] test keywords::additional_properties::tests::schema_6_invalid::_json_bar_4_spam_11_faz_a_fam_42_4_is_less_than_the_minimum_of_5_a_is_not_of_type_integer_11_is_greater_than_the_maximum_of_10_patternproperties_bar_minimum_additionalproperties_type_patternproperties_spam_maximum_expects ... ok
[INFO] [stdout] test keywords::additional_properties::tests::schema_1_invalid::_json_barspam_11_11_is_greater_than_the_maximum_of_10_patternproperties_spam_maximum_expects ... ok
[INFO] [stdout] test keywords::additional_properties::tests::schema_5_valid::_json_foo_a_expects ... ok
[INFO] [stdout] test keywords::additional_properties::tests::schema_5_valid::_json_faz_42_expects ... ok
[INFO] [stdout] test keywords::additional_properties::tests::schema_6_invalid::_json_bar_6_spam_11_11_is_greater_than_the_maximum_of_10_patternproperties_spam_maximum_expects ... ok
[INFO] [stdout] test keywords::additional_properties::tests::schema_5_invalid::_json_bar_4_spam_11_4_is_less_than_the_minimum_of_5_11_is_greater_than_the_maximum_of_10_patternproperties_bar_minimum_patternproperties_spam_maximum_expects ... ok
[INFO] [stdout] test keywords::additional_properties::tests::schema_6_invalid::_json_barspam_11_11_is_greater_than_the_maximum_of_10_patternproperties_spam_maximum_expects ... ok
[INFO] [stdout] test keywords::additional_properties::tests::schema_6_invalid::_json_spam_11_11_is_greater_than_the_maximum_of_10_patternproperties_spam_maximum_expects ... ok
[INFO] [stdout] test keywords::additional_properties::tests::schema_5_invalid::_json_faz_a_a_is_not_of_type_integer_additionalproperties_type_expects ... ok
[INFO] [stdout] test keywords::additional_properties::tests::schema_5_invalid::_json_faz_a_haz_a_a_is_not_of_type_integer_a_is_not_of_type_integer_additionalproperties_type_additionalproperties_type_expects ... ok
[INFO] [stdout] test keywords::additional_properties::tests::schema_5_valid::_json_barspam_7_bar_6_spam_7_foo_a_barbaz_6_faz_42_expects ... ok
[INFO] [stdout] test keywords::additional_properties::tests::schema_6_valid::_json_bar_6_spam_7_expects ... ok
[INFO] [stdout] test keywords::additional_properties::tests::schema_6_valid::_json_barspam_7_bar_6_spam_7_faz_42_expects ... ok
[INFO] [stdout] test keywords::additional_properties::tests::schema_6_invalid::_json_faz_a_a_is_not_of_type_integer_additionalproperties_type_expects ... ok
[INFO] [stdout] test keywords::additional_properties::tests::schema_6_invalid::_json_bar_4_4_is_less_than_the_minimum_of_5_patternproperties_bar_minimum_expects ... ok
[INFO] [stdout] test keywords::additional_properties::tests::schema_6_invalid::_json_foo_a_bar_4_4_is_less_than_the_minimum_of_5_a_is_not_of_type_integer_patternproperties_bar_minimum_additionalproperties_type_expects ... ok
[INFO] [stdout] test keywords::additional_properties::tests::schema_6_valid::_json_barspam_7_expects ... ok
[INFO] [stdout] test keywords::additional_properties::tests::schema_6_valid::_json_expects ... ok
[INFO] [stdout] test keywords::all_of::tests::schema_path::_json_allof_type_integer_maximum_5_json_6_allof_1_maximum_expects ... ok
[INFO] [stdout] test keywords::additional_properties::tests::schema_6_invalid::_json_faz_a_haz_a_a_is_not_of_type_integer_a_is_not_of_type_integer_additionalproperties_type_additionalproperties_type_expects ... ok
[INFO] [stdout] test keywords::all_of::tests::schema_path::_json_allof_type_string_json_1_allof_0_type_expects ... ok
[INFO] [stdout] test keywords::additional_properties::tests::schema_6_valid::_json_bar_6_expects ... ok
[INFO] [stdout] test keywords::any_of::tests::schema_path::_json_anyof_type_integer_type_string_json_anyof_expects ... ok
[INFO] [stdout] test keywords::additional_properties::tests::schema_6_invalid::_json_bar_4_spam_8_4_is_less_than_the_minimum_of_5_patternproperties_bar_minimum_expects ... ok
[INFO] [stdout] test keywords::const_::tests::schema_path::_json_const_null_json_3_const_expects ... ok
[INFO] [stdout] test keywords::const_::tests::schema_path::_json_const_1_json_2_const_expects ... ok
[INFO] [stdout] test keywords::const_::tests::schema_path::_json_const_false_json_4_const_expects ... ok
[INFO] [stdout] test keywords::additional_properties::tests::schema_6_valid::_json_spam_7_expects ... ok
[INFO] [stdout] test keywords::additional_properties::tests::schema_5_valid::_json_expects ... ok
[INFO] [stdout] test keywords::const_::tests::schema_path::_json_const_json_5_const_expects ... ok
[INFO] [stdout] test keywords::boolean::tests::schema_path ... ok
[INFO] [stdout] test keywords::content::tests::schema_path::_json_contentencoding_base64_json_asd_contentencoding_expects ... ok
[INFO] [stdout] test keywords::const_::tests::schema_path::_json_const_json_6_const_expects ... ok
[INFO] [stdout] test keywords::additional_properties::tests::schema_6_valid::_json_1_expects ... ok
[INFO] [stdout] test keywords::additional_properties::tests::schema_5_valid::_json_barspam_7_expects ... ok
[INFO] [stdout] test keywords::const_::tests::schema_path::_json_const_json_7_const_expects ... ok
[INFO] [stdout] test keywords::content::tests::schema_path::_json_contentmediatype_application_json_contentencoding_base64_json_ezp9cg_contentmediatype_expects ... ok
[INFO] [stdout] test keywords::enum_::tests::schema_path::_json_enum_1_3_json_2_enum_expects ... ok
[INFO] [stdout] test keywords::contains::tests::schema_path ... ok
[INFO] [stdout] test keywords::exclusive_maximum::tests::is_not_valid::_json_exclusivemaximum_1_i64_54_json_1_i64_54_1_expects ... ok
[INFO] [stdout] test keywords::additional_properties::tests::schema_6_invalid::_json_barspam_4_4_is_less_than_the_minimum_of_5_patternproperties_bar_minimum_expects ... ok
[INFO] [stdout] test keywords::content::tests::schema_path::_json_contentmediatype_application_json_json_asd_contentmediatype_expects ... ok
[INFO] [stdout] test keywords::exclusive_maximum::tests::is_not_valid::_json_exclusivemaximum_1_i64_54_json_1_i64_54_expects ... ok
[INFO] [stdout] test keywords::enum_::tests::schema_path::_json_enum_1_json_2_enum_expects ... ok
[INFO] [stdout] test keywords::exclusive_maximum::tests::schema_path::_json_exclusivemaximum_1_json_7_exclusivemaximum_expects ... ok
[INFO] [stdout] test keywords::dependencies::tests::schema_path::_json_dependencies_bar_type_string_json_bar_1_dependencies_bar_type_expects ... ok
[INFO] [stdout] test keywords::content::tests::schema_path::_json_contentmediatype_application_json_contentencoding_base64_json_contentencoding_expects ... ok
[INFO] [stdout] test keywords::dependencies::tests::schema_path::_json_dependencies_bar_foo_json_bar_1_dependencies_expects ... ok
[INFO] [stdout] test keywords::exclusive_maximum::tests::is_not_valid::_json_exclusivemaximum_1_u64_54_json_1_u64_54_1_expects ... ok
[INFO] [stdout] test keywords::exclusive_maximum::tests::is_not_valid::_json_exclusivemaximum_1_u64_54_json_1_u64_54_expects ... ok
[INFO] [stdout] test keywords::any_of::tests::schema_path::_json_anyof_type_string_json_1_anyof_expects ... ok
[INFO] [stdout] test keywords::exclusive_maximum::tests::schema_path::_json_exclusivemaximum_1_0_json_7_exclusivemaximum_expects ... ok
[INFO] [stdout] test keywords::exclusive_maximum::tests::schema_path::_json_exclusivemaximum_5_json_7_exclusivemaximum_expects ... ok
[INFO] [stdout] test keywords::exclusive_minimum::tests::is_not_valid::_json_exclusiveminimum_1_u64_54_json_1_u64_54_expects ... ok
[INFO] [stdout] test keywords::format::tests::format_validation ... ok
[INFO] [stdout] test keywords::format::tests::ignored_format ... ok
[INFO] [stdout] test keywords::exclusive_minimum::tests::schema_path::_json_exclusiveminimum_7_json_1_exclusiveminimum_expects ... ok
[INFO] [stdout] test keywords::exclusive_minimum::tests::is_not_valid::_json_exclusiveminimum_1_i64_54_json_1_i64_54_1_expects ... ok
[INFO] [stdout] test keywords::format::tests::uri ... ok
[INFO] [stdout] test keywords::helpers::tests::are_equal::_json_1_json_1_0_expects ... ok
[INFO] [stdout] test keywords::exclusive_minimum::tests::is_not_valid::_json_exclusiveminimum_1_u64_54_json_1_u64_54_1_expects ... ok
[INFO] [stdout] test keywords::exclusive_minimum::tests::is_not_valid::_json_exclusiveminimum_1_i64_54_json_1_i64_54_expects ... ok
[INFO] [stdout] test keywords::format::tests::schema_path ... ok
[INFO] [stdout] test keywords::exclusive_minimum::tests::schema_path::_json_exclusiveminimum_6_json_1_exclusiveminimum_expects ... ok
[INFO] [stdout] test keywords::exclusive_minimum::tests::schema_path::_json_exclusiveminimum_5_json_1_exclusiveminimum_expects ... ok
[INFO] [stdout] test keywords::helpers::tests::are_equal::_json_2_json_2_0_expects ... ok
[INFO] [stdout] test keywords::format::tests::ecma_regex ... ok
[INFO] [stdout] test keywords::helpers::tests::are_equal::_json_a_1_json_a_1_0_expects ... ok
[INFO] [stdout] test keywords::helpers::tests::are_not_equal::_json_3_json_4_0_expects ... ok
[INFO] [stdout] test keywords::helpers::tests::are_equal::_json_3_json_3_0_expects ... ok
[INFO] [stdout] test keywords::additional_properties::tests::schema_6_valid::_json_faz_42_expects ... ok
[INFO] [stdout] test keywords::format::tests::unknown_formats_should_not_be_ignored ... ok
[INFO] [stdout] test keywords::if_::tests::schema_path::_json_if_minimum_0_then_multipleof_2_json_3_then_multipleof_expects ... ok
[INFO] [stdout] test keywords::helpers::tests::are_not_equal::_json_1_json_2_0_expects ... ok
[INFO] [stdout] test keywords::helpers::tests::are_not_equal::_json_a_1_json_a_1_0_b_2_expects ... ok
[INFO] [stdout] test keywords::helpers::tests::are_not_equal::_json_json_foo_expects ... ok
[INFO] [stdout] test keywords::items::tests::schema_path::_json_items_false_json_1_items_expects ... ok
[INFO] [stdout] test keywords::items::tests::schema_path::_json_items_type_string_json_1_items_0_type_expects ... ok
[INFO] [stdout] test keywords::items::tests::schema_path::_json_items_type_string_json_1_items_type_expects ... ok
[INFO] [stdout] test keywords::max_items::tests::schema_path ... ok
[INFO] [stdout] test keywords::additional_properties::tests::schema_6_invalid::_json_bar_4_spam_11_4_is_less_than_the_minimum_of_5_11_is_greater_than_the_maximum_of_10_patternproperties_bar_minimum_patternproperties_spam_maximum_expects ... ok
[INFO] [stdout] test keywords::if_::tests::schema_path::_json_if_minimum_0_then_multipleof_2_else_multipleof_2_json_3_then_multipleof_expects ... ok
[INFO] [stdout] test keywords::max_length::tests::schema_path ... ok
[INFO] [stdout] test keywords::maximum::tests::schema_path::_json_maximum_5_json_10_maximum_expects ... ok
[INFO] [stdout] test keywords::min_properties::tests::schema_path ... ok
[INFO] [stdout] test keywords::minimum::tests::schema_path::_json_minimum_7_json_1_minimum_expects ... ok
[INFO] [stdout] test keywords::multiple_of::tests::multiple_of_is_not_valid::_json_multipleof_1_0_json_4_5_expects ... ok
[INFO] [stdout] test keywords::multiple_of::tests::multiple_of_is_valid::_json_multipleof_1_0_json_4_0_expects ... ok
[INFO] [stdout] test keywords::multiple_of::tests::multiple_of_is_valid::_json_multipleof_2_json_4_expects ... ok
[INFO] [stdout] test keywords::multiple_of::tests::schema_path::_json_multipleof_1_5_json_5_multipleof_expects ... ok
[INFO] [stdout] test keywords::multiple_of::tests::schema_path::_json_multipleof_2_json_3_multipleof_expects ... ok
[INFO] [stdout] test keywords::minimum::tests::is_not_valid::_json_minimum_1_u64_54_json_1_u64_54_1_expects ... ok
[INFO] [stdout] test keywords::maximum::tests::is_not_valid::_json_maximum_1_i64_54_json_1_i64_54_1_expects ... ok
[INFO] [stdout] test keywords::max_properties::tests::schema_path ... ok
[INFO] [stdout] test keywords::multiple_of::tests::multiple_of_is_valid::_json_multipleof_1_5_json_4_5_expects ... ok
[INFO] [stdout] test keywords::min_length::tests::schema_path ... ok
[INFO] [stdout] test keywords::min_items::tests::schema_path ... ok
[INFO] [stdout] test keywords::minimum::tests::schema_path::_json_minimum_5_json_1_minimum_expects ... ok
[INFO] [stdout] test keywords::maximum::tests::schema_path::_json_maximum_6_json_10_maximum_expects ... ok
[INFO] [stdout] test keywords::maximum::tests::is_not_valid::_json_maximum_1_u64_54_json_1_u64_54_1_expects ... ok
[INFO] [stdout] test keywords::minimum::tests::is_not_valid::_json_minimum_1_i64_54_json_1_i64_54_1_expects ... ok
[INFO] [stdout] test keywords::if_::tests::schema_path::_json_if_minimum_0_then_multipleof_2_else_multipleof_2_json_1_else_multipleof_expects ... ok
[INFO] [stdout] test keywords::maximum::tests::schema_path::_json_maximum_7_json_10_maximum_expects ... ok
[INFO] [stdout] test keywords::minimum::tests::schema_path::_json_minimum_6_json_1_minimum_expects ... ok
[INFO] [stdout] test keywords::multiple_of::tests::multiple_of_is_valid::_json_multipleof_1_5_json_3_0_expects ... ok
[INFO] [stdout] test keywords::if_::tests::schema_path::_json_if_minimum_0_else_multipleof_2_json_1_else_multipleof_expects ... ok
[INFO] [stdout] test keywords::one_of::tests::schema_path::_json_oneof_type_string_maxlength_3_json_oneof_expects ... ok
[INFO] [stdout] test keywords::pattern::tests::negative_lookbehind_match::_eo_proj_epsg_true_expects ... ok
[INFO] [stdout] test keywords::one_of::tests::schema_path::_json_oneof_type_string_json_0_oneof_expects ... ok
[INFO] [stdout] test keywords::properties::tests::schema_path ... ok
[INFO] [stdout] test keywords::pattern::tests::regex_matches::r_w_r_w_true_expects ... ok
[INFO] [stdout] test keywords::pattern::tests::invalid_escape_sequences::r_expects ... ok
[INFO] [stdout] test keywords::pattern_properties::tests::schema_path::_json_patternproperties_f_type_string_x_type_string_json_f_42_patternproperties_f_type_expects ... ok
[INFO] [stdout] test keywords::pattern::tests::invalid_escape_sequences::r_d_expects ... ok
[INFO] [stdout] test keywords::not::tests::schema_path ... ok
[INFO] [stdout] test keywords::required::tests::schema_path::_json_required_a_b_json_required_expects ... ok
[INFO] [stdout] test keywords::property_names::tests::schema_path::_json_propertynames_false_json_foo_1_propertynames_expects ... ok
[INFO] [stdout] test keywords::tests::debug_representation::_json_additionalitems_false_items_type_string_additionalitems_false_expects ... ok
[INFO] [stdout] test keywords::tests::debug_representation::_json_additionalproperties_false_additionalproperties_false_expects ... ok
[INFO] [stdout] test keywords::tests::debug_representation::_json_additionalitems_type_integer_items_type_string_additionalitems_type_integer_expects ... ok
[INFO] [stdout] test keywords::property_names::tests::schema_path::_json_propertynames_minlength_2_json_f_1_propertynames_minlength_expects ... ok
[INFO] [stdout] test keywords::tests::debug_representation::_json_additionalproperties_false_patternproperties_f_o_type_integer_additionalproperties_false_expects ... ok
[INFO] [stdout] test keywords::required::tests::schema_path::_json_required_a_json_required_expects ... ok
[INFO] [stdout] test keywords::pattern::tests::negative_lookbehind_match::_eo_eo_bands_false_expects ... ok
[INFO] [stdout] test keywords::pattern_properties::tests::schema_path::_json_patternproperties_f_type_string_json_f_42_patternproperties_f_type_expects ... ok
[INFO] [stdout] test keywords::tests::debug_representation::_json_anyof_type_integer_minimum_2_anyof_type_integer_minimum_2_expects ... ok
[INFO] [stdout] test keywords::ref_::tests::schema_path ... ok
[INFO] [stdout] test keywords::tests::debug_representation::_json_additionalproperties_type_string_properties_foo_patternproperties_f_o_type_integer_additionalproperties_type_string_expects ... ok
[INFO] [stdout] test keywords::tests::debug_representation::_json_additionalproperties_false_properties_foo_additionalproperties_false_expects ... ok
[INFO] [stdout] test keywords::tests::debug_representation::_json_additionalproperties_type_string_patternproperties_f_o_type_integer_additionalproperties_type_string_expects ... ok
[INFO] [stdout] test keywords::tests::debug_representation::_json_exclusivemaximum_1_exclusivemaximum_1_expects ... ok
[INFO] [stdout] test keywords::tests::debug_representation::_json_enum_1_enum_1_expects ... ok
[INFO] [stdout] test keywords::tests::debug_representation::_json_contains_minimum_5_contains_minimum_5_expects ... ok
[INFO] [stdout] test keywords::tests::debug_representation::_json_contentencoding_base64_contentmediatype_application_json_contentmediatype_application_json_contentencoding_base64_expects ... ok
[INFO] [stdout] test keywords::tests::debug_representation::_json_additionalproperties_type_string_additionalproperties_type_string_expects ... ok
[INFO] [stdout] test keywords::tests::debug_representation::_json_const_1_const_1_expects ... ok
[INFO] [stdout] test keywords::tests::debug_representation::_json_additionalproperties_type_string_properties_foo_additionalproperties_type_string_expects ... ok
[INFO] [stdout] test keywords::pattern::tests::regex_matches::r_w_cc_by_false_expects ... ok
[INFO] [stdout] test keywords::tests::debug_representation::_json_additionalproperties_false_properties_foo_patternproperties_f_o_type_integer_additionalproperties_false_expects ... ok
[INFO] [stdout] test keywords::tests::debug_representation::_json_contentmediatype_application_json_contentmediatype_application_json_expects ... ok
[INFO] [stdout] test keywords::tests::debug_representation::_json_format_date_format_date_expects ... ok
[INFO] [stdout] test keywords::tests::debug_representation::_json_false_false_expects ... ok
[INFO] [stdout] test keywords::tests::debug_representation::_json_format_email_format_email_expects ... ok
[INFO] [stdout] test keywords::tests::debug_representation::_json_format_hostname_format_hostname_expects ... ok
[INFO] [stdout] test keywords::tests::debug_representation::_json_dependencies_bar_foo_dependencies_bar_required_foo_expects ... ok
[INFO] [stdout] test keywords::tests::debug_representation::_json_format_date_time_format_date_time_expects ... ok
[INFO] [stdout] test keywords::tests::debug_representation::_json_exclusiveminimum_1_exclusiveminimum_1_expects ... ok
[INFO] [stdout] test keywords::pattern::tests::regex_matches::r_w_cc_by_4_0_true_expects ... ok
[INFO] [stdout] test keywords::tests::debug_representation::_json_allof_type_integer_minimum_2_allof_type_integer_minimum_2_expects ... ok
[INFO] [stdout] test keywords::tests::debug_representation::_json_contentencoding_base64_contentencoding_base64_expects ... ok
[INFO] [stdout] test keywords::pattern::tests::schema_path ... ok
[INFO] [stdout] test keywords::tests::debug_representation::_json_format_ipv4_format_ipv4_expects ... ok
[INFO] [stdout] test keywords::tests::debug_representation::_json_format_json_pointer_format_json_pointer_expects ... ok
[INFO] [stdout] test keywords::tests::debug_representation::_json_format_iri_reference_format_iri_reference_expects ... ok
[INFO] [stdout] test keywords::tests::debug_representation::_json_format_idn_email_format_idn_email_expects ... ok
[INFO] [stdout] test keywords::tests::debug_representation::_json_format_relative_json_pointer_format_relative_json_pointer_expects ... ok
[INFO] [stdout] test keywords::tests::debug_representation::_json_format_regex_format_regex_expects ... ok
[INFO] [stdout] test keywords::tests::debug_representation::_json_format_iri_format_iri_expects ... ok
[INFO] [stdout] test keywords::tests::debug_representation::_json_format_idn_hostname_format_idn_hostname_expects ... ok
[INFO] [stdout] test keywords::tests::debug_representation::_json_format_time_format_time_expects ... ok
[INFO] [stdout] test keywords::tests::debug_representation::_json_format_uri_format_uri_expects ... ok
[INFO] [stdout] test keywords::tests::debug_representation::_json_if_exclusivemaximum_0_else_minimum_10_if_exclusivemaximum_0_else_minimum_10_expects ... ok
[INFO] [stdout] test keywords::pattern::tests::regex_matches::r_w_1_0_false_expects ... ok
[INFO] [stdout] test keywords::tests::debug_representation::_json_format_ipv6_format_ipv6_expects ... ok
[INFO] [stdout] test keywords::tests::debug_representation::_json_format_uri_reference_format_uri_reference_expects ... ok
[INFO] [stdout] test keywords::tests::debug_representation::_json_format_uri_template_format_uri_template_expects ... ok
[INFO] [stdout] test keywords::tests::debug_representation::_json_if_exclusivemaximum_0_then_minimum_10_else_multipleof_2_if_exclusivemaximum_0_then_minimum_10_else_multipleof_2_expects ... ok
[INFO] [stdout] test keywords::tests::debug_representation::_json_if_exclusivemaximum_0_then_minimum_10_if_exclusivemaximum_0_then_minimum_10_expects ... ok
[INFO] [stdout] test keywords::tests::debug_representation::_json_items_type_integer_items_type_integer_expects ... ok
[INFO] [stdout] test keywords::tests::debug_representation::_json_items_type_integer_minimum_4_items_minimum_4_type_integer_expects ... ok
[INFO] [stdout] test keywords::tests::debug_representation::_json_maximum_1_maximum_1_expects ... ok
[INFO] [stdout] test keywords::tests::debug_representation::_json_items_type_string_items_type_string_expects ... ok
[INFO] [stdout] test keywords::tests::debug_representation::_json_maxitems_1_maxitems_1_expects ... ok
[INFO] [stdout] test keywords::tests::debug_representation::_json_maxlength_1_maxlength_1_expects ... ok
[INFO] [stdout] test keywords::tests::debug_representation::_json_properties_foo_properties_foo_expects ... ok
[INFO] [stdout] test keywords::tests::debug_representation::_json_ref_properties_foo_ref_json_schema_properties_foo_expects ... ok
[INFO] [stdout] test keywords::tests::debug_representation::_json_patternproperties_f_o_type_integer_patternproperties_f_o_type_integer_expects ... ok
[INFO] [stdout] test keywords::tests::debug_representation::_json_required_foo_required_foo_expects ... ok
[INFO] [stdout] test keywords::tests::debug_representation::_json_propertynames_maxlength_3_propertynames_maxlength_3_expects ... ok
[INFO] [stdout] test keywords::tests::debug_representation::_json_type_boolean_type_boolean_expects ... ok
[INFO] [stdout] test keywords::tests::debug_representation::_json_type_array_type_array_expects ... ok
[INFO] [stdout] test keywords::tests::debug_representation::_json_type_integer_schema_http_json_schema_org_draft_04_schema_type_integer_expects ... ok
[INFO] [stdout] test keywords::tests::debug_representation::_json_type_integer_null_schema_http_json_schema_org_draft_04_schema_type_integer_null_expects ... ok
[INFO] [stdout] test keywords::tests::debug_representation::_json_type_integer_null_type_integer_null_expects ... ok
[INFO] [stdout] test keywords::tests::debug_representation::_json_type_integer_type_integer_expects ... ok
[INFO] [stdout] test keywords::tests::debug_representation::_json_minimum_1_minimum_1_expects ... ok
[INFO] [stdout] test keywords::tests::debug_representation::_json_multipleof_1_5_multipleof_1_5_expects ... ok
[INFO] [stdout] test keywords::tests::debug_representation::_json_minitems_1_minitems_1_expects ... ok
[INFO] [stdout] test keywords::tests::debug_representation::_json_minlength_1_minlength_1_expects ... ok
[INFO] [stdout] test keywords::tests::debug_representation::_json_oneof_type_integer_minimum_2_oneof_type_integer_minimum_2_expects ... ok
[INFO] [stdout] test keywords::tests::debug_representation::_json_pattern_a_pattern_a_expects ... ok
[INFO] [stdout] test keywords::tests::debug_representation::_json_not_true_not_expects ... ok
[INFO] [stdout] test keywords::tests::debug_representation::_json_maxproperties_1_maxproperties_1_expects ... ok
[INFO] [stdout] test keywords::tests::debug_representation::_json_type_object_type_object_expects ... ok
[INFO] [stdout] test keywords::tests::debug_representation::_json_minproperties_1_minproperties_1_expects ... ok
[INFO] [stdout] test keywords::tests::debug_representation::_json_multipleof_1_multipleof_1_expects ... ok
[INFO] [stdout] test keywords::tests::debug_representation::_json_type_string_type_string_expects ... ok
[INFO] [stdout] test keywords::tests::debug_representation::_json_type_null_type_null_expects ... ok
[INFO] [stdout] test keywords::tests::debug_representation::_json_type_number_type_number_expects ... ok
[INFO] [stdout] test keywords::tests::error_message::_json_enum_1_2_3_json_4_r_4_is_not_one_of_1_2_3_expects ... ok
[INFO] [stdout] test keywords::tests::error_message::_json_exclusiveminimum_1_json_1_0_r_1_0_is_less_than_or_equal_to_the_minimum_of_1_expects ... ok
[INFO] [stdout] test keywords::tests::debug_representation::_json_propertynames_false_propertynames_false_expects ... ok
[INFO] [stdout] test keywords::tests::error_message::_json_maxitems_2_json_1_2_3_r_1_2_3_has_more_than_2_items_expects ... ok
[INFO] [stdout] test keywords::tests::error_message::_json_maxproperties_2_json_foo_1_bar_2_baz_3_r_bar_2_baz_3_foo_1_has_more_than_2_properties_expects ... ok
[INFO] [stdout] test keywords::tests::debug_representation::_json_uniqueitems_true_uniqueitems_true_expects ... ok
[INFO] [stdout] test keywords::tests::error_message::_json_maxlength_2_json_foo_r_foo_is_longer_than_2_characters_expects ... ok
[INFO] [stdout] test keywords::tests::error_message::_json_minitems_1_json_r_has_less_than_1_item_expects ... ok
[INFO] [stdout] test keywords::tests::error_message::_json_minlength_2_json_f_r_f_is_shorter_than_2_characters_expects ... ok
[INFO] [stdout] test keywords::tests::error_message::_json_minproperties_1_json_r_has_less_than_1_property_expects ... ok
[INFO] [stdout] test keywords::tests::error_message::_json_multipleof_2_json_7_r_7_is_not_a_multiple_of_2_expects ... ok
[INFO] [stdout] test keywords::tests::error_message::_json_not_type_integer_json_1_r_type_integer_is_not_allowed_for_1_expects ... ok
[INFO] [stdout] test keywords::tests::error_message::_json_oneof_type_integer_minimum_2_json_1_1_r_1_1_is_not_valid_under_any_of_the_given_schemas_expects ... ok
[INFO] [stdout] test keywords::tests::error_message::_json_oneof_type_integer_minimum_2_json_3_r_3_is_valid_under_more_than_one_of_the_given_schemas_expects ... ok
[INFO] [stdout] test keywords::tests::error_message::_json_maximum_3_json_3_5_r_3_5_is_greater_than_the_maximum_of_3_expects ... ok
[INFO] [stdout] test keywords::tests::error_message::_json_exclusiveminimum_1_0_json_1_r_1_is_less_than_or_equal_to_the_minimum_of_1_0_expects ... ok
[INFO] [stdout] test keywords::tests::error_message::_json_const_2_json_5_r_2_was_expected_expects ... ok
[INFO] [stdout] test keywords::tests::error_message::_json_exclusivemaximum_3_0_json_3_0_r_3_0_is_greater_than_or_equal_to_the_maximum_of_3_0_expects ... ok
[INFO] [stdout] test keywords::tests::error_message::_json_exclusivemaximum_3_json_3_0_r_3_0_is_greater_than_or_equal_to_the_maximum_of_3_expects ... ok
[INFO] [stdout] test keywords::tests::error_message::_json_format_ipv4_json_2001_0db8_85a3_0000_0000_8a2e_0370_7334_r_2001_0db8_85a3_0000_0000_8a2e_0370_7334_is_not_a_ipv4_expects ... ok
[INFO] [stdout] test keywords::tests::error_message::_json_items_additionalitems_false_json_1_2_3_4_5_r_additional_items_are_not_allowed_4_5_were_unexpected_expects ... ok
[INFO] [stdout] test keywords::tests::error_message::_json_items_additionalitems_false_json_1_2_3_4_r_additional_items_are_not_allowed_4_was_unexpected_expects ... ok
[INFO] [stdout] test keywords::tests::error_message::_json_items_additionalitems_type_integer_json_null_2_3_foo_r_foo_is_not_of_type_integer_expects ... ok
[INFO] [stdout] test keywords::tests::error_message::_json_pattern_a_json_abc_r_abc_does_not_match_a_expects ... ok
[INFO] [stdout] test keywords::tests::error_message::_json_contains_minimum_5_json_2_3_4_r_none_of_2_3_4_are_valid_under_the_given_schema_expects ... ok
[INFO] [stdout] test keywords::tests::error_message::_json_anyof_type_integer_minimum_2_json_1_5_r_1_5_is_not_valid_under_any_of_the_given_schemas_expects ... ok
[INFO] [stdout] test keywords::tests::error_message::_json_maximum_3_0_json_3_5_r_3_5_is_greater_than_the_maximum_of_3_0_expects ... ok
[INFO] [stdout] test keywords::tests::error_message::_json_properties_foo_bar_patternproperties_v_additionalproperties_false_json_foo_1_bar_2_quux_boom_r_additional_properties_are_not_allowed_quux_was_unexpected_expects ... ok
[INFO] [stdout] test keywords::tests::error_message::_json_uniqueitems_true_json_1_1_r_1_1_has_non_unique_elements_expects ... ok
[INFO] [stdout] test keywords::tests::integer_is_valid_number_multi_type::_json_type_number_null_json_42_expects ... ok
[INFO] [stdout] test keywords::tests::error_message::_json_type_integer_json_1_1_r_1_1_is_not_of_type_integer_expects ... ok
[INFO] [stdout] test keywords::tests::error_message::_json_minimum_3_0_json_2_5_r_2_5_is_less_than_the_minimum_of_3_0_expects ... ok
[INFO] [stdout] test keywords::tests::integer_is_valid_number_multi_type::_json_type_number_json_42_expects ... ok
[INFO] [stdout] test keywords::tests::error_message::_json_properties_foo_bar_required_foo_json_bar_1_r_foo_is_a_required_property_expects ... ok
[INFO] [stdout] test keywords::tests::error_message::_json_minimum_3_json_2_5_r_2_5_is_less_than_the_minimum_of_3_expects ... ok
[INFO] [stdout] test keywords::tests::is_valid_another_type::_json_additionalitems_false_items_type_string_expects ... ok
[INFO] [stdout] test keywords::tests::is_valid_another_type::_json_additionalitems_type_integer_items_type_string_expects ... ok
[INFO] [stdout] test keywords::tests::is_valid_another_type::_json_additionalproperties_false_expects ... ok
[INFO] [stdout] test keywords::tests::is_valid::_json_additionalproperties_false_json_expects ... ok
[INFO] [stdout] test keywords::tests::is_valid::_json_additionalitems_false_items_true_json_expects ... ok
[INFO] [stdout] test keywords::tests::error_message::_json_type_integer_string_json_null_r_null_is_not_of_types_integer_string_expects ... ok
[INFO] [stdout] test keywords::tests::error_message::_json_minimum_1_1_json_0_6_r_0_6_is_less_than_the_minimum_of_1_1_expects ... ok
[INFO] [stdout] test keywords::tests::is_valid_another_type::_json_maximum_2_expects ... ok
[INFO] [stdout] test keywords::tests::is_valid_another_type::_json_contentmediatype_application_json_expects ... ok
[INFO] [stdout] test keywords::tests::is_valid_another_type::_json_dependencies_bar_foo_expects ... ok
[INFO] [stdout] test keywords::tests::is_valid_another_type::_json_contentencoding_base64_contentmediatype_application_json_expects ... ok
[INFO] [stdout] test keywords::tests::is_valid_another_type::_json_contentencoding_base64_expects ... ok
[INFO] [stdout] test keywords::tests::is_valid_another_type::_json_additionalproperties_false_properties_foo_expects ... ok
[INFO] [stdout] test keywords::tests::is_valid_another_type::_json_additionalproperties_type_string_properties_foo_expects ... ok
[INFO] [stdout] test keywords::tests::is_valid_another_type::_json_additionalproperties_type_string_expects ... ok
[INFO] [stdout] test keywords::tests::is_valid_another_type::_json_format_ipv4_expects ... ok
[INFO] [stdout] test keywords::tests::is_valid_another_type::_json_exclusivemaximum_5_expects ... ok
[INFO] [stdout] test keywords::tests::is_valid_another_type::_json_maxitems_2_expects ... ok
[INFO] [stdout] test keywords::tests::is_valid_another_type::_json_additionalproperties_false_patternproperties_f_o_type_integer_expects ... ok
[INFO] [stdout] test keywords::tests::is_valid_another_type::_json_contains_minimum_5_expects ... ok
[INFO] [stdout] test keywords::tests::is_valid_another_type::_json_multipleof_2_5_expects ... ok
[INFO] [stdout] test keywords::tests::is_valid_another_type::_json_maxproperties_2_expects ... ok
[INFO] [stdout] test keywords::tests::is_valid_another_type::_json_minproperties_2_expects ... ok
[INFO] [stdout] test keywords::tests::is_valid_another_type::_json_exclusiveminimum_5_expects ... ok
[INFO] [stdout] test keywords::tests::is_valid_another_type::_json_additionalproperties_type_string_patternproperties_f_o_type_integer_expects ... ok
[INFO] [stdout] test keywords::tests::is_valid_another_type::_json_multipleof_2_expects ... ok
[INFO] [stdout] test keywords::tests::is_valid_another_type::_json_additionalproperties_type_string_properties_foo_patternproperties_f_o_type_integer_expects ... ok
[INFO] [stdout] test keywords::tests::numeric_equivalence::_json_const_0_0_json_0_expects ... ok
[INFO] [stdout] test keywords::tests::numeric_equivalence::_json_const_1_0_json_1_expects ... ok
[INFO] [stdout] test keywords::tests::is_valid_another_type::_json_patternproperties_f_o_type_integer_expects ... ok
[INFO] [stdout] test keywords::type_::tests::schema_path::_json_type_boolean_json_1_type_expects ... ok
[INFO] [stdout] test keywords::type_::tests::schema_path::_json_type_array_json_1_type_expects ... ok
[INFO] [stdout] test keywords::type_::tests::schema_path::_json_type_integer_json_f_type_expects ... ok
[INFO] [stdout] test keywords::type_::tests::schema_path::_json_type_null_json_1_type_expects ... ok
[INFO] [stdout] test keywords::type_::tests::schema_path::_json_type_number_json_f_type_expects ... ok
[INFO] [stdout] test keywords::type_::tests::schema_path::_json_type_object_json_1_type_expects ... ok
[INFO] [stdout] test keywords::type_::tests::schema_path::_json_type_string_json_1_type_expects ... ok
[INFO] [stdout] test keywords::type_::tests::schema_path::_json_type_string_object_json_1_type_expects ... ok
[INFO] [stdout] test keywords::unique_items::tests::schema_path ... ok
[INFO] [stdout] test paths::tests::json_pointer_to_string ... ok
[INFO] [stdout] test primitive_type::tests::test_multiple_types ... ok
[INFO] [stdout] test resolver::tests::base_uri_change ... ok
[INFO] [stdout] test keywords::tests::is_valid_another_type::_json_required_a_expects ... ok
[INFO] [stdout] test resolver::tests::base_uri_change_folder ... ok
[INFO] [stdout] test keywords::tests::is_valid_another_type::_json_propertynames_maxlength_3_expects ... ok
[INFO] [stdout] test resolver::tests::location_independent_with_absolute_uri ... ok
[INFO] [stdout] test keywords::tests::numeric_equivalence::_json_const_a_1_0_json_a_1_expects ... ok
[INFO] [stdout] test keywords::tests::numeric_equivalence::_json_const_c_1_0_json_c_1_expects ... ok
[INFO] [stdout] test keywords::tests::numeric_equivalence::_json_enum_0_0_json_0_expects ... ok
[INFO] [stdout] test keywords::tests::numeric_equivalence::_json_enum_a_1_0_json_a_1_expects ... ok
[INFO] [stdout] test keywords::tests::numeric_equivalence::_json_const_b_1_0_json_b_1_expects ... ok
[INFO] [stdout] test keywords::tests::required_all_properties ... ok
[INFO] [stdout] test keywords::tests::numeric_equivalence::_json_enum_c_1_0_json_c_1_expects ... ok
[INFO] [stdout] test keywords::tests::numeric_equivalence::_json_enum_1_0_json_1_expects ... ok
[INFO] [stdout] test keywords::tests::is_valid_another_type::_json_additionalproperties_false_properties_foo_patternproperties_f_o_type_integer_expects ... ok
[INFO] [stdout] test resolver::tests::sub_schema_in_object ... ok
[INFO] [stdout] test schemas::tests::test_default ... ok
[INFO] [stdout] test keywords::tests::numeric_equivalence::_json_enum_b_1_0_json_b_1_expects ... ok
[INFO] [stdout] test schemas::tests::test_draft_from_schema::_json_schema_http_json_schema_org_draft_07_schema_some_draft_draft7_expects ... ok
[INFO] [stdout] test schemas::tests::test_draft_from_schema::_json_schema_http_example_com_custom_schema_none_expects ... ok
[INFO] [stdout] test schemas::tests::test_draft_from_schema::_json_schema_http_json_schema_org_draft_04_schema_some_draft_draft4_expects ... ok
[INFO] [stdout] test schemas::tests::test_draft_from_schema::_json_schema_http_json_schema_org_draft_06_schema_some_draft_draft6_expects ... ok
[INFO] [stdout] test resolver::tests::only_keyword ... ok
[INFO] [stdout] test tests::meta_schemas::draft_draft4_expects ... ok
[INFO] [stdout] test resolver::tests::resolve_ref ... ok
[INFO] [stdout] test resolver::tests::sub_schemas_in_array ... ok
[INFO] [stdout] test resolver::tests::location_independent_with_absolute_uri_base_change ... ok
[INFO] [stdout] test resolver::tests::root_schema_id ... ok
[INFO] [stdout] test tests::meta_schemas::draft_draft6_expects ... ok
[INFO] [stdout] test keywords::tests::is_valid_another_type::_json_pattern_a_expects ... ok
[INFO] [stdout] test tests::meta_schemas::draft_draft7_expects ... ok
[INFO] [stdout] test tests::incomplete_escape_in_pattern ... ok
[INFO] [stdout] test tests::test_is_valid ... ok
[INFO] [stdout] 
[INFO] [stdout] failures:
[INFO] [stdout] 
[INFO] [stdout] ---- compilation::tests::validate_ref stdout ----
[INFO] [stdout] thread 'compilation::tests::validate_ref' panicked at 'called `Result::unwrap()` on an `Err` value: Os { code: 2, kind: NotFound, message: "No such file or directory" }', src/compilation/mod.rs:253:41
[INFO] [stdout] stack backtrace:
[INFO] [stdout]    0:     0x55f27d53c9ca - std::backtrace_rs::backtrace::libunwind::trace::ha9053a9a07ca49cb
[INFO] [stdout]                                at /rustc/84c898d65adf2f39a5a98507f1fe0ce10a2b8dbc/library/std/src/../../backtrace/src/backtrace/libunwind.rs:93:5
[INFO] [stdout]    1:     0x55f27d53c9ca - std::backtrace_rs::backtrace::trace_unsynchronized::h9c2852a457ad564e
[INFO] [stdout]                                at /rustc/84c898d65adf2f39a5a98507f1fe0ce10a2b8dbc/library/std/src/../../backtrace/src/backtrace/mod.rs:66:5
[INFO] [stdout]    2:     0x55f27d53c9ca - std::sys_common::backtrace::_print_fmt::h457936fbfaa0070f
[INFO] [stdout]                                at /rustc/84c898d65adf2f39a5a98507f1fe0ce10a2b8dbc/library/std/src/sys_common/backtrace.rs:65:5
[INFO] [stdout]    3:     0x55f27d53c9ca - <std::sys_common::backtrace::_print::DisplayBacktrace as core::fmt::Display>::fmt::h5779d7bf7f70cb0c
[INFO] [stdout]                                at /rustc/84c898d65adf2f39a5a98507f1fe0ce10a2b8dbc/library/std/src/sys_common/backtrace.rs:44:22
[INFO] [stdout]    4:     0x55f27d56388e - core::fmt::write::h5a4baaff1bcd3eb5
[INFO] [stdout]                                at /rustc/84c898d65adf2f39a5a98507f1fe0ce10a2b8dbc/library/core/src/fmt/mod.rs:1232:17
[INFO] [stdout]    5:     0x55f27d539345 - std::io::Write::write_fmt::h478f79c628ef31d1
[INFO] [stdout]                                at /rustc/84c898d65adf2f39a5a98507f1fe0ce10a2b8dbc/library/std/src/io/mod.rs:1684:15
[INFO] [stdout]    6:     0x55f27d53c795 - std::sys_common::backtrace::_print::h5fcdc36060f177e8
[INFO] [stdout]                                at /rustc/84c898d65adf2f39a5a98507f1fe0ce10a2b8dbc/library/std/src/sys_common/backtrace.rs:47:5
[INFO] [stdout]    7:     0x55f27d53c795 - std::sys_common::backtrace::print::h54ca9458b876c8bf
[INFO] [stdout]                                at /rustc/84c898d65adf2f39a5a98507f1fe0ce10a2b8dbc/library/std/src/sys_common/backtrace.rs:34:9
[INFO] [stdout]    8:     0x55f27d53e55f - std::panicking::default_hook::{{closure}}::hbe471161c7664ed6
[INFO] [stdout]                                at /rustc/84c898d65adf2f39a5a98507f1fe0ce10a2b8dbc/library/std/src/panicking.rs:271:22
[INFO] [stdout]    9:     0x55f27d53e21f - std::panicking::default_hook::ha3500da57aa4ac4f
[INFO] [stdout]                                at /rustc/84c898d65adf2f39a5a98507f1fe0ce10a2b8dbc/library/std/src/panicking.rs:287:9
[INFO] [stdout]   10:     0x55f27d2794e7 - <alloc::boxed::Box<F,A> as core::ops::function::Fn<Args>>::call::hdf1b89dd137ece34
[INFO] [stdout]                                at /rustc/84c898d65adf2f39a5a98507f1fe0ce10a2b8dbc/library/alloc/src/boxed.rs:2001:9
[INFO] [stdout]   11:     0x55f27d2794e7 - test::test_main::{{closure}}::h9081a79f20e75698
[INFO] [stdout]                                at /rustc/84c898d65adf2f39a5a98507f1fe0ce10a2b8dbc/library/test/src/lib.rs:135:21
[INFO] [stdout]   12:     0x55f27d53ec8d - <alloc::boxed::Box<F,A> as core::ops::function::Fn<Args>>::call::h6507bddc3eebb4a5
[INFO] [stdout]                                at /rustc/84c898d65adf2f39a5a98507f1fe0ce10a2b8dbc/library/alloc/src/boxed.rs:2001:9
[INFO] [stdout]   13:     0x55f27d53ec8d - std::panicking::rust_panic_with_hook::h50c09d000dc561d2
[INFO] [stdout]                                at /rustc/84c898d65adf2f39a5a98507f1fe0ce10a2b8dbc/library/std/src/panicking.rs:696:13
[INFO] [stdout]   14:     0x55f27d53ea09 - std::panicking::begin_panic_handler::{{closure}}::h9e2b2176e00e0d9c
[INFO] [stdout]                                at /rustc/84c898d65adf2f39a5a98507f1fe0ce10a2b8dbc/library/std/src/panicking.rs:583:13
[INFO] [stdout]   15:     0x55f27d53ce36 - std::sys_common::backtrace::__rust_end_short_backtrace::h5739b8e512c09d02
[INFO] [stdout]                                at /rustc/84c898d65adf2f39a5a98507f1fe0ce10a2b8dbc/library/std/src/sys_common/backtrace.rs:150:18
[INFO] [stdout]   16:     0x55f27d53e712 - rust_begin_unwind
[INFO] [stdout]                                at /rustc/84c898d65adf2f39a5a98507f1fe0ce10a2b8dbc/library/std/src/panicking.rs:579:5
[INFO] [stdout]   17:     0x55f27cd452c3 - core::panicking::panic_fmt::hf33a1475b4dc5c3e
[INFO] [stdout]                                at /rustc/84c898d65adf2f39a5a98507f1fe0ce10a2b8dbc/library/core/src/panicking.rs:64:14
[INFO] [stdout]   18:     0x55f27cd45773 - core::result::unwrap_failed::hdff5465d74574b44
[INFO] [stdout]                                at /rustc/84c898d65adf2f39a5a98507f1fe0ce10a2b8dbc/library/core/src/result.rs:1750:5
[INFO] [stdout]   19:     0x55f27cdfce4b - core::result::Result<T,E>::unwrap::h44f4e8d70d9bbc24
[INFO] [stdout]                                at /rustc/84c898d65adf2f39a5a98507f1fe0ce10a2b8dbc/library/core/src/result.rs:1090:23
[INFO] [stdout]   20:     0x55f27ce01b17 - jsonschema::compilation::tests::load::h8245c38b174add70
[INFO] [stdout]                                at /opt/rustwide/workdir/src/compilation/mod.rs:253:24
[INFO] [stdout]   21:     0x55f27ce067da - jsonschema::compilation::tests::validate_ref::h244a4f84e9d3ead3
[INFO] [stdout]                                at /opt/rustwide/workdir/src/compilation/mod.rs:276:22
[INFO] [stdout]   22:     0x55f27ce06797 - jsonschema::compilation::tests::validate_ref::{{closure}}::haef7b4a0c2cf7058
[INFO] [stdout]                                at /opt/rustwide/workdir/src/compilation/mod.rs:275:23
[INFO] [stdout]   23:     0x55f27cdf0705 - core::ops::function::FnOnce::call_once::h81fafedd50467dd8
[INFO] [stdout]                                at /rustc/84c898d65adf2f39a5a98507f1fe0ce10a2b8dbc/library/core/src/ops/function.rs:250:5
[INFO] [stdout]   24:     0x55f27d27e8cf - core::ops::function::FnOnce::call_once::h7d969581be7d0075
[INFO] [stdout]                                at /rustc/84c898d65adf2f39a5a98507f1fe0ce10a2b8dbc/library/core/src/ops/function.rs:250:5
[INFO] [stdout]   25:     0x55f27d27e8cf - test::__rust_begin_short_backtrace::hca25a52684e56655
[INFO] [stdout]                                at /rustc/84c898d65adf2f39a5a98507f1fe0ce10a2b8dbc/library/test/src/lib.rs:656:18
[INFO] [stdout]   26:     0x55f27d24feec - test::run_test::{{closure}}::ha8ac744c4af1a4bb
[INFO] [stdout]                                at /rustc/84c898d65adf2f39a5a98507f1fe0ce10a2b8dbc/library/test/src/lib.rs:647:30
[INFO] [stdout]   27:     0x55f27d24feec - core::ops::function::FnOnce::call_once{{vtable.shim}}::h7b411a9ed45bdecf
[INFO] [stdout]                                at /rustc/84c898d65adf2f39a5a98507f1fe0ce10a2b8dbc/library/core/src/ops/function.rs:250:5
[INFO] [stdout]   28:     0x55f27d27d896 - <alloc::boxed::Box<F,A> as core::ops::function::FnOnce<Args>>::call_once::hd05328869a8ed200
[INFO] [stdout]                                at /rustc/84c898d65adf2f39a5a98507f1fe0ce10a2b8dbc/library/alloc/src/boxed.rs:1987:9
[INFO] [stdout]   29:     0x55f27d27d896 - <core::panic::unwind_safe::AssertUnwindSafe<F> as core::ops::function::FnOnce<()>>::call_once::h0c601ce20bd5b2be
[INFO] [stdout]                                at /rustc/84c898d65adf2f39a5a98507f1fe0ce10a2b8dbc/library/core/src/panic/unwind_safe.rs:271:9
[INFO] [stdout]   30:     0x55f27d27d896 - std::panicking::try::do_call::ha4be5c164fe30854
[INFO] [stdout]                                at /rustc/84c898d65adf2f39a5a98507f1fe0ce10a2b8dbc/library/std/src/panicking.rs:487:40
[INFO] [stdout]   31:     0x55f27d27d896 - std::panicking::try::h604546f3609af05f
[INFO] [stdout]                                at /rustc/84c898d65adf2f39a5a98507f1fe0ce10a2b8dbc/library/std/src/panicking.rs:451:19
[INFO] [stdout]   32:     0x55f27d27d896 - std::panic::catch_unwind::h5bfa8afe44c9c2f9
[INFO] [stdout]                                at /rustc/84c898d65adf2f39a5a98507f1fe0ce10a2b8dbc/library/std/src/panic.rs:140:14
[INFO] [stdout]   33:     0x55f27d27d896 - test::run_test_in_process::hd50dee55dd63e6aa
[INFO] [stdout]                                at /rustc/84c898d65adf2f39a5a98507f1fe0ce10a2b8dbc/library/test/src/lib.rs:679:27
[INFO] [stdout]   34:     0x55f27d27d896 - test::run_test::run_test_inner::{{closure}}::h4aa0f433aa85cea8
[INFO] [stdout]                                at /rustc/84c898d65adf2f39a5a98507f1fe0ce10a2b8dbc/library/test/src/lib.rs:573:39
[INFO] [stdout]   35:     0x55f27d24a561 - test::run_test::run_test_inner::{{closure}}::had56431adf24b4d6
[INFO] [stdout]                                at /rustc/84c898d65adf2f39a5a98507f1fe0ce10a2b8dbc/library/test/src/lib.rs:600:37
[INFO] [stdout]   36:     0x55f27d24a561 - std::sys_common::backtrace::__rust_begin_short_backtrace::ha8d9890e0c73bf13
[INFO] [stdout]                                at /rustc/84c898d65adf2f39a5a98507f1fe0ce10a2b8dbc/library/std/src/sys_common/backtrace.rs:134:18
[INFO] [stdout]   37:     0x55f27d24ff7b - std::thread::Builder::spawn_unchecked_::{{closure}}::{{closure}}::h251832bcb4a95327
[INFO] [stdout]                                at /rustc/84c898d65adf2f39a5a98507f1fe0ce10a2b8dbc/library/std/src/thread/mod.rs:560:17
[INFO] [stdout]   38:     0x55f27d24ff7b - <core::panic::unwind_safe::AssertUnwindSafe<F> as core::ops::function::FnOnce<()>>::call_once::h8fdff598fa414831
[INFO] [stdout]                                at /rustc/84c898d65adf2f39a5a98507f1fe0ce10a2b8dbc/library/core/src/panic/unwind_safe.rs:271:9
[INFO] [stdout]   39:     0x55f27d24ff7b - std::panicking::try::do_call::h455dd2f7764a950f
[INFO] [stdout]                                at /rustc/84c898d65adf2f39a5a98507f1fe0ce10a2b8dbc/library/std/src/panicking.rs:487:40
[INFO] [stdout]   40:     0x55f27d24ff7b - std::panicking::try::had6f23b7b73ae72a
[INFO] [stdout]                                at /rustc/84c898d65adf2f39a5a98507f1fe0ce10a2b8dbc/library/std/src/panicking.rs:451:19
[INFO] [stdout]   41:     0x55f27d24ff7b - std::panic::catch_unwind::ha6a5ca3915b4dad0
[INFO] [stdout]                                at /rustc/84c898d65adf2f39a5a98507f1fe0ce10a2b8dbc/library/std/src/panic.rs:140:14
[INFO] [stdout]   42:     0x55f27d24ff7b - std::thread::Builder::spawn_unchecked_::{{closure}}::h883b72ef75da6231
[INFO] [stdout]                                at /rustc/84c898d65adf2f39a5a98507f1fe0ce10a2b8dbc/library/std/src/thread/mod.rs:559:30
[INFO] [stdout]   43:     0x55f27d24ff7b - core::ops::function::FnOnce::call_once{{vtable.shim}}::hb7dff73dc8bd2ccb
[INFO] [stdout]                                at /rustc/84c898d65adf2f39a5a98507f1fe0ce10a2b8dbc/library/core/src/ops/function.rs:250:5
[INFO] [stdout]   44:     0x55f27d543133 - <alloc::boxed::Box<F,A> as core::ops::function::FnOnce<Args>>::call_once::h39990b24eedef2ab
[INFO] [stdout]                                at /rustc/84c898d65adf2f39a5a98507f1fe0ce10a2b8dbc/library/alloc/src/boxed.rs:1987:9
[INFO] [stdout]   45:     0x55f27d543133 - <alloc::boxed::Box<F,A> as core::ops::function::FnOnce<Args>>::call_once::h01a027258444143b
[INFO] [stdout]                                at /rustc/84c898d65adf2f39a5a98507f1fe0ce10a2b8dbc/library/alloc/src/boxed.rs:1987:9
[INFO] [stdout]   46:     0x55f27d543133 - std::sys::unix::thread::Thread::new::thread_start::ha4f1cdd9c25884ba
[INFO] [stdout]                                at /rustc/84c898d65adf2f39a5a98507f1fe0ce10a2b8dbc/library/std/src/sys/unix/thread.rs:108:17
[INFO] [stdout]   47:     0x7fe391f7bb43 - <unknown>
[INFO] [stdout]   48:     0x7fe39200cbb4 - __clone
[INFO] [stdout]   49:                0x0 - <unknown>
[INFO] [stdout] 
[INFO] [stdout] 
[INFO] [stdout] failures:
[INFO] [stdout]     compilation::tests::validate_ref
[INFO] [stdout] 
[INFO] [stdout] test result: FAILED. 402 passed; 1 failed; 0 ignored; 0 measured; 0 filtered out; finished in 0.88s
[INFO] [stdout] 
[INFO] [stderr] error: test failed, to rerun pass `--lib`
[INFO] running `Command { std: "docker" "inspect" "c73b50ef74a9beeaddc4189dec53b43e1e03efd7bc47432363e2d67f06d3d74f", kill_on_drop: false }`
[INFO] running `Command { std: "docker" "rm" "-f" "c73b50ef74a9beeaddc4189dec53b43e1e03efd7bc47432363e2d67f06d3d74f", kill_on_drop: false }`
[INFO] [stdout] c73b50ef74a9beeaddc4189dec53b43e1e03efd7bc47432363e2d67f06d3d74f
