[INFO] fetching crate jsonrpc_client 0.7.1...
[INFO] testing jsonrpc_client-0.7.1 against beta-2023-04-20 for beta-1.70-1
[INFO] extracting crate jsonrpc_client 0.7.1 into /workspace/builds/worker-6-tc2/source
[INFO] validating manifest of crates.io crate jsonrpc_client 0.7.1 on toolchain beta-2023-04-20
[INFO] running `Command { std: CARGO_HOME="/workspace/cargo-home" RUSTUP_HOME="/workspace/rustup-home" "/workspace/cargo-home/bin/cargo" "+beta-2023-04-20" "metadata" "--manifest-path" "Cargo.toml" "--no-deps", kill_on_drop: false }`
[INFO] started tweaking crates.io crate jsonrpc_client 0.7.1
[INFO] removed 0 missing examples
[INFO] finished tweaking crates.io crate jsonrpc_client 0.7.1
[INFO] tweaked toml for crates.io crate jsonrpc_client 0.7.1 written to /workspace/builds/worker-6-tc2/source/Cargo.toml
[INFO] crate crates.io crate jsonrpc_client 0.7.1 already has a lockfile, it will not be regenerated
[INFO] running `Command { std: CARGO_HOME="/workspace/cargo-home" RUSTUP_HOME="/workspace/rustup-home" "/workspace/cargo-home/bin/cargo" "+beta-2023-04-20" "fetch" "--manifest-path" "Cargo.toml", kill_on_drop: false }`
[INFO] [stderr]     Updating crates.io index
[INFO] [stderr]     Blocking waiting for file lock on package cache
[INFO] [stderr]  Downloading crates ...
[INFO] [stderr]   Downloaded cpufeatures v0.1.5
[INFO] [stderr]   Downloaded serde_json v1.0.66
[INFO] [stderr]   Downloaded thiserror-impl v1.0.26
[INFO] [stderr]   Downloaded thiserror v1.0.26
[INFO] [stderr]   Downloaded surf v2.3.1
[INFO] [stderr]   Downloaded serde_qs v0.8.4
[INFO] [stderr]   Downloaded ctr v0.6.0
[INFO] [stderr]   Downloaded aead v0.3.2
[INFO] [stderr]   Downloaded futures-sink v0.3.16
[INFO] [stderr]   Downloaded flume v0.9.2
[INFO] [stderr]   Downloaded isahc v0.9.14
[INFO] [stderr]   Downloaded futures-util v0.3.16
[INFO] [stderr]   Downloaded curl v0.4.38
[INFO] [stderr]   Downloaded bitcoin v0.25.2
[INFO] [stderr]   Downloaded jsonrpc_client_macro v0.3.0
[INFO] [stderr]   Downloaded secp256k1 v0.19.0
[INFO] [stderr]   Downloaded async-lock v2.4.0
[INFO] [stderr]   Downloaded sha2 v0.9.5
[INFO] [stderr]   Downloaded bitcoin_hashes v0.9.7
[INFO] [stderr]   Downloaded aes-soft v0.6.4
[INFO] [stderr]   Downloaded secp256k1-sys v0.3.0
[INFO] [stderr]   Downloaded security-framework v2.4.0
[INFO] [stderr]   Downloaded futures-macro v0.3.16
[INFO] [stderr]   Downloaded spinning_top v0.2.4
[INFO] [stderr]   Downloaded pin-project v1.0.8
[INFO] [stderr]   Downloaded http-types v2.12.0
[INFO] [stderr]   Downloaded tokio v1.10.1
[INFO] [stderr]   Downloaded polyval v0.4.5
[INFO] [stderr]   Downloaded openssl-sys v0.9.66
[INFO] [stderr]   Downloaded ghash v0.3.1
[INFO] [stderr]   Downloaded hkdf v0.10.0
[INFO] [stderr]   Downloaded crypto-mac v0.10.1
[INFO] [stderr]   Downloaded security-framework-sys v2.4.0
[INFO] [stderr]   Downloaded aes-gcm v0.8.0
[INFO] [stderr]   Downloaded cipher v0.2.5
[INFO] [stderr]   Downloaded hmac v0.10.1
[INFO] [stderr]   Downloaded infer v0.2.3
[INFO] [stderr]   Downloaded pin-project-internal v1.0.8
[INFO] [stderr]   Downloaded curl-sys v0.4.45+curl-7.78.0
[INFO] [stderr]   Downloaded bitcoincore-rpc-json v0.12.0
[INFO] [stderr]   Downloaded testcontainers v0.11.0
[INFO] [stderr]   Downloaded libnghttp2-sys v0.1.6+1.43.0
[INFO] [stderr]   Downloaded aes v0.6.0
[INFO] [stderr]   Downloaded const_fn v0.4.8
[INFO] [stderr]   Downloaded value-bag v1.0.0-alpha.7
[INFO] [stderr]   Downloaded cpuid-bool v0.2.0
[INFO] [stderr]   Downloaded futures-io v0.3.16
[INFO] [stderr]   Downloaded futures-task v0.3.16
[INFO] [stderr]   Downloaded futures-channel v0.3.16
[INFO] [stderr]   Downloaded num-bigint v0.4.0
[INFO] [stderr]   Downloaded trybuild v1.0.45
[INFO] [stderr]   Downloaded serde_derive v1.0.129
[INFO] [stderr]   Downloaded serde v1.0.129
[INFO] [stderr]   Downloaded http-client v6.5.1
[INFO] [stderr]   Downloaded aesni v0.10.0
[INFO] [stderr]   Downloaded instant v0.1.10
[INFO] [stderr]   Downloaded futures-core v0.3.16
[INFO] running `Command { std: "docker" "create" "-v" "/var/lib/crater-agent-workspace/builds/worker-6-tc2/target:/opt/rustwide/target:rw,Z" "-v" "/var/lib/crater-agent-workspace/builds/worker-6-tc2/source:/opt/rustwide/workdir:ro,Z" "-v" "/var/lib/crater-agent-workspace/cargo-home:/opt/rustwide/cargo-home:ro,Z" "-v" "/var/lib/crater-agent-workspace/rustup-home:/opt/rustwide/rustup-home:ro,Z" "-e" "SOURCE_DIR=/opt/rustwide/workdir" "-e" "CARGO_TARGET_DIR=/opt/rustwide/target" "-e" "CARGO_HOME=/opt/rustwide/cargo-home" "-e" "RUSTUP_HOME=/opt/rustwide/rustup-home" "-w" "/opt/rustwide/workdir" "-m" "1610612736" "--user" "0:0" "--network" "none" "ghcr.io/rust-lang/crates-build-env/linux@sha256:5ff2268d62e97bff2cde7d5815dd6ed5b47097566f13b8d0ca110b04b60e07ed" "/opt/rustwide/cargo-home/bin/cargo" "+beta-2023-04-20" "metadata" "--no-deps" "--format-version=1", kill_on_drop: false }`
[INFO] [stdout] c41c1fd1cdea1f8c16ac3a9e6865fd1f18280ee11640a9f6c7e2d8074d8fd974
[INFO] running `Command { std: "docker" "start" "-a" "c41c1fd1cdea1f8c16ac3a9e6865fd1f18280ee11640a9f6c7e2d8074d8fd974", kill_on_drop: false }`
[INFO] running `Command { std: "docker" "inspect" "c41c1fd1cdea1f8c16ac3a9e6865fd1f18280ee11640a9f6c7e2d8074d8fd974", kill_on_drop: false }`
[INFO] running `Command { std: "docker" "rm" "-f" "c41c1fd1cdea1f8c16ac3a9e6865fd1f18280ee11640a9f6c7e2d8074d8fd974", kill_on_drop: false }`
[INFO] [stdout] c41c1fd1cdea1f8c16ac3a9e6865fd1f18280ee11640a9f6c7e2d8074d8fd974
[INFO] running `Command { std: "docker" "create" "-v" "/var/lib/crater-agent-workspace/builds/worker-6-tc2/target:/opt/rustwide/target:rw,Z" "-v" "/var/lib/crater-agent-workspace/builds/worker-6-tc2/source:/opt/rustwide/workdir:ro,Z" "-v" "/var/lib/crater-agent-workspace/cargo-home:/opt/rustwide/cargo-home:ro,Z" "-v" "/var/lib/crater-agent-workspace/rustup-home:/opt/rustwide/rustup-home:ro,Z" "-e" "SOURCE_DIR=/opt/rustwide/workdir" "-e" "CARGO_TARGET_DIR=/opt/rustwide/target" "-e" "CARGO_INCREMENTAL=0" "-e" "RUST_BACKTRACE=full" "-e" "RUSTFLAGS=--cap-lints=warn" "-e" "RUSTDOCFLAGS=--cap-lints=warn" "-e" "CARGO_HOME=/opt/rustwide/cargo-home" "-e" "RUSTUP_HOME=/opt/rustwide/rustup-home" "-w" "/opt/rustwide/workdir" "-m" "1610612736" "--user" "0:0" "--network" "none" "ghcr.io/rust-lang/crates-build-env/linux@sha256:5ff2268d62e97bff2cde7d5815dd6ed5b47097566f13b8d0ca110b04b60e07ed" "/opt/rustwide/cargo-home/bin/cargo" "+beta-2023-04-20" "build" "--frozen" "--message-format=json", kill_on_drop: false }`
[INFO] [stdout] 8fc5fe205ffb10ec6451ec223af4585d1c633d83d05791a271242b97ce26abce
[INFO] running `Command { std: "docker" "start" "-a" "8fc5fe205ffb10ec6451ec223af4585d1c633d83d05791a271242b97ce26abce", kill_on_drop: false }`
[INFO] [stderr]    Compiling proc-macro2 v1.0.28
[INFO] [stderr]    Compiling unicode-xid v0.2.2
[INFO] [stderr]    Compiling syn v1.0.75
[INFO] [stderr]    Compiling tinyvec_macros v0.1.0
[INFO] [stderr]    Compiling serde_derive v1.0.129
[INFO] [stderr]    Compiling ryu v1.0.5
[INFO] [stderr]    Compiling matches v0.1.9
[INFO] [stderr]    Compiling serde v1.0.129
[INFO] [stderr]    Compiling tinyvec v1.3.1
[INFO] [stderr]    Compiling serde_json v1.0.66
[INFO] [stderr]    Compiling unicode-bidi v0.3.6
[INFO] [stderr]    Compiling percent-encoding v2.1.0
[INFO] [stderr]    Compiling async-trait v0.1.51
[INFO] [stderr]    Compiling itoa v0.4.8
[INFO] [stderr]    Compiling form_urlencoded v1.0.1
[INFO] [stderr]    Compiling unicode-normalization v0.1.19
[INFO] [stderr]    Compiling quote v1.0.9
[INFO] [stderr]    Compiling idna v0.2.3
[INFO] [stderr]    Compiling url v2.2.2
[INFO] [stderr]    Compiling jsonrpc_client_macro v0.3.0
[INFO] [stderr]    Compiling jsonrpc_client v0.7.1 (/opt/rustwide/workdir)
[INFO] [stderr]     Finished dev [unoptimized + debuginfo] target(s) in 29.12s
[INFO] running `Command { std: "docker" "inspect" "8fc5fe205ffb10ec6451ec223af4585d1c633d83d05791a271242b97ce26abce", kill_on_drop: false }`
[INFO] running `Command { std: "docker" "rm" "-f" "8fc5fe205ffb10ec6451ec223af4585d1c633d83d05791a271242b97ce26abce", kill_on_drop: false }`
[INFO] [stdout] 8fc5fe205ffb10ec6451ec223af4585d1c633d83d05791a271242b97ce26abce
[INFO] running `Command { std: "docker" "create" "-v" "/var/lib/crater-agent-workspace/builds/worker-6-tc2/target:/opt/rustwide/target:rw,Z" "-v" "/var/lib/crater-agent-workspace/builds/worker-6-tc2/source:/opt/rustwide/workdir:ro,Z" "-v" "/var/lib/crater-agent-workspace/cargo-home:/opt/rustwide/cargo-home:ro,Z" "-v" "/var/lib/crater-agent-workspace/rustup-home:/opt/rustwide/rustup-home:ro,Z" "-e" "SOURCE_DIR=/opt/rustwide/workdir" "-e" "CARGO_TARGET_DIR=/opt/rustwide/target" "-e" "CARGO_INCREMENTAL=0" "-e" "RUST_BACKTRACE=full" "-e" "RUSTFLAGS=--cap-lints=warn" "-e" "RUSTDOCFLAGS=--cap-lints=warn" "-e" "CARGO_HOME=/opt/rustwide/cargo-home" "-e" "RUSTUP_HOME=/opt/rustwide/rustup-home" "-w" "/opt/rustwide/workdir" "-m" "1610612736" "--user" "0:0" "--network" "none" "ghcr.io/rust-lang/crates-build-env/linux@sha256:5ff2268d62e97bff2cde7d5815dd6ed5b47097566f13b8d0ca110b04b60e07ed" "/opt/rustwide/cargo-home/bin/cargo" "+beta-2023-04-20" "test" "--frozen" "--no-run" "--message-format=json", kill_on_drop: false }`
[INFO] [stdout] 18562e40d1ed89d86b1f8d0ed5c26f938b37113bceb1c3d77105575531e1c527
[INFO] running `Command { std: "docker" "start" "-a" "18562e40d1ed89d86b1f8d0ed5c26f938b37113bceb1c3d77105575531e1c527", kill_on_drop: false }`
[INFO] [stderr]    Compiling autocfg v1.0.1
[INFO] [stderr]    Compiling libc v0.2.101
[INFO] [stderr]    Compiling cc v1.0.69
[INFO] [stderr]    Compiling log v0.4.14
[INFO] [stderr]    Compiling pkg-config v0.3.19
[INFO] [stderr]    Compiling pin-project-lite v0.2.7
[INFO] [stderr]    Compiling version_check v0.9.3
[INFO] [stderr]    Compiling futures-core v0.3.16
[INFO] [stderr]    Compiling memchr v2.4.1
[INFO] [stderr]    Compiling bytes v1.1.0
[INFO] [stderr]    Compiling typenum v1.13.0
[INFO] [stderr]    Compiling generic-array v0.14.4
[INFO] [stderr]    Compiling tokio v1.10.1
[INFO] [stderr]    Compiling tokio-macros v1.3.0
[INFO] [stderr]    Compiling futures-task v0.3.16
[INFO] [stderr]    Compiling indexmap v1.7.0
[INFO] [stderr]    Compiling futures-util v0.3.16
[INFO] [stderr]    Compiling foreign-types-shared v0.1.1
[INFO] [stderr]    Compiling num_cpus v1.13.0
[INFO] [stderr]    Compiling mio v0.7.13
[INFO] [stderr]    Compiling getrandom v0.1.16
[INFO] [stderr]    Compiling fnv v1.0.7
[INFO] [stderr]    Compiling openssl v0.10.36
[INFO] [stderr]    Compiling openssl-sys v0.9.66
[INFO] [stderr]    Compiling secp256k1-sys v0.3.0
[INFO] [stderr]    Compiling http v0.2.4
[INFO] [stderr]    Compiling foreign-types v0.3.2
[INFO] [stderr]    Compiling tracing-core v0.1.19
[INFO] [stderr]    Compiling native-tls v0.2.8
[INFO] [stderr]    Compiling hashbrown v0.11.2
[INFO] [stderr]    Compiling futures-channel v0.3.16
[INFO] [stderr]    Compiling pin-utils v0.1.0
[INFO] [stderr]    Compiling once_cell v1.8.0
[INFO] [stderr]    Compiling httparse v1.5.1
[INFO] [stderr]    Compiling futures-sink v0.3.16
[INFO] [stderr]    Compiling tracing v0.1.26
[INFO] [stderr]    Compiling openssl-probe v0.1.4
[INFO] [stderr]    Compiling try-lock v0.2.3
[INFO] [stderr]    Compiling slab v0.4.4
[INFO] [stderr]    Compiling want v0.3.0
[INFO] [stderr]    Compiling http-body v0.4.3
[INFO] [stderr]    Compiling rand_core v0.5.1
[INFO] [stderr]    Compiling digest v0.9.0
[INFO] [stderr]    Compiling socket2 v0.4.1
[INFO] [stderr]    Compiling ppv-lite86 v0.2.10
[INFO] [stderr]    Compiling tower-service v0.3.1
[INFO] [stderr]    Compiling subtle v2.4.1
[INFO] [stderr]    Compiling encoding_rs v0.8.28
[INFO] [stderr]    Compiling httpdate v1.0.1
[INFO] [stderr]    Compiling crypto-mac v0.8.0
[INFO] [stderr]    Compiling secp256k1 v0.19.0
[INFO] [stderr]    Compiling block-buffer v0.9.0
[INFO] [stderr]    Compiling bitcoin_hashes v0.9.7
[INFO] [stderr]    Compiling rand_chacha v0.2.2
[INFO] [stderr]    Compiling cpufeatures v0.1.5
[INFO] [stderr]    Compiling trybuild v1.0.45
[INFO] [stderr]    Compiling anyhow v1.0.43
[INFO] [stderr]    Compiling opaque-debug v0.3.0
[INFO] [stderr]    Compiling bech32 v0.7.3
[INFO] [stderr]    Compiling sha2 v0.9.5
[INFO] [stderr]    Compiling rand v0.7.3
[INFO] [stderr]    Compiling hmac v0.8.1
[INFO] [stderr]    Compiling serde_urlencoded v0.7.0
[INFO] [stderr]    Compiling toml v0.5.8
[INFO] [stderr]    Compiling derivative v2.2.0
[INFO] [stderr]    Compiling tokio-util v0.6.7
[INFO] [stderr]    Compiling h2 v0.3.4
[INFO] [stderr]    Compiling tokio-native-tls v0.3.0
[INFO] [stderr]    Compiling termcolor v1.1.2
[INFO] [stderr]    Compiling base64 v0.13.0
[INFO] [stderr]    Compiling hex v0.3.2
[INFO] [stderr]    Compiling hex v0.4.3
[INFO] [stderr]    Compiling ipnet v2.3.1
[INFO] [stderr]    Compiling glob v0.3.0
[INFO] [stderr]    Compiling mime v0.3.16
[INFO] [stderr]    Compiling bitcoin v0.25.2
[INFO] [stderr]    Compiling testcontainers v0.11.0
[INFO] [stderr]    Compiling hyper v0.14.12
[INFO] [stderr]    Compiling bitcoincore-rpc-json v0.12.0
[INFO] [stderr]    Compiling hyper-tls v0.5.0
[INFO] [stderr]    Compiling reqwest v0.11.4
[INFO] [stderr]    Compiling jsonrpc_client v0.7.1 (/opt/rustwide/workdir)
[INFO] [stderr]     Finished test [unoptimized + debuginfo] target(s) in 1m 05s
[INFO] running `Command { std: "docker" "inspect" "18562e40d1ed89d86b1f8d0ed5c26f938b37113bceb1c3d77105575531e1c527", kill_on_drop: false }`
[INFO] running `Command { std: "docker" "rm" "-f" "18562e40d1ed89d86b1f8d0ed5c26f938b37113bceb1c3d77105575531e1c527", kill_on_drop: false }`
[INFO] [stdout] 18562e40d1ed89d86b1f8d0ed5c26f938b37113bceb1c3d77105575531e1c527
[INFO] running `Command { std: "docker" "create" "-v" "/var/lib/crater-agent-workspace/builds/worker-6-tc2/target:/opt/rustwide/target:rw,Z" "-v" "/var/lib/crater-agent-workspace/builds/worker-6-tc2/source:/opt/rustwide/workdir:ro,Z" "-v" "/var/lib/crater-agent-workspace/cargo-home:/opt/rustwide/cargo-home:ro,Z" "-v" "/var/lib/crater-agent-workspace/rustup-home:/opt/rustwide/rustup-home:ro,Z" "-e" "SOURCE_DIR=/opt/rustwide/workdir" "-e" "CARGO_TARGET_DIR=/opt/rustwide/target" "-e" "CARGO_INCREMENTAL=0" "-e" "RUST_BACKTRACE=full" "-e" "RUSTFLAGS=--cap-lints=warn" "-e" "RUSTDOCFLAGS=--cap-lints=warn" "-e" "CARGO_HOME=/opt/rustwide/cargo-home" "-e" "RUSTUP_HOME=/opt/rustwide/rustup-home" "-w" "/opt/rustwide/workdir" "-m" "1610612736" "--user" "0:0" "--network" "none" "ghcr.io/rust-lang/crates-build-env/linux@sha256:5ff2268d62e97bff2cde7d5815dd6ed5b47097566f13b8d0ca110b04b60e07ed" "/opt/rustwide/cargo-home/bin/cargo" "+beta-2023-04-20" "test" "--frozen", kill_on_drop: false }`
[INFO] [stdout] ccaa861833bd3b975b865219f36f957863acb85a50143e2754a3efbfedf50de6
[INFO] running `Command { std: "docker" "start" "-a" "ccaa861833bd3b975b865219f36f957863acb85a50143e2754a3efbfedf50de6", kill_on_drop: false }`
[INFO] [stderr]     Blocking waiting for file lock on package cache
[INFO] [stderr]     Blocking waiting for file lock on package cache
[INFO] [stderr]     Finished test [unoptimized + debuginfo] target(s) in 0.34s
[INFO] [stderr]      Running unittests src/lib.rs (/opt/rustwide/target/debug/deps/jsonrpc_client-dd8c2d31aa06091a)
[INFO] [stdout] 
[INFO] [stdout] running 10 tests
[INFO] [stdout] test tests::deserialize_v1_error_response_error_first_result_second ... ok
[INFO] [stdout] test tests::deserialize_v1_error_response_result_first_error_second ... ok
[INFO] [stdout] test tests::deserialize_v1_error_no_result ... ok
[INFO] [stdout] test tests::serialize_request_v1 ... ok
[INFO] [stdout] test tests::deserialize_v2_error_response ... ok
[INFO] [stdout] test tests::deserialize_v1_error_response_result_first_error_second_unit_type ... ok
[INFO] [stdout] test tests::deserialize_error_response_with_data ... ok
[INFO] [stdout] test tests::serialize_request_v2 ... ok
[INFO] [stdout] test tests::deserialize_success_response ... ok
[INFO] [stdout] test tests::serialize_request_v2_empty_params ... ok
[INFO] [stdout] 
[INFO] [stdout] test result: ok. 10 passed; 0 failed; 0 ignored; 0 measured; 0 filtered out; finished in 0.01s
[INFO] [stdout] 
[INFO] [stderr]      Running tests/macros.rs (/opt/rustwide/target/debug/deps/macros-f7c3f75a3bcaa8a4)
[INFO] [stdout] 
[INFO] [stdout] running 4 tests
[INFO] [stdout] test creates_correct_v2_default_request ... ok
[INFO] [stderr]      Running tests/ui.rs (/opt/rustwide/target/debug/deps/ui-587779aee1acba00)
[INFO] [stdout] test test_impls_math_api ... ok
[INFO] [stdout] test creates_correct_v1_request ... ok
[INFO] [stdout] test creates_correct_v2_request ... ok
[INFO] [stdout] 
[INFO] [stdout] test result: ok. 4 passed; 0 failed; 0 ignored; 0 measured; 0 filtered out; finished in 0.01s
[INFO] [stdout] 
[INFO] [stdout] 
[INFO] [stdout] running 1 test
[INFO] [stderr]    Compiling proc-macro2 v1.0.28
[INFO] [stderr]    Compiling unicode-xid v0.2.2
[INFO] [stderr]    Compiling syn v1.0.75
[INFO] [stderr]    Compiling autocfg v1.0.1
[INFO] [stderr]    Compiling libc v0.2.101
[INFO] [stderr]    Compiling cfg-if v1.0.0
[INFO] [stderr]    Compiling cc v1.0.69
[INFO] [stderr]    Compiling log v0.4.14
[INFO] [stderr]    Compiling serde_derive v1.0.129
[INFO] [stderr]    Compiling serde v1.0.129
[INFO] [stderr]    Compiling itoa v0.4.8
[INFO] [stderr]    Compiling pin-project-lite v0.2.7
[INFO] [stderr]    Compiling pkg-config v0.3.19
[INFO] [stderr]    Compiling version_check v0.9.3
[INFO] [stderr]    Compiling bytes v1.1.0
[INFO] [stderr]    Compiling typenum v1.13.0
[INFO] [stderr]    Compiling memchr v2.4.1
[INFO] [stderr]    Compiling quote v1.0.9
[INFO] [stderr]    Compiling futures-core v0.3.16
[INFO] [stderr]    Compiling generic-array v0.14.4
[INFO] [stderr]    Compiling tokio v1.10.1
[INFO] [stderr]    Compiling ryu v1.0.5
[INFO] [stderr]    Compiling num_cpus v1.13.0
[INFO] [stderr]    Compiling openssl-sys v0.9.66
[INFO] [stderr]    Compiling mio v0.7.13
[INFO] [stderr]    Compiling futures-task v0.3.16
[INFO] [stderr]    Compiling futures-util v0.3.16
[INFO] [stderr]    Compiling indexmap v1.7.0
[INFO] [stderr]    Compiling matches v0.1.9
[INFO] [stderr]    Compiling lazy_static v1.4.0
[INFO] [stderr]    Compiling foreign-types-shared v0.1.1
[INFO] [stderr]    Compiling openssl v0.10.36
[INFO] [stderr]    Compiling fnv v1.0.7
[INFO] [stderr]    Compiling tinyvec_macros v0.1.0
[INFO] [stderr]    Compiling getrandom v0.1.16
[INFO] [stderr]    Compiling http v0.2.4
[INFO] [stderr]    Compiling tinyvec v1.3.1
[INFO] [stderr]    Compiling foreign-types v0.3.2
[INFO] [stderr]    Compiling tracing-core v0.1.19
[INFO] [stderr]    Compiling secp256k1-sys v0.3.0
[INFO] [stderr]    Compiling pin-utils v0.1.0
[INFO] [stderr]    Compiling futures-channel v0.3.16
[INFO] [stderr]    Compiling bitflags v1.3.2
[INFO] [stderr]    Compiling native-tls v0.2.8
[INFO] [stderr]    Compiling percent-encoding v2.1.0
[INFO] [stderr]    Compiling futures-sink v0.3.16
[INFO] [stderr]    Compiling serde_json v1.0.66
[INFO] [stderr]    Compiling httparse v1.5.1
[INFO] [stderr]    Compiling hashbrown v0.11.2
[INFO] [stderr]    Compiling once_cell v1.8.0
[INFO] [stderr]    Compiling form_urlencoded v1.0.1
[INFO] [stderr]    Compiling unicode-normalization v0.1.19
[INFO] [stderr]    Compiling tracing v0.1.26
[INFO] [stderr]    Compiling try-lock v0.2.3
[INFO] [stderr]    Compiling slab v0.4.4
[INFO] [stderr]    Compiling unicode-bidi v0.3.6
[INFO] [stderr]    Compiling openssl-probe v0.1.4
[INFO] [stderr]    Compiling want v0.3.0
[INFO] [stderr]    Compiling idna v0.2.3
[INFO] [stderr]    Compiling http-body v0.4.3
[INFO] [stderr]    Compiling rand_core v0.5.1
[INFO] [stderr]    Compiling digest v0.9.0
[INFO] [stderr]    Compiling socket2 v0.4.1
[INFO] [stderr]    Compiling tower-service v0.3.1
[INFO] [stderr]    Compiling async-trait v0.1.51
[INFO] [stderr]    Compiling ppv-lite86 v0.2.10
[INFO] [stderr]    Compiling subtle v2.4.1
[INFO] [stderr]    Compiling httpdate v1.0.1
[INFO] [stderr]    Compiling encoding_rs v0.8.28
[INFO] [stderr]    Compiling crypto-mac v0.8.0
[INFO] [stderr]    Compiling url v2.2.2
[INFO] [stderr]    Compiling block-buffer v0.9.0
[INFO] [stderr]    Compiling cpufeatures v0.1.5
[INFO] [stderr]    Compiling bech32 v0.7.3
[INFO] [stderr]    Compiling opaque-debug v0.3.0
[INFO] [stderr]    Compiling anyhow v1.0.43
[INFO] [stderr]    Compiling rand_chacha v0.2.2
[INFO] [stderr]    Compiling sha2 v0.9.5
[INFO] [stderr]    Compiling rand v0.7.3
[INFO] [stderr]    Compiling hmac v0.8.1
[INFO] [stderr]    Compiling base64 v0.13.0
[INFO] [stderr]    Compiling mime v0.3.16
[INFO] [stderr]    Compiling ipnet v2.3.1
[INFO] [stderr]    Compiling hex v0.3.2
[INFO] [stderr]    Compiling hex v0.4.3
[INFO] [stderr]    Compiling tokio-macros v1.3.0
[INFO] [stderr]    Compiling derivative v2.2.0
[INFO] [stderr]    Compiling jsonrpc_client_macro v0.3.0
[INFO] [stdout] test ui has been running for over 60 seconds
[INFO] [stderr]    Compiling tokio-util v0.6.7
[INFO] [stderr]    Compiling tokio-native-tls v0.3.0
[INFO] [stderr]    Compiling h2 v0.3.4
[INFO] [stderr]    Compiling secp256k1 v0.19.0
[INFO] [stderr]    Compiling bitcoin_hashes v0.9.7
[INFO] [stderr]    Compiling serde_urlencoded v0.7.0
[INFO] [stderr]    Compiling hyper v0.14.12
[INFO] [stderr]    Compiling testcontainers v0.11.0
[INFO] [stderr]    Compiling jsonrpc_client v0.7.1 (/opt/rustwide/workdir)
[INFO] [stderr]    Compiling hyper-tls v0.5.0
[INFO] [stderr]    Compiling reqwest v0.11.4
[INFO] [stderr]    Compiling bitcoin v0.25.2
[INFO] [stderr]    Compiling bitcoincore-rpc-json v0.12.0
[INFO] [stderr]    Compiling jsonrpc_client-tests v0.0.0 (/opt/rustwide/target/tests/jsonrpc_client)
[INFO] [stderr]     Finished dev [unoptimized + debuginfo] target(s) in 1m 47s
[INFO] [stderr] 
[INFO] [stderr] 
[INFO] [stderr] test client_error_needs_to_implement_from.rs [should fail to compile] ... mismatch
[INFO] [stderr] 
[INFO] [stderr] EXPECTED:
[INFO] [stderr] ┈┈┈┈┈┈┈┈┈┈┈┈┈┈┈┈┈┈┈┈┈┈┈┈┈┈┈┈┈┈┈┈┈┈┈┈┈┈┈┈┈┈┈┈┈┈┈┈┈┈┈┈┈┈┈┈┈┈┈┈
[INFO] [stderr] error[E0277]: the trait bound `jsonrpc_client::Error<DummyError>: From<DummyError>` is not satisfied
[INFO] [stderr]    --> $DIR/client_error_needs_to_implement_from.rs:24:6
[INFO] [stderr]     |
[INFO] [stderr] 24  | impl SendRequest for InnerClient {
[INFO] [stderr]     |      ^^^^^^^^^^^ the trait `From<DummyError>` is not implemented for `jsonrpc_client::Error<DummyError>`
[INFO] [stderr]     |
[INFO] [stderr]    ::: $WORKSPACE/lib/src/lib.rs
[INFO] [stderr]     |
[INFO] [stderr]     |     Error<Self::Error>: From<Self::Error>,
[INFO] [stderr]     |                         ----------------- required by this bound in `SendRequest`
[INFO] [stderr]     |
[INFO] [stderr]     = help: the following implementations were found:
[INFO] [stderr]               <jsonrpc_client::Error<C> as From<JsonRpcError>>
[INFO] [stderr]               <jsonrpc_client::Error<C> as From<serde_json::error::Error>>
[INFO] [stderr] 
[INFO] [stderr] error[E0277]: the trait bound `jsonrpc_client::Error<DummyError>: From<DummyError>` is not satisfied
[INFO] [stderr]   --> $DIR/client_error_needs_to_implement_from.rs:35:1
[INFO] [stderr]    |
[INFO] [stderr] 5  | #[jsonrpc_client::api]
[INFO] [stderr]    | ---------------------- required by this bound in `Math`
[INFO] [stderr] 6  | pub trait Math {
[INFO] [stderr]    |           ---- required by a bound in this
[INFO] [stderr] ...
[INFO] [stderr] 35 | #[jsonrpc_client::implement(Math)]
[INFO] [stderr]    | ^^^^^^^^^^^^^^^^^^^^^^^^^^^^^^^^^^ the trait `From<DummyError>` is not implemented for `jsonrpc_client::Error<DummyError>`
[INFO] [stderr]    |
[INFO] [stderr]    = help: the following implementations were found:
[INFO] [stderr]              <jsonrpc_client::Error<C> as From<JsonRpcError>>
[INFO] [stderr]              <jsonrpc_client::Error<C> as From<serde_json::error::Error>>
[INFO] [stderr]    = note: this error originates in the attribute macro `jsonrpc_client::implement` (in Nightly builds, run with -Z macro-backtrace for more info)
[INFO] [stderr] ┈┈┈┈┈┈┈┈┈┈┈┈┈┈┈┈┈┈┈┈┈┈┈┈┈┈┈┈┈┈┈┈┈┈┈┈┈┈┈┈┈┈┈┈┈┈┈┈┈┈┈┈┈┈┈┈┈┈┈┈
[INFO] [stderr] 
[INFO] [stderr] ACTUAL OUTPUT:
[INFO] [stderr] ┈┈┈┈┈┈┈┈┈┈┈┈┈┈┈┈┈┈┈┈┈┈┈┈┈┈┈┈┈┈┈┈┈┈┈┈┈┈┈┈┈┈┈┈┈┈┈┈┈┈┈┈┈┈┈┈┈┈┈┈
[INFO] [stderr] error[E0277]: the trait bound `jsonrpc_client::Error<DummyError>: From<DummyError>` is not satisfied
[INFO] [stderr]    --> $DIR/client_error_needs_to_implement_from.rs:24:6
[INFO] [stderr]     |
[INFO] [stderr] 24  | impl SendRequest for InnerClient {
[INFO] [stderr]     |      ^^^^^^^^^^^ the trait `From<DummyError>` is not implemented for `jsonrpc_client::Error<DummyError>`
[INFO] [stderr]     |
[INFO] [stderr]     = help: the following other types implement trait `From<T>`:
[INFO] [stderr]               <jsonrpc_client::Error<C> as From<JsonRpcError>>
[INFO] [stderr]               <jsonrpc_client::Error<C> as From<serde_json::error::Error>>
[INFO] [stderr] note: required by a bound in `SendRequest`
[INFO] [stderr]    --> $DIR/lib.rs:460:25
[INFO] [stderr]     |
[INFO] [stderr] 460 |     Error<Self::Error>: From<Self::Error>,
[INFO] [stderr]     |                         ^^^^^^^^^^^^^^^^^ required by this bound in `SendRequest`
[INFO] [stderr] 
[INFO] [stderr] error[E0277]: the trait bound `jsonrpc_client::Error<DummyError>: From<DummyError>` is not satisfied
[INFO] [stderr]   --> $DIR/client_error_needs_to_implement_from.rs:35:1
[INFO] [stderr]    |
[INFO] [stderr] 35 | #[jsonrpc_client::implement(Math)]
[INFO] [stderr]    | ^^^^^^^^^^^^^^^^^^^^^^^^^^^^^^^^^^ the trait `From<DummyError>` is not implemented for `jsonrpc_client::Error<DummyError>`
[INFO] [stderr]    |
[INFO] [stderr]    = help: the following other types implement trait `From<T>`:
[INFO] [stderr]              <jsonrpc_client::Error<C> as From<JsonRpcError>>
[INFO] [stderr]              <jsonrpc_client::Error<C> as From<serde_json::error::Error>>
[INFO] [stderr] note: required by a bound in `Math`
[INFO] [stderr]   --> $DIR/client_error_needs_to_implement_from.rs:5:1
[INFO] [stderr]    |
[INFO] [stderr] 5  | #[jsonrpc_client::api]
[INFO] [stderr]    | ^^^^^^^^^^^^^^^^^^^^^^ required by this bound in `Math`
[INFO] [stderr] 6  | pub trait Math {
[INFO] [stderr]    |           ---- required by a bound in this trait
[INFO] [stderr]    = note: this error originates in the attribute macro `jsonrpc_client::implement` which comes from the expansion of the attribute macro `jsonrpc_client::api` (in Nightly builds, run with -Z macro-backtrace for more info)
[INFO] [stderr] ┈┈┈┈┈┈┈┈┈┈┈┈┈┈┈┈┈┈┈┈┈┈┈┈┈┈┈┈┈┈┈┈┈┈┈┈┈┈┈┈┈┈┈┈┈┈┈┈┈┈┈┈┈┈┈┈┈┈┈┈
[INFO] [stderr] note: If the actual output is the correct output you can bless it by rerunning
[INFO] [stderr]       your test with the environment variable TRYBUILD=overwrite
[INFO] [stderr] 
[INFO] [stderr] test client_without_attr_and_naming_convention.rs [should fail to compile] ... ok
[INFO] [stderr] test client_without_base_url.rs [should fail to compile] ... ok
[INFO] [stderr] test client_without_fields.rs [should fail to compile] ... ok
[INFO] [stderr] test default_body.rs [should fail to compile] ... ok
[INFO] [stderr] test fn_must_be_async.rs [should fail to compile] ... ok
[INFO] [stderr] test invalid_version.rs [should fail to compile] ... ok
[INFO] [stderr] test non_serializable_arguments.rs [should fail to compile] ... mismatch
[INFO] [stderr] 
[INFO] [stderr] EXPECTED:
[INFO] [stderr] ┈┈┈┈┈┈┈┈┈┈┈┈┈┈┈┈┈┈┈┈┈┈┈┈┈┈┈┈┈┈┈┈┈┈┈┈┈┈┈┈┈┈┈┈┈┈┈┈┈┈┈┈┈┈┈┈┈┈┈┈
[INFO] [stderr] error[E0277]: the trait bound `Number: Serialize` is not satisfied
[INFO] [stderr]  --> $DIR/non_serializable_arguments.rs:5:30
[INFO] [stderr]   |
[INFO] [stderr] 5 |     async fn subtract(&self, subtrahend: Number, minuend: Number) -> u64;
[INFO] [stderr]   |                              ^^^^^^^^^^ the trait `Serialize` is not implemented for `Number`
[INFO] [stderr] 
[INFO] [stderr] error[E0277]: the trait bound `Number: Serialize` is not satisfied
[INFO] [stderr]  --> $DIR/non_serializable_arguments.rs:5:50
[INFO] [stderr]   |
[INFO] [stderr] 5 |     async fn subtract(&self, subtrahend: Number, minuend: Number) -> u64;
[INFO] [stderr]   |                                                  ^^^^^^^ the trait `Serialize` is not implemented for `Number`
[INFO] [stderr] ┈┈┈┈┈┈┈┈┈┈┈┈┈┈┈┈┈┈┈┈┈┈┈┈┈┈┈┈┈┈┈┈┈┈┈┈┈┈┈┈┈┈┈┈┈┈┈┈┈┈┈┈┈┈┈┈┈┈┈┈
[INFO] [stderr] 
[INFO] [stderr] ACTUAL OUTPUT:
[INFO] [stderr] ┈┈┈┈┈┈┈┈┈┈┈┈┈┈┈┈┈┈┈┈┈┈┈┈┈┈┈┈┈┈┈┈┈┈┈┈┈┈┈┈┈┈┈┈┈┈┈┈┈┈┈┈┈┈┈┈┈┈┈┈
[INFO] [stderr] error[E0277]: the trait bound `Number: Serialize` is not satisfied
[INFO] [stderr]    --> $DIR/non_serializable_arguments.rs:5:30
[INFO] [stderr]     |
[INFO] [stderr] 5   |     async fn subtract(&self, subtrahend: Number, minuend: Number) -> u64;
[INFO] [stderr]     |                              ^^^^^^^^^^  ------ required by a bound introduced by this call
[INFO] [stderr]     |                              |
[INFO] [stderr]     |                              the trait `Serialize` is not implemented for `Number`
[INFO] [stderr]     |
[INFO] [stderr]     = help: the following other types implement trait `Serialize`:
[INFO] [stderr]               &'a T
[INFO] [stderr]               &'a mut T
[INFO] [stderr]               ()
[INFO] [stderr]               (T0, T1)
[INFO] [stderr]               (T0, T1, T2)
[INFO] [stderr]               (T0, T1, T2, T3)
[INFO] [stderr]               (T0, T1, T2, T3, T4)
[INFO] [stderr]               (T0, T1, T2, T3, T4, T5)
[INFO] [stderr]             and 134 others
[INFO] [stderr] note: required by a bound in `Request::with_argument`
[INFO] [stderr]    --> $DIR/lib.rs:198:29
[INFO] [stderr]     |
[INFO] [stderr] 198 |     pub fn with_argument<T: Serialize>(
[INFO] [stderr]     |                             ^^^^^^^^^ required by this bound in `Request::with_argument`
[INFO] [stderr] 
[INFO] [stderr] error[E0277]: the trait bound `Number: Serialize` is not satisfied
[INFO] [stderr]    --> $DIR/non_serializable_arguments.rs:5:50
[INFO] [stderr]     |
[INFO] [stderr] 5   |     async fn subtract(&self, subtrahend: Number, minuend: Number) -> u64;
[INFO] [stderr]     |                                                  ^^^^^^^  ------ required by a bound introduced by this call
[INFO] [stderr]     |                                                  |
[INFO] [stderr]     |                                                  the trait `Serialize` is not implemented for `Number`
[INFO] [stderr]     |
[INFO] [stderr]     = help: the following other types implement trait `Serialize`:
[INFO] [stderr]               &'a T
[INFO] [stderr]               &'a mut T
[INFO] [stderr]               ()
[INFO] [stderr]               (T0, T1)
[INFO] [stderr]               (T0, T1, T2)
[INFO] [stderr]               (T0, T1, T2, T3)
[INFO] [stderr]               (T0, T1, T2, T3, T4)
[INFO] [stderr]               (T0, T1, T2, T3, T4, T5)
[INFO] [stderr]             and 134 others
[INFO] [stderr] note: required by a bound in `Request::with_argument`
[INFO] [stderr]    --> $DIR/lib.rs:198:29
[INFO] [stderr]     |
[INFO] [stderr] 198 |     pub fn with_argument<T: Serialize>(
[INFO] [stderr]     |                             ^^^^^^^^^ required by this bound in `Request::with_argument`
[INFO] [stderr] ┈┈┈┈┈┈┈┈┈┈┈┈┈┈┈┈┈┈┈┈┈┈┈┈┈┈┈┈┈┈┈┈┈┈┈┈┈┈┈┈┈┈┈┈┈┈┈┈┈┈┈┈┈┈┈┈┈┈┈┈
[INFO] [stderr] note: If the actual output is the correct output you can bless it by rerunning
[INFO] [stderr]       your test with the environment variable TRYBUILD=overwrite
[INFO] [stderr] 
[INFO] [stderr] test non_serializable_return_value.rs [should fail to compile] ... mismatch
[INFO] [stderr] 
[INFO] [stderr] EXPECTED:
[INFO] [stderr] ┈┈┈┈┈┈┈┈┈┈┈┈┈┈┈┈┈┈┈┈┈┈┈┈┈┈┈┈┈┈┈┈┈┈┈┈┈┈┈┈┈┈┈┈┈┈┈┈┈┈┈┈┈┈┈┈┈┈┈┈
[INFO] [stderr] error[E0277]: the trait bound `for<'de> Number: Deserialize<'de>` is not satisfied
[INFO] [stderr]  --> $DIR/non_serializable_return_value.rs:5:64
[INFO] [stderr]   |
[INFO] [stderr] 5 |     async fn subtract(&self, subtrahend: i64, minuend: i64) -> Number;
[INFO] [stderr]   |                                                                ^^^^^^ the trait `for<'de> Deserialize<'de>` is not implemented for `Number`
[INFO] [stderr]   |
[INFO] [stderr]   = note: required because of the requirements on the impl of `DeserializeOwned` for `Number`
[INFO] [stderr] ┈┈┈┈┈┈┈┈┈┈┈┈┈┈┈┈┈┈┈┈┈┈┈┈┈┈┈┈┈┈┈┈┈┈┈┈┈┈┈┈┈┈┈┈┈┈┈┈┈┈┈┈┈┈┈┈┈┈┈┈
[INFO] [stderr] 
[INFO] [stderr] ACTUAL OUTPUT:
[INFO] [stderr] ┈┈┈┈┈┈┈┈┈┈┈┈┈┈┈┈┈┈┈┈┈┈┈┈┈┈┈┈┈┈┈┈┈┈┈┈┈┈┈┈┈┈┈┈┈┈┈┈┈┈┈┈┈┈┈┈┈┈┈┈
[INFO] [stderr] error[E0277]: the trait bound `for<'de> Number: Deserialize<'de>` is not satisfied
[INFO] [stderr]  --> $DIR/non_serializable_return_value.rs:5:64
[INFO] [stderr]   |
[INFO] [stderr] 5 |     async fn subtract(&self, subtrahend: i64, minuend: i64) -> Number;
[INFO] [stderr]   |                                                                ^^^^^^ the trait `for<'de> Deserialize<'de>` is not implemented for `Number`
[INFO] [stderr]   |
[INFO] [stderr]   = help: the following other types implement trait `Deserialize<'de>`:
[INFO] [stderr]             &'a Path
[INFO] [stderr]             &'a [u8]
[INFO] [stderr]             &'a str
[INFO] [stderr]             ()
[INFO] [stderr]             (T0, T1)
[INFO] [stderr]             (T0, T1, T2)
[INFO] [stderr]             (T0, T1, T2, T3)
[INFO] [stderr]             (T0, T1, T2, T3, T4)
[INFO] [stderr]           and 132 others
[INFO] [stderr]   = note: required for `Number` to implement `DeserializeOwned`
[INFO] [stderr] note: required by a bound in `Math::send_request`
[INFO] [stderr]  --> $DIR/non_serializable_return_value.rs:3:1
[INFO] [stderr]   |
[INFO] [stderr] 3 | #[jsonrpc_client::api]
[INFO] [stderr]   | ^^^^^^^^^^^^^^^^^^^^^^ required by this bound in `Math::send_request`
[INFO] [stderr]   = note: this error originates in the attribute macro `jsonrpc_client::api` (in Nightly builds, run with -Z macro-backtrace for more info)
[INFO] [stderr] ┈┈┈┈┈┈┈┈┈┈┈┈┈┈┈┈┈┈┈┈┈┈┈┈┈┈┈┈┈┈┈┈┈┈┈┈┈┈┈┈┈┈┈┈┈┈┈┈┈┈┈┈┈┈┈┈┈┈┈┈
[INFO] [stderr] note: If the actual output is the correct output you can bless it by rerunning
[INFO] [stderr]       your test with the environment variable TRYBUILD=overwrite
[INFO] [stderr] 
[INFO] [stderr] test other_attribute.rs [should fail to compile] ... ok
[INFO] [stderr] test trait_with_const.rs [should fail to compile] ... ok
[INFO] [stderr] test trait_with_type.rs [should fail to compile] ... ok
[INFO] [stderr] test lint_is_carried_over.rs [should pass] ... ok
[INFO] [stderr] test trait_in_module.rs [should pass] ... ok
[INFO] [stderr] 
[INFO] [stderr] 
[INFO] [stdout] test ui ... FAILED
[INFO] [stdout] 
[INFO] [stdout] failures:
[INFO] [stdout] 
[INFO] [stdout] ---- ui stdout ----
[INFO] [stdout] thread 'ui' panicked at '3 of 14 tests failed', /opt/rustwide/cargo-home/registry/src/index.crates.io-6f17d22bba15001f/trybuild-1.0.45/src/run.rs:73:13
[INFO] [stdout] stack backtrace:
[INFO] [stdout]    0:     0x559f5871deea - std::backtrace_rs::backtrace::libunwind::trace::h2f05d0192276a8f6
[INFO] [stdout]                                at /rustc/1b7dd2252b99671ce5d1cb9664c5f8636329436d/library/std/src/../../backtrace/src/backtrace/libunwind.rs:93:5
[INFO] [stdout]    1:     0x559f5871deea - std::backtrace_rs::backtrace::trace_unsynchronized::hedc23dff7a1af150
[INFO] [stdout]                                at /rustc/1b7dd2252b99671ce5d1cb9664c5f8636329436d/library/std/src/../../backtrace/src/backtrace/mod.rs:66:5
[INFO] [stdout]    2:     0x559f5871deea - std::sys_common::backtrace::_print_fmt::h17541ef7592f3ce2
[INFO] [stdout]                                at /rustc/1b7dd2252b99671ce5d1cb9664c5f8636329436d/library/std/src/sys_common/backtrace.rs:65:5
[INFO] [stdout]    3:     0x559f5871deea - <std::sys_common::backtrace::_print::DisplayBacktrace as core::fmt::Display>::fmt::h20f75df5ab0c0792
[INFO] [stdout]                                at /rustc/1b7dd2252b99671ce5d1cb9664c5f8636329436d/library/std/src/sys_common/backtrace.rs:44:22
[INFO] [stdout]    4:     0x559f5874425f - core::fmt::write::h78109e6f466b3af6
[INFO] [stdout]                                at /rustc/1b7dd2252b99671ce5d1cb9664c5f8636329436d/library/core/src/fmt/mod.rs:1254:17
[INFO] [stdout]    5:     0x559f5871a475 - std::io::Write::write_fmt::hd24bfb68a1b35a25
[INFO] [stdout]                                at /rustc/1b7dd2252b99671ce5d1cb9664c5f8636329436d/library/std/src/io/mod.rs:1698:15
[INFO] [stdout]    6:     0x559f5871dcb5 - std::sys_common::backtrace::_print::h8dac57a9f8fbf9a5
[INFO] [stdout]                                at /rustc/1b7dd2252b99671ce5d1cb9664c5f8636329436d/library/std/src/sys_common/backtrace.rs:47:5
[INFO] [stdout]    7:     0x559f5871dcb5 - std::sys_common::backtrace::print::hf9ecbf41d1aa712f
[INFO] [stdout]                                at /rustc/1b7dd2252b99671ce5d1cb9664c5f8636329436d/library/std/src/sys_common/backtrace.rs:34:9
[INFO] [stdout]    8:     0x559f5871f96e - std::panicking::default_hook::{{closure}}::h04c07acfc84ca028
[INFO] [stdout]                                at /rustc/1b7dd2252b99671ce5d1cb9664c5f8636329436d/library/std/src/panicking.rs:269:22
[INFO] [stdout]    9:     0x559f5871f6a1 - std::panicking::default_hook::h01f6bb23e1eceb2c
[INFO] [stdout]                                at /rustc/1b7dd2252b99671ce5d1cb9664c5f8636329436d/library/std/src/panicking.rs:285:9
[INFO] [stdout]   10:     0x559f586f108b - <alloc::boxed::Box<F,A> as core::ops::function::Fn<Args>>::call::h87fe9f7b2fd49e4c
[INFO] [stdout]                                at /rustc/1b7dd2252b99671ce5d1cb9664c5f8636329436d/library/alloc/src/boxed.rs:1987:9
[INFO] [stdout]   11:     0x559f586f108b - test::test_main::{{closure}}::he94d679243a7531b
[INFO] [stdout]                                at /rustc/1b7dd2252b99671ce5d1cb9664c5f8636329436d/library/test/src/lib.rs:134:21
[INFO] [stdout]   12:     0x559f58720054 - <alloc::boxed::Box<F,A> as core::ops::function::Fn<Args>>::call::h3f2d6d8b14c4769f
[INFO] [stdout]                                at /rustc/1b7dd2252b99671ce5d1cb9664c5f8636329436d/library/alloc/src/boxed.rs:1987:9
[INFO] [stdout]   13:     0x559f58720054 - std::panicking::rust_panic_with_hook::h2bb3722bbaf2f6df
[INFO] [stdout]                                at /rustc/1b7dd2252b99671ce5d1cb9664c5f8636329436d/library/std/src/panicking.rs:695:13
[INFO] [stdout]   14:     0x559f5871fdc9 - std::panicking::begin_panic_handler::{{closure}}::h91bc7f36a4be011b
[INFO] [stdout]                                at /rustc/1b7dd2252b99671ce5d1cb9664c5f8636329436d/library/std/src/panicking.rs:582:13
[INFO] [stdout]   15:     0x559f5871e356 - std::sys_common::backtrace::__rust_end_short_backtrace::h8b3d3717114f9e59
[INFO] [stdout]                                at /rustc/1b7dd2252b99671ce5d1cb9664c5f8636329436d/library/std/src/sys_common/backtrace.rs:150:18
[INFO] [stdout]   16:     0x559f5871fb22 - rust_begin_unwind
[INFO] [stdout]                                at /rustc/1b7dd2252b99671ce5d1cb9664c5f8636329436d/library/std/src/panicking.rs:578:5
[INFO] [stdout]   17:     0x559f584fce73 - core::panicking::panic_fmt::hfd368e3fbdabea26
[INFO] [stdout]                                at /rustc/1b7dd2252b99671ce5d1cb9664c5f8636329436d/library/core/src/panicking.rs:67:14
[INFO] [stdout]   18:     0x559f5850ab23 - trybuild::run::<impl trybuild::Runner>::run::hc6322b2160f6f016
[INFO] [stdout]                                at /opt/rustwide/cargo-home/registry/src/index.crates.io-6f17d22bba15001f/trybuild-1.0.45/src/run.rs:73:13
[INFO] [stdout]   19:     0x559f5850ef5a - <trybuild::TestCases as core::ops::drop::Drop>::drop::h824591629e6a86cf
[INFO] [stdout]                                at /opt/rustwide/cargo-home/registry/src/index.crates.io-6f17d22bba15001f/trybuild-1.0.45/src/lib.rs:304:13
[INFO] [stdout]   20:     0x559f584fdf67 - core::ptr::drop_in_place<trybuild::TestCases>::h31b42cda3cf614e0
[INFO] [stdout]                                at /rustc/1b7dd2252b99671ce5d1cb9664c5f8636329436d/library/core/src/ptr/mod.rs:490:1
[INFO] [stdout]   21:     0x559f584fe3eb - ui::ui::hba5905ace0e4940a
[INFO] [stdout]                                at /opt/rustwide/workdir/tests/ui.rs:8:1
[INFO] [stdout]   22:     0x559f584fe367 - ui::ui::{{closure}}::hd2cfc138d0daeaa3
[INFO] [stdout]                                at /opt/rustwide/workdir/tests/ui.rs:4:9
[INFO] [stdout]   23:     0x559f584fded5 - core::ops::function::FnOnce::call_once::h9694f665b40a4f53
[INFO] [stdout]                                at /rustc/1b7dd2252b99671ce5d1cb9664c5f8636329436d/library/core/src/ops/function.rs:250:5
[INFO] [stdout]   24:     0x559f586f5f5f - core::ops::function::FnOnce::call_once::ha6a70e79f7481a7e
[INFO] [stdout]                                at /rustc/1b7dd2252b99671ce5d1cb9664c5f8636329436d/library/core/src/ops/function.rs:250:5
[INFO] [stdout]   25:     0x559f586f5f5f - test::__rust_begin_short_backtrace::hce33033019b61e69
[INFO] [stdout]                                at /rustc/1b7dd2252b99671ce5d1cb9664c5f8636329436d/library/test/src/lib.rs:655:18
[INFO] [stdout]   26:     0x559f586c374c - test::run_test::{{closure}}::h858d3528838ae3e5
[INFO] [stdout]                                at /rustc/1b7dd2252b99671ce5d1cb9664c5f8636329436d/library/test/src/lib.rs:646:30
[INFO] [stdout]   27:     0x559f586c374c - core::ops::function::FnOnce::call_once{{vtable.shim}}::he8ac2b00f01ae79e
[INFO] [stdout]                                at /rustc/1b7dd2252b99671ce5d1cb9664c5f8636329436d/library/core/src/ops/function.rs:250:5
[INFO] [stdout]   28:     0x559f586f5036 - <alloc::boxed::Box<F,A> as core::ops::function::FnOnce<Args>>::call_once::h8093d25b522725ef
[INFO] [stdout]                                at /rustc/1b7dd2252b99671ce5d1cb9664c5f8636329436d/library/alloc/src/boxed.rs:1973:9
[INFO] [stdout]   29:     0x559f586f5036 - <core::panic::unwind_safe::AssertUnwindSafe<F> as core::ops::function::FnOnce<()>>::call_once::h5c334c204e4a3913
[INFO] [stdout]                                at /rustc/1b7dd2252b99671ce5d1cb9664c5f8636329436d/library/core/src/panic/unwind_safe.rs:271:9
[INFO] [stdout]   30:     0x559f586f5036 - std::panicking::try::do_call::ha8b740c7b9478074
[INFO] [stdout]                                at /rustc/1b7dd2252b99671ce5d1cb9664c5f8636329436d/library/std/src/panicking.rs:485:40
[INFO] [stdout]   31:     0x559f586f5036 - std::panicking::try::h5d34f63d0e41b64e
[INFO] [stdout]                                at /rustc/1b7dd2252b99671ce5d1cb9664c5f8636329436d/library/std/src/panicking.rs:449:19
[INFO] [stdout]   32:     0x559f586f5036 - std::panic::catch_unwind::hcfbb511e1aa7fc67
[INFO] [stdout]                                at /rustc/1b7dd2252b99671ce5d1cb9664c5f8636329436d/library/std/src/panic.rs:140:14
[INFO] [stdout]   33:     0x559f586f5036 - test::run_test_in_process::h9abda90f802eaf21
[INFO] [stdout]                                at /rustc/1b7dd2252b99671ce5d1cb9664c5f8636329436d/library/test/src/lib.rs:678:27
[INFO] [stdout]   34:     0x559f586f5036 - test::run_test::run_test_inner::{{closure}}::h0f058de91f6c6edf
[INFO] [stdout]                                at /rustc/1b7dd2252b99671ce5d1cb9664c5f8636329436d/library/test/src/lib.rs:572:39
[INFO] [stdout]   35:     0x559f586bdf55 - test::run_test::run_test_inner::{{closure}}::h5ca48a4c59c6c1fb
[INFO] [stdout]                                at /rustc/1b7dd2252b99671ce5d1cb9664c5f8636329436d/library/test/src/lib.rs:599:37
[INFO] [stdout]   36:     0x559f586bdf55 - std::sys_common::backtrace::__rust_begin_short_backtrace::h32bd51e1495d4a33
[INFO] [stdout]                                at /rustc/1b7dd2252b99671ce5d1cb9664c5f8636329436d/library/std/src/sys_common/backtrace.rs:134:18
[INFO] [stdout]   37:     0x559f586c3491 - std::thread::Builder::spawn_unchecked_::{{closure}}::{{closure}}::hc086fae9b128b2db
[INFO] [stdout]                                at /rustc/1b7dd2252b99671ce5d1cb9664c5f8636329436d/library/std/src/thread/mod.rs:526:17
[INFO] [stdout]   38:     0x559f586c3491 - <core::panic::unwind_safe::AssertUnwindSafe<F> as core::ops::function::FnOnce<()>>::call_once::hb66571888d270d43
[INFO] [stdout]                                at /rustc/1b7dd2252b99671ce5d1cb9664c5f8636329436d/library/core/src/panic/unwind_safe.rs:271:9
[INFO] [stdout]   39:     0x559f586c3491 - std::panicking::try::do_call::h4fa2ef4f6e51fecf
[INFO] [stdout]                                at /rustc/1b7dd2252b99671ce5d1cb9664c5f8636329436d/library/std/src/panicking.rs:485:40
[INFO] [stdout]   40:     0x559f586c3491 - std::panicking::try::h1e9e22b8584489b5
[INFO] [stdout]                                at /rustc/1b7dd2252b99671ce5d1cb9664c5f8636329436d/library/std/src/panicking.rs:449:19
[INFO] [stdout]   41:     0x559f586c3491 - std::panic::catch_unwind::h44698a3de0e0769e
[INFO] [stdout]                                at /rustc/1b7dd2252b99671ce5d1cb9664c5f8636329436d/library/std/src/panic.rs:140:14
[INFO] [stdout]   42:     0x559f586c3491 - std::thread::Builder::spawn_unchecked_::{{closure}}::h50153abde3fe239e
[INFO] [stdout]                                at /rustc/1b7dd2252b99671ce5d1cb9664c5f8636329436d/library/std/src/thread/mod.rs:525:30
[INFO] [stdout]   43:     0x559f586c3491 - core::ops::function::FnOnce::call_once{{vtable.shim}}::hbe5bbf6f38394364
[INFO] [stdout]                                at /rustc/1b7dd2252b99671ce5d1cb9664c5f8636329436d/library/core/src/ops/function.rs:250:5
[INFO] [stdout]   44:     0x559f587254a5 - <alloc::boxed::Box<F,A> as core::ops::function::FnOnce<Args>>::call_once::h0d83cb2920a49046
[INFO] [stdout]                                at /rustc/1b7dd2252b99671ce5d1cb9664c5f8636329436d/library/alloc/src/boxed.rs:1973:9
[INFO] [stdout]   45:     0x559f587254a5 - <alloc::boxed::Box<F,A> as core::ops::function::FnOnce<Args>>::call_once::hbe0a008aa7d9ef59
[INFO] [stdout]                                at /rustc/1b7dd2252b99671ce5d1cb9664c5f8636329436d/library/alloc/src/boxed.rs:1973:9
[INFO] [stdout]   46:     0x559f587254a5 - std::sys::unix::thread::Thread::new::thread_start::h3a466996bdf6b1f9
[INFO] [stdout]                                at /rustc/1b7dd2252b99671ce5d1cb9664c5f8636329436d/library/std/src/sys/unix/thread.rs:108:17
[INFO] [stdout]   47:     0x7f3366ac9b43 - <unknown>
[INFO] [stdout]   48:     0x7f3366b5abb4 - __clone
[INFO] [stdout]   49:                0x0 - <unknown>
[INFO] [stdout] 
[INFO] [stdout] 
[INFO] [stdout] failures:
[INFO] [stdout]     ui
[INFO] [stdout] 
[INFO] [stdout] test result: FAILED. 0 passed; 1 failed; 0 ignored; 0 measured; 0 filtered out; finished in 115.17s
[INFO] [stdout] 
[INFO] [stderr] error: test failed, to rerun pass `--test ui`
[INFO] running `Command { std: "docker" "inspect" "ccaa861833bd3b975b865219f36f957863acb85a50143e2754a3efbfedf50de6", kill_on_drop: false }`
[INFO] running `Command { std: "docker" "rm" "-f" "ccaa861833bd3b975b865219f36f957863acb85a50143e2754a3efbfedf50de6", kill_on_drop: false }`
[INFO] [stdout] ccaa861833bd3b975b865219f36f957863acb85a50143e2754a3efbfedf50de6
