[INFO] fetching crate jotta-fs 0.1.3...
[INFO] testing jotta-fs-0.1.3 against beta-2023-04-20 for beta-1.70-1
[INFO] extracting crate jotta-fs 0.1.3 into /workspace/builds/worker-6-tc2/source
[INFO] validating manifest of crates.io crate jotta-fs 0.1.3 on toolchain beta-2023-04-20
[INFO] running `Command { std: CARGO_HOME="/workspace/cargo-home" RUSTUP_HOME="/workspace/rustup-home" "/workspace/cargo-home/bin/cargo" "+beta-2023-04-20" "metadata" "--manifest-path" "Cargo.toml" "--no-deps", kill_on_drop: false }`
[INFO] started tweaking crates.io crate jotta-fs 0.1.3
[INFO] finished tweaking crates.io crate jotta-fs 0.1.3
[INFO] tweaked toml for crates.io crate jotta-fs 0.1.3 written to /workspace/builds/worker-6-tc2/source/Cargo.toml
[INFO] running `Command { std: CARGO_HOME="/workspace/cargo-home" RUSTUP_HOME="/workspace/rustup-home" __CARGO_TEST_CHANNEL_OVERRIDE_DO_NOT_USE_THIS="nightly" "/workspace/cargo-home/bin/cargo" "+beta-2023-04-20" "generate-lockfile" "--manifest-path" "Cargo.toml" "-Zno-index-update", kill_on_drop: false }`
[INFO] running `Command { std: CARGO_HOME="/workspace/cargo-home" RUSTUP_HOME="/workspace/rustup-home" "/workspace/cargo-home/bin/cargo" "+beta-2023-04-20" "fetch" "--manifest-path" "Cargo.toml", kill_on_drop: false }`
[INFO] running `Command { std: "docker" "create" "-v" "/var/lib/crater-agent-workspace/builds/worker-6-tc2/target:/opt/rustwide/target:rw,Z" "-v" "/var/lib/crater-agent-workspace/builds/worker-6-tc2/source:/opt/rustwide/workdir:ro,Z" "-v" "/var/lib/crater-agent-workspace/cargo-home:/opt/rustwide/cargo-home:ro,Z" "-v" "/var/lib/crater-agent-workspace/rustup-home:/opt/rustwide/rustup-home:ro,Z" "-e" "SOURCE_DIR=/opt/rustwide/workdir" "-e" "CARGO_TARGET_DIR=/opt/rustwide/target" "-e" "CARGO_HOME=/opt/rustwide/cargo-home" "-e" "RUSTUP_HOME=/opt/rustwide/rustup-home" "-w" "/opt/rustwide/workdir" "-m" "1610612736" "--user" "0:0" "--network" "none" "ghcr.io/rust-lang/crates-build-env/linux@sha256:97d61d7686bf65f8ecb15491ab51835e82dc9176a96a831f143a431b191fc501" "/opt/rustwide/cargo-home/bin/cargo" "+beta-2023-04-20" "metadata" "--no-deps" "--format-version=1", kill_on_drop: false }`
[INFO] [stdout] 0fa71c647b44e1a31ccbd7c1f1de0e7e756ba3a672c74e4650a4415f0c6c32f5
[INFO] running `Command { std: "docker" "start" "-a" "0fa71c647b44e1a31ccbd7c1f1de0e7e756ba3a672c74e4650a4415f0c6c32f5", kill_on_drop: false }`
[INFO] running `Command { std: "docker" "inspect" "0fa71c647b44e1a31ccbd7c1f1de0e7e756ba3a672c74e4650a4415f0c6c32f5", kill_on_drop: false }`
[INFO] running `Command { std: "docker" "rm" "-f" "0fa71c647b44e1a31ccbd7c1f1de0e7e756ba3a672c74e4650a4415f0c6c32f5", kill_on_drop: false }`
[INFO] [stdout] 0fa71c647b44e1a31ccbd7c1f1de0e7e756ba3a672c74e4650a4415f0c6c32f5
[INFO] running `Command { std: "docker" "create" "-v" "/var/lib/crater-agent-workspace/builds/worker-6-tc2/target:/opt/rustwide/target:rw,Z" "-v" "/var/lib/crater-agent-workspace/builds/worker-6-tc2/source:/opt/rustwide/workdir:ro,Z" "-v" "/var/lib/crater-agent-workspace/cargo-home:/opt/rustwide/cargo-home:ro,Z" "-v" "/var/lib/crater-agent-workspace/rustup-home:/opt/rustwide/rustup-home:ro,Z" "-e" "SOURCE_DIR=/opt/rustwide/workdir" "-e" "CARGO_TARGET_DIR=/opt/rustwide/target" "-e" "CARGO_INCREMENTAL=0" "-e" "RUST_BACKTRACE=full" "-e" "RUSTFLAGS=--cap-lints=warn" "-e" "RUSTDOCFLAGS=--cap-lints=warn" "-e" "CARGO_HOME=/opt/rustwide/cargo-home" "-e" "RUSTUP_HOME=/opt/rustwide/rustup-home" "-w" "/opt/rustwide/workdir" "-m" "1610612736" "--user" "0:0" "--network" "none" "ghcr.io/rust-lang/crates-build-env/linux@sha256:97d61d7686bf65f8ecb15491ab51835e82dc9176a96a831f143a431b191fc501" "/opt/rustwide/cargo-home/bin/cargo" "+beta-2023-04-20" "build" "--frozen" "--message-format=json", kill_on_drop: false }`
[INFO] [stdout] ce9e7469512e7bdab7669e4b470f480f98518b2179ec1e7aa34a32a17964cea2
[INFO] running `Command { std: "docker" "start" "-a" "ce9e7469512e7bdab7669e4b470f480f98518b2179ec1e7aa34a32a17964cea2", kill_on_drop: false }`
[INFO] [stderr]     Blocking waiting for file lock on package cache
[INFO] [stderr]    Compiling proc-macro2 v1.0.56
[INFO] [stderr]    Compiling quote v1.0.26
[INFO] [stderr]    Compiling autocfg v1.1.0
[INFO] [stderr]    Compiling cfg-if v1.0.0
[INFO] [stderr]    Compiling log v0.4.17
[INFO] [stderr]    Compiling pin-project-lite v0.2.9
[INFO] [stderr]    Compiling fnv v1.0.7
[INFO] [stderr]    Compiling futures-core v0.3.28
[INFO] [stderr]    Compiling serde_derive v1.0.160
[INFO] [stderr]    Compiling itoa v1.0.6
[INFO] [stderr]    Compiling once_cell v1.17.1
[INFO] [stderr]    Compiling syn v1.0.109
[INFO] [stderr]    Compiling cc v1.0.79
[INFO] [stderr]    Compiling memchr v2.5.0
[INFO] [stderr]    Compiling serde v1.0.160
[INFO] [stderr]    Compiling pkg-config v0.3.26
[INFO] [stderr]    Compiling bytes v1.4.0
[INFO] [stderr]    Compiling futures-task v0.3.28
[INFO] [stderr]    Compiling futures-sink v0.3.28
[INFO] [stderr]    Compiling futures-channel v0.3.28
[INFO] [stderr]    Compiling tinyvec_macros v0.1.1
[INFO] [stderr]    Compiling futures-util v0.3.28
[INFO] [stderr]    Compiling tinyvec v1.6.0
[INFO] [stderr]    Compiling socket2 v0.4.9
[INFO] [stderr]    Compiling futures-io v0.3.28
[INFO] [stderr]    Compiling num-traits v0.2.15
[INFO] [stderr]    Compiling slab v0.4.8
[INFO] [stderr]    Compiling tokio v1.28.0
[INFO] [stderr]    Compiling num-integer v0.1.45
[INFO] [stderr]    Compiling mio v0.8.6
[INFO] [stderr]    Compiling pin-utils v0.1.0
[INFO] [stderr]    Compiling indexmap v1.9.3
[INFO] [stderr]    Compiling tracing-core v0.1.30
[INFO] [stderr]    Compiling openssl v0.10.52
[INFO] [stderr]    Compiling foreign-types-shared v0.1.1
[INFO] [stderr]    Compiling unicode-bidi v0.3.13
[INFO] [stderr]    Compiling percent-encoding v2.2.0
[INFO] [stderr]    Compiling foreign-types v0.3.2
[INFO] [stderr]    Compiling http v0.2.9
[INFO] [stderr]    Compiling bitflags v1.3.2
[INFO] [stderr]    Compiling version_check v0.9.4
[INFO] [stderr]    Compiling time-core v0.1.0
[INFO] [stderr]    Compiling ident_case v1.0.1
[INFO] [stderr]    Compiling strsim v0.10.0
[INFO] [stderr]    Compiling hashbrown v0.12.3
[INFO] [stderr]    Compiling httparse v1.8.0
[INFO] [stderr]    Compiling native-tls v0.2.11
[INFO] [stderr]    Compiling syn v2.0.15
[INFO] [stderr]    Compiling openssl-sys v0.9.87
[INFO] [stderr]    Compiling unicode-normalization v0.1.22
[INFO] [stderr]    Compiling time-macros v0.2.8
[INFO] [stderr]    Compiling form_urlencoded v1.1.0
[INFO] [stderr]    Compiling num-bigint v0.4.3
[INFO] [stderr]    Compiling cookie v0.16.2
[INFO] [stderr]    Compiling serde_json v1.0.96
[INFO] [stderr]    Compiling rustversion v1.0.12
[INFO] [stderr]    Compiling openssl-probe v0.1.5
[INFO] [stderr]    Compiling ryu v1.0.13
[INFO] [stderr]    Compiling try-lock v0.2.4
[INFO] [stderr]    Compiling idna v0.3.0
[INFO] [stderr]    Compiling want v0.3.0
[INFO] [stderr]    Compiling http-body v0.4.5
[INFO] [stderr]    Compiling num-iter v0.1.43
[INFO] [stderr]    Compiling num-rational v0.4.1
[INFO] [stderr]    Compiling thiserror v1.0.40
[INFO] [stderr]    Compiling httpdate v1.0.2
[INFO] [stderr]    Compiling tower-service v0.3.2
[INFO] [stderr]    Compiling matches v0.1.10
[INFO] [stderr]    Compiling psl-types v2.0.11
[INFO] [stderr]    Compiling idna v0.2.3
[INFO] [stderr]    Compiling publicsuffix v2.2.3
[INFO] [stderr]    Compiling url v2.3.1
[INFO] [stderr]    Compiling time v0.1.45
[INFO] [stderr]    Compiling iana-time-zone v0.1.56
[INFO] [stderr]    Compiling heck v0.4.1
[INFO] [stderr]    Compiling async-trait v0.1.68
[INFO] [stderr]    Compiling num-complex v0.4.3
[INFO] [stderr]    Compiling aho-corasick v1.0.1
[INFO] [stderr]    Compiling encoding_rs v0.8.32
[INFO] [stderr]    Compiling regex-syntax v0.7.1
[INFO] [stderr]    Compiling convert_case v0.4.0
[INFO] [stderr]    Compiling time v0.3.20
[INFO] [stderr]    Compiling ipnet v2.7.2
[INFO] [stderr]    Compiling mime v0.3.17
[INFO] [stderr]    Compiling base64 v0.21.0
[INFO] [stderr]    Compiling xml-rs v0.8.4
[INFO] [stderr]    Compiling base64 v0.13.1
[INFO] [stderr]    Compiling hex v0.4.3
[INFO] [stderr]    Compiling md5 v0.7.0
[INFO] [stderr]    Compiling num v0.4.0
[INFO] [stderr]    Compiling darling_core v0.13.4
[INFO] [stderr]    Compiling regex v1.8.1
[INFO] [stderr]    Compiling futures-macro v0.3.28
[INFO] [stderr]    Compiling tracing-attributes v0.1.24
[INFO] [stderr]    Compiling openssl-macros v0.1.1
[INFO] [stderr]    Compiling thiserror-impl v1.0.40
[INFO] [stderr]    Compiling strum_macros v0.24.3
[INFO] [stderr]    Compiling derive_more v0.99.17
[INFO] [stderr]    Compiling darling_macro v0.13.4
[INFO] [stderr]    Compiling strum v0.24.1
[INFO] [stderr]    Compiling tracing v0.1.37
[INFO] [stderr]    Compiling tokio-util v0.7.8
[INFO] [stderr]    Compiling darling v0.13.4
[INFO] [stderr]    Compiling serde_with_macros v1.5.2
[INFO] [stderr]    Compiling tokio-native-tls v0.3.1
[INFO] [stderr]    Compiling h2 v0.3.18
[INFO] [stderr]    Compiling futures-executor v0.3.28
[INFO] [stderr]    Compiling futures v0.3.28
[INFO] [stderr]    Compiling serde_urlencoded v0.7.1
[INFO] [stderr]    Compiling chrono v0.4.24
[INFO] [stderr]    Compiling serde-xml-rs v0.5.1
[INFO] [stderr]    Compiling uuid v0.8.2
[INFO] [stderr]    Compiling cookie_store v0.16.1
[INFO] [stderr]    Compiling hyper v0.14.26
[INFO] [stderr]    Compiling serde_with v1.14.0
[INFO] [stderr]    Compiling hyper-tls v0.5.0
[INFO] [stderr]    Compiling reqwest v0.11.17
[INFO] [stderr]    Compiling jotta-fs v0.1.3 (/opt/rustwide/workdir)
[INFO] [stderr]     Finished dev [unoptimized + debuginfo] target(s) in 28.57s
[INFO] running `Command { std: "docker" "inspect" "ce9e7469512e7bdab7669e4b470f480f98518b2179ec1e7aa34a32a17964cea2", kill_on_drop: false }`
[INFO] running `Command { std: "docker" "rm" "-f" "ce9e7469512e7bdab7669e4b470f480f98518b2179ec1e7aa34a32a17964cea2", kill_on_drop: false }`
[INFO] [stdout] ce9e7469512e7bdab7669e4b470f480f98518b2179ec1e7aa34a32a17964cea2
[INFO] running `Command { std: "docker" "create" "-v" "/var/lib/crater-agent-workspace/builds/worker-6-tc2/target:/opt/rustwide/target:rw,Z" "-v" "/var/lib/crater-agent-workspace/builds/worker-6-tc2/source:/opt/rustwide/workdir:ro,Z" "-v" "/var/lib/crater-agent-workspace/cargo-home:/opt/rustwide/cargo-home:ro,Z" "-v" "/var/lib/crater-agent-workspace/rustup-home:/opt/rustwide/rustup-home:ro,Z" "-e" "SOURCE_DIR=/opt/rustwide/workdir" "-e" "CARGO_TARGET_DIR=/opt/rustwide/target" "-e" "CARGO_INCREMENTAL=0" "-e" "RUST_BACKTRACE=full" "-e" "RUSTFLAGS=--cap-lints=warn" "-e" "RUSTDOCFLAGS=--cap-lints=warn" "-e" "CARGO_HOME=/opt/rustwide/cargo-home" "-e" "RUSTUP_HOME=/opt/rustwide/rustup-home" "-w" "/opt/rustwide/workdir" "-m" "1610612736" "--user" "0:0" "--network" "none" "ghcr.io/rust-lang/crates-build-env/linux@sha256:97d61d7686bf65f8ecb15491ab51835e82dc9176a96a831f143a431b191fc501" "/opt/rustwide/cargo-home/bin/cargo" "+beta-2023-04-20" "test" "--frozen" "--no-run" "--message-format=json", kill_on_drop: false }`
[INFO] [stdout] da200c98a5f61e9aa8bc8ad1d79c833b9fec323ef39c2e80479e27d7f10c414e
[INFO] running `Command { std: "docker" "start" "-a" "da200c98a5f61e9aa8bc8ad1d79c833b9fec323ef39c2e80479e27d7f10c414e", kill_on_drop: false }`
[INFO] [stderr]    Compiling jotta-fs v0.1.3 (/opt/rustwide/workdir)
[INFO] [stderr]     Finished test [unoptimized + debuginfo] target(s) in 2.77s
[INFO] running `Command { std: "docker" "inspect" "da200c98a5f61e9aa8bc8ad1d79c833b9fec323ef39c2e80479e27d7f10c414e", kill_on_drop: false }`
[INFO] running `Command { std: "docker" "rm" "-f" "da200c98a5f61e9aa8bc8ad1d79c833b9fec323ef39c2e80479e27d7f10c414e", kill_on_drop: false }`
[INFO] [stdout] da200c98a5f61e9aa8bc8ad1d79c833b9fec323ef39c2e80479e27d7f10c414e
[INFO] running `Command { std: "docker" "create" "-v" "/var/lib/crater-agent-workspace/builds/worker-6-tc2/target:/opt/rustwide/target:rw,Z" "-v" "/var/lib/crater-agent-workspace/builds/worker-6-tc2/source:/opt/rustwide/workdir:ro,Z" "-v" "/var/lib/crater-agent-workspace/cargo-home:/opt/rustwide/cargo-home:ro,Z" "-v" "/var/lib/crater-agent-workspace/rustup-home:/opt/rustwide/rustup-home:ro,Z" "-e" "SOURCE_DIR=/opt/rustwide/workdir" "-e" "CARGO_TARGET_DIR=/opt/rustwide/target" "-e" "CARGO_INCREMENTAL=0" "-e" "RUST_BACKTRACE=full" "-e" "RUSTFLAGS=--cap-lints=warn" "-e" "RUSTDOCFLAGS=--cap-lints=warn" "-e" "CARGO_HOME=/opt/rustwide/cargo-home" "-e" "RUSTUP_HOME=/opt/rustwide/rustup-home" "-w" "/opt/rustwide/workdir" "-m" "1610612736" "--user" "0:0" "--network" "none" "ghcr.io/rust-lang/crates-build-env/linux@sha256:97d61d7686bf65f8ecb15491ab51835e82dc9176a96a831f143a431b191fc501" "/opt/rustwide/cargo-home/bin/cargo" "+beta-2023-04-20" "test" "--frozen", kill_on_drop: false }`
[INFO] [stdout] 49f600de0922e76b60501ac59fdf137453dfadeb70f7babfa966c2eddddba4b7
[INFO] running `Command { std: "docker" "start" "-a" "49f600de0922e76b60501ac59fdf137453dfadeb70f7babfa966c2eddddba4b7", kill_on_drop: false }`
[INFO] [stderr]     Finished test [unoptimized + debuginfo] target(s) in 0.13s
[INFO] [stderr]      Running unittests src/lib.rs (/opt/rustwide/target/debug/deps/jotta_fs-24685c21941fcb24)
[INFO] [stdout] 
[INFO] [stdout] running 0 tests
[INFO] [stdout] 
[INFO] [stdout] test result: ok. 0 passed; 0 failed; 0 ignored; 0 measured; 0 filtered out; finished in 0.00s
[INFO] [stdout] 
[INFO] [stderr]    Doc-tests jotta-fs
[INFO] [stdout] 
[INFO] [stdout] running 9 tests
[INFO] [stdout] test src/auth.rs - auth (line 3) ... ok
[INFO] [stdout] test src/range.rs - range::ByteRange::len (line 22) ... FAILED
[INFO] [stdout] test src/range.rs - range::ClosedByteRange::try_from_bounds (line 151) ... FAILED
[INFO] [stdout] test src/range.rs - range::ClosedByteRange::end (line 196) ... FAILED
[INFO] [stdout] test src/range.rs - range::ByteRange::to_http_range (line 47) ... FAILED
[INFO] [stdout] test src/range.rs - range::ByteRange::is_empty (line 33) ... ok
[INFO] [stdout] test src/range.rs - range::ClosedByteRange::new_to_including (line 166) ... ok
[INFO] [stdout] test src/range.rs - range::ClosedByteRange::try_from_bounds (line 139) ... ok
[INFO] [stdout] test src/api.rs - api::JavaErrorMessage::exception_opt (line 55) ... ok
[INFO] [stdout] 
[INFO] [stdout] failures:
[INFO] [stdout] 
[INFO] [stdout] ---- src/range.rs - range::ByteRange::len (line 22) stdout ----
[INFO] [stdout] error: linking with `cc` failed: exit status: 1
[INFO] [stdout]   |
[INFO] [stdout]   = note: LC_ALL="C" PATH="/opt/rustwide/rustup-home/toolchains/beta-2023-04-20-x86_64-unknown-linux-gnu/lib/rustlib/x86_64-unknown-linux-gnu/bin:/opt/rustwide/cargo-home/bin:/usr/local/sbin:/usr/local/bin:/usr/sbin:/usr/bin:/sbin:/bin" VSLANG="1033" "cc" "-m64" "/tmp/rustcMzvf7R/symbols.o" "/tmp/rustdoctestpvE6WO/rust_out.rust_out.c38b68ff-cgu.0.rcgu.o" "/tmp/rustdoctestpvE6WO/rust_out.38a7fyhsvjn6z0qy.rcgu.o" "-Wl,--as-needed" "-L" "/opt/rustwide/target/debug/deps" "-L" "/opt/rustwide/target/debug/deps" "-L" "/opt/rustwide/rustup-home/toolchains/beta-2023-04-20-x86_64-unknown-linux-gnu/lib/rustlib/x86_64-unknown-linux-gnu/lib" "-Wl,-Bstatic" "/opt/rustwide/target/debug/deps/libjotta_fs-3380abdae2950781.rlib" "/opt/rustwide/target/debug/deps/libbase64-0c872e3f7d1ba17a.rlib" "/opt/rustwide/target/debug/deps/libserde_xml_rs-6a08b1f55d49d224.rlib" "/opt/rustwide/target/debug/deps/libxml-2ca1670042266d63.rlib" "/opt/rustwide/target/debug/deps/libhex-edafc8b2917f78c9.rlib" "/opt/rustwide/target/debug/deps/libuuid-00f0344e255accd5.rlib" "/opt/rustwide/target/debug/deps/libnum-736c3ea27a09f1b7.rlib" "/opt/rustwide/target/debug/deps/libnum_iter-0ebe67b8d5a356cb.rlib" "/opt/rustwide/target/debug/deps/libnum_rational-9149756d1d7645ac.rlib" "/opt/rustwide/target/debug/deps/libnum_complex-cdd4b5696d7b045e.rlib" "/opt/rustwide/target/debug/deps/libnum_bigint-5aeb48c10416499d.rlib" "/opt/rustwide/target/debug/deps/libfutures-51f143295522fa00.rlib" "/opt/rustwide/target/debug/deps/libfutures_executor-a4a09dc218def5b2.rlib" "/opt/rustwide/target/debug/deps/libmd5-bd7e48522218445f.rlib" "/opt/rustwide/target/debug/deps/libthiserror-da04bcf92463398e.rlib" "/opt/rustwide/target/debug/deps/libserde_with-eded56b7ec318887.rlib" "/opt/rustwide/target/debug/deps/libchrono-e7442d55b62d6a05.rlib" "/opt/rustwide/target/debug/deps/libiana_time_zone-29119b9b08c3b17e.rlib" "/opt/rustwide/target/debug/deps/libnum_integer-84dbbf3360c9e522.rlib" "/opt/rustwide/target/debug/deps/libnum_traits-991acf3b855e0659.rlib" "/opt/rustwide/target/debug/deps/libtime-3487bd5840a6d6d7.rlib" "/opt/rustwide/target/debug/deps/libstrum-5d84f00e42ef024d.rlib" "/opt/rustwide/target/debug/deps/libreqwest-7604203efe46ecf6.rlib" "/opt/rustwide/target/debug/deps/libcookie_store-d2d9ad5f29e3fc1f.rlib" "/opt/rustwide/target/debug/deps/libpublicsuffix-5ffab5782d2a34f5.rlib" "/opt/rustwide/target/debug/deps/libpsl_types-5cc9064dade1abc3.rlib" "/opt/rustwide/target/debug/deps/libidna-667defed94d54745.rlib" "/opt/rustwide/target/debug/deps/libmatches-3d99511b2ef688f3.rlib" "/opt/rustwide/target/debug/deps/libcookie-07298c0c95e61b4a.rlib" "/opt/rustwide/target/debug/deps/libtime-bcf359752df13aab.rlib" "/opt/rustwide/target/debug/deps/libtime_core-a3d7b585438a9184.rlib" "/opt/rustwide/target/debug/deps/libhyper_tls-5c8a13a4480af441.rlib" "/opt/rustwide/target/debug/deps/libserde_urlencoded-b0d844c9b3923271.rlib" "/opt/rustwide/target/debug/deps/libbase64-1d8778d69d34a396.rlib" "/opt/rustwide/target/debug/deps/libipnet-c447aff94ce34889.rlib" "/opt/rustwide/target/debug/deps/libtokio_native_tls-8b5b271784cfa2d8.rlib" "/opt/rustwide/target/debug/deps/libmime-04f26b0b15f93981.rlib" "/opt/rustwide/target/debug/deps/libencoding_rs-b0d41797c1da8834.rlib" "/opt/rustwide/target/debug/deps/libserde_json-f6820ac734d7ea29.rlib" "/opt/rustwide/target/debug/deps/libryu-b5fa14faef1dcf3b.rlib" "/opt/rustwide/target/debug/deps/libserde-e31404c84a43f97a.rlib" "/opt/rustwide/target/debug/deps/libnative_tls-26dcdd15faae1064.rlib" "/opt/rustwide/target/debug/deps/libopenssl_probe-361016bdcb077fee.rlib" "/opt/rustwide/target/debug/deps/libopenssl-48c0d693944ec970.rlib" "/opt/rustwide/target/debug/deps/libbitflags-610a73087f46ba3b.rlib" "/opt/rustwide/target/debug/deps/libforeign_types-3138d685ddde873e.rlib" "/opt/rustwide/target/debug/deps/libforeign_types_shared-1df85ef0ce08cbc3.rlib" "/opt/rustwide/target/debug/deps/libopenssl_sys-ae4a74adbee44cd7.rlib" "/opt/rustwide/target/debug/deps/libhyper-0f86af60e23931df.rlib" "/opt/rustwide/target/debug/deps/libwant-751c04441b3dc539.rlib" "/opt/rustwide/target/debug/deps/libtry_lock-bcd858d644546236.rlib" "/opt/rustwide/target/debug/deps/libhttparse-463bd4a7f2c72ba2.rlib" "/opt/rustwide/target/debug/deps/libh2-db978421e129f7bf.rlib" "/opt/rustwide/target/debug/deps/libindexmap-483d6a6f45855717.rlib" "/opt/rustwide/target/debug/deps/libhashbrown-14a936eea4e6bab4.rlib" "/opt/rustwide/target/debug/deps/libtower_service-6e0b9a8ac2b0d4d0.rlib" "/opt/rustwide/target/debug/deps/libfutures_util-acfa33e40dd625e9.rlib" "/opt/rustwide/target/debug/deps/libfutures_io-d4a990e19af7fc59.rlib" "/opt/rustwide/target/debug/deps/libslab-7f8e952f3c0ab3c4.rlib" "/opt/rustwide/target/debug/deps/libfutures_channel-fa286582a719523c.rlib" "/opt/rustwide/target/debug/deps/libfutures_task-34a0ee1d6c1607f4.rlib" "/opt/rustwide/target/debug/deps/libpin_utils-501725f4e360d46d.rlib" "/opt/rustwide/target/debug/deps/libtokio_util-cf99c843cd23668f.rlib" "/opt/rustwide/target/debug/deps/libtracing-8ced68eb763f15b0.rlib" "/opt/rustwide/target/debug/deps/libtracing_core-420c8912b6569db3.rlib" "/opt/rustwide/target/debug/deps/libfutures_sink-443c30cbd423d6ef.rlib" "/opt/rustwide/target/debug/deps/libtokio-d74bc0fa6b7cc06a.rlib" "/opt/rustwide/target/debug/deps/libsocket2-1b0387b73112eaa4.rlib" "/opt/rustwide/target/debug/deps/libmio-a099621ab0d03a62.rlib" "/opt/rustwide/target/debug/deps/liblibc-437468c9c78eaf61.rlib" "/opt/rustwide/target/debug/deps/libhttp_body-4061b89499f36d44.rlib" "/opt/rustwide/target/debug/deps/libpin_project_lite-3a747526c5b5aadd.rlib" "/opt/rustwide/target/debug/deps/liblog-6f3e788ba8b980aa.rlib" "/opt/rustwide/target/debug/deps/libcfg_if-97437e183f3ae6e4.rlib" "/opt/rustwide/target/debug/deps/libfutures_core-63bdc54a682e7df4.rlib" "/opt/rustwide/target/debug/deps/liburl-d94be37c9a9a891b.rlib" "/opt/rustwide/target/debug/deps/libidna-03b9880e1a6c6c5a.rlib" "/opt/rustwide/target/debug/deps/libunicode_normalization-b37b8c0875a4acb3.rlib" "/opt/rustwide/target/debug/deps/libtinyvec-7b8097d45487fe96.rlib" "/opt/rustwide/target/debug/deps/libtinyvec_macros-ece230c108b3ca46.rlib" "/opt/rustwide/target/debug/deps/libunicode_bidi-ea0067a9d9ceb7ae.rlib" "/opt/rustwide/target/debug/deps/libform_urlencoded-c6dce5f233f9dc81.rlib" "/opt/rustwide/target/debug/deps/libpercent_encoding-4a77b5e8a25d80c2.rlib" "/opt/rustwide/target/debug/deps/libhttp-df05c4d3a64fcb1b.rlib" "/opt/rustwide/target/debug/deps/libitoa-ef51536650fd4ae2.rlib" "/opt/rustwide/target/debug/deps/libbytes-ae855e71327d1b48.rlib" "/opt/rustwide/target/debug/deps/libfnv-bb690c336855f248.rlib" "/opt/rustwide/target/debug/deps/libregex-28f2e8cb8dd40750.rlib" "/opt/rustwide/target/debug/deps/libaho_corasick-d5fac31069bece93.rlib" "/opt/rustwide/target/debug/deps/libmemchr-f4ebff342237ab92.rlib" "/opt/rustwide/target/debug/deps/libregex_syntax-cc46e3cc2c79c0a1.rlib" "/opt/rustwide/target/debug/deps/libonce_cell-4515fa40a5ce4b0c.rlib" "/opt/rustwide/rustup-home/toolchains/beta-2023-04-20-x86_64-unknown-linux-gnu/lib/rustlib/x86_64-unknown-linux-gnu/lib/libstd-0e29cc23c5e02021.rlib" "/opt/rustwide/rustup-home/toolchains/beta-2023-04-20-x86_64-unknown-linux-gnu/lib/rustlib/x86_64-unknown-linux-gnu/lib/libpanic_unwind-d903621768a861d9.rlib" "/opt/rustwide/rustup-home/toolchains/beta-2023-04-20-x86_64-unknown-linux-gnu/lib/rustlib/x86_64-unknown-linux-gnu/lib/libobject-6d0225e655f31c13.rlib" "/opt/rustwide/rustup-home/toolchains/beta-2023-04-20-x86_64-unknown-linux-gnu/lib/rustlib/x86_64-unknown-linux-gnu/lib/libmemchr-9dbaf4eac7eaa079.rlib" "/opt/rustwide/rustup-home/toolchains/beta-2023-04-20-x86_64-unknown-linux-gnu/lib/rustlib/x86_64-unknown-linux-gnu/lib/libaddr2line-27f05b3d42a66dd0.rlib" "/opt/rustwide/rustup-home/toolchains/beta-2023-04-20-x86_64-unknown-linux-gnu/lib/rustlib/x86_64-unknown-linux-gnu/lib/libgimli-4d73f1030321c9a2.rlib" "/opt/rustwide/rustup-home/toolchains/beta-2023-04-20-x86_64-unknown-linux-gnu/lib/rustlib/x86_64-unknown-linux-gnu/lib/librustc_demangle-2846c9e58abd0acb.rlib" "/opt/rustwide/rustup-home/toolchains/beta-2023-04-20-x86_64-unknown-linux-gnu/lib/rustlib/x86_64-unknown-linux-gnu/lib/libstd_detect-a53d0f50415947be.rlib" "/opt/rustwide/rustup-home/toolchains/beta-2023-04-20-x86_64-unknown-linux-gnu/lib/rustlib/x86_64-unknown-linux-gnu/lib/libhashbrown-d48e4b6abc25b9dc.rlib" "/opt/rustwide/rustup-home/toolchains/beta-2023-04-20-x86_64-unknown-linux-gnu/lib/rustlib/x86_64-unknown-linux-gnu/lib/libminiz_oxide-2991859439ef1207.rlib" "/opt/rustwide/rustup-home/toolchains/beta-2023-04-20-x86_64-unknown-linux-gnu/lib/rustlib/x86_64-unknown-linux-gnu/lib/libadler-8a687517e4221bae.rlib" "/opt/rustwide/rustup-home/toolchains/beta-2023-04-20-x86_64-unknown-linux-gnu/lib/rustlib/x86_64-unknown-linux-gnu/lib/librustc_std_workspace_alloc-e07b554f6a67f5b3.rlib" "/opt/rustwide/rustup-home/toolchains/beta-2023-04-20-x86_64-unknown-linux-gnu/lib/rustlib/x86_64-unknown-linux-gnu/lib/libunwind-b68238b7c3c619dd.rlib" "/opt/rustwide/rustup-home/toolchains/beta-2023-04-20-x86_64-unknown-linux-gnu/lib/rustlib/x86_64-unknown-linux-gnu/lib/libcfg_if-d5e213e896c017e4.rlib" "/opt/rustwide/rustup-home/toolchains/beta-2023-04-20-x86_64-unknown-linux-gnu/lib/rustlib/x86_64-unknown-linux-gnu/lib/liblibc-0211a3b2e61d8689.rlib" "/opt/rustwide/rustup-home/toolchains/beta-2023-04-20-x86_64-unknown-linux-gnu/lib/rustlib/x86_64-unknown-linux-gnu/lib/liballoc-b371f055239ba51f.rlib" "/opt/rustwide/rustup-home/toolchains/beta-2023-04-20-x86_64-unknown-linux-gnu/lib/rustlib/x86_64-unknown-linux-gnu/lib/librustc_std_workspace_core-e60518d2760eb01e.rlib" "/opt/rustwide/rustup-home/toolchains/beta-2023-04-20-x86_64-unknown-linux-gnu/lib/rustlib/x86_64-unknown-linux-gnu/lib/libcore-1ad943f92a4b1081.rlib" "/opt/rustwide/rustup-home/toolchains/beta-2023-04-20-x86_64-unknown-linux-gnu/lib/rustlib/x86_64-unknown-linux-gnu/lib/libcompiler_builtins-f0d6e4d0fc1e80b4.rlib" "-Wl,-Bdynamic" "-lssl" "-lcrypto" "-lgcc_s" "-lutil" "-lrt" "-lpthread" "-lm" "-ldl" "-lc" "-Wl,--eh-frame-hdr" "-Wl,-z,noexecstack" "-L" "/opt/rustwide/rustup-home/toolchains/beta-2023-04-20-x86_64-unknown-linux-gnu/lib/rustlib/x86_64-unknown-linux-gnu/lib" "-o" "/tmp/rustdoctestpvE6WO/rust_out" "-Wl,--gc-sections" "-pie" "-Wl,-z,relro,-z,now" "-nodefaultlibs"
[INFO] [stdout]   = note: collect2: fatal error: ld terminated with signal 9 [Killed]
[INFO] [stdout]           compilation terminated.
[INFO] [stdout]           
[INFO] [stdout] 
[INFO] [stdout] error: aborting due to previous error
[INFO] [stdout] 
[INFO] [stdout] Couldn't compile the test.
[INFO] [stdout] ---- src/range.rs - range::ClosedByteRange::try_from_bounds (line 151) stdout ----
[INFO] [stdout] error: linking with `cc` failed: exit status: 1
[INFO] [stdout]   |
[INFO] [stdout]   = note: LC_ALL="C" PATH="/opt/rustwide/rustup-home/toolchains/beta-2023-04-20-x86_64-unknown-linux-gnu/lib/rustlib/x86_64-unknown-linux-gnu/bin:/opt/rustwide/cargo-home/bin:/usr/local/sbin:/usr/local/bin:/usr/sbin:/usr/bin:/sbin:/bin" VSLANG="1033" "cc" "-m64" "/tmp/rustc8hSugU/symbols.o" "/tmp/rustdoctestcMjb1Q/rust_out.rust_out.c38b68ff-cgu.0.rcgu.o" "/tmp/rustdoctestcMjb1Q/rust_out.38a7fyhsvjn6z0qy.rcgu.o" "-Wl,--as-needed" "-L" "/opt/rustwide/target/debug/deps" "-L" "/opt/rustwide/target/debug/deps" "-L" "/opt/rustwide/rustup-home/toolchains/beta-2023-04-20-x86_64-unknown-linux-gnu/lib/rustlib/x86_64-unknown-linux-gnu/lib" "-Wl,-Bstatic" "/opt/rustwide/target/debug/deps/libjotta_fs-3380abdae2950781.rlib" "/opt/rustwide/target/debug/deps/libbase64-0c872e3f7d1ba17a.rlib" "/opt/rustwide/target/debug/deps/libserde_xml_rs-6a08b1f55d49d224.rlib" "/opt/rustwide/target/debug/deps/libxml-2ca1670042266d63.rlib" "/opt/rustwide/target/debug/deps/libhex-edafc8b2917f78c9.rlib" "/opt/rustwide/target/debug/deps/libuuid-00f0344e255accd5.rlib" "/opt/rustwide/target/debug/deps/libnum-736c3ea27a09f1b7.rlib" "/opt/rustwide/target/debug/deps/libnum_iter-0ebe67b8d5a356cb.rlib" "/opt/rustwide/target/debug/deps/libnum_rational-9149756d1d7645ac.rlib" "/opt/rustwide/target/debug/deps/libnum_complex-cdd4b5696d7b045e.rlib" "/opt/rustwide/target/debug/deps/libnum_bigint-5aeb48c10416499d.rlib" "/opt/rustwide/target/debug/deps/libfutures-51f143295522fa00.rlib" "/opt/rustwide/target/debug/deps/libfutures_executor-a4a09dc218def5b2.rlib" "/opt/rustwide/target/debug/deps/libmd5-bd7e48522218445f.rlib" "/opt/rustwide/target/debug/deps/libthiserror-da04bcf92463398e.rlib" "/opt/rustwide/target/debug/deps/libserde_with-eded56b7ec318887.rlib" "/opt/rustwide/target/debug/deps/libchrono-e7442d55b62d6a05.rlib" "/opt/rustwide/target/debug/deps/libiana_time_zone-29119b9b08c3b17e.rlib" "/opt/rustwide/target/debug/deps/libnum_integer-84dbbf3360c9e522.rlib" "/opt/rustwide/target/debug/deps/libnum_traits-991acf3b855e0659.rlib" "/opt/rustwide/target/debug/deps/libtime-3487bd5840a6d6d7.rlib" "/opt/rustwide/target/debug/deps/libstrum-5d84f00e42ef024d.rlib" "/opt/rustwide/target/debug/deps/libreqwest-7604203efe46ecf6.rlib" "/opt/rustwide/target/debug/deps/libcookie_store-d2d9ad5f29e3fc1f.rlib" "/opt/rustwide/target/debug/deps/libpublicsuffix-5ffab5782d2a34f5.rlib" "/opt/rustwide/target/debug/deps/libpsl_types-5cc9064dade1abc3.rlib" "/opt/rustwide/target/debug/deps/libidna-667defed94d54745.rlib" "/opt/rustwide/target/debug/deps/libmatches-3d99511b2ef688f3.rlib" "/opt/rustwide/target/debug/deps/libcookie-07298c0c95e61b4a.rlib" "/opt/rustwide/target/debug/deps/libtime-bcf359752df13aab.rlib" "/opt/rustwide/target/debug/deps/libtime_core-a3d7b585438a9184.rlib" "/opt/rustwide/target/debug/deps/libhyper_tls-5c8a13a4480af441.rlib" "/opt/rustwide/target/debug/deps/libserde_urlencoded-b0d844c9b3923271.rlib" "/opt/rustwide/target/debug/deps/libbase64-1d8778d69d34a396.rlib" "/opt/rustwide/target/debug/deps/libipnet-c447aff94ce34889.rlib" "/opt/rustwide/target/debug/deps/libtokio_native_tls-8b5b271784cfa2d8.rlib" "/opt/rustwide/target/debug/deps/libmime-04f26b0b15f93981.rlib" "/opt/rustwide/target/debug/deps/libencoding_rs-b0d41797c1da8834.rlib" "/opt/rustwide/target/debug/deps/libserde_json-f6820ac734d7ea29.rlib" "/opt/rustwide/target/debug/deps/libryu-b5fa14faef1dcf3b.rlib" "/opt/rustwide/target/debug/deps/libserde-e31404c84a43f97a.rlib" "/opt/rustwide/target/debug/deps/libnative_tls-26dcdd15faae1064.rlib" "/opt/rustwide/target/debug/deps/libopenssl_probe-361016bdcb077fee.rlib" "/opt/rustwide/target/debug/deps/libopenssl-48c0d693944ec970.rlib" "/opt/rustwide/target/debug/deps/libbitflags-610a73087f46ba3b.rlib" "/opt/rustwide/target/debug/deps/libforeign_types-3138d685ddde873e.rlib" "/opt/rustwide/target/debug/deps/libforeign_types_shared-1df85ef0ce08cbc3.rlib" "/opt/rustwide/target/debug/deps/libopenssl_sys-ae4a74adbee44cd7.rlib" "/opt/rustwide/target/debug/deps/libhyper-0f86af60e23931df.rlib" "/opt/rustwide/target/debug/deps/libwant-751c04441b3dc539.rlib" "/opt/rustwide/target/debug/deps/libtry_lock-bcd858d644546236.rlib" "/opt/rustwide/target/debug/deps/libhttparse-463bd4a7f2c72ba2.rlib" "/opt/rustwide/target/debug/deps/libh2-db978421e129f7bf.rlib" "/opt/rustwide/target/debug/deps/libindexmap-483d6a6f45855717.rlib" "/opt/rustwide/target/debug/deps/libhashbrown-14a936eea4e6bab4.rlib" "/opt/rustwide/target/debug/deps/libtower_service-6e0b9a8ac2b0d4d0.rlib" "/opt/rustwide/target/debug/deps/libfutures_util-acfa33e40dd625e9.rlib" "/opt/rustwide/target/debug/deps/libfutures_io-d4a990e19af7fc59.rlib" "/opt/rustwide/target/debug/deps/libslab-7f8e952f3c0ab3c4.rlib" "/opt/rustwide/target/debug/deps/libfutures_channel-fa286582a719523c.rlib" "/opt/rustwide/target/debug/deps/libfutures_task-34a0ee1d6c1607f4.rlib" "/opt/rustwide/target/debug/deps/libpin_utils-501725f4e360d46d.rlib" "/opt/rustwide/target/debug/deps/libtokio_util-cf99c843cd23668f.rlib" "/opt/rustwide/target/debug/deps/libtracing-8ced68eb763f15b0.rlib" "/opt/rustwide/target/debug/deps/libtracing_core-420c8912b6569db3.rlib" "/opt/rustwide/target/debug/deps/libfutures_sink-443c30cbd423d6ef.rlib" "/opt/rustwide/target/debug/deps/libtokio-d74bc0fa6b7cc06a.rlib" "/opt/rustwide/target/debug/deps/libsocket2-1b0387b73112eaa4.rlib" "/opt/rustwide/target/debug/deps/libmio-a099621ab0d03a62.rlib" "/opt/rustwide/target/debug/deps/liblibc-437468c9c78eaf61.rlib" "/opt/rustwide/target/debug/deps/libhttp_body-4061b89499f36d44.rlib" "/opt/rustwide/target/debug/deps/libpin_project_lite-3a747526c5b5aadd.rlib" "/opt/rustwide/target/debug/deps/liblog-6f3e788ba8b980aa.rlib" "/opt/rustwide/target/debug/deps/libcfg_if-97437e183f3ae6e4.rlib" "/opt/rustwide/target/debug/deps/libfutures_core-63bdc54a682e7df4.rlib" "/opt/rustwide/target/debug/deps/liburl-d94be37c9a9a891b.rlib" "/opt/rustwide/target/debug/deps/libidna-03b9880e1a6c6c5a.rlib" "/opt/rustwide/target/debug/deps/libunicode_normalization-b37b8c0875a4acb3.rlib" "/opt/rustwide/target/debug/deps/libtinyvec-7b8097d45487fe96.rlib" "/opt/rustwide/target/debug/deps/libtinyvec_macros-ece230c108b3ca46.rlib" "/opt/rustwide/target/debug/deps/libunicode_bidi-ea0067a9d9ceb7ae.rlib" "/opt/rustwide/target/debug/deps/libform_urlencoded-c6dce5f233f9dc81.rlib" "/opt/rustwide/target/debug/deps/libpercent_encoding-4a77b5e8a25d80c2.rlib" "/opt/rustwide/target/debug/deps/libhttp-df05c4d3a64fcb1b.rlib" "/opt/rustwide/target/debug/deps/libitoa-ef51536650fd4ae2.rlib" "/opt/rustwide/target/debug/deps/libbytes-ae855e71327d1b48.rlib" "/opt/rustwide/target/debug/deps/libfnv-bb690c336855f248.rlib" "/opt/rustwide/target/debug/deps/libregex-28f2e8cb8dd40750.rlib" "/opt/rustwide/target/debug/deps/libaho_corasick-d5fac31069bece93.rlib" "/opt/rustwide/target/debug/deps/libmemchr-f4ebff342237ab92.rlib" "/opt/rustwide/target/debug/deps/libregex_syntax-cc46e3cc2c79c0a1.rlib" "/opt/rustwide/target/debug/deps/libonce_cell-4515fa40a5ce4b0c.rlib" "/opt/rustwide/rustup-home/toolchains/beta-2023-04-20-x86_64-unknown-linux-gnu/lib/rustlib/x86_64-unknown-linux-gnu/lib/libstd-0e29cc23c5e02021.rlib" "/opt/rustwide/rustup-home/toolchains/beta-2023-04-20-x86_64-unknown-linux-gnu/lib/rustlib/x86_64-unknown-linux-gnu/lib/libpanic_unwind-d903621768a861d9.rlib" "/opt/rustwide/rustup-home/toolchains/beta-2023-04-20-x86_64-unknown-linux-gnu/lib/rustlib/x86_64-unknown-linux-gnu/lib/libobject-6d0225e655f31c13.rlib" "/opt/rustwide/rustup-home/toolchains/beta-2023-04-20-x86_64-unknown-linux-gnu/lib/rustlib/x86_64-unknown-linux-gnu/lib/libmemchr-9dbaf4eac7eaa079.rlib" "/opt/rustwide/rustup-home/toolchains/beta-2023-04-20-x86_64-unknown-linux-gnu/lib/rustlib/x86_64-unknown-linux-gnu/lib/libaddr2line-27f05b3d42a66dd0.rlib" "/opt/rustwide/rustup-home/toolchains/beta-2023-04-20-x86_64-unknown-linux-gnu/lib/rustlib/x86_64-unknown-linux-gnu/lib/libgimli-4d73f1030321c9a2.rlib" "/opt/rustwide/rustup-home/toolchains/beta-2023-04-20-x86_64-unknown-linux-gnu/lib/rustlib/x86_64-unknown-linux-gnu/lib/librustc_demangle-2846c9e58abd0acb.rlib" "/opt/rustwide/rustup-home/toolchains/beta-2023-04-20-x86_64-unknown-linux-gnu/lib/rustlib/x86_64-unknown-linux-gnu/lib/libstd_detect-a53d0f50415947be.rlib" "/opt/rustwide/rustup-home/toolchains/beta-2023-04-20-x86_64-unknown-linux-gnu/lib/rustlib/x86_64-unknown-linux-gnu/lib/libhashbrown-d48e4b6abc25b9dc.rlib" "/opt/rustwide/rustup-home/toolchains/beta-2023-04-20-x86_64-unknown-linux-gnu/lib/rustlib/x86_64-unknown-linux-gnu/lib/libminiz_oxide-2991859439ef1207.rlib" "/opt/rustwide/rustup-home/toolchains/beta-2023-04-20-x86_64-unknown-linux-gnu/lib/rustlib/x86_64-unknown-linux-gnu/lib/libadler-8a687517e4221bae.rlib" "/opt/rustwide/rustup-home/toolchains/beta-2023-04-20-x86_64-unknown-linux-gnu/lib/rustlib/x86_64-unknown-linux-gnu/lib/librustc_std_workspace_alloc-e07b554f6a67f5b3.rlib" "/opt/rustwide/rustup-home/toolchains/beta-2023-04-20-x86_64-unknown-linux-gnu/lib/rustlib/x86_64-unknown-linux-gnu/lib/libunwind-b68238b7c3c619dd.rlib" "/opt/rustwide/rustup-home/toolchains/beta-2023-04-20-x86_64-unknown-linux-gnu/lib/rustlib/x86_64-unknown-linux-gnu/lib/libcfg_if-d5e213e896c017e4.rlib" "/opt/rustwide/rustup-home/toolchains/beta-2023-04-20-x86_64-unknown-linux-gnu/lib/rustlib/x86_64-unknown-linux-gnu/lib/liblibc-0211a3b2e61d8689.rlib" "/opt/rustwide/rustup-home/toolchains/beta-2023-04-20-x86_64-unknown-linux-gnu/lib/rustlib/x86_64-unknown-linux-gnu/lib/liballoc-b371f055239ba51f.rlib" "/opt/rustwide/rustup-home/toolchains/beta-2023-04-20-x86_64-unknown-linux-gnu/lib/rustlib/x86_64-unknown-linux-gnu/lib/librustc_std_workspace_core-e60518d2760eb01e.rlib" "/opt/rustwide/rustup-home/toolchains/beta-2023-04-20-x86_64-unknown-linux-gnu/lib/rustlib/x86_64-unknown-linux-gnu/lib/libcore-1ad943f92a4b1081.rlib" "/opt/rustwide/rustup-home/toolchains/beta-2023-04-20-x86_64-unknown-linux-gnu/lib/rustlib/x86_64-unknown-linux-gnu/lib/libcompiler_builtins-f0d6e4d0fc1e80b4.rlib" "-Wl,-Bdynamic" "-lssl" "-lcrypto" "-lgcc_s" "-lutil" "-lrt" "-lpthread" "-lm" "-ldl" "-lc" "-Wl,--eh-frame-hdr" "-Wl,-z,noexecstack" "-L" "/opt/rustwide/rustup-home/toolchains/beta-2023-04-20-x86_64-unknown-linux-gnu/lib/rustlib/x86_64-unknown-linux-gnu/lib" "-o" "/tmp/rustdoctestcMjb1Q/rust_out" "-Wl,--gc-sections" "-pie" "-Wl,-z,relro,-z,now" "-nodefaultlibs"
[INFO] [stdout]   = note: collect2: fatal error: ld terminated with signal 9 [Killed]
[INFO] [stdout]           compilation terminated.
[INFO] [stdout]           
[INFO] [stdout] 
[INFO] [stdout] error: aborting due to previous error
[INFO] [stdout] 
[INFO] [stdout] Couldn't compile the test.
[INFO] [stdout] ---- src/range.rs - range::ClosedByteRange::end (line 196) stdout ----
[INFO] [stdout] error: linking with `cc` failed: exit status: 1
[INFO] [stdout]   |
[INFO] [stdout]   = note: LC_ALL="C" PATH="/opt/rustwide/rustup-home/toolchains/beta-2023-04-20-x86_64-unknown-linux-gnu/lib/rustlib/x86_64-unknown-linux-gnu/bin:/opt/rustwide/cargo-home/bin:/usr/local/sbin:/usr/local/bin:/usr/sbin:/usr/bin:/sbin:/bin" VSLANG="1033" "cc" "-m64" "/tmp/rustc36dkrP/symbols.o" "/tmp/rustdoctestZm3z8a/rust_out.rust_out.c38b68ff-cgu.0.rcgu.o" "/tmp/rustdoctestZm3z8a/rust_out.38a7fyhsvjn6z0qy.rcgu.o" "-Wl,--as-needed" "-L" "/opt/rustwide/target/debug/deps" "-L" "/opt/rustwide/target/debug/deps" "-L" "/opt/rustwide/rustup-home/toolchains/beta-2023-04-20-x86_64-unknown-linux-gnu/lib/rustlib/x86_64-unknown-linux-gnu/lib" "-Wl,-Bstatic" "/opt/rustwide/target/debug/deps/libjotta_fs-3380abdae2950781.rlib" "/opt/rustwide/target/debug/deps/libbase64-0c872e3f7d1ba17a.rlib" "/opt/rustwide/target/debug/deps/libserde_xml_rs-6a08b1f55d49d224.rlib" "/opt/rustwide/target/debug/deps/libxml-2ca1670042266d63.rlib" "/opt/rustwide/target/debug/deps/libhex-edafc8b2917f78c9.rlib" "/opt/rustwide/target/debug/deps/libuuid-00f0344e255accd5.rlib" "/opt/rustwide/target/debug/deps/libnum-736c3ea27a09f1b7.rlib" "/opt/rustwide/target/debug/deps/libnum_iter-0ebe67b8d5a356cb.rlib" "/opt/rustwide/target/debug/deps/libnum_rational-9149756d1d7645ac.rlib" "/opt/rustwide/target/debug/deps/libnum_complex-cdd4b5696d7b045e.rlib" "/opt/rustwide/target/debug/deps/libnum_bigint-5aeb48c10416499d.rlib" "/opt/rustwide/target/debug/deps/libfutures-51f143295522fa00.rlib" "/opt/rustwide/target/debug/deps/libfutures_executor-a4a09dc218def5b2.rlib" "/opt/rustwide/target/debug/deps/libmd5-bd7e48522218445f.rlib" "/opt/rustwide/target/debug/deps/libthiserror-da04bcf92463398e.rlib" "/opt/rustwide/target/debug/deps/libserde_with-eded56b7ec318887.rlib" "/opt/rustwide/target/debug/deps/libchrono-e7442d55b62d6a05.rlib" "/opt/rustwide/target/debug/deps/libiana_time_zone-29119b9b08c3b17e.rlib" "/opt/rustwide/target/debug/deps/libnum_integer-84dbbf3360c9e522.rlib" "/opt/rustwide/target/debug/deps/libnum_traits-991acf3b855e0659.rlib" "/opt/rustwide/target/debug/deps/libtime-3487bd5840a6d6d7.rlib" "/opt/rustwide/target/debug/deps/libstrum-5d84f00e42ef024d.rlib" "/opt/rustwide/target/debug/deps/libreqwest-7604203efe46ecf6.rlib" "/opt/rustwide/target/debug/deps/libcookie_store-d2d9ad5f29e3fc1f.rlib" "/opt/rustwide/target/debug/deps/libpublicsuffix-5ffab5782d2a34f5.rlib" "/opt/rustwide/target/debug/deps/libpsl_types-5cc9064dade1abc3.rlib" "/opt/rustwide/target/debug/deps/libidna-667defed94d54745.rlib" "/opt/rustwide/target/debug/deps/libmatches-3d99511b2ef688f3.rlib" "/opt/rustwide/target/debug/deps/libcookie-07298c0c95e61b4a.rlib" "/opt/rustwide/target/debug/deps/libtime-bcf359752df13aab.rlib" "/opt/rustwide/target/debug/deps/libtime_core-a3d7b585438a9184.rlib" "/opt/rustwide/target/debug/deps/libhyper_tls-5c8a13a4480af441.rlib" "/opt/rustwide/target/debug/deps/libserde_urlencoded-b0d844c9b3923271.rlib" "/opt/rustwide/target/debug/deps/libbase64-1d8778d69d34a396.rlib" "/opt/rustwide/target/debug/deps/libipnet-c447aff94ce34889.rlib" "/opt/rustwide/target/debug/deps/libtokio_native_tls-8b5b271784cfa2d8.rlib" "/opt/rustwide/target/debug/deps/libmime-04f26b0b15f93981.rlib" "/opt/rustwide/target/debug/deps/libencoding_rs-b0d41797c1da8834.rlib" "/opt/rustwide/target/debug/deps/libserde_json-f6820ac734d7ea29.rlib" "/opt/rustwide/target/debug/deps/libryu-b5fa14faef1dcf3b.rlib" "/opt/rustwide/target/debug/deps/libserde-e31404c84a43f97a.rlib" "/opt/rustwide/target/debug/deps/libnative_tls-26dcdd15faae1064.rlib" "/opt/rustwide/target/debug/deps/libopenssl_probe-361016bdcb077fee.rlib" "/opt/rustwide/target/debug/deps/libopenssl-48c0d693944ec970.rlib" "/opt/rustwide/target/debug/deps/libbitflags-610a73087f46ba3b.rlib" "/opt/rustwide/target/debug/deps/libforeign_types-3138d685ddde873e.rlib" "/opt/rustwide/target/debug/deps/libforeign_types_shared-1df85ef0ce08cbc3.rlib" "/opt/rustwide/target/debug/deps/libopenssl_sys-ae4a74adbee44cd7.rlib" "/opt/rustwide/target/debug/deps/libhyper-0f86af60e23931df.rlib" "/opt/rustwide/target/debug/deps/libwant-751c04441b3dc539.rlib" "/opt/rustwide/target/debug/deps/libtry_lock-bcd858d644546236.rlib" "/opt/rustwide/target/debug/deps/libhttparse-463bd4a7f2c72ba2.rlib" "/opt/rustwide/target/debug/deps/libh2-db978421e129f7bf.rlib" "/opt/rustwide/target/debug/deps/libindexmap-483d6a6f45855717.rlib" "/opt/rustwide/target/debug/deps/libhashbrown-14a936eea4e6bab4.rlib" "/opt/rustwide/target/debug/deps/libtower_service-6e0b9a8ac2b0d4d0.rlib" "/opt/rustwide/target/debug/deps/libfutures_util-acfa33e40dd625e9.rlib" "/opt/rustwide/target/debug/deps/libfutures_io-d4a990e19af7fc59.rlib" "/opt/rustwide/target/debug/deps/libslab-7f8e952f3c0ab3c4.rlib" "/opt/rustwide/target/debug/deps/libfutures_channel-fa286582a719523c.rlib" "/opt/rustwide/target/debug/deps/libfutures_task-34a0ee1d6c1607f4.rlib" "/opt/rustwide/target/debug/deps/libpin_utils-501725f4e360d46d.rlib" "/opt/rustwide/target/debug/deps/libtokio_util-cf99c843cd23668f.rlib" "/opt/rustwide/target/debug/deps/libtracing-8ced68eb763f15b0.rlib" "/opt/rustwide/target/debug/deps/libtracing_core-420c8912b6569db3.rlib" "/opt/rustwide/target/debug/deps/libfutures_sink-443c30cbd423d6ef.rlib" "/opt/rustwide/target/debug/deps/libtokio-d74bc0fa6b7cc06a.rlib" "/opt/rustwide/target/debug/deps/libsocket2-1b0387b73112eaa4.rlib" "/opt/rustwide/target/debug/deps/libmio-a099621ab0d03a62.rlib" "/opt/rustwide/target/debug/deps/liblibc-437468c9c78eaf61.rlib" "/opt/rustwide/target/debug/deps/libhttp_body-4061b89499f36d44.rlib" "/opt/rustwide/target/debug/deps/libpin_project_lite-3a747526c5b5aadd.rlib" "/opt/rustwide/target/debug/deps/liblog-6f3e788ba8b980aa.rlib" "/opt/rustwide/target/debug/deps/libcfg_if-97437e183f3ae6e4.rlib" "/opt/rustwide/target/debug/deps/libfutures_core-63bdc54a682e7df4.rlib" "/opt/rustwide/target/debug/deps/liburl-d94be37c9a9a891b.rlib" "/opt/rustwide/target/debug/deps/libidna-03b9880e1a6c6c5a.rlib" "/opt/rustwide/target/debug/deps/libunicode_normalization-b37b8c0875a4acb3.rlib" "/opt/rustwide/target/debug/deps/libtinyvec-7b8097d45487fe96.rlib" "/opt/rustwide/target/debug/deps/libtinyvec_macros-ece230c108b3ca46.rlib" "/opt/rustwide/target/debug/deps/libunicode_bidi-ea0067a9d9ceb7ae.rlib" "/opt/rustwide/target/debug/deps/libform_urlencoded-c6dce5f233f9dc81.rlib" "/opt/rustwide/target/debug/deps/libpercent_encoding-4a77b5e8a25d80c2.rlib" "/opt/rustwide/target/debug/deps/libhttp-df05c4d3a64fcb1b.rlib" "/opt/rustwide/target/debug/deps/libitoa-ef51536650fd4ae2.rlib" "/opt/rustwide/target/debug/deps/libbytes-ae855e71327d1b48.rlib" "/opt/rustwide/target/debug/deps/libfnv-bb690c336855f248.rlib" "/opt/rustwide/target/debug/deps/libregex-28f2e8cb8dd40750.rlib" "/opt/rustwide/target/debug/deps/libaho_corasick-d5fac31069bece93.rlib" "/opt/rustwide/target/debug/deps/libmemchr-f4ebff342237ab92.rlib" "/opt/rustwide/target/debug/deps/libregex_syntax-cc46e3cc2c79c0a1.rlib" "/opt/rustwide/target/debug/deps/libonce_cell-4515fa40a5ce4b0c.rlib" "/opt/rustwide/rustup-home/toolchains/beta-2023-04-20-x86_64-unknown-linux-gnu/lib/rustlib/x86_64-unknown-linux-gnu/lib/libstd-0e29cc23c5e02021.rlib" "/opt/rustwide/rustup-home/toolchains/beta-2023-04-20-x86_64-unknown-linux-gnu/lib/rustlib/x86_64-unknown-linux-gnu/lib/libpanic_unwind-d903621768a861d9.rlib" "/opt/rustwide/rustup-home/toolchains/beta-2023-04-20-x86_64-unknown-linux-gnu/lib/rustlib/x86_64-unknown-linux-gnu/lib/libobject-6d0225e655f31c13.rlib" "/opt/rustwide/rustup-home/toolchains/beta-2023-04-20-x86_64-unknown-linux-gnu/lib/rustlib/x86_64-unknown-linux-gnu/lib/libmemchr-9dbaf4eac7eaa079.rlib" "/opt/rustwide/rustup-home/toolchains/beta-2023-04-20-x86_64-unknown-linux-gnu/lib/rustlib/x86_64-unknown-linux-gnu/lib/libaddr2line-27f05b3d42a66dd0.rlib" "/opt/rustwide/rustup-home/toolchains/beta-2023-04-20-x86_64-unknown-linux-gnu/lib/rustlib/x86_64-unknown-linux-gnu/lib/libgimli-4d73f1030321c9a2.rlib" "/opt/rustwide/rustup-home/toolchains/beta-2023-04-20-x86_64-unknown-linux-gnu/lib/rustlib/x86_64-unknown-linux-gnu/lib/librustc_demangle-2846c9e58abd0acb.rlib" "/opt/rustwide/rustup-home/toolchains/beta-2023-04-20-x86_64-unknown-linux-gnu/lib/rustlib/x86_64-unknown-linux-gnu/lib/libstd_detect-a53d0f50415947be.rlib" "/opt/rustwide/rustup-home/toolchains/beta-2023-04-20-x86_64-unknown-linux-gnu/lib/rustlib/x86_64-unknown-linux-gnu/lib/libhashbrown-d48e4b6abc25b9dc.rlib" "/opt/rustwide/rustup-home/toolchains/beta-2023-04-20-x86_64-unknown-linux-gnu/lib/rustlib/x86_64-unknown-linux-gnu/lib/libminiz_oxide-2991859439ef1207.rlib" "/opt/rustwide/rustup-home/toolchains/beta-2023-04-20-x86_64-unknown-linux-gnu/lib/rustlib/x86_64-unknown-linux-gnu/lib/libadler-8a687517e4221bae.rlib" "/opt/rustwide/rustup-home/toolchains/beta-2023-04-20-x86_64-unknown-linux-gnu/lib/rustlib/x86_64-unknown-linux-gnu/lib/librustc_std_workspace_alloc-e07b554f6a67f5b3.rlib" "/opt/rustwide/rustup-home/toolchains/beta-2023-04-20-x86_64-unknown-linux-gnu/lib/rustlib/x86_64-unknown-linux-gnu/lib/libunwind-b68238b7c3c619dd.rlib" "/opt/rustwide/rustup-home/toolchains/beta-2023-04-20-x86_64-unknown-linux-gnu/lib/rustlib/x86_64-unknown-linux-gnu/lib/libcfg_if-d5e213e896c017e4.rlib" "/opt/rustwide/rustup-home/toolchains/beta-2023-04-20-x86_64-unknown-linux-gnu/lib/rustlib/x86_64-unknown-linux-gnu/lib/liblibc-0211a3b2e61d8689.rlib" "/opt/rustwide/rustup-home/toolchains/beta-2023-04-20-x86_64-unknown-linux-gnu/lib/rustlib/x86_64-unknown-linux-gnu/lib/liballoc-b371f055239ba51f.rlib" "/opt/rustwide/rustup-home/toolchains/beta-2023-04-20-x86_64-unknown-linux-gnu/lib/rustlib/x86_64-unknown-linux-gnu/lib/librustc_std_workspace_core-e60518d2760eb01e.rlib" "/opt/rustwide/rustup-home/toolchains/beta-2023-04-20-x86_64-unknown-linux-gnu/lib/rustlib/x86_64-unknown-linux-gnu/lib/libcore-1ad943f92a4b1081.rlib" "/opt/rustwide/rustup-home/toolchains/beta-2023-04-20-x86_64-unknown-linux-gnu/lib/rustlib/x86_64-unknown-linux-gnu/lib/libcompiler_builtins-f0d6e4d0fc1e80b4.rlib" "-Wl,-Bdynamic" "-lssl" "-lcrypto" "-lgcc_s" "-lutil" "-lrt" "-lpthread" "-lm" "-ldl" "-lc" "-Wl,--eh-frame-hdr" "-Wl,-z,noexecstack" "-L" "/opt/rustwide/rustup-home/toolchains/beta-2023-04-20-x86_64-unknown-linux-gnu/lib/rustlib/x86_64-unknown-linux-gnu/lib" "-o" "/tmp/rustdoctestZm3z8a/rust_out" "-Wl,--gc-sections" "-pie" "-Wl,-z,relro,-z,now" "-nodefaultlibs"
[INFO] [stdout]   = note: collect2: fatal error: ld terminated with signal 9 [Killed]
[INFO] [stdout]           compilation terminated.
[INFO] [stdout]           
[INFO] [stdout] 
[INFO] [stdout] error: aborting due to previous error
[INFO] [stdout] 
[INFO] [stdout] Couldn't compile the test.
[INFO] [stdout] ---- src/range.rs - range::ByteRange::to_http_range (line 47) stdout ----
[INFO] [stdout] error: linking with `cc` failed: exit status: 1
[INFO] [stdout]   |
[INFO] [stdout]   = note: LC_ALL="C" PATH="/opt/rustwide/rustup-home/toolchains/beta-2023-04-20-x86_64-unknown-linux-gnu/lib/rustlib/x86_64-unknown-linux-gnu/bin:/opt/rustwide/cargo-home/bin:/usr/local/sbin:/usr/local/bin:/usr/sbin:/usr/bin:/sbin:/bin" VSLANG="1033" "cc" "-m64" "/tmp/rustccMZ90X/symbols.o" "/tmp/rustdoctest4PoGQT/rust_out.rust_out.c38b68ff-cgu.0.rcgu.o" "/tmp/rustdoctest4PoGQT/rust_out.38a7fyhsvjn6z0qy.rcgu.o" "-Wl,--as-needed" "-L" "/opt/rustwide/target/debug/deps" "-L" "/opt/rustwide/target/debug/deps" "-L" "/opt/rustwide/rustup-home/toolchains/beta-2023-04-20-x86_64-unknown-linux-gnu/lib/rustlib/x86_64-unknown-linux-gnu/lib" "-Wl,-Bstatic" "/opt/rustwide/target/debug/deps/libjotta_fs-3380abdae2950781.rlib" "/opt/rustwide/target/debug/deps/libbase64-0c872e3f7d1ba17a.rlib" "/opt/rustwide/target/debug/deps/libserde_xml_rs-6a08b1f55d49d224.rlib" "/opt/rustwide/target/debug/deps/libxml-2ca1670042266d63.rlib" "/opt/rustwide/target/debug/deps/libhex-edafc8b2917f78c9.rlib" "/opt/rustwide/target/debug/deps/libuuid-00f0344e255accd5.rlib" "/opt/rustwide/target/debug/deps/libnum-736c3ea27a09f1b7.rlib" "/opt/rustwide/target/debug/deps/libnum_iter-0ebe67b8d5a356cb.rlib" "/opt/rustwide/target/debug/deps/libnum_rational-9149756d1d7645ac.rlib" "/opt/rustwide/target/debug/deps/libnum_complex-cdd4b5696d7b045e.rlib" "/opt/rustwide/target/debug/deps/libnum_bigint-5aeb48c10416499d.rlib" "/opt/rustwide/target/debug/deps/libfutures-51f143295522fa00.rlib" "/opt/rustwide/target/debug/deps/libfutures_executor-a4a09dc218def5b2.rlib" "/opt/rustwide/target/debug/deps/libmd5-bd7e48522218445f.rlib" "/opt/rustwide/target/debug/deps/libthiserror-da04bcf92463398e.rlib" "/opt/rustwide/target/debug/deps/libserde_with-eded56b7ec318887.rlib" "/opt/rustwide/target/debug/deps/libchrono-e7442d55b62d6a05.rlib" "/opt/rustwide/target/debug/deps/libiana_time_zone-29119b9b08c3b17e.rlib" "/opt/rustwide/target/debug/deps/libnum_integer-84dbbf3360c9e522.rlib" "/opt/rustwide/target/debug/deps/libnum_traits-991acf3b855e0659.rlib" "/opt/rustwide/target/debug/deps/libtime-3487bd5840a6d6d7.rlib" "/opt/rustwide/target/debug/deps/libstrum-5d84f00e42ef024d.rlib" "/opt/rustwide/target/debug/deps/libreqwest-7604203efe46ecf6.rlib" "/opt/rustwide/target/debug/deps/libcookie_store-d2d9ad5f29e3fc1f.rlib" "/opt/rustwide/target/debug/deps/libpublicsuffix-5ffab5782d2a34f5.rlib" "/opt/rustwide/target/debug/deps/libpsl_types-5cc9064dade1abc3.rlib" "/opt/rustwide/target/debug/deps/libidna-667defed94d54745.rlib" "/opt/rustwide/target/debug/deps/libmatches-3d99511b2ef688f3.rlib" "/opt/rustwide/target/debug/deps/libcookie-07298c0c95e61b4a.rlib" "/opt/rustwide/target/debug/deps/libtime-bcf359752df13aab.rlib" "/opt/rustwide/target/debug/deps/libtime_core-a3d7b585438a9184.rlib" "/opt/rustwide/target/debug/deps/libhyper_tls-5c8a13a4480af441.rlib" "/opt/rustwide/target/debug/deps/libserde_urlencoded-b0d844c9b3923271.rlib" "/opt/rustwide/target/debug/deps/libbase64-1d8778d69d34a396.rlib" "/opt/rustwide/target/debug/deps/libipnet-c447aff94ce34889.rlib" "/opt/rustwide/target/debug/deps/libtokio_native_tls-8b5b271784cfa2d8.rlib" "/opt/rustwide/target/debug/deps/libmime-04f26b0b15f93981.rlib" "/opt/rustwide/target/debug/deps/libencoding_rs-b0d41797c1da8834.rlib" "/opt/rustwide/target/debug/deps/libserde_json-f6820ac734d7ea29.rlib" "/opt/rustwide/target/debug/deps/libryu-b5fa14faef1dcf3b.rlib" "/opt/rustwide/target/debug/deps/libserde-e31404c84a43f97a.rlib" "/opt/rustwide/target/debug/deps/libnative_tls-26dcdd15faae1064.rlib" "/opt/rustwide/target/debug/deps/libopenssl_probe-361016bdcb077fee.rlib" "/opt/rustwide/target/debug/deps/libopenssl-48c0d693944ec970.rlib" "/opt/rustwide/target/debug/deps/libbitflags-610a73087f46ba3b.rlib" "/opt/rustwide/target/debug/deps/libforeign_types-3138d685ddde873e.rlib" "/opt/rustwide/target/debug/deps/libforeign_types_shared-1df85ef0ce08cbc3.rlib" "/opt/rustwide/target/debug/deps/libopenssl_sys-ae4a74adbee44cd7.rlib" "/opt/rustwide/target/debug/deps/libhyper-0f86af60e23931df.rlib" "/opt/rustwide/target/debug/deps/libwant-751c04441b3dc539.rlib" "/opt/rustwide/target/debug/deps/libtry_lock-bcd858d644546236.rlib" "/opt/rustwide/target/debug/deps/libhttparse-463bd4a7f2c72ba2.rlib" "/opt/rustwide/target/debug/deps/libh2-db978421e129f7bf.rlib" "/opt/rustwide/target/debug/deps/libindexmap-483d6a6f45855717.rlib" "/opt/rustwide/target/debug/deps/libhashbrown-14a936eea4e6bab4.rlib" "/opt/rustwide/target/debug/deps/libtower_service-6e0b9a8ac2b0d4d0.rlib" "/opt/rustwide/target/debug/deps/libfutures_util-acfa33e40dd625e9.rlib" "/opt/rustwide/target/debug/deps/libfutures_io-d4a990e19af7fc59.rlib" "/opt/rustwide/target/debug/deps/libslab-7f8e952f3c0ab3c4.rlib" "/opt/rustwide/target/debug/deps/libfutures_channel-fa286582a719523c.rlib" "/opt/rustwide/target/debug/deps/libfutures_task-34a0ee1d6c1607f4.rlib" "/opt/rustwide/target/debug/deps/libpin_utils-501725f4e360d46d.rlib" "/opt/rustwide/target/debug/deps/libtokio_util-cf99c843cd23668f.rlib" "/opt/rustwide/target/debug/deps/libtracing-8ced68eb763f15b0.rlib" "/opt/rustwide/target/debug/deps/libtracing_core-420c8912b6569db3.rlib" "/opt/rustwide/target/debug/deps/libfutures_sink-443c30cbd423d6ef.rlib" "/opt/rustwide/target/debug/deps/libtokio-d74bc0fa6b7cc06a.rlib" "/opt/rustwide/target/debug/deps/libsocket2-1b0387b73112eaa4.rlib" "/opt/rustwide/target/debug/deps/libmio-a099621ab0d03a62.rlib" "/opt/rustwide/target/debug/deps/liblibc-437468c9c78eaf61.rlib" "/opt/rustwide/target/debug/deps/libhttp_body-4061b89499f36d44.rlib" "/opt/rustwide/target/debug/deps/libpin_project_lite-3a747526c5b5aadd.rlib" "/opt/rustwide/target/debug/deps/liblog-6f3e788ba8b980aa.rlib" "/opt/rustwide/target/debug/deps/libcfg_if-97437e183f3ae6e4.rlib" "/opt/rustwide/target/debug/deps/libfutures_core-63bdc54a682e7df4.rlib" "/opt/rustwide/target/debug/deps/liburl-d94be37c9a9a891b.rlib" "/opt/rustwide/target/debug/deps/libidna-03b9880e1a6c6c5a.rlib" "/opt/rustwide/target/debug/deps/libunicode_normalization-b37b8c0875a4acb3.rlib" "/opt/rustwide/target/debug/deps/libtinyvec-7b8097d45487fe96.rlib" "/opt/rustwide/target/debug/deps/libtinyvec_macros-ece230c108b3ca46.rlib" "/opt/rustwide/target/debug/deps/libunicode_bidi-ea0067a9d9ceb7ae.rlib" "/opt/rustwide/target/debug/deps/libform_urlencoded-c6dce5f233f9dc81.rlib" "/opt/rustwide/target/debug/deps/libpercent_encoding-4a77b5e8a25d80c2.rlib" "/opt/rustwide/target/debug/deps/libhttp-df05c4d3a64fcb1b.rlib" "/opt/rustwide/target/debug/deps/libitoa-ef51536650fd4ae2.rlib" "/opt/rustwide/target/debug/deps/libbytes-ae855e71327d1b48.rlib" "/opt/rustwide/target/debug/deps/libfnv-bb690c336855f248.rlib" "/opt/rustwide/target/debug/deps/libregex-28f2e8cb8dd40750.rlib" "/opt/rustwide/target/debug/deps/libaho_corasick-d5fac31069bece93.rlib" "/opt/rustwide/target/debug/deps/libmemchr-f4ebff342237ab92.rlib" "/opt/rustwide/target/debug/deps/libregex_syntax-cc46e3cc2c79c0a1.rlib" "/opt/rustwide/target/debug/deps/libonce_cell-4515fa40a5ce4b0c.rlib" "/opt/rustwide/rustup-home/toolchains/beta-2023-04-20-x86_64-unknown-linux-gnu/lib/rustlib/x86_64-unknown-linux-gnu/lib/libstd-0e29cc23c5e02021.rlib" "/opt/rustwide/rustup-home/toolchains/beta-2023-04-20-x86_64-unknown-linux-gnu/lib/rustlib/x86_64-unknown-linux-gnu/lib/libpanic_unwind-d903621768a861d9.rlib" "/opt/rustwide/rustup-home/toolchains/beta-2023-04-20-x86_64-unknown-linux-gnu/lib/rustlib/x86_64-unknown-linux-gnu/lib/libobject-6d0225e655f31c13.rlib" "/opt/rustwide/rustup-home/toolchains/beta-2023-04-20-x86_64-unknown-linux-gnu/lib/rustlib/x86_64-unknown-linux-gnu/lib/libmemchr-9dbaf4eac7eaa079.rlib" "/opt/rustwide/rustup-home/toolchains/beta-2023-04-20-x86_64-unknown-linux-gnu/lib/rustlib/x86_64-unknown-linux-gnu/lib/libaddr2line-27f05b3d42a66dd0.rlib" "/opt/rustwide/rustup-home/toolchains/beta-2023-04-20-x86_64-unknown-linux-gnu/lib/rustlib/x86_64-unknown-linux-gnu/lib/libgimli-4d73f1030321c9a2.rlib" "/opt/rustwide/rustup-home/toolchains/beta-2023-04-20-x86_64-unknown-linux-gnu/lib/rustlib/x86_64-unknown-linux-gnu/lib/librustc_demangle-2846c9e58abd0acb.rlib" "/opt/rustwide/rustup-home/toolchains/beta-2023-04-20-x86_64-unknown-linux-gnu/lib/rustlib/x86_64-unknown-linux-gnu/lib/libstd_detect-a53d0f50415947be.rlib" "/opt/rustwide/rustup-home/toolchains/beta-2023-04-20-x86_64-unknown-linux-gnu/lib/rustlib/x86_64-unknown-linux-gnu/lib/libhashbrown-d48e4b6abc25b9dc.rlib" "/opt/rustwide/rustup-home/toolchains/beta-2023-04-20-x86_64-unknown-linux-gnu/lib/rustlib/x86_64-unknown-linux-gnu/lib/libminiz_oxide-2991859439ef1207.rlib" "/opt/rustwide/rustup-home/toolchains/beta-2023-04-20-x86_64-unknown-linux-gnu/lib/rustlib/x86_64-unknown-linux-gnu/lib/libadler-8a687517e4221bae.rlib" "/opt/rustwide/rustup-home/toolchains/beta-2023-04-20-x86_64-unknown-linux-gnu/lib/rustlib/x86_64-unknown-linux-gnu/lib/librustc_std_workspace_alloc-e07b554f6a67f5b3.rlib" "/opt/rustwide/rustup-home/toolchains/beta-2023-04-20-x86_64-unknown-linux-gnu/lib/rustlib/x86_64-unknown-linux-gnu/lib/libunwind-b68238b7c3c619dd.rlib" "/opt/rustwide/rustup-home/toolchains/beta-2023-04-20-x86_64-unknown-linux-gnu/lib/rustlib/x86_64-unknown-linux-gnu/lib/libcfg_if-d5e213e896c017e4.rlib" "/opt/rustwide/rustup-home/toolchains/beta-2023-04-20-x86_64-unknown-linux-gnu/lib/rustlib/x86_64-unknown-linux-gnu/lib/liblibc-0211a3b2e61d8689.rlib" "/opt/rustwide/rustup-home/toolchains/beta-2023-04-20-x86_64-unknown-linux-gnu/lib/rustlib/x86_64-unknown-linux-gnu/lib/liballoc-b371f055239ba51f.rlib" "/opt/rustwide/rustup-home/toolchains/beta-2023-04-20-x86_64-unknown-linux-gnu/lib/rustlib/x86_64-unknown-linux-gnu/lib/librustc_std_workspace_core-e60518d2760eb01e.rlib" "/opt/rustwide/rustup-home/toolchains/beta-2023-04-20-x86_64-unknown-linux-gnu/lib/rustlib/x86_64-unknown-linux-gnu/lib/libcore-1ad943f92a4b1081.rlib" "/opt/rustwide/rustup-home/toolchains/beta-2023-04-20-x86_64-unknown-linux-gnu/lib/rustlib/x86_64-unknown-linux-gnu/lib/libcompiler_builtins-f0d6e4d0fc1e80b4.rlib" "-Wl,-Bdynamic" "-lssl" "-lcrypto" "-lgcc_s" "-lutil" "-lrt" "-lpthread" "-lm" "-ldl" "-lc" "-Wl,--eh-frame-hdr" "-Wl,-z,noexecstack" "-L" "/opt/rustwide/rustup-home/toolchains/beta-2023-04-20-x86_64-unknown-linux-gnu/lib/rustlib/x86_64-unknown-linux-gnu/lib" "-o" "/tmp/rustdoctest4PoGQT/rust_out" "-Wl,--gc-sections" "-pie" "-Wl,-z,relro,-z,now" "-nodefaultlibs"
[INFO] [stdout]   = note: collect2: fatal error: ld terminated with signal 9 [Killed]
[INFO] [stdout]           compilation terminated.
[INFO] [stdout]           
[INFO] [stdout] 
[INFO] [stdout] error: aborting due to previous error
[INFO] [stdout] 
[INFO] [stdout] Couldn't compile the test.
[INFO] [stdout] 
[INFO] [stdout] failures:
[INFO] [stdout]     src/range.rs - range::ByteRange::len (line 22)
[INFO] [stdout]     src/range.rs - range::ByteRange::to_http_range (line 47)
[INFO] [stdout]     src/range.rs - range::ClosedByteRange::end (line 196)
[INFO] [stdout]     src/range.rs - range::ClosedByteRange::try_from_bounds (line 151)
[INFO] [stdout] 
[INFO] [stdout] test result: FAILED. 5 passed; 4 failed; 0 ignored; 0 measured; 0 filtered out; finished in 3.94s
[INFO] [stdout] 
[INFO] [stderr] error: doctest failed, to rerun pass `--doc`
[INFO] running `Command { std: "docker" "inspect" "49f600de0922e76b60501ac59fdf137453dfadeb70f7babfa966c2eddddba4b7", kill_on_drop: false }`
[INFO] running `Command { std: "docker" "rm" "-f" "49f600de0922e76b60501ac59fdf137453dfadeb70f7babfa966c2eddddba4b7", kill_on_drop: false }`
[INFO] [stdout] 49f600de0922e76b60501ac59fdf137453dfadeb70f7babfa966c2eddddba4b7
