[INFO] fetching crate jinko 0.3.0-jinx7...
[INFO] testing jinko-0.3.0-jinx7 against beta-2023-04-20 for beta-1.70-1
[INFO] extracting crate jinko 0.3.0-jinx7 into /workspace/builds/worker-5-tc2/source
[INFO] validating manifest of crates.io crate jinko 0.3.0-jinx7 on toolchain beta-2023-04-20
[INFO] running `Command { std: CARGO_HOME="/workspace/cargo-home" RUSTUP_HOME="/workspace/rustup-home" "/workspace/cargo-home/bin/cargo" "+beta-2023-04-20" "metadata" "--manifest-path" "Cargo.toml" "--no-deps", kill_on_drop: false }`
[INFO] started tweaking crates.io crate jinko 0.3.0-jinx7
[INFO] finished tweaking crates.io crate jinko 0.3.0-jinx7
[INFO] tweaked toml for crates.io crate jinko 0.3.0-jinx7 written to /workspace/builds/worker-5-tc2/source/Cargo.toml
[INFO] crate crates.io crate jinko 0.3.0-jinx7 already has a lockfile, it will not be regenerated
[INFO] running `Command { std: CARGO_HOME="/workspace/cargo-home" RUSTUP_HOME="/workspace/rustup-home" "/workspace/cargo-home/bin/cargo" "+beta-2023-04-20" "fetch" "--manifest-path" "Cargo.toml", kill_on_drop: false }`
[INFO] [stderr]     Updating crates.io index
[INFO] [stderr]  Downloading crates ...
[INFO] [stderr]   Downloaded nom_locate v4.0.0
[INFO] [stderr]   Downloaded smallstr v0.2.0
[INFO] [stderr]   Downloaded linefeed v0.6.0
[INFO] [stderr]   Downloaded abort_on_panic v2.0.0
[INFO] [stderr]   Downloaded terminfo v0.7.3
[INFO] [stderr]   Downloaded mortal v0.2.3
[INFO] [stderr]   Downloaded libffi v2.0.1
[INFO] [stderr]   Downloaded libffi-sys v1.3.2
[INFO] running `Command { std: "docker" "create" "-v" "/var/lib/crater-agent-workspace/builds/worker-5-tc2/target:/opt/rustwide/target:rw,Z" "-v" "/var/lib/crater-agent-workspace/builds/worker-5-tc2/source:/opt/rustwide/workdir:ro,Z" "-v" "/var/lib/crater-agent-workspace/cargo-home:/opt/rustwide/cargo-home:ro,Z" "-v" "/var/lib/crater-agent-workspace/rustup-home:/opt/rustwide/rustup-home:ro,Z" "-e" "SOURCE_DIR=/opt/rustwide/workdir" "-e" "CARGO_TARGET_DIR=/opt/rustwide/target" "-e" "CARGO_HOME=/opt/rustwide/cargo-home" "-e" "RUSTUP_HOME=/opt/rustwide/rustup-home" "-w" "/opt/rustwide/workdir" "-m" "1610612736" "--user" "0:0" "--network" "none" "ghcr.io/rust-lang/crates-build-env/linux@sha256:5ff2268d62e97bff2cde7d5815dd6ed5b47097566f13b8d0ca110b04b60e07ed" "/opt/rustwide/cargo-home/bin/cargo" "+beta-2023-04-20" "metadata" "--no-deps" "--format-version=1", kill_on_drop: false }`
[INFO] [stdout] db4fe7ec6b4e92517a00fe9e774d7f28f609fd9dccc8138eb1441ba1aa82004b
[INFO] running `Command { std: "docker" "start" "-a" "db4fe7ec6b4e92517a00fe9e774d7f28f609fd9dccc8138eb1441ba1aa82004b", kill_on_drop: false }`
[INFO] running `Command { std: "docker" "inspect" "db4fe7ec6b4e92517a00fe9e774d7f28f609fd9dccc8138eb1441ba1aa82004b", kill_on_drop: false }`
[INFO] running `Command { std: "docker" "rm" "-f" "db4fe7ec6b4e92517a00fe9e774d7f28f609fd9dccc8138eb1441ba1aa82004b", kill_on_drop: false }`
[INFO] [stdout] db4fe7ec6b4e92517a00fe9e774d7f28f609fd9dccc8138eb1441ba1aa82004b
[INFO] running `Command { std: "docker" "create" "-v" "/var/lib/crater-agent-workspace/builds/worker-5-tc2/target:/opt/rustwide/target:rw,Z" "-v" "/var/lib/crater-agent-workspace/builds/worker-5-tc2/source:/opt/rustwide/workdir:ro,Z" "-v" "/var/lib/crater-agent-workspace/cargo-home:/opt/rustwide/cargo-home:ro,Z" "-v" "/var/lib/crater-agent-workspace/rustup-home:/opt/rustwide/rustup-home:ro,Z" "-e" "SOURCE_DIR=/opt/rustwide/workdir" "-e" "CARGO_TARGET_DIR=/opt/rustwide/target" "-e" "CARGO_INCREMENTAL=0" "-e" "RUST_BACKTRACE=full" "-e" "RUSTFLAGS=--cap-lints=warn" "-e" "RUSTDOCFLAGS=--cap-lints=warn" "-e" "CARGO_HOME=/opt/rustwide/cargo-home" "-e" "RUSTUP_HOME=/opt/rustwide/rustup-home" "-w" "/opt/rustwide/workdir" "-m" "1610612736" "--user" "0:0" "--network" "none" "ghcr.io/rust-lang/crates-build-env/linux@sha256:5ff2268d62e97bff2cde7d5815dd6ed5b47097566f13b8d0ca110b04b60e07ed" "/opt/rustwide/cargo-home/bin/cargo" "+beta-2023-04-20" "build" "--frozen" "--message-format=json", kill_on_drop: false }`
[INFO] [stdout] 8d2233e73024e4a7f9132f08034ddae1257458b40d44d32e6586198b1c059d74
[INFO] running `Command { std: "docker" "start" "-a" "8d2233e73024e4a7f9132f08034ddae1257458b40d44d32e6586198b1c059d74", kill_on_drop: false }`
[INFO] [stderr]    Compiling libc v0.2.126
[INFO] [stderr]    Compiling getrandom v0.1.16
[INFO] [stderr]    Compiling ppv-lite86 v0.2.16
[INFO] [stderr]    Compiling siphasher v0.3.10
[INFO] [stderr]    Compiling memchr v2.5.0
[INFO] [stderr]    Compiling proc-macro2 v1.0.39
[INFO] [stderr]    Compiling unicode-ident v1.0.0
[INFO] [stderr]    Compiling nom v5.1.2
[INFO] [stderr]    Compiling syn v1.0.95
[INFO] [stderr]    Compiling cfg-if v0.1.10
[INFO] [stderr]    Compiling tinyvec v1.6.0
[INFO] [stderr]    Compiling libffi-sys v1.3.2
[INFO] [stderr]    Compiling smallstr v0.2.0
[INFO] [stderr]    Compiling abort_on_panic v2.0.0
[INFO] [stderr]    Compiling bytecount v0.6.2
[INFO] [stderr]    Compiling libloading v0.7.3
[INFO] [stderr]    Compiling downcast-rs v1.2.0
[INFO] [stderr]    Compiling phf_shared v0.8.0
[INFO] [stderr]    Compiling phf v0.8.0
[INFO] [stderr]    Compiling nom v7.1.1
[INFO] [stderr]    Compiling quote v1.0.18
[INFO] [stderr]    Compiling unicode-normalization v0.1.19
[INFO] [stderr]    Compiling proc-macro-error-attr v1.0.4
[INFO] [stderr]    Compiling rand_core v0.5.1
[INFO] [stderr]    Compiling rand_chacha v0.2.2
[INFO] [stderr]    Compiling rand_pcg v0.2.1
[INFO] [stderr]    Compiling rand v0.7.3
[INFO] [stderr]    Compiling dirs-sys v0.3.7
[INFO] [stderr]    Compiling atty v0.2.14
[INFO] [stderr]    Compiling nix v0.23.1
[INFO] [stderr]    Compiling dirs v1.0.5
[INFO] [stderr]    Compiling clap v2.34.0
[INFO] [stderr]    Compiling colored v2.0.0
[INFO] [stderr]    Compiling dirs v2.0.2
[INFO] [stderr]    Compiling phf_generator v0.8.0
[INFO] [stderr]    Compiling phf_codegen v0.8.0
[INFO] [stderr]    Compiling terminfo v0.7.3
[INFO] [stderr]    Compiling nom_locate v4.0.0
[INFO] [stderr]    Compiling proc-macro-error v1.0.4
[INFO] [stderr]    Compiling structopt-derive v0.4.18
[INFO] [stderr]    Compiling structopt v0.3.26
[INFO] [stderr]    Compiling mortal v0.2.3
[INFO] [stderr]    Compiling linefeed v0.6.0
[INFO] [stderr]    Compiling libffi v2.0.1
[INFO] [stderr]    Compiling jinko v0.3.0-jinx7 (/opt/rustwide/workdir)
[INFO] [stderr]     Finished dev [unoptimized + debuginfo] target(s) in 10.57s
[INFO] [stderr] warning: the following packages contain code that will be rejected by a future version of Rust: nom v5.1.2, terminfo v0.7.3
[INFO] [stderr] note: to see what the problems were, use the option `--future-incompat-report`, or run `cargo report future-incompatibilities --id 2`
[INFO] running `Command { std: "docker" "inspect" "8d2233e73024e4a7f9132f08034ddae1257458b40d44d32e6586198b1c059d74", kill_on_drop: false }`
[INFO] running `Command { std: "docker" "rm" "-f" "8d2233e73024e4a7f9132f08034ddae1257458b40d44d32e6586198b1c059d74", kill_on_drop: false }`
[INFO] [stdout] 8d2233e73024e4a7f9132f08034ddae1257458b40d44d32e6586198b1c059d74
[INFO] running `Command { std: "docker" "create" "-v" "/var/lib/crater-agent-workspace/builds/worker-5-tc2/target:/opt/rustwide/target:rw,Z" "-v" "/var/lib/crater-agent-workspace/builds/worker-5-tc2/source:/opt/rustwide/workdir:ro,Z" "-v" "/var/lib/crater-agent-workspace/cargo-home:/opt/rustwide/cargo-home:ro,Z" "-v" "/var/lib/crater-agent-workspace/rustup-home:/opt/rustwide/rustup-home:ro,Z" "-e" "SOURCE_DIR=/opt/rustwide/workdir" "-e" "CARGO_TARGET_DIR=/opt/rustwide/target" "-e" "CARGO_INCREMENTAL=0" "-e" "RUST_BACKTRACE=full" "-e" "RUSTFLAGS=--cap-lints=warn" "-e" "RUSTDOCFLAGS=--cap-lints=warn" "-e" "CARGO_HOME=/opt/rustwide/cargo-home" "-e" "RUSTUP_HOME=/opt/rustwide/rustup-home" "-w" "/opt/rustwide/workdir" "-m" "1610612736" "--user" "0:0" "--network" "none" "ghcr.io/rust-lang/crates-build-env/linux@sha256:5ff2268d62e97bff2cde7d5815dd6ed5b47097566f13b8d0ca110b04b60e07ed" "/opt/rustwide/cargo-home/bin/cargo" "+beta-2023-04-20" "test" "--frozen" "--no-run" "--message-format=json", kill_on_drop: false }`
[INFO] [stdout] da7b1a9832a9e1ad3f9e53ea0ac5d571fdd8a31100914a98a035b4684936341d
[INFO] running `Command { std: "docker" "start" "-a" "da7b1a9832a9e1ad3f9e53ea0ac5d571fdd8a31100914a98a035b4684936341d", kill_on_drop: false }`
[INFO] [stderr]    Compiling jinko v0.3.0-jinx7 (/opt/rustwide/workdir)
[INFO] [stderr]     Finished test [unoptimized + debuginfo] target(s) in 4.17s
[INFO] [stderr] warning: the following packages contain code that will be rejected by a future version of Rust: nom v5.1.2, terminfo v0.7.3
[INFO] [stderr] note: to see what the problems were, use the option `--future-incompat-report`, or run `cargo report future-incompatibilities --id 2`
[INFO] running `Command { std: "docker" "inspect" "da7b1a9832a9e1ad3f9e53ea0ac5d571fdd8a31100914a98a035b4684936341d", kill_on_drop: false }`
[INFO] running `Command { std: "docker" "rm" "-f" "da7b1a9832a9e1ad3f9e53ea0ac5d571fdd8a31100914a98a035b4684936341d", kill_on_drop: false }`
[INFO] [stdout] da7b1a9832a9e1ad3f9e53ea0ac5d571fdd8a31100914a98a035b4684936341d
[INFO] running `Command { std: "docker" "create" "-v" "/var/lib/crater-agent-workspace/builds/worker-5-tc2/target:/opt/rustwide/target:rw,Z" "-v" "/var/lib/crater-agent-workspace/builds/worker-5-tc2/source:/opt/rustwide/workdir:ro,Z" "-v" "/var/lib/crater-agent-workspace/cargo-home:/opt/rustwide/cargo-home:ro,Z" "-v" "/var/lib/crater-agent-workspace/rustup-home:/opt/rustwide/rustup-home:ro,Z" "-e" "SOURCE_DIR=/opt/rustwide/workdir" "-e" "CARGO_TARGET_DIR=/opt/rustwide/target" "-e" "CARGO_INCREMENTAL=0" "-e" "RUST_BACKTRACE=full" "-e" "RUSTFLAGS=--cap-lints=warn" "-e" "RUSTDOCFLAGS=--cap-lints=warn" "-e" "CARGO_HOME=/opt/rustwide/cargo-home" "-e" "RUSTUP_HOME=/opt/rustwide/rustup-home" "-w" "/opt/rustwide/workdir" "-m" "1610612736" "--user" "0:0" "--network" "none" "ghcr.io/rust-lang/crates-build-env/linux@sha256:5ff2268d62e97bff2cde7d5815dd6ed5b47097566f13b8d0ca110b04b60e07ed" "/opt/rustwide/cargo-home/bin/cargo" "+beta-2023-04-20" "test" "--frozen", kill_on_drop: false }`
[INFO] [stdout] 69290947f3b6a78e82e14b6efa21103283b88fbc7324e57ddb0a3f940965f8a4
[INFO] running `Command { std: "docker" "start" "-a" "69290947f3b6a78e82e14b6efa21103283b88fbc7324e57ddb0a3f940965f8a4", kill_on_drop: false }`
[INFO] [stderr]     Finished test [unoptimized + debuginfo] target(s) in 0.10s
[INFO] [stderr] warning: the following packages contain code that will be rejected by a future version of Rust: nom v5.1.2, terminfo v0.7.3
[INFO] [stderr] note: to see what the problems were, use the option `--future-incompat-report`, or run `cargo report future-incompatibilities --id 2`
[INFO] [stderr]      Running unittests src/lib.rs (/opt/rustwide/target/debug/deps/jinko-1666eeb3179e6637)
[INFO] [stdout] 
[INFO] [stdout] running 297 tests
[INFO] [stdout] test context::scope_map::tests::t_add_var_and_get_it ... ok
[INFO] [stdout] test context::scope_map::tests::t_scope_of_anything ... ok
[INFO] [stdout] test context::tests::t_double_eval ... ok
[INFO] [stdout] test context::scope_map::tests::t_add_var_and_get_it_from_inner_scope ... ok
[INFO] [stdout] test context::tests::t_print_eb ... ok
[INFO] [stdout] test context::scope_map::tests::t_add_var_and_get_it_from_outer_scope ... ok
[INFO] [stdout] test context::scope_map::tests::t_find_non_existent_var ... ok
[INFO] [stdout] test builtins::tests::t_exit_builtin_is_valid ... ok
[INFO] [stdout] test generics::tests::create_map_different_size ... ok
[INFO] [stdout] test generics::tests::get_original_name_back ... ok
[INFO] [stdout] test context::tests::t_redefinition_of_variable ... ok
[INFO] [stdout] test generics::tests::mangle_no_generics ... ok
[INFO] [stdout] test generics::tests::mangle_one_generic ... ok
[INFO] [stdout] test context::tests::t_redefinition_of_function ... ok
[INFO] [stdout] test generics::tests::mangle_multi_generic ... ok
[INFO] [stdout] test indent::tests::t_indent_inc ... ok
[INFO] [stdout] test indent::tests::t_indent_inc_dec_dec_stops_at_0 ... ok
[INFO] [stdout] test context::tests::t_eval ... ok
[INFO] [stdout] test indent::tests::t_indent_inc_dec ... ok
[INFO] [stdout] test instance::tests::t_one_deep_access ... ok
[INFO] [stdout] test indent::tests::t_indent_inc_twice ... ok
[INFO] [stdout] test instruction::binary_op::tests::binop_easy ... ok
[INFO] [stdout] test indent::tests::t_indent_nothing ... ok
[INFO] [stdout] test instance::tests::t_two_deep_access ... ok
[INFO] [stdout] test instruction::binary_op::tests::binop_execute_execute_mult_natural_priority ... ok
[INFO] [stdout] test instruction::binary_op::tests::binop_execute_execute_natural_order ... ok
[INFO] [stdout] test instruction::binary_op::tests::binop_execute_execute_mult_priority ... ok
[INFO] [stdout] test instruction::binary_op::tests::binop_execute_valid_add ... ok
[INFO] [stdout] test instruction::binary_op::tests::binop_execute_valid_complex_expr ... ok
[INFO] [stdout] test instruction::binary_op::tests::binop_execute_valid_multi_expr ... ok
[INFO] [stdout] test instruction::binary_op::tests::binop_execute_valid_back_priority ... ok
[INFO] [stdout] test instruction::binary_op::tests::binop_execute_valid_extremely_complex_expr ... ok
[INFO] [stdout] test instruction::binary_op::tests::binop_execute_valid_mul ... ok
[INFO] [stdout] test instruction::binary_op::tests::binop_execute_valid_normal_priority ... ok
[INFO] [stdout] test instruction::binary_op::tests::binop_execute_valid_parentheses_priority_reverse ... ok
[INFO] [stdout] test instruction::binary_op::tests::comparison_precedence ... ignored
[INFO] [stdout] test instruction::binary_op::tests::comparison_simple_int ... ok
[INFO] [stdout] test instruction::binary_op::tests::comparison_simple_float ... ok
[INFO] [stdout] test instruction::binary_op::tests::binop_parentheses_execute ... ok
[INFO] [stdout] test instruction::binary_op::tests::t_binop_add_r_diff ... ok
[INFO] [stdout] test instruction::binary_op::tests::t_binop_lhs_execute ... ok
[INFO] [stdout] test instruction::binary_op::tests::t_binop_mul_l_diff ... ok
[INFO] [stdout] test instruction::binary_op::tests::t_binop_mul_r_diff ... ok
[INFO] [stdout] test instruction::binary_op::tests::t_binop_mul_same ... ok
[INFO] [stdout] test instruction::binary_op::tests::t_binop_rhs_execute ... ok
[INFO] [stdout] test instruction::binary_op::tests::binop_execute_valid_parentheses_priority ... ok
[INFO] [stdout] test instruction::binary_op::tests::t_binop_add_l_diff ... ok
[INFO] [stdout] test instruction::binary_op::tests::t_binop_add_same ... ok
[INFO] [stdout] test instruction::block::tests::all_stmts ... ok
[INFO] [stdout] test instruction::block::tests::block_execute_empty ... ok
[INFO] [stdout] test instruction::block::tests::block_execute_no_last ... ok
[INFO] [stdout] test instruction::block::tests::block_execute_with_last ... ok
[INFO] [stdout] test ffi::tests::t_void_int ... ok
[INFO] [stdout] test instruction::block::tests::block_no_last_tychk ... ignored
[INFO] [stdout] test instruction::block::tests::empty ... ok
[INFO] [stdout] test instruction::block::tests::stmt_plus_expr ... ok
[INFO] [stdout] test builtins::tests::t_fmt_builtins_are_valid ... ok
[INFO] [stdout] test context::tests::t_call_builtin ... ok
[INFO] [stdout] test builtins::tests::t_args_builtins_are_valid ... ok
[INFO] [stdout] test builtins::tests::t_ffi_builtins_are_valid ... ok
[INFO] [stdout] test ffi::tests::t_load ... ok
[INFO] [stdout] test ffi::tests::t_void_void ... ok
[INFO] [stdout] test instruction::field_access::tests::t_valid_multi_field_access ... ignored
[INFO] [stdout] test builtins::tests::t_string_builtins_are_valid ... ok
[INFO] [stdout] test instruction::binary_op::tests::tc_binop_from_func ... ok
[INFO] [stdout] test context::tests::t_print_scopemap ... ok
[INFO] [stdout] test instruction::field_access::tests::t_field_access_field_on_primitive ... ok
[INFO] [stdout] test instruction::function_call::tests::t_func_call_arg_return ... ok
[INFO] [stdout] test instruction::block::tests::tc_block_valid ... ok
[INFO] [stdout] test instruction::function_call::tests::t_func_call_variable_return ... ok
[INFO] [stdout] test instruction::function_call::tests::t_func_call_arg_return_binop ... ok
[INFO] [stdout] test instruction::field_access::tests::t_valid_field_access ... ok
[INFO] [stdout] test instruction::binary_op::tests::tc_binop_mismatched_valid ... ok
[INFO] [stdout] test instruction::function_call::tests::t_pretty_print_empty ... ok
[INFO] [stdout] test instruction::field_access::tests::tc_missing_field ... ok
[INFO] [stdout] test instruction::field_access::tests::t_valid_field_access_from_type_instantiation ... ok
[INFO] [stdout] test instruction::field_access::tests::tc_valid_field_access ... ok
[INFO] [stdout] test instruction::field_access::tests::t_field_access_unknown_field ... ok
[INFO] [stdout] test instruction::block::tests::tc_block_invalid ... ok
[INFO] [stdout] test instruction::function_call::tests::tc_invalid_type_for_arg ... ok
[INFO] [stdout] test instruction::function_declaration::tests::simple_no_arg ... ok
[INFO] [stdout] test instruction::function_declaration::tests::tc_invalid ... ok
[INFO] [stdout] test instruction::function_declaration::tests::tc_ext_func ... ok
[INFO] [stdout] test instruction::function_declaration::tests::simple_args ... ok
[INFO] [stdout] test instruction::field_access::tests::tc_field_on_primitive_type ... ok
[INFO] [stdout] test instruction::if_else::tests::t_if_execute ... ok
[INFO] [stdout] test instruction::if_else::tests::t_if_else_print ... ok
[INFO] [stdout] test instruction::if_else::tests::t_if_kind ... ok
[INFO] [stdout] test instruction::if_else::tests::t_else_execute ... ok
[INFO] [stdout] test instruction::if_else::tests::t_if_print ... ok
[INFO] [stdout] test instruction::function_call::tests::t_call_invalid_builtin ... ok
[INFO] [stdout] test instruction::field_access::tests::t_field_access_on_void ... ok
[INFO] [stdout] test instruction::function_declaration::tests::tc_valid ... ok
[INFO] [stdout] test instruction::incl::tests::tc_typecheck_stdlib ... ok
[INFO] [stdout] test instruction::jk_inst::tests::t_invalid_jkinst ... ok
[INFO] [stdout] test instruction::function_call::tests::tc_invalid_type_for_arg_complex ... ok
[INFO] [stdout] test instruction::jk_inst::tests::t_valid_inst_no_args ... ok
[INFO] [stdout] test instruction::function_call::tests::t_invalid_args_number ... ok
[INFO] [stdout] test instruction::jk_inst::tests::t_valid_inst_with_args ... ok
[INFO] [stdout] test instruction::if_else::tests::tc_if_else_mismatched_types ... ok
[INFO] [stdout] test instruction::function_call::tests::tc_valid_type_for_arg_complex ... ok
[INFO] [stdout] test instruction::if_else::tests::tc_if_else_not_bool_in_cond ... ok
[INFO] [stdout] test instruction::function_declaration::tests::tc_function_dec_same_args ... ok
[INFO] [stdout] test instruction::jk_return::tests::t_return_value_kind ... ok
[INFO] [stdout] test instruction::jk_return::tests::t_return_kind ... ok
[INFO] [stdout] test instruction::loop_block::tests::pretty_print_loop ... ok
[INFO] [stdout] test instruction::loop_block::tests::pretty_print_for ... ok
[INFO] [stdout] test instruction::loop_block::tests::tc_valid_loop_blocks ... ignored
[INFO] [stdout] test instruction::binary_op::tests::tc_binop_valid ... ok
[INFO] [stdout] test instruction::loop_block::tests::pretty_print_while ... ok
[INFO] [stdout] test instruction::jk_return::tests::t_return_pretty_print_with_value ... ok
[INFO] [stdout] test instruction::jk_return::tests::t_return_pretty_print ... ok
[INFO] [stdout] test instruction::if_else::tests::tc_if_else_in_func ... ok
[INFO] [stdout] test instruction::method_call::tests::tc_invalid_call_type ... ignored
[INFO] [stdout] test instruction::method_call::tests::t_print ... ok
[INFO] [stdout] test instruction::method_call::tests::t_execute ... ok
[INFO] [stdout] test instruction::method_call::tests::tc_valid_call_multi_arg ... ignored
[INFO] [stdout] test instruction::incl::tests::include_non_existant ... ok
[INFO] [stdout] test instruction::incl::tests::include_stdlib ... ok
[INFO] [stdout] test instruction::type_instantiation::test::t_fields_number ... ok
[INFO] [stdout] test instruction::type_instantiation::test::t_returned_instance ... ok
[INFO] [stdout] test instruction::var::tests::keep_instance ... ok
[INFO] [stdout] test instruction::incl::tests::include_already_included ... ok
[INFO] [stdout] test instruction::if_else::tests::tc_if_else_simple ... ok
[INFO] [stdout] test instruction::jk_return::tests::t_return_execute_macro ... ok
[INFO] [stdout] test instruction::loop_block::tests::valid_for_block_without_execution ... ok
[INFO] [stdout] test instruction::var_assignment::tests::assign_immutable ... ok
[INFO] [stdout] test instruction::jk_inst::tests::tc_valid_jk_inst ... ok
[INFO] [stdout] test instruction::jk_return::tests::t_return_execute_with_value_macro ... ok
[INFO] [stdout] test instruction::var_assignment::tests::assign_mutable ... ok
[INFO] [stdout] test instruction::var_assignment::tests::mutable ... ok
[INFO] [stdout] test instruction::type_declaration::tests::tc_invalid_hard ... ok
[INFO] [stdout] test instruction::var_assignment::tests::non_mutable ... ok
[INFO] [stdout] test instruction::type_declaration::tests::tc_valid_hard ... ok
[INFO] [stdout] test instruction::loop_block::tests::valid_for_block ... ok
[INFO] [stdout] test location::tests::multi_line_span ... ok
[INFO] [stdout] test location::tests::span_reversed_prints_nothing ... ok
[INFO] [stdout] test instruction::type_instantiation::test::t_instantiate_primitive ... ok
[INFO] [stdout] test location::tests::span_same_line ... ok
[INFO] [stdout] test instruction::var::tests::tc_invalid ... ok
[INFO] [stdout] test parser::constant_construct::tests::basic_string ... ok
[INFO] [stdout] test parser::constant_construct::tests::basic_not_delimited ... ok
[INFO] [stdout] test parser::constant_construct::tests::escape_formatting ... ok
[INFO] [stdout] test parser::constant_construct::tests::escape_start ... ok
[INFO] [stdout] test parser::constant_construct::tests::escape_end ... ok
[INFO] [stdout] test parser::constant_construct::tests::empty_string ... ok
[INFO] [stdout] test parser::constant_construct::tests::escape_unexpected_end_of_string ... ok
[INFO] [stdout] test instruction::type_declaration::tests::tc_valid_easy ... ok
[INFO] [stdout] test instruction::var::tests::tc_valid ... ok
[INFO] [stdout] test instruction::method_call::tests::tc_valid_call ... ok
[INFO] [stdout] test parser::constant_construct::tests::formatted_not_delimited ... ok
[INFO] [stdout] test parser::constant_construct::tests::formatted_once ... ok
[INFO] [stdout] test parser::constant_construct::tests::formatted_start ... ok
[INFO] [stdout] test parser::constant_construct::tests::formatted_middle ... ok
[INFO] [stdout] test parser::constructs::tests::block_empty ... ok
[INFO] [stdout] test parser::constant_construct::tests::invalid_escape ... ok
[INFO] [stdout] test parser::constructs::tests::assign_call_to_generic_fn ... ok
[INFO] [stdout] test parser::constructs::tests::block_one_inst ... ok
[INFO] [stdout] test parser::constructs::tests::chained_sum_sub ... ok
[INFO] [stdout] test parser::constructs::tests::empty_type_declaration ... ok
[INFO] [stdout] test parser::constructs::tests::empty_type_instantiation ... ok
[INFO] [stdout] test parser::constructs::tests::expr_with_parenthesis ... ok
[INFO] [stdout] test parser::constructs::tests::consume_whitespace ... ok
[INFO] [stdout] test parser::constructs::tests::complex_function_declaration ... ok
[INFO] [stdout] test parser::constructs::tests::block_missing_closing ... ok
[INFO] [stdout] test parser::constructs::tests::exprs_equals ... ok
[INFO] [stdout] test parser::constructs::tests::extern_missing_semicolon ... ok
[INFO] [stdout] test parser::constructs::tests::extern_many_args ... ok
[INFO] [stdout] test instruction::var_assignment::tests::generic_builtin_for_var_assign ... ok
[INFO] [stdout] test parser::constructs::tests::block_many_inst ... ok
[INFO] [stdout] test parser::constructs::tests::field_access_many_newline ... ok
[INFO] [stdout] test parser::constructs::tests::for_loop ... ok
[INFO] [stdout] test parser::constructs::tests::func_call_generics_multi_and_args ... ok
[INFO] [stdout] test parser::constructs::tests::func_call_generics_one ... ok
[INFO] [stdout] test parser::constructs::tests::func_dec_empty_generic_list ... ok
[INFO] [stdout] test parser::constructs::tests::func_dec_generic_and_whitespace ... ok
[INFO] [stdout] test parser::constructs::tests::field_access_single ... ok
[INFO] [stdout] test parser::constructs::tests::func_call_generics_multi ... ok
[INFO] [stdout] test parser::constructs::tests::func_dec_multiple_generic ... ok
[INFO] [stdout] test parser::constructs::tests::extern_no_args ... ok
[INFO] [stdout] test context::scope_map::tests::t_pop_non_existent_scope - should panic ... ok
[INFO] [stdout] test parser::constructs::tests::field_access_many ... ok
[INFO] [stdout] test parser::constructs::tests::block_statement ... ok
[INFO] [stdout] test parser::constructs::tests::func_dec_no_generic_delimiter ... ok
[INFO] [stdout] test instruction::var_assignment::tests::assign_mutable_in_function_187 ... ok
[INFO] [stdout] test parser::constructs::tests::exprs_not_equals ... ok
[INFO] [stdout] test parser::constructs::tests::funcion_dec_many_args ... ok
[INFO] [stdout] test parser::constructs::tests::funcion_dec_no_arg ... ok
[INFO] [stdout] test parser::constructs::tests::func_dec_one_generic ... ok
[INFO] [stdout] test instruction::var_assignment::tests::assign_mutable_in_block_187 ... ok
[INFO] [stdout] test parser::constructs::tests::funcion_dec_many_args_with_return ... ok
[INFO] [stdout] test parser::constructs::tests::function_call_many ... ok
[INFO] [stdout] test parser::constructs::tests::function_call_missing_paren ... ok
[INFO] [stdout] test parser::constructs::tests::function_call_no_arg ... ok
[INFO] [stdout] test parser::constructs::tests::function_call_one ... ok
[INFO] [stdout] test context::scope_map::tests::t_add_var_non_existent_scope - should panic ... ok
[INFO] [stdout] test parser::constructs::tests::funcion_dec_no_arg_with_return ... ok
[INFO] [stdout] test ffi::tests::load_libs_stress ... FAILED
[INFO] [stdout] test location::tests::zero_line - should panic ... ok
[INFO] [stdout] test location::tests::zero_line_col - should panic ... ok
[INFO] [stdout] test location::tests::zero_col - should panic ... ok
[INFO] [stdout] test parser::constructs::tests::gte_exprs ... ok
[INFO] [stdout] test parser::constructs::tests::generic_type_decl ... ok
[INFO] [stdout] test parser::constructs::tests::gt_exprs ... ok
[INFO] [stdout] test parser::constructs::tests::generic_func_arg_533 ... ok
[INFO] [stdout] test parser::constructs::tests::if_else ... ok
[INFO] [stdout] test parser::constructs::tests::hashtag_comment_multi_line ... ok
[INFO] [stdout] test parser::constructs::tests::function_call_double_paren ... ok
[INFO] [stdout] test parser::constructs::tests::include_with_alias_missing_path ... ok
[INFO] [stdout] test parser::constructs::tests::include_with_alias ... ok
[INFO] [stdout] test instruction::var_assignment::tests::create_mutable_twice ... ok
[INFO] [stdout] test parser::constructs::tests::generic_method_call ... ok
[INFO] [stdout] test parser::constructs::tests::generic_empty_type_decl ... ok
[INFO] [stdout] test parser::constructs::tests::include_simple ... ok
[INFO] [stdout] test parser::constructs::tests::if_no_else ... ok
[INFO] [stdout] test parser::constructs::tests::funcion_dec_one_arg ... ok
[INFO] [stdout] test parser::constructs::tests::jk_inst_arg ... ok
[INFO] [stdout] test parser::constructs::tests::jk_inst_no_arg ... ok
[INFO] [stdout] test parser::constructs::tests::jk_inst_non_existant ... ok
[INFO] [stdout] test parser::constructs::tests::loop_basic ... ok
[INFO] [stdout] test parser::constructs::tests::lte_exprs ... ok
[INFO] [stdout] test parser::constructs::tests::math_precedence ... ok
[INFO] [stdout] test parser::constructs::tests::method_call_many ... ok
[INFO] [stdout] test parser::constructs::tests::method_call_many_args ... ok
[INFO] [stdout] test parser::constructs::tests::method_call_no_arg ... ok
[INFO] [stdout] test parser::constructs::tests::method_call_on_bool ... ok
[INFO] [stdout] test parser::constructs::tests::method_call_one_arg ... ok
[INFO] [stdout] test parser::constructs::tests::mock_dec_one_arg ... ok
[INFO] [stdout] test parser::constructs::tests::multi_generic_type_decl ... ok
[INFO] [stdout] test parser::constructs::tests::multi_type_2 ... ok
[INFO] [stdout] test parser::constructs::tests::multi_type_in_type_dec ... ok
[INFO] [stdout] test parser::constructs::tests::multi_type_unclosed ... ok
[INFO] [stdout] test parser::constructs::tests::multiple_different_comments ... ok
[INFO] [stdout] test parser::constructs::tests::multiple_different_comments_close ... ok
[INFO] [stdout] test parser::constructs::tests::return_malformed ... ignored
[INFO] [stdout] test parser::constructs::tests::mut_var_assigment ... ok
[INFO] [stdout] test parser::constructs::tests::return_nothing ... ok
[INFO] [stdout] test parser::constructs::tests::simple_int_sum ... ok
[INFO] [stdout] test parser::constructs::tests::sing_comment_multi_line ... ok
[INFO] [stdout] test parser::constructs::tests::return_sum ... ok
[INFO] [stdout] test parser::constructs::tests::tricky_math_precedence ... ok
[INFO] [stdout] test parser::constructs::tests::type_dec_incomplete ... ok
[INFO] [stdout] test parser::constructs::tests::type_id_functor ... ok
[INFO] [stdout] test parser::constructs::tests::type_id_functor_return_type ... ok
[INFO] [stdout] test parser::constructs::tests::t_comparison_op_valid ... ok
[INFO] [stdout] test parser::constructs::tests::type_id_functor_without_args ... ok
[INFO] [stdout] test parser::constructs::tests::multi_type_long ... ok
[INFO] [stdout] test parser::constructs::tests::lt_exprs ... ok
[INFO] [stdout] test parser::constructs::tests::mut_var_assigment_mut_in_name ... ok
[INFO] [stdout] test parser::constructs::tests::parentheses ... ok
[INFO] [stdout] test parser::constructs::tests::type_id_functor_generic_return_type ... ok
[INFO] [stdout] test parser::constructs::tests::simple_float_mul ... ok
[INFO] [stdout] test parser::constructs::tests::type_id_functor_functor_return_type ... ok
[INFO] [stdout] test parser::constructs::tests::type_inst_generics_multi_and_args ... ok
[INFO] [stdout] test parser::constructs::tests::type_dec_multiple_field ... ok
[INFO] [stdout] test parser::constructs::tests::var_assigment_mut_in_name ... ok
[INFO] [stdout] test parser::constructs::tests::type_id_generic_functor ... ok
[INFO] [stdout] test parser::constructs::tests::type_id_generic ... ok
[INFO] [stdout] test parser::constructs::tests::type_dec_one_field ... ok
[INFO] [stdout] test parser::constructs::tests::multi_comment_multi_line ... ok
[INFO] [stdout] test parser::constructs::tests::var_assigment_tricky ... ok
[INFO] [stdout] test parser::constructs::tests::type_id_simple ... ok
[INFO] [stdout] test parser::constructs::tests::t_binary_op_invalid ... ok
[INFO] [stdout] test parser::constructs::tests::test_dec_no_arg ... ok
[INFO] [stdout] test parser::tokens::tests::t_bool_invalid ... ok
[INFO] [stdout] test parser::tokens::tests::t_bool_valid ... ok
[INFO] [stdout] test parser::constructs::tests::var_assignment ... ok
[INFO] [stdout] test parser::tokens::tests::t_char_constant_invalid ... ok
[INFO] [stdout] test parser::constructs::tests::nested_generic_type ... ok
[INFO] [stdout] test parser::tokens::tests::t_char_constant_valid ... ok
[INFO] [stdout] test parser::constructs::tests::while_loop ... ok
[INFO] [stdout] test parser::tokens::tests::t_dot_token ... ok
[INFO] [stdout] test parser::tokens::tests::t_float_constant_invalid ... ok
[INFO] [stdout] test parser::tokens::tests::t_float_constant_valid ... ok
[INFO] [stdout] test parser::tokens::tests::t_id ... ok
[INFO] [stdout] test parser::tokens::tests::t_id_invalid ... ok
[INFO] [stdout] test parser::tokens::tests::t_identifier_invalid_nspace_no_id ... ok
[INFO] [stdout] test parser::tokens::tests::t_identifier_invalid_just_sep ... ok
[INFO] [stdout] test parser::tokens::tests::t_identifier_no_namespace ... ok
[INFO] [stdout] test parser::tokens::tests::t_int_constant_valid ... ok
[INFO] [stdout] test parser::tokens::tests::t_identifier_plus_one_namespace ... ok
[INFO] [stdout] test parser::tokens::tests::t_multi_comment_invalid ... ok
[INFO] [stdout] test parser::tokens::tests::t_string_constant ... ok
[INFO] [stdout] test parser::tokens::tests::t_multi_comment_valid ... ok
[INFO] [stdout] test parser::tokens::tests::t_identifier_plus_many_namespace ... ok
[INFO] [stdout] test parser::tokens::tests::t_string_constant_unclosed_quote ... ok
[INFO] [stdout] test parser::tokens::tests::t_single_comment_valid ... ok
[INFO] [stdout] test value::jk_constant::tests::tc_bool_type ... ok
[INFO] [stdout] test value::jk_constant::tests::tc_i_type ... ok
[INFO] [stdout] test value::jk_constant::tests::tc_string_type ... ok
[INFO] [stdout] test value::jk_constant::tests::tc_f_type ... ok
[INFO] [stdout] test parser::tokens::tests::t_identifier_invalid_nspace_no_id_multi ... ok
[INFO] [stdout] test parser::tokens::tests::t_int_constant_invalid ... ok
[INFO] [stdout] test parser::tokens::tests::t_keyword_next_to_curly ... ok
[INFO] [stdout] test utils::tests::t_valid_jinko_code ... ok
[INFO] [stdout] test utils::tests::t_invalid_jinko_code - should panic ... ok
[INFO] [stdout] test value::jk_constant::tests::tc_primitives_available ... ok
[INFO] [stdout] 
[INFO] [stdout] failures:
[INFO] [stdout] 
[INFO] [stdout] ---- ffi::tests::load_libs_stress stdout ----
[INFO] [stdout] thread 'ffi::tests::load_libs_stress' panicked at 'called `Result::unwrap()` on an `Err` value: NotPresent', src/ffi.rs:275:40
[INFO] [stdout] stack backtrace:
[INFO] [stdout]    0:     0x5620833e837a - std::backtrace_rs::backtrace::libunwind::trace::h2f05d0192276a8f6
[INFO] [stdout]                                at /rustc/1b7dd2252b99671ce5d1cb9664c5f8636329436d/library/std/src/../../backtrace/src/backtrace/libunwind.rs:93:5
[INFO] [stdout]    1:     0x5620833e837a - std::backtrace_rs::backtrace::trace_unsynchronized::hedc23dff7a1af150
[INFO] [stdout]                                at /rustc/1b7dd2252b99671ce5d1cb9664c5f8636329436d/library/std/src/../../backtrace/src/backtrace/mod.rs:66:5
[INFO] [stdout]    2:     0x5620833e837a - std::sys_common::backtrace::_print_fmt::h17541ef7592f3ce2
[INFO] [stdout]                                at /rustc/1b7dd2252b99671ce5d1cb9664c5f8636329436d/library/std/src/sys_common/backtrace.rs:65:5
[INFO] [stdout]    3:     0x5620833e837a - <std::sys_common::backtrace::_print::DisplayBacktrace as core::fmt::Display>::fmt::h20f75df5ab0c0792
[INFO] [stdout]                                at /rustc/1b7dd2252b99671ce5d1cb9664c5f8636329436d/library/std/src/sys_common/backtrace.rs:44:22
[INFO] [stdout]    4:     0x56208340e13f - core::fmt::write::h78109e6f466b3af6
[INFO] [stdout]                                at /rustc/1b7dd2252b99671ce5d1cb9664c5f8636329436d/library/core/src/fmt/mod.rs:1254:17
[INFO] [stdout]    5:     0x5620833e5195 - std::io::Write::write_fmt::hd24bfb68a1b35a25
[INFO] [stdout]                                at /rustc/1b7dd2252b99671ce5d1cb9664c5f8636329436d/library/std/src/io/mod.rs:1698:15
[INFO] [stdout]    6:     0x5620833e8145 - std::sys_common::backtrace::_print::h8dac57a9f8fbf9a5
[INFO] [stdout]                                at /rustc/1b7dd2252b99671ce5d1cb9664c5f8636329436d/library/std/src/sys_common/backtrace.rs:47:5
[INFO] [stdout]    7:     0x5620833e8145 - std::sys_common::backtrace::print::hf9ecbf41d1aa712f
[INFO] [stdout]                                at /rustc/1b7dd2252b99671ce5d1cb9664c5f8636329436d/library/std/src/sys_common/backtrace.rs:34:9
[INFO] [stdout]    8:     0x5620833e9dfe - std::panicking::default_hook::{{closure}}::h04c07acfc84ca028
[INFO] [stdout]                                at /rustc/1b7dd2252b99671ce5d1cb9664c5f8636329436d/library/std/src/panicking.rs:269:22
[INFO] [stdout]    9:     0x5620833e9b31 - std::panicking::default_hook::h01f6bb23e1eceb2c
[INFO] [stdout]                                at /rustc/1b7dd2252b99671ce5d1cb9664c5f8636329436d/library/std/src/panicking.rs:285:9
[INFO] [stdout]   10:     0x56208339161b - <alloc::boxed::Box<F,A> as core::ops::function::Fn<Args>>::call::h87fe9f7b2fd49e4c
[INFO] [stdout]                                at /rustc/1b7dd2252b99671ce5d1cb9664c5f8636329436d/library/alloc/src/boxed.rs:1987:9
[INFO] [stdout]   11:     0x56208339161b - test::test_main::{{closure}}::he94d679243a7531b
[INFO] [stdout]                                at /rustc/1b7dd2252b99671ce5d1cb9664c5f8636329436d/library/test/src/lib.rs:134:21
[INFO] [stdout]   12:     0x5620833ea4e4 - <alloc::boxed::Box<F,A> as core::ops::function::Fn<Args>>::call::h3f2d6d8b14c4769f
[INFO] [stdout]                                at /rustc/1b7dd2252b99671ce5d1cb9664c5f8636329436d/library/alloc/src/boxed.rs:1987:9
[INFO] [stdout]   13:     0x5620833ea4e4 - std::panicking::rust_panic_with_hook::h2bb3722bbaf2f6df
[INFO] [stdout]                                at /rustc/1b7dd2252b99671ce5d1cb9664c5f8636329436d/library/std/src/panicking.rs:695:13
[INFO] [stdout]   14:     0x5620833ea259 - std::panicking::begin_panic_handler::{{closure}}::h91bc7f36a4be011b
[INFO] [stdout]                                at /rustc/1b7dd2252b99671ce5d1cb9664c5f8636329436d/library/std/src/panicking.rs:582:13
[INFO] [stdout]   15:     0x5620833e87e6 - std::sys_common::backtrace::__rust_end_short_backtrace::h8b3d3717114f9e59
[INFO] [stdout]                                at /rustc/1b7dd2252b99671ce5d1cb9664c5f8636329436d/library/std/src/sys_common/backtrace.rs:150:18
[INFO] [stdout]   16:     0x5620833e9fb2 - rust_begin_unwind
[INFO] [stdout]                                at /rustc/1b7dd2252b99671ce5d1cb9664c5f8636329436d/library/std/src/panicking.rs:578:5
[INFO] [stdout]   17:     0x5620832462b3 - core::panicking::panic_fmt::hfd368e3fbdabea26
[INFO] [stdout]                                at /rustc/1b7dd2252b99671ce5d1cb9664c5f8636329436d/library/core/src/panicking.rs:67:14
[INFO] [stdout]   18:     0x5620832467f3 - core::result::unwrap_failed::he54eb4b2f125b26f
[INFO] [stdout]                                at /rustc/1b7dd2252b99671ce5d1cb9664c5f8636329436d/library/core/src/result.rs:1687:5
[INFO] [stdout]   19:     0x56208327d804 - core::result::Result<T,E>::unwrap::h416a90e89d926150
[INFO] [stdout]                                at /rustc/1b7dd2252b99671ce5d1cb9664c5f8636329436d/library/core/src/result.rs:1089:23
[INFO] [stdout]   20:     0x56208333a08f - jinko::ffi::tests::load_libs_stress::h51efb581aa57c141
[INFO] [stdout]                                at /opt/rustwide/workdir/src/ffi.rs:275:19
[INFO] [stdout]   21:     0x562083339f57 - jinko::ffi::tests::load_libs_stress::{{closure}}::h675ede2fef9bc292
[INFO] [stdout]                                at /opt/rustwide/workdir/src/ffi.rs:273:27
[INFO] [stdout]   22:     0x5620832c08e5 - core::ops::function::FnOnce::call_once::hfa5ba468afb321b7
[INFO] [stdout]                                at /rustc/1b7dd2252b99671ce5d1cb9664c5f8636329436d/library/core/src/ops/function.rs:250:5
[INFO] [stdout]   23:     0x5620833964ef - core::ops::function::FnOnce::call_once::ha6a70e79f7481a7e
[INFO] [stdout]                                at /rustc/1b7dd2252b99671ce5d1cb9664c5f8636329436d/library/core/src/ops/function.rs:250:5
[INFO] [stdout]   24:     0x5620833964ef - test::__rust_begin_short_backtrace::hce33033019b61e69
[INFO] [stdout]                                at /rustc/1b7dd2252b99671ce5d1cb9664c5f8636329436d/library/test/src/lib.rs:655:18
[INFO] [stdout]   25:     0x562083363cdc - test::run_test::{{closure}}::h858d3528838ae3e5
[INFO] [stdout]                                at /rustc/1b7dd2252b99671ce5d1cb9664c5f8636329436d/library/test/src/lib.rs:646:30
[INFO] [stdout]   26:     0x562083363cdc - core::ops::function::FnOnce::call_once{{vtable.shim}}::he8ac2b00f01ae79e
[INFO] [stdout]                                at /rustc/1b7dd2252b99671ce5d1cb9664c5f8636329436d/library/core/src/ops/function.rs:250:5
[INFO] [stdout]   27:     0x5620833955c6 - <alloc::boxed::Box<F,A> as core::ops::function::FnOnce<Args>>::call_once::h8093d25b522725ef
[INFO] [stdout]                                at /rustc/1b7dd2252b99671ce5d1cb9664c5f8636329436d/library/alloc/src/boxed.rs:1973:9
[INFO] [stdout]   28:     0x5620833955c6 - <core::panic::unwind_safe::AssertUnwindSafe<F> as core::ops::function::FnOnce<()>>::call_once::h5c334c204e4a3913
[INFO] [stdout]                                at /rustc/1b7dd2252b99671ce5d1cb9664c5f8636329436d/library/core/src/panic/unwind_safe.rs:271:9
[INFO] [stdout]   29:     0x5620833955c6 - std::panicking::try::do_call::ha8b740c7b9478074
[INFO] [stdout]                                at /rustc/1b7dd2252b99671ce5d1cb9664c5f8636329436d/library/std/src/panicking.rs:485:40
[INFO] [stdout]   30:     0x5620833955c6 - std::panicking::try::h5d34f63d0e41b64e
[INFO] [stdout]                                at /rustc/1b7dd2252b99671ce5d1cb9664c5f8636329436d/library/std/src/panicking.rs:449:19
[INFO] [stdout]   31:     0x5620833955c6 - std::panic::catch_unwind::hcfbb511e1aa7fc67
[INFO] [stdout]                                at /rustc/1b7dd2252b99671ce5d1cb9664c5f8636329436d/library/std/src/panic.rs:140:14
[INFO] [stdout]   32:     0x5620833955c6 - test::run_test_in_process::h9abda90f802eaf21
[INFO] [stdout]                                at /rustc/1b7dd2252b99671ce5d1cb9664c5f8636329436d/library/test/src/lib.rs:678:27
[INFO] [stdout]   33:     0x5620833955c6 - test::run_test::run_test_inner::{{closure}}::h0f058de91f6c6edf
[INFO] [stdout]                                at /rustc/1b7dd2252b99671ce5d1cb9664c5f8636329436d/library/test/src/lib.rs:572:39
[INFO] [stdout]   34:     0x56208335e4e5 - test::run_test::run_test_inner::{{closure}}::h5ca48a4c59c6c1fb
[INFO] [stdout]                                at /rustc/1b7dd2252b99671ce5d1cb9664c5f8636329436d/library/test/src/lib.rs:599:37
[INFO] [stdout]   35:     0x56208335e4e5 - std::sys_common::backtrace::__rust_begin_short_backtrace::h32bd51e1495d4a33
[INFO] [stdout]                                at /rustc/1b7dd2252b99671ce5d1cb9664c5f8636329436d/library/std/src/sys_common/backtrace.rs:134:18
[INFO] [stdout]   36:     0x562083363a21 - std::thread::Builder::spawn_unchecked_::{{closure}}::{{closure}}::hc086fae9b128b2db
[INFO] [stdout]                                at /rustc/1b7dd2252b99671ce5d1cb9664c5f8636329436d/library/std/src/thread/mod.rs:526:17
[INFO] [stdout]   37:     0x562083363a21 - <core::panic::unwind_safe::AssertUnwindSafe<F> as core::ops::function::FnOnce<()>>::call_once::hb66571888d270d43
[INFO] [stdout]                                at /rustc/1b7dd2252b99671ce5d1cb9664c5f8636329436d/library/core/src/panic/unwind_safe.rs:271:9
[INFO] [stdout]   38:     0x562083363a21 - std::panicking::try::do_call::h4fa2ef4f6e51fecf
[INFO] [stdout]                                at /rustc/1b7dd2252b99671ce5d1cb9664c5f8636329436d/library/std/src/panicking.rs:485:40
[INFO] [stdout]   39:     0x562083363a21 - std::panicking::try::h1e9e22b8584489b5
[INFO] [stdout]                                at /rustc/1b7dd2252b99671ce5d1cb9664c5f8636329436d/library/std/src/panicking.rs:449:19
[INFO] [stdout]   40:     0x562083363a21 - std::panic::catch_unwind::h44698a3de0e0769e
[INFO] [stdout]                                at /rustc/1b7dd2252b99671ce5d1cb9664c5f8636329436d/library/std/src/panic.rs:140:14
[INFO] [stdout]   41:     0x562083363a21 - std::thread::Builder::spawn_unchecked_::{{closure}}::h50153abde3fe239e
[INFO] [stdout]                                at /rustc/1b7dd2252b99671ce5d1cb9664c5f8636329436d/library/std/src/thread/mod.rs:525:30
[INFO] [stdout]   42:     0x562083363a21 - core::ops::function::FnOnce::call_once{{vtable.shim}}::hbe5bbf6f38394364
[INFO] [stdout]                                at /rustc/1b7dd2252b99671ce5d1cb9664c5f8636329436d/library/core/src/ops/function.rs:250:5
[INFO] [stdout]   43:     0x5620833ef055 - <alloc::boxed::Box<F,A> as core::ops::function::FnOnce<Args>>::call_once::h0d83cb2920a49046
[INFO] [stdout]                                at /rustc/1b7dd2252b99671ce5d1cb9664c5f8636329436d/library/alloc/src/boxed.rs:1973:9
[INFO] [stdout]   44:     0x5620833ef055 - <alloc::boxed::Box<F,A> as core::ops::function::FnOnce<Args>>::call_once::hbe0a008aa7d9ef59
[INFO] [stdout]                                at /rustc/1b7dd2252b99671ce5d1cb9664c5f8636329436d/library/alloc/src/boxed.rs:1973:9
[INFO] [stdout]   45:     0x5620833ef055 - std::sys::unix::thread::Thread::new::thread_start::h3a466996bdf6b1f9
[INFO] [stdout]                                at /rustc/1b7dd2252b99671ce5d1cb9664c5f8636329436d/library/std/src/sys/unix/thread.rs:108:17
[INFO] [stdout]   46:     0x7fea9b14cb43 - <unknown>
[INFO] [stdout]   47:     0x7fea9b1ddbb4 - __clone
[INFO] [stdout]   48:                0x0 - <unknown>
[INFO] [stdout] 
[INFO] [stdout] 
[INFO] [stdout] failures:
[INFO] [stdout]     ffi::tests::load_libs_stress
[INFO] [stdout] 
[INFO] [stdout] test result: FAILED. 289 passed; 1 failed; 7 ignored; 0 measured; 0 filtered out; finished in 0.78s
[INFO] [stdout] 
[INFO] [stdout] jinko called
[INFO] [stderr] error: test failed, to rerun pass `--lib`
[INFO] running `Command { std: "docker" "inspect" "69290947f3b6a78e82e14b6efa21103283b88fbc7324e57ddb0a3f940965f8a4", kill_on_drop: false }`
[INFO] running `Command { std: "docker" "rm" "-f" "69290947f3b6a78e82e14b6efa21103283b88fbc7324e57ddb0a3f940965f8a4", kill_on_drop: false }`
[INFO] [stdout] 69290947f3b6a78e82e14b6efa21103283b88fbc7324e57ddb0a3f940965f8a4
