[INFO] fetching crate jack 0.11.4...
[INFO] testing jack-0.11.4 against beta-2023-04-20 for beta-1.70-1
[INFO] extracting crate jack 0.11.4 into /workspace/builds/worker-4-tc2/source
[INFO] validating manifest of crates.io crate jack 0.11.4 on toolchain beta-2023-04-20
[INFO] running `Command { std: CARGO_HOME="/workspace/cargo-home" RUSTUP_HOME="/workspace/rustup-home" "/workspace/cargo-home/bin/cargo" "+beta-2023-04-20" "metadata" "--manifest-path" "Cargo.toml" "--no-deps", kill_on_drop: false }`
[INFO] started tweaking crates.io crate jack 0.11.4
[INFO] finished tweaking crates.io crate jack 0.11.4
[INFO] tweaked toml for crates.io crate jack 0.11.4 written to /workspace/builds/worker-4-tc2/source/Cargo.toml
[INFO] crate crates.io crate jack 0.11.4 already has a lockfile, it will not be regenerated
[INFO] running `Command { std: CARGO_HOME="/workspace/cargo-home" RUSTUP_HOME="/workspace/rustup-home" "/workspace/cargo-home/bin/cargo" "+beta-2023-04-20" "fetch" "--manifest-path" "Cargo.toml", kill_on_drop: false }`
[INFO] [stderr]     Updating crates.io index
[INFO] [stderr]  Downloading crates ...
[INFO] [stderr]   Downloaded jack-sys v0.5.1
[INFO] running `Command { std: "docker" "create" "-v" "/var/lib/crater-agent-workspace/builds/worker-4-tc2/target:/opt/rustwide/target:rw,Z" "-v" "/var/lib/crater-agent-workspace/builds/worker-4-tc2/source:/opt/rustwide/workdir:ro,Z" "-v" "/var/lib/crater-agent-workspace/cargo-home:/opt/rustwide/cargo-home:ro,Z" "-v" "/var/lib/crater-agent-workspace/rustup-home:/opt/rustwide/rustup-home:ro,Z" "-e" "SOURCE_DIR=/opt/rustwide/workdir" "-e" "CARGO_TARGET_DIR=/opt/rustwide/target" "-e" "CARGO_HOME=/opt/rustwide/cargo-home" "-e" "RUSTUP_HOME=/opt/rustwide/rustup-home" "-w" "/opt/rustwide/workdir" "-m" "1610612736" "--user" "0:0" "--network" "none" "ghcr.io/rust-lang/crates-build-env/linux@sha256:5ff2268d62e97bff2cde7d5815dd6ed5b47097566f13b8d0ca110b04b60e07ed" "/opt/rustwide/cargo-home/bin/cargo" "+beta-2023-04-20" "metadata" "--no-deps" "--format-version=1", kill_on_drop: false }`
[INFO] [stdout] d7754fa4fd360cd6a824d99f3cd89e48d8291a2cd4d6c748e6fa2751b51688ab
[INFO] running `Command { std: "docker" "start" "-a" "d7754fa4fd360cd6a824d99f3cd89e48d8291a2cd4d6c748e6fa2751b51688ab", kill_on_drop: false }`
[INFO] running `Command { std: "docker" "inspect" "d7754fa4fd360cd6a824d99f3cd89e48d8291a2cd4d6c748e6fa2751b51688ab", kill_on_drop: false }`
[INFO] running `Command { std: "docker" "rm" "-f" "d7754fa4fd360cd6a824d99f3cd89e48d8291a2cd4d6c748e6fa2751b51688ab", kill_on_drop: false }`
[INFO] [stdout] d7754fa4fd360cd6a824d99f3cd89e48d8291a2cd4d6c748e6fa2751b51688ab
[INFO] running `Command { std: "docker" "create" "-v" "/var/lib/crater-agent-workspace/builds/worker-4-tc2/target:/opt/rustwide/target:rw,Z" "-v" "/var/lib/crater-agent-workspace/builds/worker-4-tc2/source:/opt/rustwide/workdir:ro,Z" "-v" "/var/lib/crater-agent-workspace/cargo-home:/opt/rustwide/cargo-home:ro,Z" "-v" "/var/lib/crater-agent-workspace/rustup-home:/opt/rustwide/rustup-home:ro,Z" "-e" "SOURCE_DIR=/opt/rustwide/workdir" "-e" "CARGO_TARGET_DIR=/opt/rustwide/target" "-e" "CARGO_INCREMENTAL=0" "-e" "RUST_BACKTRACE=full" "-e" "RUSTFLAGS=--cap-lints=warn" "-e" "RUSTDOCFLAGS=--cap-lints=warn" "-e" "CARGO_HOME=/opt/rustwide/cargo-home" "-e" "RUSTUP_HOME=/opt/rustwide/rustup-home" "-w" "/opt/rustwide/workdir" "-m" "1610612736" "--user" "0:0" "--network" "none" "ghcr.io/rust-lang/crates-build-env/linux@sha256:5ff2268d62e97bff2cde7d5815dd6ed5b47097566f13b8d0ca110b04b60e07ed" "/opt/rustwide/cargo-home/bin/cargo" "+beta-2023-04-20" "build" "--frozen" "--message-format=json", kill_on_drop: false }`
[INFO] [stdout] 5bc87aab5df763909c508e42ce216cf0cc687282f7174074976b513e8eb2406d
[INFO] running `Command { std: "docker" "start" "-a" "5bc87aab5df763909c508e42ce216cf0cc687282f7174074976b513e8eb2406d", kill_on_drop: false }`
[INFO] [stderr]    Compiling libc v0.2.137
[INFO] [stderr]    Compiling jack v0.11.4 (/opt/rustwide/workdir)
[INFO] [stderr]    Compiling jack-sys v0.5.1
[INFO] [stderr]    Compiling libloading v0.7.3
[INFO] [stderr]     Finished dev [unoptimized + debuginfo] target(s) in 3.13s
[INFO] running `Command { std: "docker" "inspect" "5bc87aab5df763909c508e42ce216cf0cc687282f7174074976b513e8eb2406d", kill_on_drop: false }`
[INFO] running `Command { std: "docker" "rm" "-f" "5bc87aab5df763909c508e42ce216cf0cc687282f7174074976b513e8eb2406d", kill_on_drop: false }`
[INFO] [stdout] 5bc87aab5df763909c508e42ce216cf0cc687282f7174074976b513e8eb2406d
[INFO] running `Command { std: "docker" "create" "-v" "/var/lib/crater-agent-workspace/builds/worker-4-tc2/target:/opt/rustwide/target:rw,Z" "-v" "/var/lib/crater-agent-workspace/builds/worker-4-tc2/source:/opt/rustwide/workdir:ro,Z" "-v" "/var/lib/crater-agent-workspace/cargo-home:/opt/rustwide/cargo-home:ro,Z" "-v" "/var/lib/crater-agent-workspace/rustup-home:/opt/rustwide/rustup-home:ro,Z" "-e" "SOURCE_DIR=/opt/rustwide/workdir" "-e" "CARGO_TARGET_DIR=/opt/rustwide/target" "-e" "CARGO_INCREMENTAL=0" "-e" "RUST_BACKTRACE=full" "-e" "RUSTFLAGS=--cap-lints=warn" "-e" "RUSTDOCFLAGS=--cap-lints=warn" "-e" "CARGO_HOME=/opt/rustwide/cargo-home" "-e" "RUSTUP_HOME=/opt/rustwide/rustup-home" "-w" "/opt/rustwide/workdir" "-m" "1610612736" "--user" "0:0" "--network" "none" "ghcr.io/rust-lang/crates-build-env/linux@sha256:5ff2268d62e97bff2cde7d5815dd6ed5b47097566f13b8d0ca110b04b60e07ed" "/opt/rustwide/cargo-home/bin/cargo" "+beta-2023-04-20" "test" "--frozen" "--no-run" "--message-format=json", kill_on_drop: false }`
[INFO] [stdout] 6f219ad996ab755004d782ab2153019e8b0c6e9d4239e42ff36c2bed57e65e8e
[INFO] running `Command { std: "docker" "start" "-a" "6f219ad996ab755004d782ab2153019e8b0c6e9d4239e42ff36c2bed57e65e8e", kill_on_drop: false }`
[INFO] [stderr]    Compiling crossbeam-utils v0.8.12
[INFO] [stderr]    Compiling crossbeam-channel v0.5.6
[INFO] [stderr]    Compiling jack v0.11.4 (/opt/rustwide/workdir)
[INFO] [stderr]     Finished test [unoptimized + debuginfo] target(s) in 5.24s
[INFO] running `Command { std: "docker" "inspect" "6f219ad996ab755004d782ab2153019e8b0c6e9d4239e42ff36c2bed57e65e8e", kill_on_drop: false }`
[INFO] running `Command { std: "docker" "rm" "-f" "6f219ad996ab755004d782ab2153019e8b0c6e9d4239e42ff36c2bed57e65e8e", kill_on_drop: false }`
[INFO] [stdout] 6f219ad996ab755004d782ab2153019e8b0c6e9d4239e42ff36c2bed57e65e8e
[INFO] running `Command { std: "docker" "create" "-v" "/var/lib/crater-agent-workspace/builds/worker-4-tc2/target:/opt/rustwide/target:rw,Z" "-v" "/var/lib/crater-agent-workspace/builds/worker-4-tc2/source:/opt/rustwide/workdir:ro,Z" "-v" "/var/lib/crater-agent-workspace/cargo-home:/opt/rustwide/cargo-home:ro,Z" "-v" "/var/lib/crater-agent-workspace/rustup-home:/opt/rustwide/rustup-home:ro,Z" "-e" "SOURCE_DIR=/opt/rustwide/workdir" "-e" "CARGO_TARGET_DIR=/opt/rustwide/target" "-e" "CARGO_INCREMENTAL=0" "-e" "RUST_BACKTRACE=full" "-e" "RUSTFLAGS=--cap-lints=warn" "-e" "RUSTDOCFLAGS=--cap-lints=warn" "-e" "CARGO_HOME=/opt/rustwide/cargo-home" "-e" "RUSTUP_HOME=/opt/rustwide/rustup-home" "-w" "/opt/rustwide/workdir" "-m" "1610612736" "--user" "0:0" "--network" "none" "ghcr.io/rust-lang/crates-build-env/linux@sha256:5ff2268d62e97bff2cde7d5815dd6ed5b47097566f13b8d0ca110b04b60e07ed" "/opt/rustwide/cargo-home/bin/cargo" "+beta-2023-04-20" "test" "--frozen", kill_on_drop: false }`
[INFO] [stdout] 3a78524b5f8769b4280d98327877971dcba0d3ca8cc101b050017f5af9f817f6
[INFO] running `Command { std: "docker" "start" "-a" "3a78524b5f8769b4280d98327877971dcba0d3ca8cc101b050017f5af9f817f6", kill_on_drop: false }`
[INFO] [stderr]     Finished test [unoptimized + debuginfo] target(s) in 0.01s
[INFO] [stderr]      Running unittests src/lib.rs (/opt/rustwide/target/debug/deps/jack-84b3e7eaf7b6b7ec)
[INFO] [stdout] 
[INFO] [stdout] running 82 tests
[INFO] [stdout] test client::test::client_valid_client_name_size ... ok
[INFO] [stdout] test client::test::client_can_be_named ... FAILED
[INFO] [stdout] test client::test::client_can_set_buffer_size ... FAILED
[INFO] [stdout] test client::test::client_can_activate ... FAILED
[INFO] [stdout] test client::test::client_debug_printing ... FAILED
[INFO] [stdout] test client::test::client_can_open ... FAILED
[INFO] [stdout] test client::test::client_can_estimate_frame_times ... FAILED
[INFO] [stdout] test client::test::client_can_deactivate ... FAILED
[INFO] [stdout] test client::test_callback::client_cback_has_proper_default_callbacks ... ok
[INFO] [stdout] test client::test::client_fails_to_open_with_large_name - should panic ... ok
[INFO] [stdout] test client::test::client_knows_sample_rate ... FAILED
[INFO] [stdout] test client::test::client_can_use_ringbuffer ... FAILED
[INFO] [stdout] test client::test_callback::client_cback_calls_after_client_registered ... FAILED
[INFO] [stdout] test client::test::client_knows_cpu_load ... FAILED
[INFO] [stdout] test client::test_callback::client_cback_calls_after_client_unregistered ... FAILED
[INFO] [stdout] test client::test::client_detects_bad_buffer_size ... FAILED
[INFO] [stdout] test client::test::client_knows_buffer_size ... FAILED
[INFO] [stdout] test client::test::client_uuid ... FAILED
[INFO] [stdout] test client::test_callback::client_cback_calls_buffer_size ... FAILED
[INFO] [stdout] test client::test_callback::client_cback_calls_buffer_size_on_process_thread ... FAILED
[INFO] [stdout] test client::test_callback::client_cback_calls_port_registered ... FAILED
[INFO] [stdout] test client::test_callback::client_cback_calls_port_unregistered ... FAILED
[INFO] [stdout] test client::test_callback::client_cback_calls_process ... FAILED
[INFO] [stdout] test client::test_callback::client_cback_calls_thread_init ... FAILED
[INFO] [stdout] test client::test_callback::client_cback_reports_xruns ... FAILED
[INFO] [stdout] test port::audio::test::port_audio_can_read_write ... FAILED
[INFO] [stdout] test port::midi::test::port_midi_can_get_max_event_size ... FAILED
[INFO] [stdout] test port::midi::test::port_midi_can_read_write ... FAILED
[INFO] [stdout] test port::midi::test::port_midi_cant_exceed_max_event_size ... FAILED
[INFO] [stdout] test port::midi::test::port_midi_iter ... FAILED
[INFO] [stdout] test port::midi::test::port_midi_iter_next_if ... FAILED
[INFO] [stdout] test port::test_client::client_port_can_connect_ports ... FAILED
[INFO] [stdout] test port::test_client::client_port_can_connect_ports_by_name ... FAILED
[INFO] [stdout] test port::test_client::client_port_can_connect_unowned_ports ... FAILED
[INFO] [stdout] test port::test_client::client_port_can_disconnect_port_from_all ... FAILED
[INFO] [stdout] test port::test_client::client_port_can_disconnect_ports ... FAILED
[INFO] [stdout] test port::test_client::client_port_can_disconnect_ports_by_name ... FAILED
[INFO] [stdout] test port::test_client::client_port_can_disconnect_unowned_ports ... FAILED
[INFO] [stdout] test port::test_client::client_port_can_get_existing_ports ... FAILED
[INFO] [stdout] test port::test_client::client_port_can_get_port_by_id ... FAILED
[INFO] [stdout] test port::test_client::client_port_can_get_port_by_name ... FAILED
[INFO] [stdout] test port::test_client::client_port_can_get_port_by_name_pattern ... FAILED
[INFO] [stdout] test port::test_client::client_port_can_get_port_by_type_pattern ... FAILED
[INFO] [stdout] test port::test_client::client_port_can_register_port ... FAILED
[INFO] [stdout] test port::test_client::client_port_can_request_monitor_by_name ... FAILED
[INFO] [stdout] test port::test_client::client_port_cant_connect_inactive_client ... FAILED
[INFO] [stdout] test port::test_client::client_port_fails_to_connect_nonexistant_ports ... FAILED
[INFO] [stdout] test port::test_port::port_unowned_no_port_flags ... ok
[INFO] [stdout] test port::test_port::port_unowned_no_port_size - should panic ... ok
[INFO] [stdout] test port::test_port::port_unowned_no_port_type ... ok
[INFO] [stdout] test ringbuffer::test::ringbuffer_can_create ... ok
[INFO] [stdout] test ringbuffer::test::ringbuffer_can_space ... ok
[INFO] [stdout] test ringbuffer::test::ringbuffer_peek_read ... ok
[INFO] [stdout] test ringbuffer::test::ringbuffer_peek_write ... ok
[INFO] [stdout] test ringbuffer::test::ringbuffer_threaded ... ok
[INFO] [stdout] test ringbuffer::test::ringbuffer_write_read ... ok
[INFO] [stdout] test ringbuffer::test::ringbuffer_write_read_split ... ok
[INFO] [stderr] error: test failed, to rerun pass `--lib`
[INFO] [stderr] 
[INFO] [stderr] Caused by:
[INFO] [stderr]   process didn't exit successfully: `/opt/rustwide/target/debug/deps/jack-84b3e7eaf7b6b7ec` (signal: 11, SIGSEGV: invalid memory reference)
[INFO] running `Command { std: "docker" "inspect" "3a78524b5f8769b4280d98327877971dcba0d3ca8cc101b050017f5af9f817f6", kill_on_drop: false }`
[INFO] running `Command { std: "docker" "rm" "-f" "3a78524b5f8769b4280d98327877971dcba0d3ca8cc101b050017f5af9f817f6", kill_on_drop: false }`
[INFO] [stdout] 3a78524b5f8769b4280d98327877971dcba0d3ca8cc101b050017f5af9f817f6
