[INFO] fetching crate jack-sys 0.5.1...
[INFO] testing jack-sys-0.5.1 against 1.69.0 for beta-1.70-1
[INFO] extracting crate jack-sys 0.5.1 into /workspace/builds/worker-0-tc1/source
[INFO] validating manifest of crates.io crate jack-sys 0.5.1 on toolchain 1.69.0
[INFO] running `Command { std: CARGO_HOME="/workspace/cargo-home" RUSTUP_HOME="/workspace/rustup-home" "/workspace/cargo-home/bin/cargo" "+1.69.0" "metadata" "--manifest-path" "Cargo.toml" "--no-deps", kill_on_drop: false }`
[INFO] started tweaking crates.io crate jack-sys 0.5.1
[INFO] finished tweaking crates.io crate jack-sys 0.5.1
[INFO] tweaked toml for crates.io crate jack-sys 0.5.1 written to /workspace/builds/worker-0-tc1/source/Cargo.toml
[INFO] running `Command { std: CARGO_HOME="/workspace/cargo-home" RUSTUP_HOME="/workspace/rustup-home" __CARGO_TEST_CHANNEL_OVERRIDE_DO_NOT_USE_THIS="nightly" "/workspace/cargo-home/bin/cargo" "+1.69.0" "generate-lockfile" "--manifest-path" "Cargo.toml" "-Zno-index-update", kill_on_drop: false }`
[INFO] running `Command { std: CARGO_HOME="/workspace/cargo-home" RUSTUP_HOME="/workspace/rustup-home" "/workspace/cargo-home/bin/cargo" "+1.69.0" "fetch" "--manifest-path" "Cargo.toml", kill_on_drop: false }`
[INFO] running `Command { std: "docker" "create" "-v" "/var/lib/crater-agent-workspace/builds/worker-0-tc1/target:/opt/rustwide/target:rw,Z" "-v" "/var/lib/crater-agent-workspace/builds/worker-0-tc1/source:/opt/rustwide/workdir:ro,Z" "-v" "/var/lib/crater-agent-workspace/cargo-home:/opt/rustwide/cargo-home:ro,Z" "-v" "/var/lib/crater-agent-workspace/rustup-home:/opt/rustwide/rustup-home:ro,Z" "-e" "SOURCE_DIR=/opt/rustwide/workdir" "-e" "CARGO_TARGET_DIR=/opt/rustwide/target" "-e" "CARGO_HOME=/opt/rustwide/cargo-home" "-e" "RUSTUP_HOME=/opt/rustwide/rustup-home" "-w" "/opt/rustwide/workdir" "-m" "1610612736" "--user" "0:0" "--network" "none" "ghcr.io/rust-lang/crates-build-env/linux@sha256:5ff2268d62e97bff2cde7d5815dd6ed5b47097566f13b8d0ca110b04b60e07ed" "/opt/rustwide/cargo-home/bin/cargo" "+1.69.0" "metadata" "--no-deps" "--format-version=1", kill_on_drop: false }`
[INFO] [stdout] 7614e738e1f7a1b755bfb1b435ea7186b69db399f7ff43a3a021b75ed8909230
[INFO] running `Command { std: "docker" "start" "-a" "7614e738e1f7a1b755bfb1b435ea7186b69db399f7ff43a3a021b75ed8909230", kill_on_drop: false }`
[INFO] running `Command { std: "docker" "inspect" "7614e738e1f7a1b755bfb1b435ea7186b69db399f7ff43a3a021b75ed8909230", kill_on_drop: false }`
[INFO] running `Command { std: "docker" "rm" "-f" "7614e738e1f7a1b755bfb1b435ea7186b69db399f7ff43a3a021b75ed8909230", kill_on_drop: false }`
[INFO] [stdout] 7614e738e1f7a1b755bfb1b435ea7186b69db399f7ff43a3a021b75ed8909230
[INFO] running `Command { std: "docker" "create" "-v" "/var/lib/crater-agent-workspace/builds/worker-0-tc1/target:/opt/rustwide/target:rw,Z" "-v" "/var/lib/crater-agent-workspace/builds/worker-0-tc1/source:/opt/rustwide/workdir:ro,Z" "-v" "/var/lib/crater-agent-workspace/cargo-home:/opt/rustwide/cargo-home:ro,Z" "-v" "/var/lib/crater-agent-workspace/rustup-home:/opt/rustwide/rustup-home:ro,Z" "-e" "SOURCE_DIR=/opt/rustwide/workdir" "-e" "CARGO_TARGET_DIR=/opt/rustwide/target" "-e" "CARGO_INCREMENTAL=0" "-e" "RUST_BACKTRACE=full" "-e" "RUSTFLAGS=--cap-lints=warn" "-e" "RUSTDOCFLAGS=--cap-lints=warn" "-e" "CARGO_HOME=/opt/rustwide/cargo-home" "-e" "RUSTUP_HOME=/opt/rustwide/rustup-home" "-w" "/opt/rustwide/workdir" "-m" "1610612736" "--user" "0:0" "--network" "none" "ghcr.io/rust-lang/crates-build-env/linux@sha256:5ff2268d62e97bff2cde7d5815dd6ed5b47097566f13b8d0ca110b04b60e07ed" "/opt/rustwide/cargo-home/bin/cargo" "+1.69.0" "build" "--frozen" "--message-format=json", kill_on_drop: false }`
[INFO] [stdout] a2943265c1f71b41777d4ae4e4a4b63fa367875a8e5286eb2288fe9ab7ea81ae
[INFO] running `Command { std: "docker" "start" "-a" "a2943265c1f71b41777d4ae4e4a4b63fa367875a8e5286eb2288fe9ab7ea81ae", kill_on_drop: false }`
[INFO] [stderr]    Compiling pkg-config v0.3.26
[INFO] [stderr]    Compiling log v0.4.17
[INFO] [stderr]    Compiling bitflags v1.3.2
[INFO] [stderr]    Compiling lazy_static v1.4.0
[INFO] [stderr]    Compiling libloading v0.7.4
[INFO] [stderr]    Compiling jack-sys v0.5.1 (/opt/rustwide/workdir)
[INFO] [stderr]     Finished dev [unoptimized + debuginfo] target(s) in 0.77s
[INFO] running `Command { std: "docker" "inspect" "a2943265c1f71b41777d4ae4e4a4b63fa367875a8e5286eb2288fe9ab7ea81ae", kill_on_drop: false }`
[INFO] running `Command { std: "docker" "rm" "-f" "a2943265c1f71b41777d4ae4e4a4b63fa367875a8e5286eb2288fe9ab7ea81ae", kill_on_drop: false }`
[INFO] [stdout] a2943265c1f71b41777d4ae4e4a4b63fa367875a8e5286eb2288fe9ab7ea81ae
[INFO] running `Command { std: "docker" "create" "-v" "/var/lib/crater-agent-workspace/builds/worker-0-tc1/target:/opt/rustwide/target:rw,Z" "-v" "/var/lib/crater-agent-workspace/builds/worker-0-tc1/source:/opt/rustwide/workdir:ro,Z" "-v" "/var/lib/crater-agent-workspace/cargo-home:/opt/rustwide/cargo-home:ro,Z" "-v" "/var/lib/crater-agent-workspace/rustup-home:/opt/rustwide/rustup-home:ro,Z" "-e" "SOURCE_DIR=/opt/rustwide/workdir" "-e" "CARGO_TARGET_DIR=/opt/rustwide/target" "-e" "CARGO_INCREMENTAL=0" "-e" "RUST_BACKTRACE=full" "-e" "RUSTFLAGS=--cap-lints=warn" "-e" "RUSTDOCFLAGS=--cap-lints=warn" "-e" "CARGO_HOME=/opt/rustwide/cargo-home" "-e" "RUSTUP_HOME=/opt/rustwide/rustup-home" "-w" "/opt/rustwide/workdir" "-m" "1610612736" "--user" "0:0" "--network" "none" "ghcr.io/rust-lang/crates-build-env/linux@sha256:5ff2268d62e97bff2cde7d5815dd6ed5b47097566f13b8d0ca110b04b60e07ed" "/opt/rustwide/cargo-home/bin/cargo" "+1.69.0" "test" "--frozen" "--no-run" "--message-format=json", kill_on_drop: false }`
[INFO] [stdout] 64347a09b7a3b6dcb219154cd30cf2d7bb8ccf2ff858039a57f7ffa6fb585142
[INFO] running `Command { std: "docker" "start" "-a" "64347a09b7a3b6dcb219154cd30cf2d7bb8ccf2ff858039a57f7ffa6fb585142", kill_on_drop: false }`
[INFO] [stderr]    Compiling jack-sys v0.5.1 (/opt/rustwide/workdir)
[INFO] [stderr]     Finished test [unoptimized + debuginfo] target(s) in 0.23s
[INFO] running `Command { std: "docker" "inspect" "64347a09b7a3b6dcb219154cd30cf2d7bb8ccf2ff858039a57f7ffa6fb585142", kill_on_drop: false }`
[INFO] running `Command { std: "docker" "rm" "-f" "64347a09b7a3b6dcb219154cd30cf2d7bb8ccf2ff858039a57f7ffa6fb585142", kill_on_drop: false }`
[INFO] [stdout] 64347a09b7a3b6dcb219154cd30cf2d7bb8ccf2ff858039a57f7ffa6fb585142
[INFO] running `Command { std: "docker" "create" "-v" "/var/lib/crater-agent-workspace/builds/worker-0-tc1/target:/opt/rustwide/target:rw,Z" "-v" "/var/lib/crater-agent-workspace/builds/worker-0-tc1/source:/opt/rustwide/workdir:ro,Z" "-v" "/var/lib/crater-agent-workspace/cargo-home:/opt/rustwide/cargo-home:ro,Z" "-v" "/var/lib/crater-agent-workspace/rustup-home:/opt/rustwide/rustup-home:ro,Z" "-e" "SOURCE_DIR=/opt/rustwide/workdir" "-e" "CARGO_TARGET_DIR=/opt/rustwide/target" "-e" "CARGO_INCREMENTAL=0" "-e" "RUST_BACKTRACE=full" "-e" "RUSTFLAGS=--cap-lints=warn" "-e" "RUSTDOCFLAGS=--cap-lints=warn" "-e" "CARGO_HOME=/opt/rustwide/cargo-home" "-e" "RUSTUP_HOME=/opt/rustwide/rustup-home" "-w" "/opt/rustwide/workdir" "-m" "1610612736" "--user" "0:0" "--network" "none" "ghcr.io/rust-lang/crates-build-env/linux@sha256:5ff2268d62e97bff2cde7d5815dd6ed5b47097566f13b8d0ca110b04b60e07ed" "/opt/rustwide/cargo-home/bin/cargo" "+1.69.0" "test" "--frozen", kill_on_drop: false }`
[INFO] [stdout] cb21412cc650d1732a514251a8864bf1f370de4f9a2b5f9bdec84f2dacb7fff9
[INFO] running `Command { std: "docker" "start" "-a" "cb21412cc650d1732a514251a8864bf1f370de4f9a2b5f9bdec84f2dacb7fff9", kill_on_drop: false }`
[INFO] [stderr]     Finished test [unoptimized + debuginfo] target(s) in 0.01s
[INFO] [stderr]      Running unittests src/lib.rs (/opt/rustwide/target/debug/deps/jack_sys-d82ec47d4666ef9e)
[INFO] [stdout] 
[INFO] [stdout] running 0 tests
[INFO] [stdout] 
[INFO] [stdout] test result: ok. 0 passed; 0 failed; 0 ignored; 0 measured; 0 filtered out; finished in 0.00s
[INFO] [stdout] 
[INFO] [stderr]    Doc-tests jack-sys
[INFO] [stdout] 
[INFO] [stdout] running 1 test
[INFO] [stdout] test src/lib.rs - library (line 31) ... FAILED
[INFO] [stdout] 
[INFO] [stdout] failures:
[INFO] [stdout] 
[INFO] [stdout] ---- src/lib.rs - library (line 31) stdout ----
[INFO] [stdout] error[E0425]: cannot find value `library` in this scope
[INFO] [stdout]  --> src/lib.rs:32:14
[INFO] [stdout]   |
[INFO] [stdout] 3 | let symbol = library.get::<unsafe extern "C" fn(client: *mut jack_client_t) -> ::libc::c_int>(b"jack_release_timebase").unwrap();
[INFO] [stdout]   |              ^^^^^^^ not found in this scope
[INFO] [stdout]   |
[INFO] [stdout] help: consider importing this function
[INFO] [stdout]   |
[INFO] [stdout] 2 | use jack_sys::library;
[INFO] [stdout]   |
[INFO] [stdout] 
[INFO] [stdout] error[E0412]: cannot find type `jack_client_t` in this scope
[INFO] [stdout]  --> src/lib.rs:32:62
[INFO] [stdout]   |
[INFO] [stdout] 3 | let symbol = library.get::<unsafe extern "C" fn(client: *mut jack_client_t) -> ::libc::c_int>(b"jack_release_timebase").unwrap();
[INFO] [stdout]   |                                                              ^^^^^^^^^^^^^ not found in this scope
[INFO] [stdout]   |
[INFO] [stdout] help: consider importing this type alias
[INFO] [stdout]   |
[INFO] [stdout] 2 | use jack_sys::jack_client_t;
[INFO] [stdout]   |
[INFO] [stdout] 
[INFO] [stdout] error[E0412]: cannot find type `jack_client_t` in this scope
[INFO] [stdout]  --> src/lib.rs:34:69
[INFO] [stdout]   |
[INFO] [stdout] 5 | let func = *raw_symbol.deref() as unsafe extern "C" fn(client: *mut jack_client_t) -> ::libc::c_int;
[INFO] [stdout]   |                                                                     ^^^^^^^^^^^^^ not found in this scope
[INFO] [stdout]   |
[INFO] [stdout] help: consider importing this type alias
[INFO] [stdout]   |
[INFO] [stdout] 2 | use jack_sys::jack_client_t;
[INFO] [stdout]   |
[INFO] [stdout] 
[INFO] [stdout] error: aborting due to 3 previous errors
[INFO] [stdout] 
[INFO] [stdout] Some errors have detailed explanations: E0412, E0425.
[INFO] [stdout] For more information about an error, try `rustc --explain E0412`.
[INFO] [stdout] Couldn't compile the test.
[INFO] [stdout] 
[INFO] [stdout] failures:
[INFO] [stdout]     src/lib.rs - library (line 31)
[INFO] [stdout] 
[INFO] [stdout] test result: FAILED. 0 passed; 1 failed; 0 ignored; 0 measured; 0 filtered out; finished in 0.04s
[INFO] [stdout] 
[INFO] [stderr] error: doctest failed, to rerun pass `--doc`
[INFO] running `Command { std: "docker" "inspect" "cb21412cc650d1732a514251a8864bf1f370de4f9a2b5f9bdec84f2dacb7fff9", kill_on_drop: false }`
[INFO] running `Command { std: "docker" "rm" "-f" "cb21412cc650d1732a514251a8864bf1f370de4f9a2b5f9bdec84f2dacb7fff9", kill_on_drop: false }`
[INFO] [stdout] cb21412cc650d1732a514251a8864bf1f370de4f9a2b5f9bdec84f2dacb7fff9
