[INFO] fetching crate izihawa-fst 0.4.0...
[INFO] testing izihawa-fst-0.4.0 against beta-2023-04-20 for beta-1.70-1
[INFO] extracting crate izihawa-fst 0.4.0 into /workspace/builds/worker-0-tc2/source
[INFO] validating manifest of crates.io crate izihawa-fst 0.4.0 on toolchain beta-2023-04-20
[INFO] running `Command { std: CARGO_HOME="/workspace/cargo-home" RUSTUP_HOME="/workspace/rustup-home" "/workspace/cargo-home/bin/cargo" "+beta-2023-04-20" "metadata" "--manifest-path" "Cargo.toml" "--no-deps", kill_on_drop: false }`
[INFO] started tweaking crates.io crate izihawa-fst 0.4.0
[INFO] finished tweaking crates.io crate izihawa-fst 0.4.0
[INFO] tweaked toml for crates.io crate izihawa-fst 0.4.0 written to /workspace/builds/worker-0-tc2/source/Cargo.toml
[INFO] running `Command { std: CARGO_HOME="/workspace/cargo-home" RUSTUP_HOME="/workspace/rustup-home" __CARGO_TEST_CHANNEL_OVERRIDE_DO_NOT_USE_THIS="nightly" "/workspace/cargo-home/bin/cargo" "+beta-2023-04-20" "generate-lockfile" "--manifest-path" "Cargo.toml" "-Zno-index-update", kill_on_drop: false }`
[INFO] running `Command { std: CARGO_HOME="/workspace/cargo-home" RUSTUP_HOME="/workspace/rustup-home" "/workspace/cargo-home/bin/cargo" "+beta-2023-04-20" "fetch" "--manifest-path" "Cargo.toml", kill_on_drop: false }`
[INFO] [stderr]  Downloading crates ...
[INFO] [stderr]   Downloaded rand_core v0.2.2
[INFO] [stderr]   Downloaded rusty-fork v0.2.2
[INFO] [stderr]   Downloaded proptest v0.9.6
[INFO] [stderr]   Downloaded quickcheck v0.7.2
[INFO] running `Command { std: "docker" "create" "-v" "/var/lib/crater-agent-workspace/builds/worker-0-tc2/target:/opt/rustwide/target:rw,Z" "-v" "/var/lib/crater-agent-workspace/builds/worker-0-tc2/source:/opt/rustwide/workdir:ro,Z" "-v" "/var/lib/crater-agent-workspace/cargo-home:/opt/rustwide/cargo-home:ro,Z" "-v" "/var/lib/crater-agent-workspace/rustup-home:/opt/rustwide/rustup-home:ro,Z" "-e" "SOURCE_DIR=/opt/rustwide/workdir" "-e" "CARGO_TARGET_DIR=/opt/rustwide/target" "-e" "CARGO_HOME=/opt/rustwide/cargo-home" "-e" "RUSTUP_HOME=/opt/rustwide/rustup-home" "-w" "/opt/rustwide/workdir" "-m" "1610612736" "--user" "0:0" "--network" "none" "ghcr.io/rust-lang/crates-build-env/linux@sha256:5ff2268d62e97bff2cde7d5815dd6ed5b47097566f13b8d0ca110b04b60e07ed" "/opt/rustwide/cargo-home/bin/cargo" "+beta-2023-04-20" "metadata" "--no-deps" "--format-version=1", kill_on_drop: false }`
[INFO] [stdout] e73408740c0310be374db79189d8c8af8ae50c756586a7ef2ae544675368dc7b
[INFO] running `Command { std: "docker" "start" "-a" "e73408740c0310be374db79189d8c8af8ae50c756586a7ef2ae544675368dc7b", kill_on_drop: false }`
[INFO] running `Command { std: "docker" "inspect" "e73408740c0310be374db79189d8c8af8ae50c756586a7ef2ae544675368dc7b", kill_on_drop: false }`
[INFO] running `Command { std: "docker" "rm" "-f" "e73408740c0310be374db79189d8c8af8ae50c756586a7ef2ae544675368dc7b", kill_on_drop: false }`
[INFO] [stdout] e73408740c0310be374db79189d8c8af8ae50c756586a7ef2ae544675368dc7b
[INFO] running `Command { std: "docker" "create" "-v" "/var/lib/crater-agent-workspace/builds/worker-0-tc2/target:/opt/rustwide/target:rw,Z" "-v" "/var/lib/crater-agent-workspace/builds/worker-0-tc2/source:/opt/rustwide/workdir:ro,Z" "-v" "/var/lib/crater-agent-workspace/cargo-home:/opt/rustwide/cargo-home:ro,Z" "-v" "/var/lib/crater-agent-workspace/rustup-home:/opt/rustwide/rustup-home:ro,Z" "-e" "SOURCE_DIR=/opt/rustwide/workdir" "-e" "CARGO_TARGET_DIR=/opt/rustwide/target" "-e" "CARGO_INCREMENTAL=0" "-e" "RUST_BACKTRACE=full" "-e" "RUSTFLAGS=--cap-lints=warn" "-e" "RUSTDOCFLAGS=--cap-lints=warn" "-e" "CARGO_HOME=/opt/rustwide/cargo-home" "-e" "RUSTUP_HOME=/opt/rustwide/rustup-home" "-w" "/opt/rustwide/workdir" "-m" "1610612736" "--user" "0:0" "--network" "none" "ghcr.io/rust-lang/crates-build-env/linux@sha256:5ff2268d62e97bff2cde7d5815dd6ed5b47097566f13b8d0ca110b04b60e07ed" "/opt/rustwide/cargo-home/bin/cargo" "+beta-2023-04-20" "build" "--frozen" "--message-format=json", kill_on_drop: false }`
[INFO] [stdout] d58bcfbe4a2f202ce122bbeac4a4ee21719362b8e2ee72edaa34b7800ffc183d
[INFO] running `Command { std: "docker" "start" "-a" "d58bcfbe4a2f202ce122bbeac4a4ee21719362b8e2ee72edaa34b7800ffc183d", kill_on_drop: false }`
[INFO] [stderr]    Compiling regex-syntax v0.6.29
[INFO] [stderr]    Compiling byteorder v1.4.3
[INFO] [stderr]    Compiling utf8-ranges v1.0.5
[INFO] [stderr]    Compiling izihawa-fst v0.4.0 (/opt/rustwide/workdir)
[INFO] [stdout] warning: unused return value of `std::mem::replace` that must be used
[INFO] [stdout]     --> src/raw/mod.rs:1189:9
[INFO] [stdout]      |
[INFO] [stdout] 1189 |         mem::replace(&mut self.buf, new_buf);
[INFO] [stdout]      |         ^^^^^^^^^^^^^^^^^^^^^^^^^^^^^^^^^^^^
[INFO] [stdout]      |
[INFO] [stdout]      = note: if you don't need the old value, you can just assign the new value directly
[INFO] [stdout]      = note: `#[warn(unused_must_use)]` on by default
[INFO] [stdout] help: use `let _ = ...` to ignore the resulting value
[INFO] [stdout]      |
[INFO] [stdout] 1189 |         let _ = mem::replace(&mut self.buf, new_buf);
[INFO] [stdout]      |         +++++++
[INFO] [stdout] 
[INFO] [stdout] 
[INFO] [stdout] warning: 1 warning emitted
[INFO] [stdout] 
[INFO] [stdout] 
[INFO] [stderr]     Finished dev [unoptimized + debuginfo] target(s) in 2.09s
[INFO] running `Command { std: "docker" "inspect" "d58bcfbe4a2f202ce122bbeac4a4ee21719362b8e2ee72edaa34b7800ffc183d", kill_on_drop: false }`
[INFO] running `Command { std: "docker" "rm" "-f" "d58bcfbe4a2f202ce122bbeac4a4ee21719362b8e2ee72edaa34b7800ffc183d", kill_on_drop: false }`
[INFO] [stdout] d58bcfbe4a2f202ce122bbeac4a4ee21719362b8e2ee72edaa34b7800ffc183d
[INFO] running `Command { std: "docker" "create" "-v" "/var/lib/crater-agent-workspace/builds/worker-0-tc2/target:/opt/rustwide/target:rw,Z" "-v" "/var/lib/crater-agent-workspace/builds/worker-0-tc2/source:/opt/rustwide/workdir:ro,Z" "-v" "/var/lib/crater-agent-workspace/cargo-home:/opt/rustwide/cargo-home:ro,Z" "-v" "/var/lib/crater-agent-workspace/rustup-home:/opt/rustwide/rustup-home:ro,Z" "-e" "SOURCE_DIR=/opt/rustwide/workdir" "-e" "CARGO_TARGET_DIR=/opt/rustwide/target" "-e" "CARGO_INCREMENTAL=0" "-e" "RUST_BACKTRACE=full" "-e" "RUSTFLAGS=--cap-lints=warn" "-e" "RUSTDOCFLAGS=--cap-lints=warn" "-e" "CARGO_HOME=/opt/rustwide/cargo-home" "-e" "RUSTUP_HOME=/opt/rustwide/rustup-home" "-w" "/opt/rustwide/workdir" "-m" "1610612736" "--user" "0:0" "--network" "none" "ghcr.io/rust-lang/crates-build-env/linux@sha256:5ff2268d62e97bff2cde7d5815dd6ed5b47097566f13b8d0ca110b04b60e07ed" "/opt/rustwide/cargo-home/bin/cargo" "+beta-2023-04-20" "test" "--frozen" "--no-run" "--message-format=json", kill_on_drop: false }`
[INFO] [stdout] 6b9ab1a4dd69f2d812b31d4e0ca37764d5cc1bd26d05ae470b69ce84e9081040
[INFO] running `Command { std: "docker" "start" "-a" "6b9ab1a4dd69f2d812b31d4e0ca37764d5cc1bd26d05ae470b69ce84e9081040", kill_on_drop: false }`
[INFO] [stderr]    Compiling autocfg v1.1.0
[INFO] [stderr]    Compiling rand_core v0.4.2
[INFO] [stderr]    Compiling libc v0.2.142
[INFO] [stderr]    Compiling io-lifetimes v1.0.10
[INFO] [stderr]    Compiling rustix v0.37.18
[INFO] [stderr]    Compiling linux-raw-sys v0.3.6
[INFO] [stderr]    Compiling bitflags v1.3.2
[INFO] [stderr]    Compiling fastrand v1.9.0
[INFO] [stderr]    Compiling cfg-if v1.0.0
[INFO] [stderr]    Compiling quick-error v1.2.3
[INFO] [stderr]    Compiling autocfg v0.1.8
[INFO] [stderr]    Compiling rand_core v0.3.1
[INFO] [stderr]    Compiling rand_jitter v0.1.4
[INFO] [stderr]    Compiling rand_hc v0.1.0
[INFO] [stderr]    Compiling rand_isaac v0.1.1
[INFO] [stderr]    Compiling rand_chacha v0.1.1
[INFO] [stderr]    Compiling rand_pcg v0.1.2
[INFO] [stderr]    Compiling num-traits v0.2.15
[INFO] [stderr]    Compiling rand v0.6.5
[INFO] [stderr]    Compiling rand_xorshift v0.1.1
[INFO] [stderr]    Compiling bit-vec v0.6.3
[INFO] [stderr]    Compiling fnv v1.0.7
[INFO] [stderr]    Compiling bit-set v0.5.3
[INFO] [stderr]    Compiling rand_core v0.2.2
[INFO] [stderr]    Compiling lazy_static v1.4.0
[INFO] [stdout] warning: unused return value of `std::mem::replace` that must be used
[INFO] [stdout]     --> src/raw/mod.rs:1189:9
[INFO] [stdout]      |
[INFO] [stdout] 1189 |         mem::replace(&mut self.buf, new_buf);
[INFO] [stdout]      |         ^^^^^^^^^^^^^^^^^^^^^^^^^^^^^^^^^^^^
[INFO] [stdout]      |
[INFO] [stdout]      = note: if you don't need the old value, you can just assign the new value directly
[INFO] [stdout]      = note: `#[warn(unused_must_use)]` on by default
[INFO] [stdout] help: use `let _ = ...` to ignore the resulting value
[INFO] [stdout]      |
[INFO] [stdout] 1189 |         let _ = mem::replace(&mut self.buf, new_buf);
[INFO] [stdout]      |         +++++++
[INFO] [stdout] 
[INFO] [stdout] 
[INFO] [stdout] warning: 1 warning emitted
[INFO] [stdout] 
[INFO] [stdout] 
[INFO] [stderr]    Compiling wait-timeout v0.2.0
[INFO] [stderr]    Compiling rand_os v0.1.3
[INFO] [stderr]    Compiling rand v0.5.6
[INFO] [stderr]    Compiling quickcheck v0.7.2
[INFO] [stderr]    Compiling tempfile v3.5.0
[INFO] [stderr]    Compiling rusty-fork v0.2.2
[INFO] [stderr]    Compiling proptest v0.9.6
[INFO] [stderr]    Compiling izihawa-fst v0.4.0 (/opt/rustwide/workdir)
[INFO] [stdout] warning: unused return value of `std::mem::replace` that must be used
[INFO] [stdout]     --> src/raw/mod.rs:1189:9
[INFO] [stdout]      |
[INFO] [stdout] 1189 |         mem::replace(&mut self.buf, new_buf);
[INFO] [stdout]      |         ^^^^^^^^^^^^^^^^^^^^^^^^^^^^^^^^^^^^
[INFO] [stdout]      |
[INFO] [stdout]      = note: if you don't need the old value, you can just assign the new value directly
[INFO] [stdout]      = note: `#[warn(unused_must_use)]` on by default
[INFO] [stdout] help: use `let _ = ...` to ignore the resulting value
[INFO] [stdout]      |
[INFO] [stdout] 1189 |         let _ = mem::replace(&mut self.buf, new_buf);
[INFO] [stdout]      |         +++++++
[INFO] [stdout] 
[INFO] [stdout] 
[INFO] [stdout] warning: 1 warning emitted
[INFO] [stdout] 
[INFO] [stdout] 
[INFO] [stderr]     Finished test [unoptimized + debuginfo] target(s) in 10.15s
[INFO] running `Command { std: "docker" "inspect" "6b9ab1a4dd69f2d812b31d4e0ca37764d5cc1bd26d05ae470b69ce84e9081040", kill_on_drop: false }`
[INFO] running `Command { std: "docker" "rm" "-f" "6b9ab1a4dd69f2d812b31d4e0ca37764d5cc1bd26d05ae470b69ce84e9081040", kill_on_drop: false }`
[INFO] [stdout] 6b9ab1a4dd69f2d812b31d4e0ca37764d5cc1bd26d05ae470b69ce84e9081040
[INFO] running `Command { std: "docker" "create" "-v" "/var/lib/crater-agent-workspace/builds/worker-0-tc2/target:/opt/rustwide/target:rw,Z" "-v" "/var/lib/crater-agent-workspace/builds/worker-0-tc2/source:/opt/rustwide/workdir:ro,Z" "-v" "/var/lib/crater-agent-workspace/cargo-home:/opt/rustwide/cargo-home:ro,Z" "-v" "/var/lib/crater-agent-workspace/rustup-home:/opt/rustwide/rustup-home:ro,Z" "-e" "SOURCE_DIR=/opt/rustwide/workdir" "-e" "CARGO_TARGET_DIR=/opt/rustwide/target" "-e" "CARGO_INCREMENTAL=0" "-e" "RUST_BACKTRACE=full" "-e" "RUSTFLAGS=--cap-lints=warn" "-e" "RUSTDOCFLAGS=--cap-lints=warn" "-e" "CARGO_HOME=/opt/rustwide/cargo-home" "-e" "RUSTUP_HOME=/opt/rustwide/rustup-home" "-w" "/opt/rustwide/workdir" "-m" "1610612736" "--user" "0:0" "--network" "none" "ghcr.io/rust-lang/crates-build-env/linux@sha256:5ff2268d62e97bff2cde7d5815dd6ed5b47097566f13b8d0ca110b04b60e07ed" "/opt/rustwide/cargo-home/bin/cargo" "+beta-2023-04-20" "test" "--frozen", kill_on_drop: false }`
[INFO] [stdout] 15d72ba994075fa0dd444377a9fd094db9a8aca5b89a9ada0653a4b363dd872a
[INFO] running `Command { std: "docker" "start" "-a" "15d72ba994075fa0dd444377a9fd094db9a8aca5b89a9ada0653a4b363dd872a", kill_on_drop: false }`
[INFO] [stderr] warning: unused return value of `std::mem::replace` that must be used
[INFO] [stderr]     --> src/raw/mod.rs:1189:9
[INFO] [stderr]      |
[INFO] [stderr] 1189 |         mem::replace(&mut self.buf, new_buf);
[INFO] [stderr]      |         ^^^^^^^^^^^^^^^^^^^^^^^^^^^^^^^^^^^^
[INFO] [stderr]      |
[INFO] [stderr]      = note: if you don't need the old value, you can just assign the new value directly
[INFO] [stderr]      = note: `#[warn(unused_must_use)]` on by default
[INFO] [stderr] help: use `let _ = ...` to ignore the resulting value
[INFO] [stderr]      |
[INFO] [stderr] 1189 |         let _ = mem::replace(&mut self.buf, new_buf);
[INFO] [stderr]      |         +++++++
[INFO] [stderr] 
[INFO] [stderr] warning: `izihawa-fst` (lib) generated 1 warning
[INFO] [stderr] warning: `izihawa-fst` (lib test) generated 1 warning (1 duplicate)
[INFO] [stderr]     Finished test [unoptimized + debuginfo] target(s) in 0.02s
[INFO] [stderr]      Running unittests src/lib.rs (/opt/rustwide/target/debug/deps/izihawa_fst-11ce5fe78ab7b596)
[INFO] [stdout] 
[INFO] [stdout] running 121 tests
[INFO] [stdout] test raw::counting_writer::tests::counts_bytes ... ok
[INFO] [stdout] test raw::node::tests::bin_no_trans ... ok
[INFO] [stdout] test raw::node::tests::bin_one_trans_common ... ok
[INFO] [stdout] test raw::node::tests::bin_many_trans ... ok
[INFO] [stdout] test raw::node::tests::bin_one_trans_not_common ... ok
[INFO] [stdout] test raw::node::tests::node_max_trans ... ok
[INFO] [stdout] test raw::ops::tests::chain_set_wrong_order ... ok
[INFO] [stdout] test raw::ops::tests::intersect_map ... ok
[INFO] [stdout] test raw::ops::tests::difference ... ok
[INFO] [stdout] test raw::ops::tests::chain_map ... ok
[INFO] [stdout] test raw::ops::tests::difference_map ... ok
[INFO] [stdout] test raw::ops::tests::difference2 ... ok
[INFO] [stdout] test raw::ops::tests::intersect_set ... ok
[INFO] [stdout] test raw::ops::tests::intersect_map_dupes ... ok
[INFO] [stdout] test raw::ops::tests::chain_set ... ok
[INFO] [stdout] test raw::ops::tests::symmetric_difference ... ok
[INFO] [stdout] test raw::ops::tests::intersect_set_dupes ... ok
[INFO] [stdout] test raw::ops::tests::union_map ... ok
[INFO] [stdout] test raw::registry::tests::empty_is_ok ... ok
[INFO] [stdout] test raw::registry::tests::one_final_is_ok ... ok
[INFO] [stdout] test raw::registry::tests::one_with_trans_is_ok ... ok
[INFO] [stdout] test raw::registry::tests::promote ... ok
[INFO] [stdout] test raw::ops::tests::union_map_dupes ... ok
[INFO] [stdout] test raw::ops::tests::symmetric_difference_map ... ok
[INFO] [stdout] test raw::pack::tests::prop_pack_in_out ... ok
[INFO] [stdout] test raw::tests::bytes_written ... ok
[INFO] [stdout] test raw::ops::tests::union_set_dupes ... ok
[INFO] [stdout] test raw::registry::tests::cache_works ... ok
[INFO] [stdout] test raw::ops::tests::union_set ... ok
[INFO] [stdout] test raw::tests::fst_map_many1 ... ok
[INFO] [stdout] test raw::tests::fst_map_many2 ... ok
[INFO] [stdout] test raw::tests::fst_map_many3 ... ok
[INFO] [stdout] test raw::tests::fst_map_one2 ... ok
[INFO] [stdout] test raw::tests::fst_map_one1 ... ok
[INFO] [stdout] test raw::tests::fst_map_one3 ... ok
[INFO] [stdout] test raw::tests::fst_map_only_empty1 ... ok
[INFO] [stdout] test raw::tests::fst_map_only_empty3 ... ok
[INFO] [stdout] test raw::tests::fst_map_only_empty2 ... ok
[INFO] [stdout] test raw::tests::fst_map_dupe1 - should panic ... ok
[INFO] [stdout] test raw::tests::fst_map_dupe2 - should panic ... ok
[INFO] [stdout] test raw::tests::fst_map_order1 - should panic ... ok
[INFO] [stdout] test raw::tests::fst_map_dupe_empty - should panic ... ok
[INFO] [stdout] test raw::tests::fst_map_order2 - should panic ... ok
[INFO] [stdout] test raw::tests::fst_range_11 ... ok
[INFO] [stdout] test raw::tests::fst_range_12 ... ok
[INFO] [stdout] test raw::tests::fst_range_1 ... ok
[INFO] [stdout] test raw::tests::fst_map_two ... ok
[INFO] [stdout] test raw::tests::fst_range_10 ... ok
[INFO] [stdout] test raw::tests::fst_range_15 ... ok
[INFO] [stdout] test raw::tests::fst_range_17 ... ok
[INFO] [stdout] test raw::tests::fst_range_14 ... ok
[INFO] [stdout] test raw::tests::fst_range_13 ... ok
[INFO] [stdout] test raw::tests::fst_range_18 ... ok
[INFO] [stdout] test raw::tests::fst_range_16 ... ok
[INFO] [stdout] test raw::tests::fst_range_19 ... ok
[INFO] [stdout] test raw::tests::fst_range_20 ... ok
[INFO] [stdout] test raw::tests::fst_range_21 ... ok
[INFO] [stdout] test raw::tests::fst_range_23 ... ok
[INFO] [stdout] test raw::tests::fst_range_22 ... ok
[INFO] [stdout] test raw::tests::fst_range_26 ... ok
[INFO] [stdout] test raw::tests::fst_range_24 ... ok
[INFO] [stdout] test raw::tests::fst_range_2 ... ok
[INFO] [stdout] test raw::tests::fst_range_27 ... ok
[INFO] [stdout] test raw::tests::fst_range_28 ... ok
[INFO] [stdout] test raw::tests::fst_range_29 ... ok
[INFO] [stdout] test raw::tests::fst_range_3 ... ok
[INFO] [stdout] test raw::tests::fst_range_25 ... ok
[INFO] [stdout] test raw::tests::fst_range_6 ... ok
[INFO] [stdout] test raw::tests::fst_range_4 ... ok
[INFO] [stdout] test raw::tests::fst_range_7 ... ok
[INFO] [stdout] test raw::tests::fst_range_9 ... ok
[INFO] [stdout] test raw::tests::fst_range_5 ... ok
[INFO] [stdout] test raw::tests::fst_range_aut_1 ... ok
[INFO] [stdout] test raw::tests::fst_range_aut_3 ... ok
[INFO] [stdout] test raw::tests::fst_range_aut_5 ... ok
[INFO] [stdout] test raw::tests::fst_range_aut_2 ... ok
[INFO] [stdout] test raw::tests::fst_range_8 ... ok
[INFO] [stdout] test raw::tests::fst_range_aut_4 ... ok
[INFO] [stdout] test raw::tests::fst_range_empty_1 ... ok
[INFO] [stdout] test raw::tests::fst_range_empty_11 ... ok
[INFO] [stdout] test raw::tests::fst_range_aut_7 ... ok
[INFO] [stdout] test raw::tests::fst_range_empty_10 ... ok
[INFO] [stdout] test raw::tests::fst_range_aut_6 ... ok
[INFO] [stdout] test raw::tests::fst_range_empty_3 ... ok
[INFO] [stdout] test raw::tests::fst_range_empty_2 ... ok
[INFO] [stdout] test raw::tests::fst_range_empty_6 ... ok
[INFO] [stdout] test raw::tests::fst_range_empty_4 ... ok
[INFO] [stdout] test raw::tests::fst_range_empty_5 ... ok
[INFO] [stdout] test raw::tests::fst_range_empty_9 ... ok
[INFO] [stdout] test raw::tests::fst_set_dupe2 ... ok
[INFO] [stdout] test raw::tests::fst_set_dupe1 ... ok
[INFO] [stdout] test raw::tests::fst_set_dupe_empty ... ok
[INFO] [stdout] test raw::tests::fst_set_jan ... ok
[INFO] [stdout] test raw::tests::fst_set_one ... ok
[INFO] [stdout] test raw::tests::fst_range_empty_7 ... ok
[INFO] [stdout] test raw::tests::fst_range_empty_8 ... ok
[INFO] [stdout] test raw::tests::fst_set_only_empty ... ok
[INFO] [stdout] test raw::tests::fst_set_order1 - should panic ... ok
[INFO] [stdout] test raw::tests::fst_set_order2 - should panic ... ok
[INFO] [stdout] test raw::tests::fst_set_two1 ... ok
[INFO] [stdout] test raw::tests::fst_set_two2 ... ok
[INFO] [stdout] test raw::tests::invalid_format ... ok
[INFO] [stdout] test raw::tests::fst_set_zero ... ok
[INFO] [stdout] test raw::tests::invalid_version_crate_too_old ... ok
[INFO] [stdout] test raw::tests::invalid_version ... ok
[INFO] [stdout] test raw::tests::last_transition ... ok
[INFO] [stdout] test raw::tests::next_transition ... ok
[INFO] [stdout] test raw::tests::starting_transition ... ok
[INFO] [stdout] test raw::tests::test_buffer ... ok
[INFO] [stdout] test raw::tests::reverse_traversal ... ok
[INFO] [stdout] test raw::tests::test_range_gt ... ok
[INFO] [stdout] test raw::tests::test_range_ge ... ok
[INFO] [stdout] test raw::tests::test_return_node_on_reverse_only_if_match ... ok
[INFO] [stdout] test raw::tests::test_simple ... ok
[INFO] [stdout] test raw::tests::test_transition_within_bound ... ok
[INFO] [stdout] test raw::tests::reverse_traversal_bounds ... ok
[INFO] [stdout] test raw::node::tests::prop_emits_inputs ... ok
[INFO] [stdout] test raw::tests::fst_set_100000 ... ok
[INFO] [stdout] test raw::tests::fst_map_100000_increments ... ok
[INFO] [stdout] test raw::tests::fst_map_100000_lengths ... ok
[INFO] [stdout] test raw::tests::proptest_traversal ... ok
[INFO] [stdout] 
[INFO] [stdout] test result: ok. 121 passed; 0 failed; 0 ignored; 0 measured; 0 filtered out; finished in 4.86s
[INFO] [stdout] 
[INFO] [stderr]    Doc-tests izihawa-fst
[INFO] [stdout] 
[INFO] [stdout] running 19 tests
[INFO] [stdout] test src/map.rs - inner_map::Map<Data>::get (line 115) ... FAILED
[INFO] [stdout] test src/map.rs - inner_map::Map<Data>::range (line 224) ... FAILED
[INFO] [stdout] test src/map.rs - inner_map::Map<Data>::stream (line 143) ... FAILED
[INFO] [stdout] test src/map.rs - inner_map::Map<Data>::values (line 194) ... FAILED
[INFO] [stdout] test src/map.rs - inner_map::Map<Data>::contains_key (line 97) ... FAILED
[INFO] [stdout] test src/map.rs - inner_map::Map<Data>::keys (line 170) ... FAILED
[INFO] [stdout] test src/map.rs - inner_map::Map<Data>::search (line 259) ... FAILED
[INFO] [stdout] test src/raw/mod.rs - raw::Fst (line 114) ... ignored
[INFO] [stdout] test src/raw/mod.rs - raw::Fst (line 158) ... ignored
[INFO] [stdout] test src/raw/mod.rs - raw::Fst (line 206) ... ignored
[INFO] [stdout] test src/stream.rs - stream::Streamer (line 39) ... ignored
[INFO] [stdout] test src/stream.rs - stream::Streamer (line 62) ... ignored
[INFO] [stdout] test src/map.rs - inner_map::Map<Data>::op (line 320) ... FAILED
[INFO] [stdout] test src/map.rs - inner_map::MapBuilder (line 436) ... FAILED
[INFO] [stdout] test src/map.rs - inner_map::OpBuilder<'m>::difference (line 912) ... FAILED
[INFO] [stdout] test src/map.rs - inner_map::OpBuilder<'m>::chain (line 828) ... FAILED
[INFO] [stdout] test src/map.rs - inner_map::OpBuilder<'m>::intersection (line 869) ... FAILED
[INFO] [stdout] test src/map.rs - inner_map::OpBuilder<'m>::symmetric_difference (line 958) ... FAILED
[INFO] [stdout] test src/map.rs - inner_map::OpBuilder<'m>::union (line 785) ... FAILED
[INFO] [stdout] 
[INFO] [stdout] failures:
[INFO] [stdout] 
[INFO] [stdout] ---- src/map.rs - inner_map::Map<Data>::get (line 115) stdout ----
[INFO] [stdout] error[E0432]: unresolved import `tantivy_fst`
[INFO] [stdout]  --> src/map.rs:116:5
[INFO] [stdout]   |
[INFO] [stdout] 3 | use tantivy_fst::Map;
[INFO] [stdout]   |     ^^^^^^^^^^^ use of undeclared crate or module `tantivy_fst`
[INFO] [stdout] 
[INFO] [stdout] error: aborting due to previous error
[INFO] [stdout] 
[INFO] [stdout] For more information about this error, try `rustc --explain E0432`.
[INFO] [stdout] Couldn't compile the test.
[INFO] [stdout] ---- src/map.rs - inner_map::Map<Data>::range (line 224) stdout ----
[INFO] [stdout] error[E0432]: unresolved import `tantivy_fst`
[INFO] [stdout]  --> src/map.rs:225:5
[INFO] [stdout]   |
[INFO] [stdout] 3 | use tantivy_fst::{IntoStreamer, Streamer, Map};
[INFO] [stdout]   |     ^^^^^^^^^^^ use of undeclared crate or module `tantivy_fst`
[INFO] [stdout] 
[INFO] [stdout] error: aborting due to previous error
[INFO] [stdout] 
[INFO] [stdout] For more information about this error, try `rustc --explain E0432`.
[INFO] [stdout] Couldn't compile the test.
[INFO] [stdout] ---- src/map.rs - inner_map::Map<Data>::stream (line 143) stdout ----
[INFO] [stderr] error: doctest failed, to rerun pass `--doc`
[INFO] [stdout] error[E0432]: unresolved import `tantivy_fst`
[INFO] [stdout]  --> src/map.rs:144:5
[INFO] [stdout]   |
[INFO] [stdout] 3 | use tantivy_fst::{IntoStreamer, Streamer, Map};
[INFO] [stdout]   |     ^^^^^^^^^^^ use of undeclared crate or module `tantivy_fst`
[INFO] [stdout] 
[INFO] [stdout] error: aborting due to previous error
[INFO] [stdout] 
[INFO] [stdout] For more information about this error, try `rustc --explain E0432`.
[INFO] [stdout] Couldn't compile the test.
[INFO] [stdout] ---- src/map.rs - inner_map::Map<Data>::values (line 194) stdout ----
[INFO] [stdout] error[E0432]: unresolved import `tantivy_fst`
[INFO] [stdout]  --> src/map.rs:195:5
[INFO] [stdout]   |
[INFO] [stdout] 3 | use tantivy_fst::{IntoStreamer, Streamer, Map};
[INFO] [stdout]   |     ^^^^^^^^^^^ use of undeclared crate or module `tantivy_fst`
[INFO] [stdout] 
[INFO] [stdout] error: aborting due to previous error
[INFO] [stdout] 
[INFO] [stdout] For more information about this error, try `rustc --explain E0432`.
[INFO] [stdout] Couldn't compile the test.
[INFO] [stdout] ---- src/map.rs - inner_map::Map<Data>::contains_key (line 97) stdout ----
[INFO] [stdout] error[E0432]: unresolved import `tantivy_fst`
[INFO] [stdout]  --> src/map.rs:98:5
[INFO] [stdout]   |
[INFO] [stdout] 3 | use tantivy_fst::Map;
[INFO] [stdout]   |     ^^^^^^^^^^^ use of undeclared crate or module `tantivy_fst`
[INFO] [stdout] 
[INFO] [stdout] error: aborting due to previous error
[INFO] [stdout] 
[INFO] [stdout] For more information about this error, try `rustc --explain E0432`.
[INFO] [stdout] Couldn't compile the test.
[INFO] [stdout] ---- src/map.rs - inner_map::Map<Data>::keys (line 170) stdout ----
[INFO] [stdout] error[E0432]: unresolved import `tantivy_fst`
[INFO] [stdout]  --> src/map.rs:171:5
[INFO] [stdout]   |
[INFO] [stdout] 3 | use tantivy_fst::{IntoStreamer, Streamer, Map};
[INFO] [stdout]   |     ^^^^^^^^^^^ use of undeclared crate or module `tantivy_fst`
[INFO] [stdout] 
[INFO] [stdout] error: aborting due to previous error
[INFO] [stdout] 
[INFO] [stdout] For more information about this error, try `rustc --explain E0432`.
[INFO] [stdout] Couldn't compile the test.
[INFO] [stdout] ---- src/map.rs - inner_map::Map<Data>::search (line 259) stdout ----
[INFO] [stdout] error[E0432]: unresolved import `tantivy_fst`
[INFO] [stdout]  --> src/map.rs:263:5
[INFO] [stdout]   |
[INFO] [stdout] 6 | use tantivy_fst::{IntoStreamer, Streamer, Map};
[INFO] [stdout]   |     ^^^^^^^^^^^ use of undeclared crate or module `tantivy_fst`
[INFO] [stdout] 
[INFO] [stdout] error[E0432]: unresolved import `tantivy_fst`
[INFO] [stdout]  --> src/map.rs:264:5
[INFO] [stdout]   |
[INFO] [stdout] 7 | use tantivy_fst::Regex;
[INFO] [stdout]   |     ^^^^^^^^^^^ use of undeclared crate or module `tantivy_fst`
[INFO] [stdout] 
[INFO] [stdout] warning: trait objects without an explicit `dyn` are deprecated
[INFO] [stdout]  --> src/map.rs:266:32
[INFO] [stdout]   |
[INFO] [stdout] 9 | fn example() -> Result<(), Box<Error>> {
[INFO] [stdout]   |                                ^^^^^
[INFO] [stdout]   |
[INFO] [stdout]   = warning: this is accepted in the current edition (Rust 2018) but is a hard error in Rust 2021!
[INFO] [stdout]   = note: for more information, see <https://doc.rust-lang.org/nightly/edition-guide/rust-2021/warnings-promoted-to-error.html>
[INFO] [stdout]   = note: `#[warn(bare_trait_objects)]` on by default
[INFO] [stdout] help: use `dyn`
[INFO] [stdout]   |
[INFO] [stdout] 9 | fn example() -> Result<(), Box<dyn Error>> {
[INFO] [stdout]   |                                +++
[INFO] [stdout] 
[INFO] [stdout] error: aborting due to 2 previous errors; 1 warning emitted
[INFO] [stdout] 
[INFO] [stdout] For more information about this error, try `rustc --explain E0432`.
[INFO] [stdout] Couldn't compile the test.
[INFO] [stdout] ---- src/map.rs - inner_map::Map<Data>::op (line 320) stdout ----
[INFO] [stdout] error[E0433]: failed to resolve: use of undeclared crate or module `tantivy_fst`
[INFO] [stdout]  --> src/map.rs:322:5
[INFO] [stdout]   |
[INFO] [stdout] 4 | use tantivy_fst::{map::IndexedValue};
[INFO] [stdout]   |     ^^^^^^^^^^^ use of undeclared crate or module `tantivy_fst`
[INFO] [stdout] 
[INFO] [stdout] error[E0432]: unresolved import `tantivy_fst`
[INFO] [stdout]  --> src/map.rs:321:5
[INFO] [stdout]   |
[INFO] [stdout] 3 | use tantivy_fst::{Streamer, Map};
[INFO] [stdout]   |     ^^^^^^^^^^^ use of undeclared crate or module `tantivy_fst`
[INFO] [stdout] 
[INFO] [stdout] error: aborting due to 2 previous errors
[INFO] [stdout] 
[INFO] [stdout] Some errors have detailed explanations: E0432, E0433.
[INFO] [stdout] For more information about an error, try `rustc --explain E0432`.
[INFO] [stdout] Couldn't compile the test.
[INFO] [stdout] ---- src/map.rs - inner_map::MapBuilder (line 436) stdout ----
[INFO] [stdout] error[E0432]: unresolved import `tantivy_fst`
[INFO] [stdout]  --> src/map.rs:437:5
[INFO] [stdout]   |
[INFO] [stdout] 3 | use tantivy_fst::{IntoStreamer, Streamer, Map, MapBuilder};
[INFO] [stdout]   |     ^^^^^^^^^^^ use of undeclared crate or module `tantivy_fst`
[INFO] [stdout] 
[INFO] [stdout] error: aborting due to previous error
[INFO] [stdout] 
[INFO] [stdout] For more information about this error, try `rustc --explain E0432`.
[INFO] [stdout] Couldn't compile the test.
[INFO] [stdout] ---- src/map.rs - inner_map::OpBuilder<'m>::difference (line 912) stdout ----
[INFO] [stdout] error[E0433]: failed to resolve: use of undeclared crate or module `tantivy_fst`
[INFO] [stdout]  --> src/map.rs:914:5
[INFO] [stdout]   |
[INFO] [stdout] 4 | use tantivy_fst::map::IndexedValue;
[INFO] [stdout]   |     ^^^^^^^^^^^ use of undeclared crate or module `tantivy_fst`
[INFO] [stdout] 
[INFO] [stdout] error[E0432]: unresolved import `tantivy_fst`
[INFO] [stdout]  --> src/map.rs:913:5
[INFO] [stdout]   |
[INFO] [stdout] 3 | use tantivy_fst::{Streamer, Map};
[INFO] [stdout]   |     ^^^^^^^^^^^ use of undeclared crate or module `tantivy_fst`
[INFO] [stdout] 
[INFO] [stdout] error: aborting due to 2 previous errors
[INFO] [stdout] 
[INFO] [stdout] Some errors have detailed explanations: E0432, E0433.
[INFO] [stdout] For more information about an error, try `rustc --explain E0432`.
[INFO] [stdout] Couldn't compile the test.
[INFO] [stdout] ---- src/map.rs - inner_map::OpBuilder<'m>::chain (line 828) stdout ----
[INFO] [stdout] error[E0433]: failed to resolve: use of undeclared crate or module `tantivy_fst`
[INFO] [stdout]  --> src/map.rs:830:5
[INFO] [stdout]   |
[INFO] [stdout] 4 | use tantivy_fst::raw::Output;
[INFO] [stdout]   |     ^^^^^^^^^^^ use of undeclared crate or module `tantivy_fst`
[INFO] [stdout] 
[INFO] [stdout] error[E0433]: failed to resolve: use of undeclared crate or module `tantivy_fst`
[INFO] [stdout]  --> src/map.rs:831:5
[INFO] [stdout]   |
[INFO] [stdout] 5 | use tantivy_fst::map::IndexedValue;
[INFO] [stdout]   |     ^^^^^^^^^^^ use of undeclared crate or module `tantivy_fst`
[INFO] [stdout] 
[INFO] [stdout] error[E0432]: unresolved import `tantivy_fst`
[INFO] [stdout]  --> src/map.rs:829:5
[INFO] [stdout]   |
[INFO] [stdout] 3 | use tantivy_fst::{IntoStreamer, Streamer, Map};
[INFO] [stdout]   |     ^^^^^^^^^^^ use of undeclared crate or module `tantivy_fst`
[INFO] [stdout] 
[INFO] [stdout] error: aborting due to 3 previous errors
[INFO] [stdout] 
[INFO] [stdout] Some errors have detailed explanations: E0432, E0433.
[INFO] [stdout] For more information about an error, try `rustc --explain E0432`.
[INFO] [stdout] Couldn't compile the test.
[INFO] [stdout] ---- src/map.rs - inner_map::OpBuilder<'m>::intersection (line 869) stdout ----
[INFO] [stdout] error[E0433]: failed to resolve: use of undeclared crate or module `tantivy_fst`
[INFO] [stdout]  --> src/map.rs:871:5
[INFO] [stdout]   |
[INFO] [stdout] 4 | use tantivy_fst::map::IndexedValue;
[INFO] [stdout]   |     ^^^^^^^^^^^ use of undeclared crate or module `tantivy_fst`
[INFO] [stdout] 
[INFO] [stdout] error[E0432]: unresolved import `tantivy_fst`
[INFO] [stdout]  --> src/map.rs:870:5
[INFO] [stdout]   |
[INFO] [stdout] 3 | use tantivy_fst::{IntoStreamer, Streamer, Map};
[INFO] [stdout]   |     ^^^^^^^^^^^ use of undeclared crate or module `tantivy_fst`
[INFO] [stdout] 
[INFO] [stdout] error: aborting due to 2 previous errors
[INFO] [stdout] 
[INFO] [stdout] Some errors have detailed explanations: E0432, E0433.
[INFO] [stdout] For more information about an error, try `rustc --explain E0432`.
[INFO] [stdout] Couldn't compile the test.
[INFO] [stdout] ---- src/map.rs - inner_map::OpBuilder<'m>::symmetric_difference (line 958) stdout ----
[INFO] [stdout] error[E0433]: failed to resolve: use of undeclared crate or module `tantivy_fst`
[INFO] [stdout]  --> src/map.rs:960:5
[INFO] [stdout]   |
[INFO] [stdout] 4 | use tantivy_fst::map::IndexedValue;
[INFO] [stdout]   |     ^^^^^^^^^^^ use of undeclared crate or module `tantivy_fst`
[INFO] [stdout] 
[INFO] [stdout] error[E0432]: unresolved import `tantivy_fst`
[INFO] [stdout]  --> src/map.rs:959:5
[INFO] [stdout]   |
[INFO] [stdout] 3 | use tantivy_fst::{IntoStreamer, Streamer, Map};
[INFO] [stdout]   |     ^^^^^^^^^^^ use of undeclared crate or module `tantivy_fst`
[INFO] [stdout] 
[INFO] [stdout] error: aborting due to 2 previous errors
[INFO] [stdout] 
[INFO] [stdout] Some errors have detailed explanations: E0432, E0433.
[INFO] [stdout] For more information about an error, try `rustc --explain E0432`.
[INFO] [stdout] Couldn't compile the test.
[INFO] [stdout] ---- src/map.rs - inner_map::OpBuilder<'m>::union (line 785) stdout ----
[INFO] [stdout] error[E0433]: failed to resolve: use of undeclared crate or module `tantivy_fst`
[INFO] [stdout]  --> src/map.rs:787:5
[INFO] [stdout]   |
[INFO] [stdout] 4 | use tantivy_fst::map::IndexedValue;
[INFO] [stdout]   |     ^^^^^^^^^^^ use of undeclared crate or module `tantivy_fst`
[INFO] [stdout] 
[INFO] [stdout] error[E0432]: unresolved import `tantivy_fst`
[INFO] [stdout]  --> src/map.rs:786:5
[INFO] [stdout]   |
[INFO] [stdout] 3 | use tantivy_fst::{IntoStreamer, Streamer, Map};
[INFO] [stdout]   |     ^^^^^^^^^^^ use of undeclared crate or module `tantivy_fst`
[INFO] [stdout] 
[INFO] [stdout] error: aborting due to 2 previous errors
[INFO] [stdout] 
[INFO] [stdout] Some errors have detailed explanations: E0432, E0433.
[INFO] [stdout] For more information about an error, try `rustc --explain E0432`.
[INFO] [stdout] Couldn't compile the test.
[INFO] [stdout] 
[INFO] [stdout] failures:
[INFO] [stdout]     src/map.rs - inner_map::Map<Data>::contains_key (line 97)
[INFO] [stdout]     src/map.rs - inner_map::Map<Data>::get (line 115)
[INFO] [stdout]     src/map.rs - inner_map::Map<Data>::keys (line 170)
[INFO] [stdout]     src/map.rs - inner_map::Map<Data>::op (line 320)
[INFO] [stdout]     src/map.rs - inner_map::Map<Data>::range (line 224)
[INFO] [stdout]     src/map.rs - inner_map::Map<Data>::search (line 259)
[INFO] [stdout]     src/map.rs - inner_map::Map<Data>::stream (line 143)
[INFO] [stdout]     src/map.rs - inner_map::Map<Data>::values (line 194)
[INFO] [stdout]     src/map.rs - inner_map::MapBuilder (line 436)
[INFO] [stdout]     src/map.rs - inner_map::OpBuilder<'m>::chain (line 828)
[INFO] [stdout]     src/map.rs - inner_map::OpBuilder<'m>::difference (line 912)
[INFO] [stdout]     src/map.rs - inner_map::OpBuilder<'m>::intersection (line 869)
[INFO] [stdout]     src/map.rs - inner_map::OpBuilder<'m>::symmetric_difference (line 958)
[INFO] [stdout]     src/map.rs - inner_map::OpBuilder<'m>::union (line 785)
[INFO] [stdout] 
[INFO] [stdout] test result: FAILED. 0 passed; 14 failed; 5 ignored; 0 measured; 0 filtered out; finished in 0.11s
[INFO] [stdout] 
[INFO] running `Command { std: "docker" "inspect" "15d72ba994075fa0dd444377a9fd094db9a8aca5b89a9ada0653a4b363dd872a", kill_on_drop: false }`
[INFO] running `Command { std: "docker" "rm" "-f" "15d72ba994075fa0dd444377a9fd094db9a8aca5b89a9ada0653a4b363dd872a", kill_on_drop: false }`
[INFO] [stdout] 15d72ba994075fa0dd444377a9fd094db9a8aca5b89a9ada0653a4b363dd872a
