[INFO] fetching crate iso8601-duration 0.2.0...
[INFO] testing iso8601-duration-0.2.0 against 1.69.0 for beta-1.70-1
[INFO] extracting crate iso8601-duration 0.2.0 into /workspace/builds/worker-7-tc1/source
[INFO] validating manifest of crates.io crate iso8601-duration 0.2.0 on toolchain 1.69.0
[INFO] running `Command { std: CARGO_HOME="/workspace/cargo-home" RUSTUP_HOME="/workspace/rustup-home" "/workspace/cargo-home/bin/cargo" "+1.69.0" "metadata" "--manifest-path" "Cargo.toml" "--no-deps", kill_on_drop: false }`
[INFO] started tweaking crates.io crate iso8601-duration 0.2.0
[INFO] finished tweaking crates.io crate iso8601-duration 0.2.0
[INFO] tweaked toml for crates.io crate iso8601-duration 0.2.0 written to /workspace/builds/worker-7-tc1/source/Cargo.toml
[INFO] running `Command { std: CARGO_HOME="/workspace/cargo-home" RUSTUP_HOME="/workspace/rustup-home" __CARGO_TEST_CHANNEL_OVERRIDE_DO_NOT_USE_THIS="nightly" "/workspace/cargo-home/bin/cargo" "+1.69.0" "generate-lockfile" "--manifest-path" "Cargo.toml" "-Zno-index-update", kill_on_drop: false }`
[INFO] running `Command { std: CARGO_HOME="/workspace/cargo-home" RUSTUP_HOME="/workspace/rustup-home" "/workspace/cargo-home/bin/cargo" "+1.69.0" "fetch" "--manifest-path" "Cargo.toml", kill_on_drop: false }`
[INFO] running `Command { std: "docker" "create" "-v" "/var/lib/crater-agent-workspace/builds/worker-7-tc1/target:/opt/rustwide/target:rw,Z" "-v" "/var/lib/crater-agent-workspace/builds/worker-7-tc1/source:/opt/rustwide/workdir:ro,Z" "-v" "/var/lib/crater-agent-workspace/cargo-home:/opt/rustwide/cargo-home:ro,Z" "-v" "/var/lib/crater-agent-workspace/rustup-home:/opt/rustwide/rustup-home:ro,Z" "-e" "SOURCE_DIR=/opt/rustwide/workdir" "-e" "CARGO_TARGET_DIR=/opt/rustwide/target" "-e" "CARGO_HOME=/opt/rustwide/cargo-home" "-e" "RUSTUP_HOME=/opt/rustwide/rustup-home" "-w" "/opt/rustwide/workdir" "-m" "1610612736" "--user" "0:0" "--network" "none" "ghcr.io/rust-lang/crates-build-env/linux@sha256:5ff2268d62e97bff2cde7d5815dd6ed5b47097566f13b8d0ca110b04b60e07ed" "/opt/rustwide/cargo-home/bin/cargo" "+1.69.0" "metadata" "--no-deps" "--format-version=1", kill_on_drop: false }`
[INFO] [stdout] 42ecb035dba809a8bd7108137e09b9a1708e3fe2485cdc253d0e47819dc7ea47
[INFO] running `Command { std: "docker" "start" "-a" "42ecb035dba809a8bd7108137e09b9a1708e3fe2485cdc253d0e47819dc7ea47", kill_on_drop: false }`
[INFO] running `Command { std: "docker" "inspect" "42ecb035dba809a8bd7108137e09b9a1708e3fe2485cdc253d0e47819dc7ea47", kill_on_drop: false }`
[INFO] running `Command { std: "docker" "rm" "-f" "42ecb035dba809a8bd7108137e09b9a1708e3fe2485cdc253d0e47819dc7ea47", kill_on_drop: false }`
[INFO] [stdout] 42ecb035dba809a8bd7108137e09b9a1708e3fe2485cdc253d0e47819dc7ea47
[INFO] running `Command { std: "docker" "create" "-v" "/var/lib/crater-agent-workspace/builds/worker-7-tc1/target:/opt/rustwide/target:rw,Z" "-v" "/var/lib/crater-agent-workspace/builds/worker-7-tc1/source:/opt/rustwide/workdir:ro,Z" "-v" "/var/lib/crater-agent-workspace/cargo-home:/opt/rustwide/cargo-home:ro,Z" "-v" "/var/lib/crater-agent-workspace/rustup-home:/opt/rustwide/rustup-home:ro,Z" "-e" "SOURCE_DIR=/opt/rustwide/workdir" "-e" "CARGO_TARGET_DIR=/opt/rustwide/target" "-e" "CARGO_INCREMENTAL=0" "-e" "RUST_BACKTRACE=full" "-e" "RUSTFLAGS=--cap-lints=warn" "-e" "RUSTDOCFLAGS=--cap-lints=warn" "-e" "CARGO_HOME=/opt/rustwide/cargo-home" "-e" "RUSTUP_HOME=/opt/rustwide/rustup-home" "-w" "/opt/rustwide/workdir" "-m" "1610612736" "--user" "0:0" "--network" "none" "ghcr.io/rust-lang/crates-build-env/linux@sha256:5ff2268d62e97bff2cde7d5815dd6ed5b47097566f13b8d0ca110b04b60e07ed" "/opt/rustwide/cargo-home/bin/cargo" "+1.69.0" "build" "--frozen" "--message-format=json", kill_on_drop: false }`
[INFO] [stdout] cc212bd2748c2ebdb6a77dfdb33fde251aafa339895663f05ca194fb408b531d
[INFO] running `Command { std: "docker" "start" "-a" "cc212bd2748c2ebdb6a77dfdb33fde251aafa339895663f05ca194fb408b531d", kill_on_drop: false }`
[INFO] [stderr]    Compiling memchr v2.5.0
[INFO] [stderr]    Compiling nom v7.1.3
[INFO] [stderr]    Compiling iso8601-duration v0.2.0 (/opt/rustwide/workdir)
[INFO] [stderr]     Finished dev [unoptimized + debuginfo] target(s) in 3.87s
[INFO] running `Command { std: "docker" "inspect" "cc212bd2748c2ebdb6a77dfdb33fde251aafa339895663f05ca194fb408b531d", kill_on_drop: false }`
[INFO] running `Command { std: "docker" "rm" "-f" "cc212bd2748c2ebdb6a77dfdb33fde251aafa339895663f05ca194fb408b531d", kill_on_drop: false }`
[INFO] [stdout] cc212bd2748c2ebdb6a77dfdb33fde251aafa339895663f05ca194fb408b531d
[INFO] running `Command { std: "docker" "create" "-v" "/var/lib/crater-agent-workspace/builds/worker-7-tc1/target:/opt/rustwide/target:rw,Z" "-v" "/var/lib/crater-agent-workspace/builds/worker-7-tc1/source:/opt/rustwide/workdir:ro,Z" "-v" "/var/lib/crater-agent-workspace/cargo-home:/opt/rustwide/cargo-home:ro,Z" "-v" "/var/lib/crater-agent-workspace/rustup-home:/opt/rustwide/rustup-home:ro,Z" "-e" "SOURCE_DIR=/opt/rustwide/workdir" "-e" "CARGO_TARGET_DIR=/opt/rustwide/target" "-e" "CARGO_INCREMENTAL=0" "-e" "RUST_BACKTRACE=full" "-e" "RUSTFLAGS=--cap-lints=warn" "-e" "RUSTDOCFLAGS=--cap-lints=warn" "-e" "CARGO_HOME=/opt/rustwide/cargo-home" "-e" "RUSTUP_HOME=/opt/rustwide/rustup-home" "-w" "/opt/rustwide/workdir" "-m" "1610612736" "--user" "0:0" "--network" "none" "ghcr.io/rust-lang/crates-build-env/linux@sha256:5ff2268d62e97bff2cde7d5815dd6ed5b47097566f13b8d0ca110b04b60e07ed" "/opt/rustwide/cargo-home/bin/cargo" "+1.69.0" "test" "--frozen" "--no-run" "--message-format=json", kill_on_drop: false }`
[INFO] [stdout] 5930cf1d10d32b05ff907fe2656a4879a99262a84c7603549e00ffed7ecb3e4f
[INFO] running `Command { std: "docker" "start" "-a" "5930cf1d10d32b05ff907fe2656a4879a99262a84c7603549e00ffed7ecb3e4f", kill_on_drop: false }`
[INFO] [stderr]    Compiling serde v1.0.160
[INFO] [stderr]    Compiling serde_json v1.0.96
[INFO] [stderr]    Compiling iso8601-duration v0.2.0 (/opt/rustwide/workdir)
[INFO] [stderr]     Finished test [unoptimized + debuginfo] target(s) in 5.72s
[INFO] running `Command { std: "docker" "inspect" "5930cf1d10d32b05ff907fe2656a4879a99262a84c7603549e00ffed7ecb3e4f", kill_on_drop: false }`
[INFO] running `Command { std: "docker" "rm" "-f" "5930cf1d10d32b05ff907fe2656a4879a99262a84c7603549e00ffed7ecb3e4f", kill_on_drop: false }`
[INFO] [stdout] 5930cf1d10d32b05ff907fe2656a4879a99262a84c7603549e00ffed7ecb3e4f
[INFO] running `Command { std: "docker" "create" "-v" "/var/lib/crater-agent-workspace/builds/worker-7-tc1/target:/opt/rustwide/target:rw,Z" "-v" "/var/lib/crater-agent-workspace/builds/worker-7-tc1/source:/opt/rustwide/workdir:ro,Z" "-v" "/var/lib/crater-agent-workspace/cargo-home:/opt/rustwide/cargo-home:ro,Z" "-v" "/var/lib/crater-agent-workspace/rustup-home:/opt/rustwide/rustup-home:ro,Z" "-e" "SOURCE_DIR=/opt/rustwide/workdir" "-e" "CARGO_TARGET_DIR=/opt/rustwide/target" "-e" "CARGO_INCREMENTAL=0" "-e" "RUST_BACKTRACE=full" "-e" "RUSTFLAGS=--cap-lints=warn" "-e" "RUSTDOCFLAGS=--cap-lints=warn" "-e" "CARGO_HOME=/opt/rustwide/cargo-home" "-e" "RUSTUP_HOME=/opt/rustwide/rustup-home" "-w" "/opt/rustwide/workdir" "-m" "1610612736" "--user" "0:0" "--network" "none" "ghcr.io/rust-lang/crates-build-env/linux@sha256:5ff2268d62e97bff2cde7d5815dd6ed5b47097566f13b8d0ca110b04b60e07ed" "/opt/rustwide/cargo-home/bin/cargo" "+1.69.0" "test" "--frozen", kill_on_drop: false }`
[INFO] [stdout] a181f9e65cd6e45c0d7f7e4d5d34d9275820c3a67cd811314918232d1d0f264c
[INFO] running `Command { std: "docker" "start" "-a" "a181f9e65cd6e45c0d7f7e4d5d34d9275820c3a67cd811314918232d1d0f264c", kill_on_drop: false }`
[INFO] [stderr]     Finished test [unoptimized + debuginfo] target(s) in 0.02s
[INFO] [stderr]      Running unittests src/lib.rs (/opt/rustwide/target/debug/deps/iso8601_duration-8b548bc66fb897ca)
[INFO] [stdout] 
[INFO] [stdout] running 0 tests
[INFO] [stdout] 
[INFO] [stdout] test result: ok. 0 passed; 0 failed; 0 ignored; 0 measured; 0 filtered out; finished in 0.00s
[INFO] [stdout] 
[INFO] [stderr]    Doc-tests iso8601-duration
[INFO] [stdout] 
[INFO] [stdout] running 2 tests
[INFO] [stdout] test src/lib.rs - (line 44) ... FAILED
[INFO] [stderr] error: doctest failed, to rerun pass `--doc`
[INFO] [stdout] test src/lib.rs - (line 13) ... ok
[INFO] [stdout] 
[INFO] [stdout] failures:
[INFO] [stdout] 
[INFO] [stdout] ---- src/lib.rs - (line 44) stdout ----
[INFO] [stdout] error[E0432]: unresolved import `chrono`
[INFO] [stdout]  --> src/lib.rs:48:5
[INFO] [stdout]   |
[INFO] [stdout] 7 | use chrono::DateTime;
[INFO] [stdout]   |     ^^^^^^ use of undeclared crate or module `chrono`
[INFO] [stdout] 
[INFO] [stdout] error[E0599]: no method named `to_chrono_at_datetime` found for struct `iso8601_duration::Duration` in the current scope
[INFO] [stdout]   --> src/lib.rs:53:15
[INFO] [stdout]    |
[INFO] [stdout] 12 |     one_month.to_chrono_at_datetime(date).num_days(),
[INFO] [stdout]    |               ^^^^^^^^^^^^^^^^^^^^^ method not found in `Duration`
[INFO] [stdout] 
[INFO] [stdout] error: aborting due to 2 previous errors
[INFO] [stdout] 
[INFO] [stdout] Some errors have detailed explanations: E0432, E0599.
[INFO] [stdout] For more information about an error, try `rustc --explain E0432`.
[INFO] [stdout] Couldn't compile the test.
[INFO] [stdout] 
[INFO] [stdout] failures:
[INFO] [stdout]     src/lib.rs - (line 44)
[INFO] [stdout] 
[INFO] [stdout] test result: FAILED. 1 passed; 1 failed; 0 ignored; 0 measured; 0 filtered out; finished in 0.30s
[INFO] [stdout] 
[INFO] running `Command { std: "docker" "inspect" "a181f9e65cd6e45c0d7f7e4d5d34d9275820c3a67cd811314918232d1d0f264c", kill_on_drop: false }`
[INFO] running `Command { std: "docker" "rm" "-f" "a181f9e65cd6e45c0d7f7e4d5d34d9275820c3a67cd811314918232d1d0f264c", kill_on_drop: false }`
[INFO] [stdout] a181f9e65cd6e45c0d7f7e4d5d34d9275820c3a67cd811314918232d1d0f264c
