[INFO] fetching crate iso-8601 0.4.1...
[INFO] testing iso-8601-0.4.1 against beta-2023-04-20 for beta-1.70-1
[INFO] extracting crate iso-8601 0.4.1 into /workspace/builds/worker-4-tc2/source
[INFO] validating manifest of crates.io crate iso-8601 0.4.1 on toolchain beta-2023-04-20
[INFO] running `Command { std: CARGO_HOME="/workspace/cargo-home" RUSTUP_HOME="/workspace/rustup-home" "/workspace/cargo-home/bin/cargo" "+beta-2023-04-20" "metadata" "--manifest-path" "Cargo.toml" "--no-deps", kill_on_drop: false }`
[INFO] started tweaking crates.io crate iso-8601 0.4.1
[INFO] finished tweaking crates.io crate iso-8601 0.4.1
[INFO] tweaked toml for crates.io crate iso-8601 0.4.1 written to /workspace/builds/worker-4-tc2/source/Cargo.toml
[INFO] running `Command { std: CARGO_HOME="/workspace/cargo-home" RUSTUP_HOME="/workspace/rustup-home" __CARGO_TEST_CHANNEL_OVERRIDE_DO_NOT_USE_THIS="nightly" "/workspace/cargo-home/bin/cargo" "+beta-2023-04-20" "generate-lockfile" "--manifest-path" "Cargo.toml" "-Zno-index-update", kill_on_drop: false }`
[INFO] running `Command { std: CARGO_HOME="/workspace/cargo-home" RUSTUP_HOME="/workspace/rustup-home" "/workspace/cargo-home/bin/cargo" "+beta-2023-04-20" "fetch" "--manifest-path" "Cargo.toml", kill_on_drop: false }`
[INFO] running `Command { std: "docker" "create" "-v" "/var/lib/crater-agent-workspace/builds/worker-4-tc2/target:/opt/rustwide/target:rw,Z" "-v" "/var/lib/crater-agent-workspace/builds/worker-4-tc2/source:/opt/rustwide/workdir:ro,Z" "-v" "/var/lib/crater-agent-workspace/cargo-home:/opt/rustwide/cargo-home:ro,Z" "-v" "/var/lib/crater-agent-workspace/rustup-home:/opt/rustwide/rustup-home:ro,Z" "-e" "SOURCE_DIR=/opt/rustwide/workdir" "-e" "CARGO_TARGET_DIR=/opt/rustwide/target" "-e" "CARGO_HOME=/opt/rustwide/cargo-home" "-e" "RUSTUP_HOME=/opt/rustwide/rustup-home" "-w" "/opt/rustwide/workdir" "-m" "1610612736" "--user" "0:0" "--network" "none" "ghcr.io/rust-lang/crates-build-env/linux@sha256:5ff2268d62e97bff2cde7d5815dd6ed5b47097566f13b8d0ca110b04b60e07ed" "/opt/rustwide/cargo-home/bin/cargo" "+beta-2023-04-20" "metadata" "--no-deps" "--format-version=1", kill_on_drop: false }`
[INFO] [stdout] e4674fa91c98c004df7bccd0c7af28979ab44aae3d3ef592d995b27d5ecc9c2b
[INFO] running `Command { std: "docker" "start" "-a" "e4674fa91c98c004df7bccd0c7af28979ab44aae3d3ef592d995b27d5ecc9c2b", kill_on_drop: false }`
[INFO] running `Command { std: "docker" "inspect" "e4674fa91c98c004df7bccd0c7af28979ab44aae3d3ef592d995b27d5ecc9c2b", kill_on_drop: false }`
[INFO] running `Command { std: "docker" "rm" "-f" "e4674fa91c98c004df7bccd0c7af28979ab44aae3d3ef592d995b27d5ecc9c2b", kill_on_drop: false }`
[INFO] [stdout] e4674fa91c98c004df7bccd0c7af28979ab44aae3d3ef592d995b27d5ecc9c2b
[INFO] running `Command { std: "docker" "create" "-v" "/var/lib/crater-agent-workspace/builds/worker-4-tc2/target:/opt/rustwide/target:rw,Z" "-v" "/var/lib/crater-agent-workspace/builds/worker-4-tc2/source:/opt/rustwide/workdir:ro,Z" "-v" "/var/lib/crater-agent-workspace/cargo-home:/opt/rustwide/cargo-home:ro,Z" "-v" "/var/lib/crater-agent-workspace/rustup-home:/opt/rustwide/rustup-home:ro,Z" "-e" "SOURCE_DIR=/opt/rustwide/workdir" "-e" "CARGO_TARGET_DIR=/opt/rustwide/target" "-e" "CARGO_INCREMENTAL=0" "-e" "RUST_BACKTRACE=full" "-e" "RUSTFLAGS=--cap-lints=warn" "-e" "RUSTDOCFLAGS=--cap-lints=warn" "-e" "CARGO_HOME=/opt/rustwide/cargo-home" "-e" "RUSTUP_HOME=/opt/rustwide/rustup-home" "-w" "/opt/rustwide/workdir" "-m" "1610612736" "--user" "0:0" "--network" "none" "ghcr.io/rust-lang/crates-build-env/linux@sha256:5ff2268d62e97bff2cde7d5815dd6ed5b47097566f13b8d0ca110b04b60e07ed" "/opt/rustwide/cargo-home/bin/cargo" "+beta-2023-04-20" "build" "--frozen" "--message-format=json", kill_on_drop: false }`
[INFO] [stdout] 56ff4e80bb7d0d7b1ace564959e6fd69bee92a9ad5c5c99fbecdfdc026bc28fd
[INFO] running `Command { std: "docker" "start" "-a" "56ff4e80bb7d0d7b1ace564959e6fd69bee92a9ad5c5c99fbecdfdc026bc28fd", kill_on_drop: false }`
[INFO] [stderr]    Compiling memchr v2.3.4
[INFO] [stderr]    Compiling radium v0.5.3
[INFO] [stderr]    Compiling lexical-core v0.7.6
[INFO] [stderr]    Compiling tap v1.0.1
[INFO] [stderr]    Compiling wyz v0.2.0
[INFO] [stderr]    Compiling funty v1.1.0
[INFO] [stderr]    Compiling arrayvec v0.5.2
[INFO] [stderr]    Compiling static_assertions v1.1.0
[INFO] [stderr]    Compiling regex-syntax v0.6.29
[INFO] [stderr]    Compiling nom v6.2.2
[INFO] [stderr]    Compiling bitvec v0.19.6
[INFO] [stderr]    Compiling aho-corasick v0.7.15
[INFO] [stderr]    Compiling regex v1.4.6
[INFO] [stderr]    Compiling iso-8601 v0.4.1 (/opt/rustwide/workdir)
[INFO] [stderr]     Finished dev [unoptimized + debuginfo] target(s) in 5.60s
[INFO] running `Command { std: "docker" "inspect" "56ff4e80bb7d0d7b1ace564959e6fd69bee92a9ad5c5c99fbecdfdc026bc28fd", kill_on_drop: false }`
[INFO] running `Command { std: "docker" "rm" "-f" "56ff4e80bb7d0d7b1ace564959e6fd69bee92a9ad5c5c99fbecdfdc026bc28fd", kill_on_drop: false }`
[INFO] [stdout] 56ff4e80bb7d0d7b1ace564959e6fd69bee92a9ad5c5c99fbecdfdc026bc28fd
[INFO] running `Command { std: "docker" "create" "-v" "/var/lib/crater-agent-workspace/builds/worker-4-tc2/target:/opt/rustwide/target:rw,Z" "-v" "/var/lib/crater-agent-workspace/builds/worker-4-tc2/source:/opt/rustwide/workdir:ro,Z" "-v" "/var/lib/crater-agent-workspace/cargo-home:/opt/rustwide/cargo-home:ro,Z" "-v" "/var/lib/crater-agent-workspace/rustup-home:/opt/rustwide/rustup-home:ro,Z" "-e" "SOURCE_DIR=/opt/rustwide/workdir" "-e" "CARGO_TARGET_DIR=/opt/rustwide/target" "-e" "CARGO_INCREMENTAL=0" "-e" "RUST_BACKTRACE=full" "-e" "RUSTFLAGS=--cap-lints=warn" "-e" "RUSTDOCFLAGS=--cap-lints=warn" "-e" "CARGO_HOME=/opt/rustwide/cargo-home" "-e" "RUSTUP_HOME=/opt/rustwide/rustup-home" "-w" "/opt/rustwide/workdir" "-m" "1610612736" "--user" "0:0" "--network" "none" "ghcr.io/rust-lang/crates-build-env/linux@sha256:5ff2268d62e97bff2cde7d5815dd6ed5b47097566f13b8d0ca110b04b60e07ed" "/opt/rustwide/cargo-home/bin/cargo" "+beta-2023-04-20" "test" "--frozen" "--no-run" "--message-format=json", kill_on_drop: false }`
[INFO] [stdout] 8c4e7082cb01d516405ccb087a35e3d959f0292d779a596d641920cb5c57d5e5
[INFO] running `Command { std: "docker" "start" "-a" "8c4e7082cb01d516405ccb087a35e3d959f0292d779a596d641920cb5c57d5e5", kill_on_drop: false }`
[INFO] [stderr]    Compiling iso-8601 v0.4.1 (/opt/rustwide/workdir)
[INFO] [stderr]     Finished test [unoptimized + debuginfo] target(s) in 1.68s
[INFO] running `Command { std: "docker" "inspect" "8c4e7082cb01d516405ccb087a35e3d959f0292d779a596d641920cb5c57d5e5", kill_on_drop: false }`
[INFO] running `Command { std: "docker" "rm" "-f" "8c4e7082cb01d516405ccb087a35e3d959f0292d779a596d641920cb5c57d5e5", kill_on_drop: false }`
[INFO] [stdout] 8c4e7082cb01d516405ccb087a35e3d959f0292d779a596d641920cb5c57d5e5
[INFO] running `Command { std: "docker" "create" "-v" "/var/lib/crater-agent-workspace/builds/worker-4-tc2/target:/opt/rustwide/target:rw,Z" "-v" "/var/lib/crater-agent-workspace/builds/worker-4-tc2/source:/opt/rustwide/workdir:ro,Z" "-v" "/var/lib/crater-agent-workspace/cargo-home:/opt/rustwide/cargo-home:ro,Z" "-v" "/var/lib/crater-agent-workspace/rustup-home:/opt/rustwide/rustup-home:ro,Z" "-e" "SOURCE_DIR=/opt/rustwide/workdir" "-e" "CARGO_TARGET_DIR=/opt/rustwide/target" "-e" "CARGO_INCREMENTAL=0" "-e" "RUST_BACKTRACE=full" "-e" "RUSTFLAGS=--cap-lints=warn" "-e" "RUSTDOCFLAGS=--cap-lints=warn" "-e" "CARGO_HOME=/opt/rustwide/cargo-home" "-e" "RUSTUP_HOME=/opt/rustwide/rustup-home" "-w" "/opt/rustwide/workdir" "-m" "1610612736" "--user" "0:0" "--network" "none" "ghcr.io/rust-lang/crates-build-env/linux@sha256:5ff2268d62e97bff2cde7d5815dd6ed5b47097566f13b8d0ca110b04b60e07ed" "/opt/rustwide/cargo-home/bin/cargo" "+beta-2023-04-20" "test" "--frozen", kill_on_drop: false }`
[INFO] [stdout] 13455c3912636006a20e907ce08c65805d6ffb94115cfc22f9b4d1f7a0ce6097
[INFO] running `Command { std: "docker" "start" "-a" "13455c3912636006a20e907ce08c65805d6ffb94115cfc22f9b4d1f7a0ce6097", kill_on_drop: false }`
[INFO] [stderr]     Finished test [unoptimized + debuginfo] target(s) in 0.02s
[INFO] [stderr]      Running unittests src/lib.rs (/opt/rustwide/target/debug/deps/iso_8601-24124c9432dd5a0f)
[INFO] [stdout] 
[INFO] [stdout] running 67 tests
[INFO] [stdout] test date::tests::o_from_wd ... ok
[INFO] [stdout] test date::tests::valid_date_o ... ok
[INFO] [stdout] test date::tests::o_from_ymd ... ok
[INFO] [stdout] test date::tests::valid_date_wd ... ok
[INFO] [stdout] test date::tests::valid_date_ymd ... ok
[INFO] [stdout] test date::tests::wd_from_ymd ... ok
[INFO] [stdout] test date::tests::wd_from_o ... ok
[INFO] [stdout] test date::tests::ymd_from_o ... ok
[INFO] [stdout] test date::tests::ymd_from_wd ... ok
[INFO] [stdout] test parse::date::tests::date ... ok
[INFO] [stdout] test parse::date::tests::date_o ... ok
[INFO] [stdout] test parse::date::tests::date_approx ... ok
[INFO] [stdout] test parse::date::tests::date_w ... ok
[INFO] [stdout] test parse::date::tests::date_wd ... ok
[INFO] [stdout] test parse::date::tests::date_c ... ok
[INFO] [stdout] test parse::date::tests::day ... ok
[INFO] [stdout] test parse::date::tests::month ... ok
[INFO] [stdout] test parse::date::tests::date_ym ... ok
[INFO] [stdout] test parse::date::tests::positive_year ... ok
[INFO] [stdout] test parse::date::tests::date_y ... ok
[INFO] [stdout] test parse::date::tests::year ... ok
[INFO] [stdout] test parse::date::tests::week_day ... ok
[INFO] [stdout] test parse::date::tests::year_week ... ok
[INFO] [stdout] test parse::date::tests::date_ymd ... ok
[INFO] [stdout] test parse::tests::sign ... ok
[INFO] [stdout] test parse::date::tests::year_day ... ok
[INFO] [stdout] test parse::datetime::tests::partial_datetime_approx_any_approx_time_hm_basic ... ok
[INFO] [stdout] test parse::time::tests::hour ... ok
[INFO] [stdout] test parse::time::tests::minute ... ok
[INFO] [stdout] test parse::time::tests::second ... ok
[INFO] [stdout] test parse::datetime::tests::partial_datetime_approx_any_approx_time_hm_extended ... ok
[INFO] [stdout] test parse::time::tests::time_any_hm ... ok
[INFO] [stdout] test parse::datetime::tests::partial_datetime_approx_any_approx_time_hms_extended ... ok
[INFO] [stdout] test parse::time::tests::time_any_approx ... ok
[INFO] [stdout] test parse::datetime::tests::partial_datetime_approx_any_approx_date_y ... ok
[INFO] [stdout] test parse::time::tests::time_any_hms ... ok
[INFO] [stdout] test parse::time::tests::time_global_approx ... ok
[INFO] [stdout] test parse::time::tests::time_any_h ... ok
[INFO] [stdout] test parse::datetime::tests::partial_datetime_approx_any_approx_date_ymd_extended ... ok
[INFO] [stdout] test parse::datetime::tests::partial_datetime_approx_any_approx_date_ym_basic ... ok
[INFO] [stdout] test parse::datetime::tests::partial_datetime_approx_any_approx_date_ym_extended ... ok
[INFO] [stdout] test parse::time::tests::time_global_h ... ok
[INFO] [stdout] test parse::datetime::tests::partial_datetime_approx_any_approx_time_hms_basic ... ok
[INFO] [stdout] test parse::time::tests::time_local_approx ... ok
[INFO] [stdout] test parse::time::tests::time_global_hm ... ok
[INFO] [stdout] test parse::time::tests::time_h ... ok
[INFO] [stdout] test parse::time::tests::time_hms ... ok
[INFO] [stdout] test parse::time::tests::time_hm ... ok
[INFO] [stdout] test parse::time::tests::time_local_h ... ok
[INFO] [stdout] test parse::datetime::tests::partial_datetime_approx_any_approx_time_hmsf_extended ... ok
[INFO] [stdout] test parse::datetime::tests::partial_datetime_approx_any_approx_time_hmsf_basic ... ok
[INFO] [stdout] test parse::time::tests::time_local_hms ... ok
[INFO] [stdout] test parse::datetime::tests::partial_datetime_approx_any_approx_date_ymd_basic ... ok
[INFO] [stdout] test parse::time::tests::time_global_hms ... ok
[INFO] [stdout] test time::tests::valid_time_any ... ok
[INFO] [stdout] test parse::time::tests::time_local_hm ... ok
[INFO] [stdout] test parse::datetime::tests::partial_datetime_approx_any_approx_datetime_extended ... ok
[INFO] [stdout] test parse::datetime::tests::partial_datetime_approx_any_approx_time_h ... ok
[INFO] [stdout] test parse::time::tests::timezone ... ok
[INFO] [stdout] test parse::time::tests::timezone_fixed ... ok
[INFO] [stdout] test time::tests::valid_time_global ... ok
[INFO] [stdout] test time::tests::valid_time_h ... ok
[INFO] [stdout] test time::tests::valid_time_hm ... ok
[INFO] [stdout] test parse::time::tests::timezone_utc ... ok
[INFO] [stdout] test time::tests::valid_time_local ... ok
[INFO] [stdout] test time::tests::valid_time_hms ... ok
[INFO] [stdout] test parse::datetime::tests::tt - should panic ... ok
[INFO] [stdout] 
[INFO] [stdout] test result: ok. 67 passed; 0 failed; 0 ignored; 0 measured; 0 filtered out; finished in 0.02s
[INFO] [stdout] 
[INFO] [stderr]    Doc-tests iso-8601
[INFO] [stdout] 
[INFO] [stdout] running 2 tests
[INFO] [stdout] test src/lib.rs - test_readme (line 109) ... FAILED
[INFO] [stdout] test src/lib.rs - test_readme (line 43) ... ok
[INFO] [stdout] 
[INFO] [stdout] failures:
[INFO] [stdout] 
[INFO] [stdout] ---- src/lib.rs - test_readme (line 109) stdout ----
[INFO] [stdout] error[E0463]: can't find crate for `chrono`
[INFO] [stdout]  --> src/lib.rs:109:1
[INFO] [stdout]   |
[INFO] [stdout] 2 | extern crate chrono;
[INFO] [stdout]   | ^^^^^^^^^^^^^^^^^^^^ can't find crate
[INFO] [stdout] 
[INFO] [stdout] error: aborting due to previous error
[INFO] [stdout] 
[INFO] [stdout] For more information about this error, try `rustc --explain E0463`.
[INFO] [stdout] Couldn't compile the test.
[INFO] [stdout] 
[INFO] [stdout] failures:
[INFO] [stdout]     src/lib.rs - test_readme (line 109)
[INFO] [stdout] 
[INFO] [stdout] test result: FAILED. 1 passed; 1 failed; 0 ignored; 0 measured; 0 filtered out; finished in 0.44s
[INFO] [stdout] 
[INFO] [stderr] error: doctest failed, to rerun pass `--doc`
[INFO] running `Command { std: "docker" "inspect" "13455c3912636006a20e907ce08c65805d6ffb94115cfc22f9b4d1f7a0ce6097", kill_on_drop: false }`
[INFO] running `Command { std: "docker" "rm" "-f" "13455c3912636006a20e907ce08c65805d6ffb94115cfc22f9b4d1f7a0ce6097", kill_on_drop: false }`
[INFO] [stdout] 13455c3912636006a20e907ce08c65805d6ffb94115cfc22f9b4d1f7a0ce6097
