[INFO] fetching crate ism330dhcx 0.5.1...
[INFO] testing ism330dhcx-0.5.1 against 1.69.0 for beta-1.70-1
[INFO] extracting crate ism330dhcx 0.5.1 into /workspace/builds/worker-1-tc1/source
[INFO] validating manifest of crates.io crate ism330dhcx 0.5.1 on toolchain 1.69.0
[INFO] running `Command { std: CARGO_HOME="/workspace/cargo-home" RUSTUP_HOME="/workspace/rustup-home" "/workspace/cargo-home/bin/cargo" "+1.69.0" "metadata" "--manifest-path" "Cargo.toml" "--no-deps", kill_on_drop: false }`
[INFO] started tweaking crates.io crate ism330dhcx 0.5.1
[INFO] finished tweaking crates.io crate ism330dhcx 0.5.1
[INFO] tweaked toml for crates.io crate ism330dhcx 0.5.1 written to /workspace/builds/worker-1-tc1/source/Cargo.toml
[INFO] crate crates.io crate ism330dhcx 0.5.1 already has a lockfile, it will not be regenerated
[INFO] running `Command { std: CARGO_HOME="/workspace/cargo-home" RUSTUP_HOME="/workspace/rustup-home" "/workspace/cargo-home/bin/cargo" "+1.69.0" "fetch" "--manifest-path" "Cargo.toml", kill_on_drop: false }`
[INFO] [stderr]  Downloading crates ...
[INFO] [stderr]   Downloaded panic-semihosting v0.6.0
[INFO] [stderr]   Downloaded bxcan v0.6.2
[INFO] [stderr]   Downloaded cortex-m-semihosting v0.5.0
[INFO] [stderr]   Downloaded defmt-macros v0.3.2
[INFO] [stderr]   Downloaded gcd v2.1.0
[INFO] [stderr]   Downloaded embedded-dma v0.1.2
[INFO] [stderr]   Downloaded stm32l4xx-hal v0.7.1
[INFO] [stderr]   Downloaded stm32l4 v0.14.0
[INFO] running `Command { std: "docker" "create" "-v" "/var/lib/crater-agent-workspace/builds/worker-1-tc1/target:/opt/rustwide/target:rw,Z" "-v" "/var/lib/crater-agent-workspace/builds/worker-1-tc1/source:/opt/rustwide/workdir:ro,Z" "-v" "/var/lib/crater-agent-workspace/cargo-home:/opt/rustwide/cargo-home:ro,Z" "-v" "/var/lib/crater-agent-workspace/rustup-home:/opt/rustwide/rustup-home:ro,Z" "-e" "SOURCE_DIR=/opt/rustwide/workdir" "-e" "CARGO_TARGET_DIR=/opt/rustwide/target" "-e" "CARGO_HOME=/opt/rustwide/cargo-home" "-e" "RUSTUP_HOME=/opt/rustwide/rustup-home" "-w" "/opt/rustwide/workdir" "-m" "1610612736" "--user" "0:0" "--network" "none" "ghcr.io/rust-lang/crates-build-env/linux@sha256:5ff2268d62e97bff2cde7d5815dd6ed5b47097566f13b8d0ca110b04b60e07ed" "/opt/rustwide/cargo-home/bin/cargo" "+1.69.0" "metadata" "--no-deps" "--format-version=1", kill_on_drop: false }`
[INFO] [stdout] bdfd53d8fbe898633dff581795b8762c6f78472f058b1aaf4124c48c7fcc59d6
[INFO] running `Command { std: "docker" "start" "-a" "bdfd53d8fbe898633dff581795b8762c6f78472f058b1aaf4124c48c7fcc59d6", kill_on_drop: false }`
[INFO] running `Command { std: "docker" "inspect" "bdfd53d8fbe898633dff581795b8762c6f78472f058b1aaf4124c48c7fcc59d6", kill_on_drop: false }`
[INFO] running `Command { std: "docker" "rm" "-f" "bdfd53d8fbe898633dff581795b8762c6f78472f058b1aaf4124c48c7fcc59d6", kill_on_drop: false }`
[INFO] [stdout] bdfd53d8fbe898633dff581795b8762c6f78472f058b1aaf4124c48c7fcc59d6
[INFO] running `Command { std: "docker" "create" "-v" "/var/lib/crater-agent-workspace/builds/worker-1-tc1/target:/opt/rustwide/target:rw,Z" "-v" "/var/lib/crater-agent-workspace/builds/worker-1-tc1/source:/opt/rustwide/workdir:ro,Z" "-v" "/var/lib/crater-agent-workspace/cargo-home:/opt/rustwide/cargo-home:ro,Z" "-v" "/var/lib/crater-agent-workspace/rustup-home:/opt/rustwide/rustup-home:ro,Z" "-e" "SOURCE_DIR=/opt/rustwide/workdir" "-e" "CARGO_TARGET_DIR=/opt/rustwide/target" "-e" "CARGO_INCREMENTAL=0" "-e" "RUST_BACKTRACE=full" "-e" "RUSTFLAGS=--cap-lints=warn" "-e" "RUSTDOCFLAGS=--cap-lints=warn" "-e" "CARGO_HOME=/opt/rustwide/cargo-home" "-e" "RUSTUP_HOME=/opt/rustwide/rustup-home" "-w" "/opt/rustwide/workdir" "-m" "1610612736" "--user" "0:0" "--network" "none" "ghcr.io/rust-lang/crates-build-env/linux@sha256:5ff2268d62e97bff2cde7d5815dd6ed5b47097566f13b8d0ca110b04b60e07ed" "/opt/rustwide/cargo-home/bin/cargo" "+1.69.0" "build" "--frozen" "--message-format=json", kill_on_drop: false }`
[INFO] [stdout] 2b4503b79703031bc3a2f70ef3a31fe7a83f58fb29e34e8d81d48f03199447fc
[INFO] running `Command { std: "docker" "start" "-a" "2b4503b79703031bc3a2f70ef3a31fe7a83f58fb29e34e8d81d48f03199447fc", kill_on_drop: false }`
[INFO] [stderr]    Compiling proc-macro2 v1.0.43
[INFO] [stderr]    Compiling quote v1.0.21
[INFO] [stderr]    Compiling unicode-ident v1.0.4
[INFO] [stderr]    Compiling syn v1.0.99
[INFO] [stderr]    Compiling defmt-macros v0.3.2
[INFO] [stderr]    Compiling defmt v0.3.2
[INFO] [stderr]    Compiling nb v1.0.0
[INFO] [stderr]    Compiling defmt-parser v0.3.1
[INFO] [stderr]    Compiling void v1.0.2
[INFO] [stderr]    Compiling nb v0.1.3
[INFO] [stderr]    Compiling embedded-hal v0.2.7
[INFO] [stderr]    Compiling proc-macro-error-attr v1.0.4
[INFO] [stderr]    Compiling proc-macro-error v1.0.4
[INFO] [stderr]    Compiling ism330dhcx v0.5.1 (/opt/rustwide/workdir)
[INFO] [stderr]     Finished dev [unoptimized + debuginfo] target(s) in 5.47s
[INFO] running `Command { std: "docker" "inspect" "2b4503b79703031bc3a2f70ef3a31fe7a83f58fb29e34e8d81d48f03199447fc", kill_on_drop: false }`
[INFO] running `Command { std: "docker" "rm" "-f" "2b4503b79703031bc3a2f70ef3a31fe7a83f58fb29e34e8d81d48f03199447fc", kill_on_drop: false }`
[INFO] [stdout] 2b4503b79703031bc3a2f70ef3a31fe7a83f58fb29e34e8d81d48f03199447fc
[INFO] running `Command { std: "docker" "create" "-v" "/var/lib/crater-agent-workspace/builds/worker-1-tc1/target:/opt/rustwide/target:rw,Z" "-v" "/var/lib/crater-agent-workspace/builds/worker-1-tc1/source:/opt/rustwide/workdir:ro,Z" "-v" "/var/lib/crater-agent-workspace/cargo-home:/opt/rustwide/cargo-home:ro,Z" "-v" "/var/lib/crater-agent-workspace/rustup-home:/opt/rustwide/rustup-home:ro,Z" "-e" "SOURCE_DIR=/opt/rustwide/workdir" "-e" "CARGO_TARGET_DIR=/opt/rustwide/target" "-e" "CARGO_INCREMENTAL=0" "-e" "RUST_BACKTRACE=full" "-e" "RUSTFLAGS=--cap-lints=warn" "-e" "RUSTDOCFLAGS=--cap-lints=warn" "-e" "CARGO_HOME=/opt/rustwide/cargo-home" "-e" "RUSTUP_HOME=/opt/rustwide/rustup-home" "-w" "/opt/rustwide/workdir" "-m" "1610612736" "--user" "0:0" "--network" "none" "ghcr.io/rust-lang/crates-build-env/linux@sha256:5ff2268d62e97bff2cde7d5815dd6ed5b47097566f13b8d0ca110b04b60e07ed" "/opt/rustwide/cargo-home/bin/cargo" "+1.69.0" "test" "--frozen" "--no-run" "--message-format=json", kill_on_drop: false }`
[INFO] [stdout] 598ea43312c961da2e52762d1dae0445e043c07f0070513d863167ecbb55f8f3
[INFO] running `Command { std: "docker" "start" "-a" "598ea43312c961da2e52762d1dae0445e043c07f0070513d863167ecbb55f8f3", kill_on_drop: false }`
[INFO] [stderr]    Compiling syn v1.0.99
[INFO] [stderr]    Compiling cortex-m v0.7.7
[INFO] [stderr]    Compiling void v1.0.2
[INFO] [stderr]    Compiling vcell v0.1.3
[INFO] [stderr]    Compiling semver v1.0.14
[INFO] [stderr]    Compiling num-iter v0.1.43
[INFO] [stderr]    Compiling num-rational v0.3.2
[INFO] [stderr]    Compiling cortex-m-rt v0.7.3
[INFO] [stderr]    Compiling nb v0.1.3
[INFO] [stderr]    Compiling bitfield v0.13.2
[INFO] [stderr]    Compiling bare-metal v0.2.5
[INFO] [stderr]    Compiling num-complex v0.3.1
[INFO] [stderr]    Compiling cortex-m-semihosting v0.5.0
[INFO] [stderr]    Compiling paste v1.0.9
[INFO] [stderr]    Compiling stm32l4 v0.14.0
[INFO] [stderr]    Compiling stable_deref_trait v1.2.0
[INFO] [stderr]    Compiling volatile-register v0.2.1
[INFO] [stderr]    Compiling embedded-hal v0.2.7
[INFO] [stderr]    Compiling bare-metal v1.0.0
[INFO] [stderr]    Compiling embedded-dma v0.1.2
[INFO] [stderr]    Compiling bxcan v0.6.2
[INFO] [stderr]    Compiling rand_core v0.6.4
[INFO] [stderr]    Compiling gcd v2.1.0
[INFO] [stderr]    Compiling fugit v0.3.6
[INFO] [stderr]    Compiling rustc_version v0.4.0
[INFO] [stderr]    Compiling panic-semihosting v0.6.0
[INFO] [stderr]    Compiling num v0.3.1
[INFO] [stderr]    Compiling cast v0.2.7
[INFO] [stderr]    Compiling embedded-time v0.12.1
[INFO] [stderr]    Compiling embedded-hal-mock v0.9.0
[INFO] [stderr]    Compiling proc-macro-error v1.0.4
[INFO] [stderr]    Compiling cortex-m-rt-macros v0.7.0
[INFO] [stderr]    Compiling defmt-macros v0.3.2
[INFO] [stderr]    Compiling defmt v0.3.2
[INFO] [stderr]    Compiling ism330dhcx v0.5.1 (/opt/rustwide/workdir)
[INFO] [stderr]    Compiling stm32l4xx-hal v0.7.1
[INFO] [stderr]     Finished test [unoptimized + debuginfo] target(s) in 17.46s
[INFO] running `Command { std: "docker" "inspect" "598ea43312c961da2e52762d1dae0445e043c07f0070513d863167ecbb55f8f3", kill_on_drop: false }`
[INFO] running `Command { std: "docker" "rm" "-f" "598ea43312c961da2e52762d1dae0445e043c07f0070513d863167ecbb55f8f3", kill_on_drop: false }`
[INFO] [stdout] 598ea43312c961da2e52762d1dae0445e043c07f0070513d863167ecbb55f8f3
[INFO] running `Command { std: "docker" "create" "-v" "/var/lib/crater-agent-workspace/builds/worker-1-tc1/target:/opt/rustwide/target:rw,Z" "-v" "/var/lib/crater-agent-workspace/builds/worker-1-tc1/source:/opt/rustwide/workdir:ro,Z" "-v" "/var/lib/crater-agent-workspace/cargo-home:/opt/rustwide/cargo-home:ro,Z" "-v" "/var/lib/crater-agent-workspace/rustup-home:/opt/rustwide/rustup-home:ro,Z" "-e" "SOURCE_DIR=/opt/rustwide/workdir" "-e" "CARGO_TARGET_DIR=/opt/rustwide/target" "-e" "CARGO_INCREMENTAL=0" "-e" "RUST_BACKTRACE=full" "-e" "RUSTFLAGS=--cap-lints=warn" "-e" "RUSTDOCFLAGS=--cap-lints=warn" "-e" "CARGO_HOME=/opt/rustwide/cargo-home" "-e" "RUSTUP_HOME=/opt/rustwide/rustup-home" "-w" "/opt/rustwide/workdir" "-m" "1610612736" "--user" "0:0" "--network" "none" "ghcr.io/rust-lang/crates-build-env/linux@sha256:5ff2268d62e97bff2cde7d5815dd6ed5b47097566f13b8d0ca110b04b60e07ed" "/opt/rustwide/cargo-home/bin/cargo" "+1.69.0" "test" "--frozen", kill_on_drop: false }`
[INFO] [stdout] d85619a6c7330984b093fcd21f591d3682c0f0f1a16242a3b32b79a9a011d081
[INFO] running `Command { std: "docker" "start" "-a" "d85619a6c7330984b093fcd21f591d3682c0f0f1a16242a3b32b79a9a011d081", kill_on_drop: false }`
[INFO] [stderr]     Finished test [unoptimized + debuginfo] target(s) in 0.03s
[INFO] [stderr]      Running unittests src/lib.rs (/opt/rustwide/target/debug/deps/ism330dhcx-58ef3c673c2d4508)
[INFO] [stdout] 
[INFO] [stdout] running 9 tests
[INFO] [stdout] test fifo::tests::test_pop_gyro ... ok
[INFO] [stdout] test fifoctrl::tests::bdr_u8_val ... ok
[INFO] [stdout] test fifoctrl::tests::set_data_rate ... ok
[INFO] [stdout] test fifoctrl::tests::set_mode ... ok
[INFO] [stdout] test fifoctrl::tests::test_compression ... ok
[INFO] [stdout] test fifoctrl::tests::test_sub_addresses ... ok
[INFO] [stdout] test fifostatus::tests::test_diff_1b ... ok
[INFO] [stdout] test fifostatus::tests::test_diff_2b ... ok
[INFO] [stdout] test fifostatus::tests::test_full ... ok
[INFO] [stdout] 
[INFO] [stdout] test result: ok. 9 passed; 0 failed; 0 ignored; 0 measured; 0 filtered out; finished in 0.00s
[INFO] [stdout] 
[INFO] [stderr]    Doc-tests ism330dhcx
[INFO] [stdout] 
[INFO] [stdout] running 5 tests
[INFO] [stdout] test src/lib.rs - (line 18) ... FAILED
[INFO] [stdout] test src/lib.rs - (line 30) ... FAILED
[INFO] [stdout] test src/lib.rs - (line 6) ... FAILED
[INFO] [stdout] test src/lib.rs - (line 12) ... FAILED
[INFO] [stdout] test src/lib.rs - (line 24) ... FAILED
[INFO] [stdout] 
[INFO] [stdout] failures:
[INFO] [stdout] 
[INFO] [stdout] ---- src/lib.rs - (line 18) stdout ----
[INFO] [stdout] error[E0425]: cannot find value `sensor` in this scope
[INFO] [stdout]  --> src/lib.rs:19:1
[INFO] [stdout]   |
[INFO] [stdout] 3 | sensor.set_address(0x6au8);
[INFO] [stdout]   | ^^^^^^ not found in this scope
[INFO] [stdout] 
[INFO] [stdout] error: aborting due to previous error
[INFO] [stdout] 
[INFO] [stdout] For more information about this error, try `rustc --explain E0425`.
[INFO] [stdout] Couldn't compile the test.
[INFO] [stdout] ---- src/lib.rs - (line 30) stdout ----
[INFO] [stdout] error[E0433]: failed to resolve: use of undeclared crate or module `ctrl1xl`
[INFO] [stdout]   --> src/lib.rs:39:39
[INFO] [stdout]    |
[INFO] [stdout] 11 |     .set_accelerometer_data_rate(i2c, ctrl1xl::Odr_Xl::Hz52)
[INFO] [stdout]    |                                       ^^^^^^^ use of undeclared crate or module `ctrl1xl`
[INFO] [stdout] 
[INFO] [stdout] error[E0425]: cannot find value `sensor` in this scope
[INFO] [stdout]  --> src/lib.rs:37:1
[INFO] [stdout]   |
[INFO] [stdout] 9 | sensor
[INFO] [stdout]   | ^^^^^^ not found in this scope
[INFO] [stdout] 
[INFO] [stdout] error[E0425]: cannot find value `i2c` in this scope
[INFO] [stdout]   --> src/lib.rs:39:34
[INFO] [stdout]    |
[INFO] [stdout] 11 |     .set_accelerometer_data_rate(i2c, ctrl1xl::Odr_Xl::Hz52)
[INFO] [stdout]    |                                  ^^^ not found in this scope
[INFO] [stdout] 
[INFO] [stdout] error: aborting due to 3 previous errors
[INFO] [stdout] 
[INFO] [stdout] Some errors have detailed explanations: E0425, E0433.
[INFO] [stdout] For more information about an error, try `rustc --explain E0425`.
[INFO] [stdout] Couldn't compile the test.
[INFO] [stdout] ---- src/lib.rs - (line 6) stdout ----
[INFO] [stdout] error: expected `;`, found `}`
[INFO] [stdout]  --> src/lib.rs:7:48
[INFO] [stdout]   |
[INFO] [stdout] 3 | let sensor = Ism330Dhcx::new(&mut i2c).unwrap()
[INFO] [stdout]   |                                                ^ help: add `;` here
[INFO] [stdout] 4 | } _doctest_main_src_lib_rs_6_0() }
[INFO] [stdout]   | - unexpected token
[INFO] [stdout] 
[INFO] [stdout] error[E0433]: failed to resolve: use of undeclared type `Ism330Dhcx`
[INFO] [stdout]  --> src/lib.rs:7:14
[INFO] [stdout]   |
[INFO] [stdout] 3 | let sensor = Ism330Dhcx::new(&mut i2c).unwrap()
[INFO] [stdout]   |              ^^^^^^^^^^ use of undeclared type `Ism330Dhcx`
[INFO] [stdout]   |
[INFO] [stdout] help: consider importing this struct
[INFO] [stdout]   |
[INFO] [stdout] 2 | use ism330dhcx::Ism330Dhcx;
[INFO] [stdout]   |
[INFO] [stdout] 
[INFO] [stdout] error[E0425]: cannot find value `i2c` in this scope
[INFO] [stdout]  --> src/lib.rs:7:35
[INFO] [stdout]   |
[INFO] [stdout] 3 | let sensor = Ism330Dhcx::new(&mut i2c).unwrap()
[INFO] [stdout]   |                                   ^^^ not found in this scope
[INFO] [stdout] 
[INFO] [stdout] error: aborting due to 3 previous errors
[INFO] [stdout] 
[INFO] [stdout] Some errors have detailed explanations: E0425, E0433.
[INFO] [stdout] For more information about an error, try `rustc --explain E0425`.
[INFO] [stdout] Couldn't compile the test.
[INFO] [stdout] ---- src/lib.rs - (line 12) stdout ----
[INFO] [stdout] error: expected `;`, found `}`
[INFO] [stdout]  --> src/lib.rs:13:69
[INFO] [stdout]   |
[INFO] [stdout] 3 | let sensor = Ism330Dhcx::new_with_address(&mut i2c, 0x6au8).unwrap()
[INFO] [stdout]   |                                                                     ^ help: add `;` here
[INFO] [stdout] 4 | } _doctest_main_src_lib_rs_12_0() }
[INFO] [stdout]   | - unexpected token
[INFO] [stdout] 
[INFO] [stdout] error[E0433]: failed to resolve: use of undeclared type `Ism330Dhcx`
[INFO] [stdout]  --> src/lib.rs:13:14
[INFO] [stdout]   |
[INFO] [stdout] 3 | let sensor = Ism330Dhcx::new_with_address(&mut i2c, 0x6au8).unwrap()
[INFO] [stdout]   |              ^^^^^^^^^^ use of undeclared type `Ism330Dhcx`
[INFO] [stdout]   |
[INFO] [stdout] help: consider importing this struct
[INFO] [stdout]   |
[INFO] [stdout] 2 | use ism330dhcx::Ism330Dhcx;
[INFO] [stdout]   |
[INFO] [stdout] 
[INFO] [stdout] error[E0425]: cannot find value `i2c` in this scope
[INFO] [stdout]  --> src/lib.rs:13:48
[INFO] [stdout]   |
[INFO] [stdout] 3 | let sensor = Ism330Dhcx::new_with_address(&mut i2c, 0x6au8).unwrap()
[INFO] [stdout]   |                                                ^^^ not found in this scope
[INFO] [stdout] 
[INFO] [stdout] error: aborting due to 3 previous errors
[INFO] [stdout] 
[INFO] [stdout] Some errors have detailed explanations: E0425, E0433.
[INFO] [stdout] For more information about an error, try `rustc --explain E0425`.
[INFO] [stdout] Couldn't compile the test.
[INFO] [stdout] ---- src/lib.rs - (line 24) stdout ----
[INFO] [stdout] error[E0425]: cannot find value `sensor` in this scope
[INFO] [stdout]  --> src/lib.rs:25:1
[INFO] [stdout]   |
[INFO] [stdout] 3 | sensor.ctrl3c.set_boot(i2c, true).unwrap();
[INFO] [stdout]   | ^^^^^^ not found in this scope
[INFO] [stdout] 
[INFO] [stdout] error[E0425]: cannot find value `i2c` in this scope
[INFO] [stdout]  --> src/lib.rs:25:24
[INFO] [stdout]   |
[INFO] [stdout] 3 | sensor.ctrl3c.set_boot(i2c, true).unwrap();
[INFO] [stdout]   |                        ^^^ not found in this scope
[INFO] [stdout] 
[INFO] [stdout] error: aborting due to 2 previous errors
[INFO] [stdout] 
[INFO] [stdout] For more information about this error, try `rustc --explain E0425`.
[INFO] [stdout] Couldn't compile the test.
[INFO] [stdout] 
[INFO] [stdout] failures:
[INFO] [stdout]     src/lib.rs - (line 12)
[INFO] [stdout]     src/lib.rs - (line 18)
[INFO] [stdout]     src/lib.rs - (line 24)
[INFO] [stdout]     src/lib.rs - (line 30)
[INFO] [stdout]     src/lib.rs - (line 6)
[INFO] [stdout] 
[INFO] [stdout] test result: FAILED. 0 passed; 5 failed; 0 ignored; 0 measured; 0 filtered out; finished in 0.07s
[INFO] [stdout] 
[INFO] [stderr] error: doctest failed, to rerun pass `--doc`
[INFO] running `Command { std: "docker" "inspect" "d85619a6c7330984b093fcd21f591d3682c0f0f1a16242a3b32b79a9a011d081", kill_on_drop: false }`
[INFO] running `Command { std: "docker" "rm" "-f" "d85619a6c7330984b093fcd21f591d3682c0f0f1a16242a3b32b79a9a011d081", kill_on_drop: false }`
[INFO] [stdout] d85619a6c7330984b093fcd21f591d3682c0f0f1a16242a3b32b79a9a011d081
