[INFO] fetching crate islam 1.0.0...
[INFO] testing islam-1.0.0 against beta-2023-04-20 for beta-1.70-1
[INFO] extracting crate islam 1.0.0 into /workspace/builds/worker-2-tc2/source
[INFO] validating manifest of crates.io crate islam 1.0.0 on toolchain beta-2023-04-20
[INFO] running `Command { std: CARGO_HOME="/workspace/cargo-home" RUSTUP_HOME="/workspace/rustup-home" "/workspace/cargo-home/bin/cargo" "+beta-2023-04-20" "metadata" "--manifest-path" "Cargo.toml" "--no-deps", kill_on_drop: false }`
[INFO] started tweaking crates.io crate islam 1.0.0
[INFO] finished tweaking crates.io crate islam 1.0.0
[INFO] tweaked toml for crates.io crate islam 1.0.0 written to /workspace/builds/worker-2-tc2/source/Cargo.toml
[INFO] crate crates.io crate islam 1.0.0 already has a lockfile, it will not be regenerated
[INFO] running `Command { std: CARGO_HOME="/workspace/cargo-home" RUSTUP_HOME="/workspace/rustup-home" "/workspace/cargo-home/bin/cargo" "+beta-2023-04-20" "fetch" "--manifest-path" "Cargo.toml", kill_on_drop: false }`
[INFO] running `Command { std: "docker" "create" "-v" "/var/lib/crater-agent-workspace/builds/worker-2-tc2/target:/opt/rustwide/target:rw,Z" "-v" "/var/lib/crater-agent-workspace/builds/worker-2-tc2/source:/opt/rustwide/workdir:ro,Z" "-v" "/var/lib/crater-agent-workspace/cargo-home:/opt/rustwide/cargo-home:ro,Z" "-v" "/var/lib/crater-agent-workspace/rustup-home:/opt/rustwide/rustup-home:ro,Z" "-e" "SOURCE_DIR=/opt/rustwide/workdir" "-e" "CARGO_TARGET_DIR=/opt/rustwide/target" "-e" "CARGO_HOME=/opt/rustwide/cargo-home" "-e" "RUSTUP_HOME=/opt/rustwide/rustup-home" "-w" "/opt/rustwide/workdir" "-m" "1610612736" "--user" "0:0" "--network" "none" "ghcr.io/rust-lang/crates-build-env/linux@sha256:5ff2268d62e97bff2cde7d5815dd6ed5b47097566f13b8d0ca110b04b60e07ed" "/opt/rustwide/cargo-home/bin/cargo" "+beta-2023-04-20" "metadata" "--no-deps" "--format-version=1", kill_on_drop: false }`
[INFO] [stdout] 1012f04bb047113e4f4f4c8947ea68e754d96318074ba11ed31178164c6425f1
[INFO] running `Command { std: "docker" "start" "-a" "1012f04bb047113e4f4f4c8947ea68e754d96318074ba11ed31178164c6425f1", kill_on_drop: false }`
[INFO] running `Command { std: "docker" "inspect" "1012f04bb047113e4f4f4c8947ea68e754d96318074ba11ed31178164c6425f1", kill_on_drop: false }`
[INFO] running `Command { std: "docker" "rm" "-f" "1012f04bb047113e4f4f4c8947ea68e754d96318074ba11ed31178164c6425f1", kill_on_drop: false }`
[INFO] [stdout] 1012f04bb047113e4f4f4c8947ea68e754d96318074ba11ed31178164c6425f1
[INFO] running `Command { std: "docker" "create" "-v" "/var/lib/crater-agent-workspace/builds/worker-2-tc2/target:/opt/rustwide/target:rw,Z" "-v" "/var/lib/crater-agent-workspace/builds/worker-2-tc2/source:/opt/rustwide/workdir:ro,Z" "-v" "/var/lib/crater-agent-workspace/cargo-home:/opt/rustwide/cargo-home:ro,Z" "-v" "/var/lib/crater-agent-workspace/rustup-home:/opt/rustwide/rustup-home:ro,Z" "-e" "SOURCE_DIR=/opt/rustwide/workdir" "-e" "CARGO_TARGET_DIR=/opt/rustwide/target" "-e" "CARGO_INCREMENTAL=0" "-e" "RUST_BACKTRACE=full" "-e" "RUSTFLAGS=--cap-lints=warn" "-e" "RUSTDOCFLAGS=--cap-lints=warn" "-e" "CARGO_HOME=/opt/rustwide/cargo-home" "-e" "RUSTUP_HOME=/opt/rustwide/rustup-home" "-w" "/opt/rustwide/workdir" "-m" "1610612736" "--user" "0:0" "--network" "none" "ghcr.io/rust-lang/crates-build-env/linux@sha256:5ff2268d62e97bff2cde7d5815dd6ed5b47097566f13b8d0ca110b04b60e07ed" "/opt/rustwide/cargo-home/bin/cargo" "+beta-2023-04-20" "build" "--frozen" "--message-format=json", kill_on_drop: false }`
[INFO] [stdout] 413ed30d7209a3da283c7cb5a354a3307c8ce947962403aaf9b7f50b04bc9f7c
[INFO] running `Command { std: "docker" "start" "-a" "413ed30d7209a3da283c7cb5a354a3307c8ce947962403aaf9b7f50b04bc9f7c", kill_on_drop: false }`
[INFO] [stderr]    Compiling proc-macro2 v1.0.50
[INFO] [stderr]    Compiling quote v1.0.23
[INFO] [stderr]    Compiling unicode-ident v1.0.6
[INFO] [stderr]    Compiling syn v1.0.107
[INFO] [stderr]    Compiling libc v0.2.139
[INFO] [stderr]    Compiling thiserror v1.0.38
[INFO] [stderr]    Compiling time-core v0.1.0
[INFO] [stderr]    Compiling itoa v1.0.5
[INFO] [stderr]    Compiling num_threads v0.1.6
[INFO] [stderr]    Compiling time-macros v0.2.6
[INFO] [stderr]    Compiling time v0.3.17
[INFO] [stderr]    Compiling thiserror-impl v1.0.38
[INFO] [stderr]    Compiling islam v1.0.0 (/opt/rustwide/workdir)
[INFO] [stderr]     Finished dev [unoptimized + debuginfo] target(s) in 3.94s
[INFO] running `Command { std: "docker" "inspect" "413ed30d7209a3da283c7cb5a354a3307c8ce947962403aaf9b7f50b04bc9f7c", kill_on_drop: false }`
[INFO] running `Command { std: "docker" "rm" "-f" "413ed30d7209a3da283c7cb5a354a3307c8ce947962403aaf9b7f50b04bc9f7c", kill_on_drop: false }`
[INFO] [stdout] 413ed30d7209a3da283c7cb5a354a3307c8ce947962403aaf9b7f50b04bc9f7c
[INFO] running `Command { std: "docker" "create" "-v" "/var/lib/crater-agent-workspace/builds/worker-2-tc2/target:/opt/rustwide/target:rw,Z" "-v" "/var/lib/crater-agent-workspace/builds/worker-2-tc2/source:/opt/rustwide/workdir:ro,Z" "-v" "/var/lib/crater-agent-workspace/cargo-home:/opt/rustwide/cargo-home:ro,Z" "-v" "/var/lib/crater-agent-workspace/rustup-home:/opt/rustwide/rustup-home:ro,Z" "-e" "SOURCE_DIR=/opt/rustwide/workdir" "-e" "CARGO_TARGET_DIR=/opt/rustwide/target" "-e" "CARGO_INCREMENTAL=0" "-e" "RUST_BACKTRACE=full" "-e" "RUSTFLAGS=--cap-lints=warn" "-e" "RUSTDOCFLAGS=--cap-lints=warn" "-e" "CARGO_HOME=/opt/rustwide/cargo-home" "-e" "RUSTUP_HOME=/opt/rustwide/rustup-home" "-w" "/opt/rustwide/workdir" "-m" "1610612736" "--user" "0:0" "--network" "none" "ghcr.io/rust-lang/crates-build-env/linux@sha256:5ff2268d62e97bff2cde7d5815dd6ed5b47097566f13b8d0ca110b04b60e07ed" "/opt/rustwide/cargo-home/bin/cargo" "+beta-2023-04-20" "test" "--frozen" "--no-run" "--message-format=json", kill_on_drop: false }`
[INFO] [stdout] ec99835f81929556413df6a7fcb03ac69f9c45713af349736e6788bd9fca57c8
[INFO] running `Command { std: "docker" "start" "-a" "ec99835f81929556413df6a7fcb03ac69f9c45713af349736e6788bd9fca57c8", kill_on_drop: false }`
[INFO] [stderr]    Compiling islam v1.0.0 (/opt/rustwide/workdir)
[INFO] [stderr]     Finished test [unoptimized + debuginfo] target(s) in 0.54s
[INFO] running `Command { std: "docker" "inspect" "ec99835f81929556413df6a7fcb03ac69f9c45713af349736e6788bd9fca57c8", kill_on_drop: false }`
[INFO] running `Command { std: "docker" "rm" "-f" "ec99835f81929556413df6a7fcb03ac69f9c45713af349736e6788bd9fca57c8", kill_on_drop: false }`
[INFO] [stdout] ec99835f81929556413df6a7fcb03ac69f9c45713af349736e6788bd9fca57c8
[INFO] running `Command { std: "docker" "create" "-v" "/var/lib/crater-agent-workspace/builds/worker-2-tc2/target:/opt/rustwide/target:rw,Z" "-v" "/var/lib/crater-agent-workspace/builds/worker-2-tc2/source:/opt/rustwide/workdir:ro,Z" "-v" "/var/lib/crater-agent-workspace/cargo-home:/opt/rustwide/cargo-home:ro,Z" "-v" "/var/lib/crater-agent-workspace/rustup-home:/opt/rustwide/rustup-home:ro,Z" "-e" "SOURCE_DIR=/opt/rustwide/workdir" "-e" "CARGO_TARGET_DIR=/opt/rustwide/target" "-e" "CARGO_INCREMENTAL=0" "-e" "RUST_BACKTRACE=full" "-e" "RUSTFLAGS=--cap-lints=warn" "-e" "RUSTDOCFLAGS=--cap-lints=warn" "-e" "CARGO_HOME=/opt/rustwide/cargo-home" "-e" "RUSTUP_HOME=/opt/rustwide/rustup-home" "-w" "/opt/rustwide/workdir" "-m" "1610612736" "--user" "0:0" "--network" "none" "ghcr.io/rust-lang/crates-build-env/linux@sha256:5ff2268d62e97bff2cde7d5815dd6ed5b47097566f13b8d0ca110b04b60e07ed" "/opt/rustwide/cargo-home/bin/cargo" "+beta-2023-04-20" "test" "--frozen", kill_on_drop: false }`
[INFO] [stdout] df5907acfa2ee2433507f9e799adc7558db554cb38883bb2190d7caeecfb1d5f
[INFO] running `Command { std: "docker" "start" "-a" "df5907acfa2ee2433507f9e799adc7558db554cb38883bb2190d7caeecfb1d5f", kill_on_drop: false }`
[INFO] [stderr]     Finished test [unoptimized + debuginfo] target(s) in 0.01s
[INFO] [stderr]      Running unittests src/lib.rs (/opt/rustwide/target/debug/deps/islam-1fed294e11d73075)
[INFO] [stdout] 
[INFO] [stdout] running 33 tests
[INFO] [stdout] test baselib::tests::test_dcos ... ok
[INFO] [stdout] test baselib::tests::test_dsin ... ok
[INFO] [stdout] test baselib::tests::test_equation_of_time ... ok
[INFO] [stdout] test baselib::tests::test_hijri_to_julian ... ok
[INFO] [stdout] test baselib::tests::test_georgian_to_julian ... ok
[INFO] [stdout] test baselib::tests::test_julian_to_gregorian ... ok
[INFO] [stdout] test baselib::tests::test_julian_to_hijri ... ok
[INFO] [stdout] test hijri::tests::from_gregorian ... ok
[INFO] [stdout] test hijri::tests::from_gregorian_1 ... ok
[INFO] [stdout] test hijri::tests::from_julian ... ok
[INFO] [stdout] test hijri::tests::hijri ... ok
[INFO] [stdout] test hijri::tests::max_month ... ok
[INFO] [stdout] test hijri::tests::max_year ... ok
[INFO] [stdout] test hijri::tests::min_month ... ok
[INFO] [stdout] test hijri::tests::min_year ... ok
[INFO] [stdout] test hijri::tests::out_of_index_month ... ok
[INFO] [stdout] test hijri::tests::to_gregorian ... ok
[INFO] [stdout] test hijri::tests::tomorrow ... ok
[INFO] [stdout] test pray::config::tests::default ... ok
[INFO] [stdout] test pray::madhab::tests::hanafi_shadow ... ok
[INFO] [stdout] test pray::madhab::tests::shafi_shadow ... ok
[INFO] [stdout] test pray::method::tests::configs_for_egyptian ... ok
[INFO] [stdout] test pray::method::tests::configs_for_muslim_world_league ... ok
[INFO] [stdout] test pray::prayer::tests::prayer_name ... FAILED
[INFO] [stdout] test pray::times::tests::current_prayer_is_asr ... FAILED
[INFO] [stdout] test pray::times::tests::current_prayer_is_dohr ... FAILED
[INFO] [stdout] test pray::times::tests::current_prayer_is_fajr ... FAILED
[INFO] [stderr] error: test failed, to rerun pass `--lib`
[INFO] [stdout] test pray::times::tests::current_prayer_is_ishaa ... FAILED
[INFO] [stdout] test pray::times::tests::praytimes_jakarta ... FAILED
[INFO] [stdout] test pray::times::tests::praytimes_jakarta_umm_alqura ... FAILED
[INFO] [stdout] test pray::times::tests::praytimes_jakarta_fixed_interval ... FAILED
[INFO] [stdout] test pray::times::tests::current_prayer_is_sherook ... FAILED
[INFO] [stdout] test pray::times::tests::current_prayer_is_maghreb ... FAILED
[INFO] [stdout] 
[INFO] [stdout] failures:
[INFO] [stdout] 
[INFO] [stdout] ---- pray::prayer::tests::prayer_name stdout ----
[INFO] [stdout] Error: InvalidArgument("The system's UTC offset could not be determined")
[INFO] [stdout] 
[INFO] [stdout] ---- pray::times::tests::current_prayer_is_asr stdout ----
[INFO] [stdout] Error: InvalidArgument("The system's UTC offset could not be determined")
[INFO] [stdout] 
[INFO] [stdout] ---- pray::times::tests::current_prayer_is_dohr stdout ----
[INFO] [stdout] Error: InvalidArgument("The system's UTC offset could not be determined")
[INFO] [stdout] 
[INFO] [stdout] ---- pray::times::tests::current_prayer_is_fajr stdout ----
[INFO] [stdout] Error: InvalidArgument("The system's UTC offset could not be determined")
[INFO] [stdout] 
[INFO] [stdout] ---- pray::times::tests::current_prayer_is_ishaa stdout ----
[INFO] [stdout] Error: InvalidArgument("The system's UTC offset could not be determined")
[INFO] [stdout] 
[INFO] [stdout] ---- pray::times::tests::praytimes_jakarta stdout ----
[INFO] [stdout] Error: InvalidArgument("The system's UTC offset could not be determined")
[INFO] [stdout] 
[INFO] [stdout] ---- pray::times::tests::praytimes_jakarta_umm_alqura stdout ----
[INFO] [stdout] Error: InvalidArgument("The system's UTC offset could not be determined")
[INFO] [stdout] 
[INFO] [stdout] ---- pray::times::tests::praytimes_jakarta_fixed_interval stdout ----
[INFO] [stdout] Error: InvalidArgument("The system's UTC offset could not be determined")
[INFO] [stdout] 
[INFO] [stdout] ---- pray::times::tests::current_prayer_is_sherook stdout ----
[INFO] [stdout] Error: InvalidArgument("The system's UTC offset could not be determined")
[INFO] [stdout] 
[INFO] [stdout] ---- pray::times::tests::current_prayer_is_maghreb stdout ----
[INFO] [stdout] Error: InvalidArgument("The system's UTC offset could not be determined")
[INFO] [stdout] 
[INFO] [stdout] 
[INFO] [stdout] failures:
[INFO] [stdout]     pray::prayer::tests::prayer_name
[INFO] [stdout]     pray::times::tests::current_prayer_is_asr
[INFO] [stdout]     pray::times::tests::current_prayer_is_dohr
[INFO] [stdout]     pray::times::tests::current_prayer_is_fajr
[INFO] [stdout]     pray::times::tests::current_prayer_is_ishaa
[INFO] [stdout]     pray::times::tests::current_prayer_is_maghreb
[INFO] [stdout]     pray::times::tests::current_prayer_is_sherook
[INFO] [stdout]     pray::times::tests::praytimes_jakarta
[INFO] [stdout]     pray::times::tests::praytimes_jakarta_fixed_interval
[INFO] [stdout]     pray::times::tests::praytimes_jakarta_umm_alqura
[INFO] [stdout] 
[INFO] [stdout] test result: FAILED. 23 passed; 10 failed; 0 ignored; 0 measured; 0 filtered out; finished in 0.00s
[INFO] [stdout] 
[INFO] running `Command { std: "docker" "inspect" "df5907acfa2ee2433507f9e799adc7558db554cb38883bb2190d7caeecfb1d5f", kill_on_drop: false }`
[INFO] running `Command { std: "docker" "rm" "-f" "df5907acfa2ee2433507f9e799adc7558db554cb38883bb2190d7caeecfb1d5f", kill_on_drop: false }`
[INFO] [stdout] df5907acfa2ee2433507f9e799adc7558db554cb38883bb2190d7caeecfb1d5f
