[INFO] fetching crate iredismodule-macros 0.3.0...
[INFO] testing iredismodule-macros-0.3.0 against beta-2023-04-20 for beta-1.70-1
[INFO] extracting crate iredismodule-macros 0.3.0 into /workspace/builds/worker-3-tc2/source
[INFO] validating manifest of crates.io crate iredismodule-macros 0.3.0 on toolchain beta-2023-04-20
[INFO] running `Command { std: CARGO_HOME="/workspace/cargo-home" RUSTUP_HOME="/workspace/rustup-home" "/workspace/cargo-home/bin/cargo" "+beta-2023-04-20" "metadata" "--manifest-path" "Cargo.toml" "--no-deps", kill_on_drop: false }`
[INFO] started tweaking crates.io crate iredismodule-macros 0.3.0
[INFO] finished tweaking crates.io crate iredismodule-macros 0.3.0
[INFO] tweaked toml for crates.io crate iredismodule-macros 0.3.0 written to /workspace/builds/worker-3-tc2/source/Cargo.toml
[INFO] running `Command { std: CARGO_HOME="/workspace/cargo-home" RUSTUP_HOME="/workspace/rustup-home" __CARGO_TEST_CHANNEL_OVERRIDE_DO_NOT_USE_THIS="nightly" "/workspace/cargo-home/bin/cargo" "+beta-2023-04-20" "generate-lockfile" "--manifest-path" "Cargo.toml" "-Zno-index-update", kill_on_drop: false }`
[INFO] running `Command { std: CARGO_HOME="/workspace/cargo-home" RUSTUP_HOME="/workspace/rustup-home" "/workspace/cargo-home/bin/cargo" "+beta-2023-04-20" "fetch" "--manifest-path" "Cargo.toml", kill_on_drop: false }`
[INFO] running `Command { std: "docker" "create" "-v" "/var/lib/crater-agent-workspace/builds/worker-3-tc2/target:/opt/rustwide/target:rw,Z" "-v" "/var/lib/crater-agent-workspace/builds/worker-3-tc2/source:/opt/rustwide/workdir:ro,Z" "-v" "/var/lib/crater-agent-workspace/cargo-home:/opt/rustwide/cargo-home:ro,Z" "-v" "/var/lib/crater-agent-workspace/rustup-home:/opt/rustwide/rustup-home:ro,Z" "-e" "SOURCE_DIR=/opt/rustwide/workdir" "-e" "CARGO_TARGET_DIR=/opt/rustwide/target" "-e" "CARGO_HOME=/opt/rustwide/cargo-home" "-e" "RUSTUP_HOME=/opt/rustwide/rustup-home" "-w" "/opt/rustwide/workdir" "-m" "1610612736" "--user" "0:0" "--network" "none" "ghcr.io/rust-lang/crates-build-env/linux@sha256:5ff2268d62e97bff2cde7d5815dd6ed5b47097566f13b8d0ca110b04b60e07ed" "/opt/rustwide/cargo-home/bin/cargo" "+beta-2023-04-20" "metadata" "--no-deps" "--format-version=1", kill_on_drop: false }`
[INFO] [stdout] 3c3e6fae61c0e9dc594e97d76a0ec4b51dc1146b2eb642018b22f6f037b7ea25
[INFO] running `Command { std: "docker" "start" "-a" "3c3e6fae61c0e9dc594e97d76a0ec4b51dc1146b2eb642018b22f6f037b7ea25", kill_on_drop: false }`
[INFO] running `Command { std: "docker" "inspect" "3c3e6fae61c0e9dc594e97d76a0ec4b51dc1146b2eb642018b22f6f037b7ea25", kill_on_drop: false }`
[INFO] running `Command { std: "docker" "rm" "-f" "3c3e6fae61c0e9dc594e97d76a0ec4b51dc1146b2eb642018b22f6f037b7ea25", kill_on_drop: false }`
[INFO] [stdout] 3c3e6fae61c0e9dc594e97d76a0ec4b51dc1146b2eb642018b22f6f037b7ea25
[INFO] running `Command { std: "docker" "create" "-v" "/var/lib/crater-agent-workspace/builds/worker-3-tc2/target:/opt/rustwide/target:rw,Z" "-v" "/var/lib/crater-agent-workspace/builds/worker-3-tc2/source:/opt/rustwide/workdir:ro,Z" "-v" "/var/lib/crater-agent-workspace/cargo-home:/opt/rustwide/cargo-home:ro,Z" "-v" "/var/lib/crater-agent-workspace/rustup-home:/opt/rustwide/rustup-home:ro,Z" "-e" "SOURCE_DIR=/opt/rustwide/workdir" "-e" "CARGO_TARGET_DIR=/opt/rustwide/target" "-e" "CARGO_INCREMENTAL=0" "-e" "RUST_BACKTRACE=full" "-e" "RUSTFLAGS=--cap-lints=warn" "-e" "RUSTDOCFLAGS=--cap-lints=warn" "-e" "CARGO_HOME=/opt/rustwide/cargo-home" "-e" "RUSTUP_HOME=/opt/rustwide/rustup-home" "-w" "/opt/rustwide/workdir" "-m" "1610612736" "--user" "0:0" "--network" "none" "ghcr.io/rust-lang/crates-build-env/linux@sha256:5ff2268d62e97bff2cde7d5815dd6ed5b47097566f13b8d0ca110b04b60e07ed" "/opt/rustwide/cargo-home/bin/cargo" "+beta-2023-04-20" "build" "--frozen" "--message-format=json", kill_on_drop: false }`
[INFO] [stdout] e90a6829989e1355c4e674c863beaff19fa1e13e66ac221c2d2c453b12ab0d65
[INFO] running `Command { std: "docker" "start" "-a" "e90a6829989e1355c4e674c863beaff19fa1e13e66ac221c2d2c453b12ab0d65", kill_on_drop: false }`
[INFO] [stderr]    Compiling proc-macro2 v1.0.56
[INFO] [stderr]    Compiling syn v1.0.109
[INFO] [stderr]    Compiling quote v1.0.26
[INFO] [stderr]    Compiling iredismodule-macros v0.3.0 (/opt/rustwide/workdir)
[INFO] [stderr]     Finished dev [unoptimized + debuginfo] target(s) in 6.92s
[INFO] running `Command { std: "docker" "inspect" "e90a6829989e1355c4e674c863beaff19fa1e13e66ac221c2d2c453b12ab0d65", kill_on_drop: false }`
[INFO] running `Command { std: "docker" "rm" "-f" "e90a6829989e1355c4e674c863beaff19fa1e13e66ac221c2d2c453b12ab0d65", kill_on_drop: false }`
[INFO] [stdout] e90a6829989e1355c4e674c863beaff19fa1e13e66ac221c2d2c453b12ab0d65
[INFO] running `Command { std: "docker" "create" "-v" "/var/lib/crater-agent-workspace/builds/worker-3-tc2/target:/opt/rustwide/target:rw,Z" "-v" "/var/lib/crater-agent-workspace/builds/worker-3-tc2/source:/opt/rustwide/workdir:ro,Z" "-v" "/var/lib/crater-agent-workspace/cargo-home:/opt/rustwide/cargo-home:ro,Z" "-v" "/var/lib/crater-agent-workspace/rustup-home:/opt/rustwide/rustup-home:ro,Z" "-e" "SOURCE_DIR=/opt/rustwide/workdir" "-e" "CARGO_TARGET_DIR=/opt/rustwide/target" "-e" "CARGO_INCREMENTAL=0" "-e" "RUST_BACKTRACE=full" "-e" "RUSTFLAGS=--cap-lints=warn" "-e" "RUSTDOCFLAGS=--cap-lints=warn" "-e" "CARGO_HOME=/opt/rustwide/cargo-home" "-e" "RUSTUP_HOME=/opt/rustwide/rustup-home" "-w" "/opt/rustwide/workdir" "-m" "1610612736" "--user" "0:0" "--network" "none" "ghcr.io/rust-lang/crates-build-env/linux@sha256:5ff2268d62e97bff2cde7d5815dd6ed5b47097566f13b8d0ca110b04b60e07ed" "/opt/rustwide/cargo-home/bin/cargo" "+beta-2023-04-20" "test" "--frozen" "--no-run" "--message-format=json", kill_on_drop: false }`
[INFO] [stdout] 0be6c694c856aedd63289e89f4c315d202813238dfed95d3d8a38b77c4e0b310
[INFO] running `Command { std: "docker" "start" "-a" "0be6c694c856aedd63289e89f4c315d202813238dfed95d3d8a38b77c4e0b310", kill_on_drop: false }`
[INFO] [stderr]    Compiling iredismodule-macros v0.3.0 (/opt/rustwide/workdir)
[INFO] [stderr]     Finished test [unoptimized + debuginfo] target(s) in 1.18s
[INFO] running `Command { std: "docker" "inspect" "0be6c694c856aedd63289e89f4c315d202813238dfed95d3d8a38b77c4e0b310", kill_on_drop: false }`
[INFO] running `Command { std: "docker" "rm" "-f" "0be6c694c856aedd63289e89f4c315d202813238dfed95d3d8a38b77c4e0b310", kill_on_drop: false }`
[INFO] [stdout] 0be6c694c856aedd63289e89f4c315d202813238dfed95d3d8a38b77c4e0b310
[INFO] running `Command { std: "docker" "create" "-v" "/var/lib/crater-agent-workspace/builds/worker-3-tc2/target:/opt/rustwide/target:rw,Z" "-v" "/var/lib/crater-agent-workspace/builds/worker-3-tc2/source:/opt/rustwide/workdir:ro,Z" "-v" "/var/lib/crater-agent-workspace/cargo-home:/opt/rustwide/cargo-home:ro,Z" "-v" "/var/lib/crater-agent-workspace/rustup-home:/opt/rustwide/rustup-home:ro,Z" "-e" "SOURCE_DIR=/opt/rustwide/workdir" "-e" "CARGO_TARGET_DIR=/opt/rustwide/target" "-e" "CARGO_INCREMENTAL=0" "-e" "RUST_BACKTRACE=full" "-e" "RUSTFLAGS=--cap-lints=warn" "-e" "RUSTDOCFLAGS=--cap-lints=warn" "-e" "CARGO_HOME=/opt/rustwide/cargo-home" "-e" "RUSTUP_HOME=/opt/rustwide/rustup-home" "-w" "/opt/rustwide/workdir" "-m" "1610612736" "--user" "0:0" "--network" "none" "ghcr.io/rust-lang/crates-build-env/linux@sha256:5ff2268d62e97bff2cde7d5815dd6ed5b47097566f13b8d0ca110b04b60e07ed" "/opt/rustwide/cargo-home/bin/cargo" "+beta-2023-04-20" "test" "--frozen", kill_on_drop: false }`
[INFO] [stdout] f2849034ed9a6359e2b2f3bc9df49d22dd4a9253dfb86947cc9703dbdaa5a4c2
[INFO] running `Command { std: "docker" "start" "-a" "f2849034ed9a6359e2b2f3bc9df49d22dd4a9253dfb86947cc9703dbdaa5a4c2", kill_on_drop: false }`
[INFO] [stderr]     Finished test [unoptimized + debuginfo] target(s) in 0.01s
[INFO] [stdout] 
[INFO] [stderr]      Running unittests src/lib.rs (/opt/rustwide/target/debug/deps/iredismodule_macros-e46c1d6eef3cfccd)
[INFO] [stdout] running 0 tests
[INFO] [stderr]    Doc-tests iredismodule-macros
[INFO] [stdout] 
[INFO] [stdout] test result: ok. 0 passed; 0 failed; 0 ignored; 0 measured; 0 filtered out; finished in 0.00s
[INFO] [stdout] 
[INFO] [stdout] 
[INFO] [stdout] running 11 tests
[INFO] [stdout] test src/lib.rs - rcmd (line 12) ... FAILED
[INFO] [stdout] test src/lib.rs - rcmd (line 109) - compile ... FAILED
[INFO] [stdout] test src/lib.rs - rwrap (line 253) - compile ... FAILED
[INFO] [stdout] test src/lib.rs - rtypedef (line 210) - compile ... FAILED
[INFO] [stdout] test src/lib.rs - rtypedef (line 197) - compile ... FAILED
[INFO] [stdout] test src/lib.rs - rtypedef (line 148) - compile ... FAILED
[INFO] [stdout] test src/lib.rs - rwrap (line 279) - compile ... FAILED
[INFO] [stdout] test src/lib.rs - rwrap (line 274) - compile ... FAILED
[INFO] [stdout] test src/lib.rs - rcmd (line 73) - compile ... FAILED
[INFO] [stdout] test src/lib.rs - rcmd (line 64) - compile ... FAILED
[INFO] [stderr] error: doctest failed, to rerun pass `--doc`
[INFO] [stdout] test src/lib.rs - rwrap (line 258) - compile ... FAILED
[INFO] [stdout] 
[INFO] [stdout] failures:
[INFO] [stdout] 
[INFO] [stdout] ---- src/lib.rs - rcmd (line 12) stdout ----
[INFO] [stdout] error: expected statement after outer attribute
[INFO] [stdout]  --> src/lib.rs:16:1
[INFO] [stdout]   |
[INFO] [stdout] 6 | #[rcmd("hello.hcopy", "write deny-oom", 1, 1, 1)]
[INFO] [stdout]   | ^^^^^^^^^^^^^^^^^^^^^^^^^^^^^^^^^^^^^^^^^^^^^^^^^
[INFO] [stdout] 
[INFO] [stdout] error: aborting due to previous error
[INFO] [stdout] 
[INFO] [stdout] Couldn't compile the test.
[INFO] [stdout] ---- src/lib.rs - rcmd (line 109) stdout ----
[INFO] [stdout] error: cannot find macro `define_module` in this scope
[INFO] [stdout]  --> src/lib.rs:110:1
[INFO] [stdout]   |
[INFO] [stdout] 3 | define_module! {
[INFO] [stdout]   | ^^^^^^^^^^^^^
[INFO] [stdout] 
[INFO] [stdout] error: aborting due to previous error
[INFO] [stdout] 
[INFO] [stdout] Couldn't compile the test.
[INFO] [stdout] ---- src/lib.rs - rwrap (line 253) stdout ----
[INFO] [stdout] error: cannot find attribute `rwrap` in this scope
[INFO] [stdout]  --> src/lib.rs:254:3
[INFO] [stdout]   |
[INFO] [stdout] 3 | #[rwrap("free")]
[INFO] [stdout]   |   ^^^^^
[INFO] [stdout]   |
[INFO] [stdout]   = help: consider importing this attribute macro:
[INFO] [stdout]           iredismodule_macros::rwrap
[INFO] [stdout] 
[INFO] [stdout] error[E0412]: cannot find type `Context` in this scope
[INFO] [stdout]  --> src/lib.rs:255:30
[INFO] [stdout]   |
[INFO] [stdout] 4 | fn helloblock_free(ctx: &mut Context, data: Box<String>) { }
[INFO] [stdout]   |                              ^^^^^^^ not found in this scope
[INFO] [stdout]   |
[INFO] [stdout] help: consider importing one of these items
[INFO] [stdout]   |
[INFO] [stdout] 2 + use core::task::Context;
[INFO] [stdout]   |
[INFO] [stdout] 2 + use std::task::Context;
[INFO] [stdout]   |
[INFO] [stdout] 
[INFO] [stdout] error: aborting due to 2 previous errors
[INFO] [stdout] 
[INFO] [stdout] For more information about this error, try `rustc --explain E0412`.
[INFO] [stdout] Couldn't compile the test.
[INFO] [stdout] ---- src/lib.rs - rtypedef (line 210) stdout ----
[INFO] [stdout] error: unknown start of token: `
[INFO] [stdout]   --> src/lib.rs:228:14
[INFO] [stdout]    |
[INFO] [stdout] 20 | Finally, use `define_macro` to register that data type.
[INFO] [stdout]    |              ^
[INFO] [stdout]    |
[INFO] [stdout] help: Unicode character '`' (Grave Accent) looks like ''' (Single Quote), but it is not
[INFO] [stdout]    |
[INFO] [stdout] 20 | Finally, use 'define_macro` to register that data type.
[INFO] [stdout]    |              ~
[INFO] [stdout] 
[INFO] [stdout] error: unknown start of token: `
[INFO] [stdout]   --> src/lib.rs:228:27
[INFO] [stdout]    |
[INFO] [stdout] 20 | Finally, use `define_macro` to register that data type.
[INFO] [stdout]    |                           ^
[INFO] [stdout]    |
[INFO] [stdout] help: Unicode character '`' (Grave Accent) looks like ''' (Single Quote), but it is not
[INFO] [stdout]    |
[INFO] [stdout] 20 | Finally, use `define_macro' to register that data type.
[INFO] [stdout]    |                           ~
[INFO] [stdout] 
[INFO] [stdout] error: unknown start of token: `
[INFO] [stdout]   --> src/lib.rs:229:1
[INFO] [stdout]    |
[INFO] [stdout] 21 | ```rust,no_run
[INFO] [stdout]    | ^^^
[INFO] [stdout]    |
[INFO] [stdout]    = note: character appears 2 more times
[INFO] [stdout] help: Unicode character '`' (Grave Accent) looks like ''' (Single Quote), but it is not
[INFO] [stdout]    |
[INFO] [stdout] 21 | '''rust,no_run
[INFO] [stdout]    | ~~~
[INFO] [stdout] 
[INFO] [stdout] error: expected one of `!`, `.`, `::`, `;`, `?`, `{`, `}`, or an operator, found `,`
[INFO] [stdout]   --> src/lib.rs:228:8
[INFO] [stdout]    |
[INFO] [stdout] 20 | Finally, use `define_macro` to register that data type.
[INFO] [stdout]    |        ^ expected one of 8 possible tokens
[INFO] [stdout] 
[INFO] [stdout] error[E0433]: failed to resolve: use of undeclared crate or module `iredismodule`
[INFO] [stdout]  --> src/lib.rs:211:23
[INFO] [stdout]   |
[INFO] [stdout] 3 | pub static HELLOTYPE: iredismodule::rtype::RType<HelloTypeNode> = iredismodule::rtype::RType::new(
[INFO] [stdout]   |                       ^^^^^^^^^^^^ use of undeclared crate or module `iredismodule`
[INFO] [stdout] 
[INFO] [stdout] error[E0433]: failed to resolve: use of undeclared crate or module `iredismodule`
[INFO] [stdout]  --> src/lib.rs:211:67
[INFO] [stdout]   |
[INFO] [stdout] 3 | pub static HELLOTYPE: iredismodule::rtype::RType<HelloTypeNode> = iredismodule::rtype::RType::new(
[INFO] [stdout]   |                                                                   ^^^^^^^^^^^^ use of undeclared crate or module `iredismodule`
[INFO] [stdout] 
[INFO] [stdout] error[E0433]: failed to resolve: use of undeclared crate or module `iredismodule`
[INFO] [stdout]  --> src/lib.rs:214:5
[INFO] [stdout]   |
[INFO] [stdout] 6 |     iredismodule::raw::RedisModuleTypeMethods {
[INFO] [stdout]   |     ^^^^^^^^^^^^ use of undeclared crate or module `iredismodule`
[INFO] [stdout] 
[INFO] [stdout] error[E0433]: failed to resolve: use of undeclared crate or module `iredismodule`
[INFO] [stdout]  --> src/lib.rs:215:18
[INFO] [stdout]   |
[INFO] [stdout] 7 |         version: iredismodule::raw::REDISMODULE_TYPE_METHOD_VERSION as u64,
[INFO] [stdout]   |                  ^^^^^^^^^^^^ use of undeclared crate or module `iredismodule`
[INFO] [stdout] 
[INFO] [stdout] error[E0433]: failed to resolve: use of undeclared type `HelloTypeNode`
[INFO] [stdout]   --> src/lib.rs:224:28
[INFO] [stdout]    |
[INFO] [stdout] 16 |         aux_save_triggers: HelloTypeNode::AUX_SAVE_TRIGGERS as i32,
[INFO] [stdout]    |                            ^^^^^^^^^^^^^ use of undeclared type `HelloTypeNode`
[INFO] [stdout] 
[INFO] [stdout] error[E0412]: cannot find type `HelloTypeNode` in this scope
[INFO] [stdout]  --> src/lib.rs:211:50
[INFO] [stdout]   |
[INFO] [stdout] 3 | pub static HELLOTYPE: iredismodule::rtype::RType<HelloTypeNode> = iredismodule::rtype::RType::new(
[INFO] [stdout]   |                                                  ^^^^^^^^^^^^^ not found in this scope
[INFO] [stdout] 
[INFO] [stdout] error[E0425]: cannot find value `hellotype_rdb_load` in this scope
[INFO] [stdout]  --> src/lib.rs:216:24
[INFO] [stdout]   |
[INFO] [stdout] 8 |         rdb_load: Some(hellotype_rdb_load),
[INFO] [stdout]   |                        ^^^^^^^^^^^^^^^^^^ not found in this scope
[INFO] [stdout] 
[INFO] [stdout] error[E0425]: cannot find value `hellotype_rdb_save` in this scope
[INFO] [stdout]  --> src/lib.rs:217:24
[INFO] [stdout]   |
[INFO] [stdout] 9 |         rdb_save: Some(hellotype_rdb_save),
[INFO] [stdout]   |                        ^^^^^^^^^^^^^^^^^^ not found in this scope
[INFO] [stdout] 
[INFO] [stdout] error[E0425]: cannot find value `hellotype_aof_rewrite` in this scope
[INFO] [stdout]   --> src/lib.rs:218:27
[INFO] [stdout]    |
[INFO] [stdout] 10 |         aof_rewrite: Some(hellotype_aof_rewrite),
[INFO] [stdout]    |                           ^^^^^^^^^^^^^^^^^^^^^ not found in this scope
[INFO] [stdout] 
[INFO] [stdout] error[E0425]: cannot find value `hellotype_mem_usage` in this scope
[INFO] [stdout]   --> src/lib.rs:219:25
[INFO] [stdout]    |
[INFO] [stdout] 11 |         mem_usage: Some(hellotype_mem_usage),
[INFO] [stdout]    |                         ^^^^^^^^^^^^^^^^^^^ not found in this scope
[INFO] [stdout] 
[INFO] [stdout] error[E0425]: cannot find value `hellotype_free` in this scope
[INFO] [stdout]   --> src/lib.rs:220:20
[INFO] [stdout]    |
[INFO] [stdout] 12 |         free: Some(hellotype_free),
[INFO] [stdout]    |                    ^^^^^^^^^^^^^^ not found in this scope
[INFO] [stdout] 
[INFO] [stdout] error[E0425]: cannot find value `hellotype_digest` in this scope
[INFO] [stdout]   --> src/lib.rs:221:22
[INFO] [stdout]    |
[INFO] [stdout] 13 |         digest: Some(hellotype_digest),
[INFO] [stdout]    |                      ^^^^^^^^^^^^^^^^ not found in this scope
[INFO] [stdout] 
[INFO] [stdout] error: aborting due to 16 previous errors
[INFO] [stdout] 
[INFO] [stdout] Some errors have detailed explanations: E0412, E0425, E0433.
[INFO] [stdout] For more information about an error, try `rustc --explain E0412`.
[INFO] [stdout] Couldn't compile the test.
[INFO] [stdout] ---- src/lib.rs - rtypedef (line 197) stdout ----
[INFO] [stdout] error[E0432]: unresolved import `iredismodule`
[INFO] [stdout]  --> src/lib.rs:202:9
[INFO] [stdout]   |
[INFO] [stdout] 7 |     use iredismodule::FromPtr;
[INFO] [stdout]   |         ^^^^^^^^^^^^ use of undeclared crate or module `iredismodule`
[INFO] [stdout] 
[INFO] [stdout] error[E0433]: failed to resolve: use of undeclared crate or module `iredismodule`
[INFO] [stdout]  --> src/lib.rs:199:15
[INFO] [stdout]   |
[INFO] [stdout] 4 |     rdb: *mut iredismodule::raw::RedisModuleIO,
[INFO] [stdout]   |               ^^^^^^^^^^^^ use of undeclared crate or module `iredismodule`
[INFO] [stdout] 
[INFO] [stdout] error[E0433]: failed to resolve: use of undeclared crate or module `iredismodule`
[INFO] [stdout]  --> src/lib.rs:203:18
[INFO] [stdout]   |
[INFO] [stdout] 8 |     let mut io = iredismodule::io::IO::from_ptr(rdb);
[INFO] [stdout]   |                  ^^^^^^^^^^^^ use of undeclared crate or module `iredismodule`
[INFO] [stdout] 
[INFO] [stdout] error[E0412]: cannot find type `HelloTypeNode` in this scope
[INFO] [stdout]  --> src/lib.rs:204:32
[INFO] [stdout]   |
[INFO] [stdout] 9 |     let hto = &*(value as *mut HelloTypeNode);
[INFO] [stdout]   |                                ^^^^^^^^^^^^^ not found in this scope
[INFO] [stdout] 
[INFO] [stdout] error: aborting due to 4 previous errors
[INFO] [stdout] 
[INFO] [stdout] Some errors have detailed explanations: E0412, E0432, E0433.
[INFO] [stdout] For more information about an error, try `rustc --explain E0412`.
[INFO] [stdout] Couldn't compile the test.
[INFO] [stdout] ---- src/lib.rs - rtypedef (line 148) stdout ----
[INFO] [stdout] error: cannot find attribute `rtypedef` in this scope
[INFO] [stdout]  --> src/lib.rs:149:3
[INFO] [stdout]   |
[INFO] [stdout] 3 | #[rtypedef("hellotype", 0)]
[INFO] [stdout]   |   ^^^^^^^^
[INFO] [stdout]   |
[INFO] [stdout]   = help: consider importing this attribute macro:
[INFO] [stdout]           iredismodule_macros::rtypedef
[INFO] [stdout] 
[INFO] [stdout] error[E0405]: cannot find trait `TypeMethod` in this scope
[INFO] [stdout]  --> src/lib.rs:150:6
[INFO] [stdout]   |
[INFO] [stdout] 4 | impl TypeMethod for HelloTypeNode {
[INFO] [stdout]   |      ^^^^^^^^^^ not found in this scope
[INFO] [stdout] 
[INFO] [stdout] error[E0412]: cannot find type `HelloTypeNode` in this scope
[INFO] [stdout]  --> src/lib.rs:150:21
[INFO] [stdout]   |
[INFO] [stdout] 4 | impl TypeMethod for HelloTypeNode {
[INFO] [stdout]   |                     ^^^^^^^^^^^^^ not found in this scope
[INFO] [stdout] 
[INFO] [stdout] error[E0412]: cannot find type `IO` in this scope
[INFO] [stdout]  --> src/lib.rs:151:26
[INFO] [stdout]   |
[INFO] [stdout] 5 |     fn rdb_load(io: &mut IO, encver: u32) -> Option<Box<Self>> {
[INFO] [stdout]   |                          ^^ not found in this scope
[INFO] [stdout] 
[INFO] [stdout] error[E0412]: cannot find type `IO` in this scope
[INFO] [stdout]   --> src/lib.rs:163:33
[INFO] [stdout]    |
[INFO] [stdout] 17 |     fn rdb_save(&self, io: &mut IO) {
[INFO] [stdout]    |                                 ^^ not found in this scope
[INFO] [stdout] 
[INFO] [stdout] error[E0412]: cannot find type `IO` in this scope
[INFO] [stdout]   --> src/lib.rs:169:51
[INFO] [stdout]    |
[INFO] [stdout] 23 |     fn aof_rewrite<T: AsRef<str>>(&self, io: &mut IO, key: T) {
[INFO] [stdout]    |                                                   ^^ not found in this scope
[INFO] [stdout] 
[INFO] [stdout] error[E0412]: cannot find type `Digest` in this scope
[INFO] [stdout]   --> src/lib.rs:182:35
[INFO] [stdout]    |
[INFO] [stdout] 36 |     fn digest(&self, digest: &mut Digest) {
[INFO] [stdout]    |                                   ^^^^^^ not found in this scope
[INFO] [stdout] 
[INFO] [stdout] error: aborting due to 7 previous errors
[INFO] [stdout] 
[INFO] [stdout] Some errors have detailed explanations: E0405, E0412.
[INFO] [stdout] For more information about an error, try `rustc --explain E0405`.
[INFO] [stdout] Couldn't compile the test.
[INFO] [stdout] ---- src/lib.rs - rwrap (line 279) stdout ----
[INFO] [stdout] error: this file contains an unclosed delimiter
[INFO] [stdout]   --> src/lib.rs:295:37
[INFO] [stdout]    |
[INFO] [stdout] 2  | fn main() { #[allow(non_snake_case)] fn _doctest_main_src_lib_rs_279_0() {
[INFO] [stdout]    |           - unclosed delimiter
[INFO] [stdout] ...
[INFO] [stdout] 18 | } _doctest_main_src_lib_rs_279_0() }
[INFO] [stdout]    |                                     ^
[INFO] [stdout] 
[INFO] [stdout] error: aborting due to previous error
[INFO] [stdout] 
[INFO] [stdout] Couldn't compile the test.
[INFO] [stdout] ---- src/lib.rs - rwrap (line 274) stdout ----
[INFO] [stdout] error: cannot find attribute `rwrap` in this scope
[INFO] [stdout]  --> src/lib.rs:275:3
[INFO] [stdout]   |
[INFO] [stdout] 3 | #[rwrap("call")]
[INFO] [stdout]   |   ^^^^^
[INFO] [stdout]   |
[INFO] [stdout]   = help: consider importing this attribute macro:
[INFO] [stdout]           iredismodule_macros::rwrap
[INFO] [stdout] 
[INFO] [stdout] error[E0412]: cannot find type `Context` in this scope
[INFO] [stdout]  --> src/lib.rs:276:31
[INFO] [stdout]   |
[INFO] [stdout] 4 | fn helloblock_reply(ctx: &mut Context, _: Vec<RStr>) -> RResult {}
[INFO] [stdout]   |                               ^^^^^^^ not found in this scope
[INFO] [stdout]   |
[INFO] [stdout] help: consider importing one of these items
[INFO] [stdout]   |
[INFO] [stdout] 2 + use core::task::Context;
[INFO] [stdout]   |
[INFO] [stdout] 2 + use std::task::Context;
[INFO] [stdout]   |
[INFO] [stdout] 
[INFO] [stdout] error[E0412]: cannot find type `RStr` in this scope
[INFO] [stdout]  --> src/lib.rs:276:47
[INFO] [stdout]   |
[INFO] [stdout] 4 | fn helloblock_reply(ctx: &mut Context, _: Vec<RStr>) -> RResult {}
[INFO] [stdout]   |                                               ^^^^ not found in this scope
[INFO] [stdout]   |
[INFO] [stdout] help: you might be missing a type parameter
[INFO] [stdout]   |
[INFO] [stdout] 4 | fn helloblock_reply<RStr>(ctx: &mut Context, _: Vec<RStr>) -> RResult {}
[INFO] [stdout]   |                    ++++++
[INFO] [stdout] 
[INFO] [stdout] error[E0412]: cannot find type `RResult` in this scope
[INFO] [stdout]  --> src/lib.rs:276:57
[INFO] [stdout]   |
[INFO] [stdout] 4 | fn helloblock_reply(ctx: &mut Context, _: Vec<RStr>) -> RResult {}
[INFO] [stdout]   |                                                         ^^^^^^^ help: an enum with a similar name exists: `Result`
[INFO] [stdout]  --> /rustc/1b7dd2252b99671ce5d1cb9664c5f8636329436d/library/core/src/result.rs:503:1
[INFO] [stdout]   |
[INFO] [stdout]   = note: similarly named enum `Result` defined here
[INFO] [stdout] 
[INFO] [stdout] error: aborting due to 4 previous errors
[INFO] [stdout] 
[INFO] [stdout] For more information about this error, try `rustc --explain E0412`.
[INFO] [stdout] Couldn't compile the test.
[INFO] [stdout] ---- src/lib.rs - rcmd (line 73) stdout ----
[INFO] [stdout] error[E0432]: unresolved import `iredismodule`
[INFO] [stdout]   --> src/lib.rs:83:9
[INFO] [stdout]    |
[INFO] [stdout] 12 |     use iredismodule::FromPtr;
[INFO] [stdout]    |         ^^^^^^^^^^^^ use of undeclared crate or module `iredismodule`
[INFO] [stdout] 
[INFO] [stdout] error[E0433]: failed to resolve: use of undeclared crate or module `iredismodule`
[INFO] [stdout]  --> src/lib.rs:79:15
[INFO] [stdout]   |
[INFO] [stdout] 8 |     ctx: *mut iredismodule::raw::RedisModuleCtx,
[INFO] [stdout]   |               ^^^^^^^^^^^^ use of undeclared crate or module `iredismodule`
[INFO] [stdout] 
[INFO] [stdout] error[E0433]: failed to resolve: use of undeclared crate or module `iredismodule`
[INFO] [stdout]  --> src/lib.rs:80:21
[INFO] [stdout]   |
[INFO] [stdout] 9 |     argv: *mut *mut iredismodule::raw::RedisModuleString,
[INFO] [stdout]   |                     ^^^^^^^^^^^^ use of undeclared crate or module `iredismodule`
[INFO] [stdout] 
[INFO] [stdout] error[E0433]: failed to resolve: use of undeclared crate or module `iredismodule`
[INFO] [stdout]   --> src/lib.rs:87:5
[INFO] [stdout]    |
[INFO] [stdout] 16 |     iredismodule::raw::REDISMODULE_OK as std::os::raw::c_int
[INFO] [stdout]    |     ^^^^^^^^^^^^ use of undeclared crate or module `iredismodule`
[INFO] [stdout] 
[INFO] [stdout] error[E0433]: failed to resolve: use of undeclared crate or module `iredismodule`
[INFO] [stdout]   --> src/lib.rs:90:15
[INFO] [stdout]    |
[INFO] [stdout] 19 |     ctx: &mut iredismodule::context::Context,
[INFO] [stdout]    |               ^^^^^^^^^^^^ use of undeclared crate or module `iredismodule`
[INFO] [stdout] 
[INFO] [stdout] error[E0433]: failed to resolve: use of undeclared crate or module `iredismodule`
[INFO] [stdout]   --> src/lib.rs:91:17
[INFO] [stdout]    |
[INFO] [stdout] 20 | ) -> Result<(), iredismodule::error::Error> {
[INFO] [stdout]    |                 ^^^^^^^^^^^^ use of undeclared crate or module `iredismodule`
[INFO] [stdout] 
[INFO] [stdout] error[E0412]: cannot find type `Context` in this scope
[INFO] [stdout]  --> src/lib.rs:74:27
[INFO] [stdout]   |
[INFO] [stdout] 3 | fn hello_simple(ctx: &mut Context, _args: Vec<RStr>) -> RResult {
[INFO] [stdout]   |                           ^^^^^^^ not found in this scope
[INFO] [stdout]   |
[INFO] [stdout] help: consider importing one of these items
[INFO] [stdout]   |
[INFO] [stdout] 2 + use core::task::Context;
[INFO] [stdout]   |
[INFO] [stdout] 2 + use std::task::Context;
[INFO] [stdout]   |
[INFO] [stdout] 
[INFO] [stdout] error[E0412]: cannot find type `RStr` in this scope
[INFO] [stdout]  --> src/lib.rs:74:47
[INFO] [stdout]   |
[INFO] [stdout] 3 | fn hello_simple(ctx: &mut Context, _args: Vec<RStr>) -> RResult {
[INFO] [stdout]   |                                               ^^^^ not found in this scope
[INFO] [stdout]   |
[INFO] [stdout] help: you might be missing a type parameter
[INFO] [stdout]   |
[INFO] [stdout] 3 | fn hello_simple<RStr>(ctx: &mut Context, _args: Vec<RStr>) -> RResult {
[INFO] [stdout]   |                ++++++
[INFO] [stdout] 
[INFO] [stdout] error[E0412]: cannot find type `RResult` in this scope
[INFO] [stdout]  --> src/lib.rs:74:57
[INFO] [stdout]   |
[INFO] [stdout] 3 | fn hello_simple(ctx: &mut Context, _args: Vec<RStr>) -> RResult {
[INFO] [stdout]   |                                                         ^^^^^^^ help: an enum with a similar name exists: `Result`
[INFO] [stdout]  --> /rustc/1b7dd2252b99671ce5d1cb9664c5f8636329436d/library/core/src/result.rs:503:1
[INFO] [stdout]   |
[INFO] [stdout]   = note: similarly named enum `Result` defined here
[INFO] [stdout] 
[INFO] [stdout] error[E0433]: failed to resolve: use of undeclared crate or module `iredismodule`
[INFO] [stdout]   --> src/lib.rs:84:23
[INFO] [stdout]    |
[INFO] [stdout] 13 |     let mut context = iredismodule::context::Context::from_ptr(ctx);
[INFO] [stdout]    |                       ^^^^^^^^^^^^ use of undeclared crate or module `iredismodule`
[INFO] [stdout]    |
[INFO] [stdout] help: consider importing one of these items
[INFO] [stdout]    |
[INFO] [stdout] 2  + use core::task::Context;
[INFO] [stdout]    |
[INFO] [stdout] 2  + use std::task::Context;
[INFO] [stdout]    |
[INFO] [stdout] help: if you import `Context`, refer to it directly
[INFO] [stdout]    |
[INFO] [stdout] 13 -     let mut context = iredismodule::context::Context::from_ptr(ctx);
[INFO] [stdout] 13 +     let mut context = Context::from_ptr(ctx);
[INFO] [stdout]    |
[INFO] [stdout] 
[INFO] [stdout] error[E0433]: failed to resolve: use of undeclared crate or module `iredismodule`
[INFO] [stdout]   --> src/lib.rs:85:47
[INFO] [stdout]    |
[INFO] [stdout] 14 |     let response = hello_simple(&mut context, iredismodule::parse_args(argv, argc));
[INFO] [stdout]    |                                               ^^^^^^^^^^^^ use of undeclared crate or module `iredismodule`
[INFO] [stdout] 
[INFO] [stdout] error: aborting due to 11 previous errors
[INFO] [stdout] 
[INFO] [stdout] Some errors have detailed explanations: E0412, E0432, E0433.
[INFO] [stdout] For more information about an error, try `rustc --explain E0412`.
[INFO] [stdout] Couldn't compile the test.
[INFO] [stdout] ---- src/lib.rs - rcmd (line 64) stdout ----
[INFO] [stdout] error: cannot find attribute `rcmd` in this scope
[INFO] [stdout]  --> src/lib.rs:65:3
[INFO] [stdout]   |
[INFO] [stdout] 3 | #[rcmd("hello.simple", "readonly", 0, 0, 0)]
[INFO] [stdout]   |   ^^^^
[INFO] [stdout]   |
[INFO] [stdout]   = help: consider importing this attribute macro:
[INFO] [stdout]           iredismodule_macros::rcmd
[INFO] [stdout] 
[INFO] [stdout] error[E0412]: cannot find type `Context` in this scope
[INFO] [stdout]  --> src/lib.rs:66:27
[INFO] [stdout]   |
[INFO] [stdout] 4 | fn hello_simple(ctx: &mut Context, _args: Vec<RStr>) -> RResult {
[INFO] [stdout]   |                           ^^^^^^^ not found in this scope
[INFO] [stdout]   |
[INFO] [stdout] help: consider importing one of these items
[INFO] [stdout]   |
[INFO] [stdout] 2 + use core::task::Context;
[INFO] [stdout]   |
[INFO] [stdout] 2 + use std::task::Context;
[INFO] [stdout]   |
[INFO] [stdout] 
[INFO] [stdout] error[E0412]: cannot find type `RStr` in this scope
[INFO] [stdout]  --> src/lib.rs:66:47
[INFO] [stdout]   |
[INFO] [stdout] 4 | fn hello_simple(ctx: &mut Context, _args: Vec<RStr>) -> RResult {
[INFO] [stdout]   |                                               ^^^^ not found in this scope
[INFO] [stdout]   |
[INFO] [stdout] help: you might be missing a type parameter
[INFO] [stdout]   |
[INFO] [stdout] 4 | fn hello_simple<RStr>(ctx: &mut Context, _args: Vec<RStr>) -> RResult {
[INFO] [stdout]   |                ++++++
[INFO] [stdout] 
[INFO] [stdout] error[E0412]: cannot find type `RResult` in this scope
[INFO] [stdout]  --> src/lib.rs:66:57
[INFO] [stdout]   |
[INFO] [stdout] 4 | fn hello_simple(ctx: &mut Context, _args: Vec<RStr>) -> RResult {
[INFO] [stdout]   |                                                         ^^^^^^^ help: an enum with a similar name exists: `Result`
[INFO] [stdout]  --> /rustc/1b7dd2252b99671ce5d1cb9664c5f8636329436d/library/core/src/result.rs:503:1
[INFO] [stdout]   |
[INFO] [stdout]   = note: similarly named enum `Result` defined here
[INFO] [stdout] 
[INFO] [stdout] error: aborting due to 4 previous errors
[INFO] [stdout] 
[INFO] [stdout] For more information about this error, try `rustc --explain E0412`.
[INFO] [stdout] Couldn't compile the test.
[INFO] [stdout] ---- src/lib.rs - rwrap (line 258) stdout ----
[INFO] [stdout] error[E0432]: unresolved import `iredismodule`
[INFO] [stdout]  --> src/lib.rs:263:9
[INFO] [stdout]   |
[INFO] [stdout] 7 |     use iredismodule::FromPtr;
[INFO] [stdout]   |         ^^^^^^^^^^^^ use of undeclared crate or module `iredismodule`
[INFO] [stdout] 
[INFO] [stdout] error[E0433]: failed to resolve: use of undeclared crate or module `iredismodule`
[INFO] [stdout]  --> src/lib.rs:260:15
[INFO] [stdout]   |
[INFO] [stdout] 4 |     ctx: *mut iredismodule::raw::RedisModuleCtx,
[INFO] [stdout]   |               ^^^^^^^^^^^^ use of undeclared crate or module `iredismodule`
[INFO] [stdout] 
[INFO] [stdout] error[E0433]: failed to resolve: use of undeclared crate or module `iredismodule`
[INFO] [stdout]  --> src/lib.rs:264:23
[INFO] [stdout]   |
[INFO] [stdout] 8 |     let mut context = iredismodule::context::Context::from_ptr(ctx);
[INFO] [stdout]   |                       ^^^^^^^^^^^^ use of undeclared crate or module `iredismodule`
[INFO] [stdout]   |
[INFO] [stdout] help: consider importing one of these items
[INFO] [stdout]   |
[INFO] [stdout] 2 + use core::task::Context;
[INFO] [stdout]   |
[INFO] [stdout] 2 + use std::task::Context;
[INFO] [stdout]   |
[INFO] [stdout] help: if you import `Context`, refer to it directly
[INFO] [stdout]   |
[INFO] [stdout] 8 -     let mut context = iredismodule::context::Context::from_ptr(ctx);
[INFO] [stdout] 8 +     let mut context = Context::from_ptr(ctx);
[INFO] [stdout]   |
[INFO] [stdout] 
[INFO] [stdout] error[E0412]: cannot find type `Context` in this scope
[INFO] [stdout]   --> src/lib.rs:269:30
[INFO] [stdout]    |
[INFO] [stdout] 13 | fn helloblock_free(ctx: &mut Context, data: Box<String>) {}
[INFO] [stdout]    |                              ^^^^^^^ not found in this scope
[INFO] [stdout]    |
[INFO] [stdout] help: consider importing one of these items
[INFO] [stdout]    |
[INFO] [stdout] 2  + use core::task::Context;
[INFO] [stdout]    |
[INFO] [stdout] 2  + use std::task::Context;
[INFO] [stdout]    |
[INFO] [stdout] 
[INFO] [stdout] error: aborting due to 4 previous errors
[INFO] [stdout] 
[INFO] [stdout] Some errors have detailed explanations: E0412, E0432, E0433.
[INFO] [stdout] For more information about an error, try `rustc --explain E0412`.
[INFO] [stdout] Couldn't compile the test.
[INFO] [stdout] 
[INFO] [stdout] failures:
[INFO] [stdout]     src/lib.rs - rcmd (line 109)
[INFO] [stdout]     src/lib.rs - rcmd (line 12)
[INFO] [stdout]     src/lib.rs - rcmd (line 64)
[INFO] [stdout]     src/lib.rs - rcmd (line 73)
[INFO] [stdout]     src/lib.rs - rtypedef (line 148)
[INFO] [stdout]     src/lib.rs - rtypedef (line 197)
[INFO] [stdout]     src/lib.rs - rtypedef (line 210)
[INFO] [stdout]     src/lib.rs - rwrap (line 253)
[INFO] [stdout]     src/lib.rs - rwrap (line 258)
[INFO] [stdout]     src/lib.rs - rwrap (line 274)
[INFO] [stdout]     src/lib.rs - rwrap (line 279)
[INFO] [stdout] 
[INFO] [stdout] test result: FAILED. 0 passed; 11 failed; 0 ignored; 0 measured; 0 filtered out; finished in 0.23s
[INFO] [stdout] 
[INFO] running `Command { std: "docker" "inspect" "f2849034ed9a6359e2b2f3bc9df49d22dd4a9253dfb86947cc9703dbdaa5a4c2", kill_on_drop: false }`
[INFO] running `Command { std: "docker" "rm" "-f" "f2849034ed9a6359e2b2f3bc9df49d22dd4a9253dfb86947cc9703dbdaa5a4c2", kill_on_drop: false }`
[INFO] [stdout] f2849034ed9a6359e2b2f3bc9df49d22dd4a9253dfb86947cc9703dbdaa5a4c2
