[INFO] fetching crate iptools 0.2.3...
[INFO] testing iptools-0.2.3 against 1.69.0 for beta-1.70-1
[INFO] extracting crate iptools 0.2.3 into /workspace/builds/worker-1-tc1/source
[INFO] validating manifest of crates.io crate iptools 0.2.3 on toolchain 1.69.0
[INFO] running `Command { std: CARGO_HOME="/workspace/cargo-home" RUSTUP_HOME="/workspace/rustup-home" "/workspace/cargo-home/bin/cargo" "+1.69.0" "metadata" "--manifest-path" "Cargo.toml" "--no-deps", kill_on_drop: false }`
[INFO] started tweaking crates.io crate iptools 0.2.3
[INFO] finished tweaking crates.io crate iptools 0.2.3
[INFO] tweaked toml for crates.io crate iptools 0.2.3 written to /workspace/builds/worker-1-tc1/source/Cargo.toml
[INFO] running `Command { std: CARGO_HOME="/workspace/cargo-home" RUSTUP_HOME="/workspace/rustup-home" __CARGO_TEST_CHANNEL_OVERRIDE_DO_NOT_USE_THIS="nightly" "/workspace/cargo-home/bin/cargo" "+1.69.0" "generate-lockfile" "--manifest-path" "Cargo.toml" "-Zno-index-update", kill_on_drop: false }`
[INFO] running `Command { std: CARGO_HOME="/workspace/cargo-home" RUSTUP_HOME="/workspace/rustup-home" "/workspace/cargo-home/bin/cargo" "+1.69.0" "fetch" "--manifest-path" "Cargo.toml", kill_on_drop: false }`
[INFO] running `Command { std: "docker" "create" "-v" "/var/lib/crater-agent-workspace/builds/worker-1-tc1/target:/opt/rustwide/target:rw,Z" "-v" "/var/lib/crater-agent-workspace/builds/worker-1-tc1/source:/opt/rustwide/workdir:ro,Z" "-v" "/var/lib/crater-agent-workspace/cargo-home:/opt/rustwide/cargo-home:ro,Z" "-v" "/var/lib/crater-agent-workspace/rustup-home:/opt/rustwide/rustup-home:ro,Z" "-e" "SOURCE_DIR=/opt/rustwide/workdir" "-e" "CARGO_TARGET_DIR=/opt/rustwide/target" "-e" "CARGO_HOME=/opt/rustwide/cargo-home" "-e" "RUSTUP_HOME=/opt/rustwide/rustup-home" "-w" "/opt/rustwide/workdir" "-m" "1610612736" "--user" "0:0" "--network" "none" "ghcr.io/rust-lang/crates-build-env/linux@sha256:5ff2268d62e97bff2cde7d5815dd6ed5b47097566f13b8d0ca110b04b60e07ed" "/opt/rustwide/cargo-home/bin/cargo" "+1.69.0" "metadata" "--no-deps" "--format-version=1", kill_on_drop: false }`
[INFO] [stdout] 4e2d11c652cd96c04970613427c315d24cbce49d4b2f9061367b974f09dcd933
[INFO] running `Command { std: "docker" "start" "-a" "4e2d11c652cd96c04970613427c315d24cbce49d4b2f9061367b974f09dcd933", kill_on_drop: false }`
[INFO] running `Command { std: "docker" "inspect" "4e2d11c652cd96c04970613427c315d24cbce49d4b2f9061367b974f09dcd933", kill_on_drop: false }`
[INFO] running `Command { std: "docker" "rm" "-f" "4e2d11c652cd96c04970613427c315d24cbce49d4b2f9061367b974f09dcd933", kill_on_drop: false }`
[INFO] [stdout] 4e2d11c652cd96c04970613427c315d24cbce49d4b2f9061367b974f09dcd933
[INFO] running `Command { std: "docker" "create" "-v" "/var/lib/crater-agent-workspace/builds/worker-1-tc1/target:/opt/rustwide/target:rw,Z" "-v" "/var/lib/crater-agent-workspace/builds/worker-1-tc1/source:/opt/rustwide/workdir:ro,Z" "-v" "/var/lib/crater-agent-workspace/cargo-home:/opt/rustwide/cargo-home:ro,Z" "-v" "/var/lib/crater-agent-workspace/rustup-home:/opt/rustwide/rustup-home:ro,Z" "-e" "SOURCE_DIR=/opt/rustwide/workdir" "-e" "CARGO_TARGET_DIR=/opt/rustwide/target" "-e" "CARGO_INCREMENTAL=0" "-e" "RUST_BACKTRACE=full" "-e" "RUSTFLAGS=--cap-lints=warn" "-e" "RUSTDOCFLAGS=--cap-lints=warn" "-e" "CARGO_HOME=/opt/rustwide/cargo-home" "-e" "RUSTUP_HOME=/opt/rustwide/rustup-home" "-w" "/opt/rustwide/workdir" "-m" "1610612736" "--user" "0:0" "--network" "none" "ghcr.io/rust-lang/crates-build-env/linux@sha256:5ff2268d62e97bff2cde7d5815dd6ed5b47097566f13b8d0ca110b04b60e07ed" "/opt/rustwide/cargo-home/bin/cargo" "+1.69.0" "build" "--frozen" "--message-format=json", kill_on_drop: false }`
[INFO] [stdout] a08a6460ea92735fcaaa0d79cc2f9ae500b73e535a7882d9b6e1282a291cdc22
[INFO] running `Command { std: "docker" "start" "-a" "a08a6460ea92735fcaaa0d79cc2f9ae500b73e535a7882d9b6e1282a291cdc22", kill_on_drop: false }`
[INFO] [stderr]    Compiling libc v0.2.142
[INFO] [stderr]    Compiling once_cell v1.17.1
[INFO] [stderr]    Compiling ahash v0.8.3
[INFO] [stderr]    Compiling getrandom v0.2.9
[INFO] [stderr]    Compiling iptools v0.2.3 (/opt/rustwide/workdir)
[INFO] [stderr]     Finished dev [unoptimized + debuginfo] target(s) in 1.35s
[INFO] running `Command { std: "docker" "inspect" "a08a6460ea92735fcaaa0d79cc2f9ae500b73e535a7882d9b6e1282a291cdc22", kill_on_drop: false }`
[INFO] running `Command { std: "docker" "rm" "-f" "a08a6460ea92735fcaaa0d79cc2f9ae500b73e535a7882d9b6e1282a291cdc22", kill_on_drop: false }`
[INFO] [stdout] a08a6460ea92735fcaaa0d79cc2f9ae500b73e535a7882d9b6e1282a291cdc22
[INFO] running `Command { std: "docker" "create" "-v" "/var/lib/crater-agent-workspace/builds/worker-1-tc1/target:/opt/rustwide/target:rw,Z" "-v" "/var/lib/crater-agent-workspace/builds/worker-1-tc1/source:/opt/rustwide/workdir:ro,Z" "-v" "/var/lib/crater-agent-workspace/cargo-home:/opt/rustwide/cargo-home:ro,Z" "-v" "/var/lib/crater-agent-workspace/rustup-home:/opt/rustwide/rustup-home:ro,Z" "-e" "SOURCE_DIR=/opt/rustwide/workdir" "-e" "CARGO_TARGET_DIR=/opt/rustwide/target" "-e" "CARGO_INCREMENTAL=0" "-e" "RUST_BACKTRACE=full" "-e" "RUSTFLAGS=--cap-lints=warn" "-e" "RUSTDOCFLAGS=--cap-lints=warn" "-e" "CARGO_HOME=/opt/rustwide/cargo-home" "-e" "RUSTUP_HOME=/opt/rustwide/rustup-home" "-w" "/opt/rustwide/workdir" "-m" "1610612736" "--user" "0:0" "--network" "none" "ghcr.io/rust-lang/crates-build-env/linux@sha256:5ff2268d62e97bff2cde7d5815dd6ed5b47097566f13b8d0ca110b04b60e07ed" "/opt/rustwide/cargo-home/bin/cargo" "+1.69.0" "test" "--frozen" "--no-run" "--message-format=json", kill_on_drop: false }`
[INFO] [stdout] eaa7fb613b60a56227b37d6cf299d0ab9f5b4881147ecd9fec2bf48dc7eb9b43
[INFO] running `Command { std: "docker" "start" "-a" "eaa7fb613b60a56227b37d6cf299d0ab9f5b4881147ecd9fec2bf48dc7eb9b43", kill_on_drop: false }`
[INFO] [stderr]    Compiling diff v0.1.13
[INFO] [stderr]    Compiling yansi v0.5.1
[INFO] [stderr]    Compiling pretty_assertions v1.3.0
[INFO] [stderr]    Compiling iptools v0.2.3 (/opt/rustwide/workdir)
[INFO] [stderr]     Finished test [unoptimized + debuginfo] target(s) in 1.61s
[INFO] running `Command { std: "docker" "inspect" "eaa7fb613b60a56227b37d6cf299d0ab9f5b4881147ecd9fec2bf48dc7eb9b43", kill_on_drop: false }`
[INFO] running `Command { std: "docker" "rm" "-f" "eaa7fb613b60a56227b37d6cf299d0ab9f5b4881147ecd9fec2bf48dc7eb9b43", kill_on_drop: false }`
[INFO] [stdout] eaa7fb613b60a56227b37d6cf299d0ab9f5b4881147ecd9fec2bf48dc7eb9b43
[INFO] running `Command { std: "docker" "create" "-v" "/var/lib/crater-agent-workspace/builds/worker-1-tc1/target:/opt/rustwide/target:rw,Z" "-v" "/var/lib/crater-agent-workspace/builds/worker-1-tc1/source:/opt/rustwide/workdir:ro,Z" "-v" "/var/lib/crater-agent-workspace/cargo-home:/opt/rustwide/cargo-home:ro,Z" "-v" "/var/lib/crater-agent-workspace/rustup-home:/opt/rustwide/rustup-home:ro,Z" "-e" "SOURCE_DIR=/opt/rustwide/workdir" "-e" "CARGO_TARGET_DIR=/opt/rustwide/target" "-e" "CARGO_INCREMENTAL=0" "-e" "RUST_BACKTRACE=full" "-e" "RUSTFLAGS=--cap-lints=warn" "-e" "RUSTDOCFLAGS=--cap-lints=warn" "-e" "CARGO_HOME=/opt/rustwide/cargo-home" "-e" "RUSTUP_HOME=/opt/rustwide/rustup-home" "-w" "/opt/rustwide/workdir" "-m" "1610612736" "--user" "0:0" "--network" "none" "ghcr.io/rust-lang/crates-build-env/linux@sha256:5ff2268d62e97bff2cde7d5815dd6ed5b47097566f13b8d0ca110b04b60e07ed" "/opt/rustwide/cargo-home/bin/cargo" "+1.69.0" "test" "--frozen", kill_on_drop: false }`
[INFO] [stdout] 99426d0b2410445e9fa5703974cf0f7209687dbf4a1296286b7bf21646f29026
[INFO] running `Command { std: "docker" "start" "-a" "99426d0b2410445e9fa5703974cf0f7209687dbf4a1296286b7bf21646f29026", kill_on_drop: false }`
[INFO] [stderr]     Finished test [unoptimized + debuginfo] target(s) in 0.02s
[INFO] [stderr]      Running unittests src/lib.rs (/opt/rustwide/target/debug/deps/iptools-d8f1cfd5f0f89e80)
[INFO] [stdout] 
[INFO] [stdout] running 31 tests
[INFO] [stdout] test ipv4::tests::test_bin ... ok
[INFO] [stdout] test ipv4::tests::test_hex2ip ... ok
[INFO] [stdout] test ipv4::tests::test_long2ip ... ok
[INFO] [stdout] test ipv4::tests::test_block_from_ip_and_prefix ... ok
[INFO] [stdout] test ipv4::tests::test_ip2network ... ok
[INFO] [stdout] test ipv4::tests::test_ip2long ... ok
[INFO] [stdout] test ipv4::tests::test_ip2hex ... ok
[INFO] [stdout] test ipv4::tests::test_subnet2block ... ok
[INFO] [stdout] test ipv4::tests::test_validate_ip ... ok
[INFO] [stdout] test ipv4::tests::test_netmask2prefix ... ok
[INFO] [stdout] test ipv4::tests::test_validate_netmask ... ok
[INFO] [stdout] test ipv4::tests::test_validate_subnet ... ok
[INFO] [stdout] test ipv4::tests::test_validate_cidr ... ok
[INFO] [stdout] test ipv4::tests::test_cidr2block ... ok
[INFO] [stdout] test ipv6::tests::test_rfc19242long ... ok
[INFO] [stdout] test iprange::tests::test_get_range ... ok
[INFO] [stdout] test iprange::tests::test_equal ... ok
[INFO] [stdout] test iprange::tests::test_constructor ... ok
[INFO] [stdout] test iprange::tests::test_len_cur ... ok
[INFO] [stdout] test ipv6::tests::test_cidr2block ... ok
[INFO] [stdout] test iprange::tests::test_initialization ... ok
[INFO] [stdout] test ipv6::tests::test_long2ip ... ok
[INFO] [stdout] test iprange::tests::test_next ... ok
[INFO] [stdout] test iprange::tests::test_len ... ok
[INFO] [stdout] test ipv6::tests::test_validate_cidr ... ok
[INFO] [stdout] test ipv6::tests::test_long2rfc1924 ... ok
[INFO] [stdout] test iprange::tests::test_contains ... ok
[INFO] [stdout] test ipv6::tests::test_validate_ip ... ok
[INFO] [stdout] test ipv6::tests::test_ip2long ... ok
[INFO] [stdout] test iprange::tests::test_is_reserved ... ok
[INFO] [stdout] test iprange::tests::test_should_panic - should panic ... ok
[INFO] [stdout] 
[INFO] [stdout] test result: ok. 31 passed; 0 failed; 0 ignored; 0 measured; 0 filtered out; finished in 0.03s
[INFO] [stdout] 
[INFO] [stderr]    Doc-tests iptools
[INFO] [stdout] 
[INFO] [stdout] running 19 tests
[INFO] [stdout] test src/ipv4.rs - ipv4::ip2long (line 222) ... FAILED
[INFO] [stdout] test src/ipv4.rs - ipv4::hex2ip (line 324) ... ok
[INFO] [stdout] test src/ipv4.rs - ipv4::long2ip (line 293) ... ok
[INFO] [stdout] test src/ipv4.rs - ipv4::subnet2block (line 380) ... ok
[INFO] [stdout] test src/ipv4.rs - ipv4::validate_subnet (line 206) ... ok
[INFO] [stdout] test src/ipv4.rs - ipv4::validate_netmask (line 184) ... ok
[INFO] [stdout] test src/ipv6.rs - ipv6::ip2long (line 186) ... ok
[INFO] [stdout] test src/ipv4.rs - ipv4::netmask2prefix (line 362) ... ok
[INFO] [stdout] test src/ipv4.rs - ipv4::cidr2block (line 339) ... ok
[INFO] [stdout] test src/ipv6.rs - ipv6::long2rfc1924 (line 300) ... ok
[INFO] [stdout] test src/ipv4.rs - ipv4::ip2hex (line 311) ... ok
[INFO] [stdout] test src/ipv4.rs - ipv4::ip2network (line 259) ... ok
[INFO] [stdout] test src/ipv4.rs - ipv4::validate_cidr (line 161) ... ok
[INFO] [stdout] test src/ipv6.rs - ipv6::cidr2block (line 373) ... ok
[INFO] [stdout] test src/ipv4.rs - ipv4::validate_ip (line 141) ... ok
[INFO] [stdout] test src/ipv6.rs - ipv6::long2ip (line 237) ... ok
[INFO] [stdout] test src/ipv6.rs - ipv6::rfc19242long (line 322) ... ok
[INFO] [stdout] test src/ipv6.rs - ipv6::validate_cidr (line 347) ... ok
[INFO] [stdout] test src/ipv6.rs - ipv6::validate_ip (line 156) ... ok
[INFO] [stdout] 
[INFO] [stdout] failures:
[INFO] [stdout] 
[INFO] [stdout] ---- src/ipv4.rs - ipv4::ip2long (line 222) stdout ----
[INFO] [stdout] error: linking with `cc` failed: exit status: 1
[INFO] [stdout]   |
[INFO] [stdout]   = note: LC_ALL="C" PATH="/opt/rustwide/rustup-home/toolchains/1.69.0-x86_64-unknown-linux-gnu/lib/rustlib/x86_64-unknown-linux-gnu/bin:/opt/rustwide/cargo-home/bin:/usr/local/sbin:/usr/local/bin:/usr/sbin:/usr/bin:/sbin:/bin" VSLANG="1033" "cc" "-m64" "/tmp/rustcHKDnJL/symbols.o" "/tmp/rustdoctestk6jZ8P/rust_out.rust_out.5bfee551-cgu.0.rcgu.o" "/tmp/rustdoctestk6jZ8P/rust_out.j00p4ncf7xg64kg.rcgu.o" "-Wl,--as-needed" "-L" "/opt/rustwide/target/debug/deps" "-L" "/opt/rustwide/target/debug/deps" "-L" "/opt/rustwide/rustup-home/toolchains/1.69.0-x86_64-unknown-linux-gnu/lib/rustlib/x86_64-unknown-linux-gnu/lib" "-Wl,-Bstatic" "/opt/rustwide/target/debug/deps/libiptools-c58fc0709aed650b.rlib" "/opt/rustwide/target/debug/deps/libahash-6935a32aeacc573b.rlib" "/opt/rustwide/target/debug/deps/libgetrandom-cc1376a713ec052f.rlib" "/opt/rustwide/target/debug/deps/liblibc-9b7f1aaa310b684d.rlib" "/opt/rustwide/target/debug/deps/libcfg_if-e5e118dd7d121aaa.rlib" "/opt/rustwide/target/debug/deps/libregex-62f85974b4cf0dcb.rlib" "/opt/rustwide/target/debug/deps/libaho_corasick-6fc38c3e1c0e1b2d.rlib" "/opt/rustwide/target/debug/deps/libmemchr-b18e4aa3c7a38625.rlib" "/opt/rustwide/target/debug/deps/libregex_syntax-6ee924d67e38f866.rlib" "/opt/rustwide/target/debug/deps/libonce_cell-f612d2e59a7f3606.rlib" "/opt/rustwide/rustup-home/toolchains/1.69.0-x86_64-unknown-linux-gnu/lib/rustlib/x86_64-unknown-linux-gnu/lib/libstd-89bc084783fdc439.rlib" "/opt/rustwide/rustup-home/toolchains/1.69.0-x86_64-unknown-linux-gnu/lib/rustlib/x86_64-unknown-linux-gnu/lib/libpanic_unwind-8bee4b287d4367c1.rlib" "/opt/rustwide/rustup-home/toolchains/1.69.0-x86_64-unknown-linux-gnu/lib/rustlib/x86_64-unknown-linux-gnu/lib/libobject-d61707aed80694c0.rlib" "/opt/rustwide/rustup-home/toolchains/1.69.0-x86_64-unknown-linux-gnu/lib/rustlib/x86_64-unknown-linux-gnu/lib/libmemchr-d85366256f22345b.rlib" "/opt/rustwide/rustup-home/toolchains/1.69.0-x86_64-unknown-linux-gnu/lib/rustlib/x86_64-unknown-linux-gnu/lib/libaddr2line-96069b86b8a8cae9.rlib" "/opt/rustwide/rustup-home/toolchains/1.69.0-x86_64-unknown-linux-gnu/lib/rustlib/x86_64-unknown-linux-gnu/lib/libgimli-d19d53abf68dfa6c.rlib" "/opt/rustwide/rustup-home/toolchains/1.69.0-x86_64-unknown-linux-gnu/lib/rustlib/x86_64-unknown-linux-gnu/lib/librustc_demangle-787cbccd19d64ac6.rlib" "/opt/rustwide/rustup-home/toolchains/1.69.0-x86_64-unknown-linux-gnu/lib/rustlib/x86_64-unknown-linux-gnu/lib/libstd_detect-b3837a36b830e0d0.rlib" "/opt/rustwide/rustup-home/toolchains/1.69.0-x86_64-unknown-linux-gnu/lib/rustlib/x86_64-unknown-linux-gnu/lib/libhashbrown-e3deb0e7e3f04966.rlib" "/opt/rustwide/rustup-home/toolchains/1.69.0-x86_64-unknown-linux-gnu/lib/rustlib/x86_64-unknown-linux-gnu/lib/libminiz_oxide-dabbb79c9815def4.rlib" "/opt/rustwide/rustup-home/toolchains/1.69.0-x86_64-unknown-linux-gnu/lib/rustlib/x86_64-unknown-linux-gnu/lib/libadler-305b01f34c9409f2.rlib" "/opt/rustwide/rustup-home/toolchains/1.69.0-x86_64-unknown-linux-gnu/lib/rustlib/x86_64-unknown-linux-gnu/lib/librustc_std_workspace_alloc-f833521df6074e73.rlib" "/opt/rustwide/rustup-home/toolchains/1.69.0-x86_64-unknown-linux-gnu/lib/rustlib/x86_64-unknown-linux-gnu/lib/libunwind-9ac333113350d171.rlib" "/opt/rustwide/rustup-home/toolchains/1.69.0-x86_64-unknown-linux-gnu/lib/rustlib/x86_64-unknown-linux-gnu/lib/libcfg_if-1c126114322d0eee.rlib" "/opt/rustwide/rustup-home/toolchains/1.69.0-x86_64-unknown-linux-gnu/lib/rustlib/x86_64-unknown-linux-gnu/lib/liblibc-bad9164fdeeecf92.rlib" "/opt/rustwide/rustup-home/toolchains/1.69.0-x86_64-unknown-linux-gnu/lib/rustlib/x86_64-unknown-linux-gnu/lib/liballoc-f9374b1e480fa681.rlib" "/opt/rustwide/rustup-home/toolchains/1.69.0-x86_64-unknown-linux-gnu/lib/rustlib/x86_64-unknown-linux-gnu/lib/librustc_std_workspace_core-207f06e41d9603af.rlib" "/opt/rustwide/rustup-home/toolchains/1.69.0-x86_64-unknown-linux-gnu/lib/rustlib/x86_64-unknown-linux-gnu/lib/libcore-7e2768e66e984e85.rlib" "/opt/rustwide/rustup-home/toolchains/1.69.0-x86_64-unknown-linux-gnu/lib/rustlib/x86_64-unknown-linux-gnu/lib/libcompiler_builtins-957b4aff41f8cd46.rlib" "-Wl,-Bdynamic" "-lc" "-lm" "-lrt" "-lpthread" "-lgcc_s" "-lutil" "-lrt" "-lpthread" "-lm" "-ldl" "-lc" "-Wl,--eh-frame-hdr" "-Wl,-z,noexecstack" "-L" "/opt/rustwide/rustup-home/toolchains/1.69.0-x86_64-unknown-linux-gnu/lib/rustlib/x86_64-unknown-linux-gnu/lib" "-o" "/tmp/rustdoctestk6jZ8P/rust_out" "-Wl,--gc-sections" "-pie" "-Wl,-z,relro,-z,now" "-nodefaultlibs"
[INFO] [stdout]   = note: collect2: fatal error: ld terminated with signal 9 [Killed]
[INFO] [stdout]           compilation terminated.
[INFO] [stdout]           
[INFO] [stdout] 
[INFO] [stdout] error: aborting due to previous error
[INFO] [stdout] 
[INFO] [stdout] Couldn't compile the test.
[INFO] [stdout] 
[INFO] [stdout] failures:
[INFO] [stdout]     src/ipv4.rs - ipv4::ip2long (line 222)
[INFO] [stdout] 
[INFO] [stdout] test result: FAILED. 18 passed; 1 failed; 0 ignored; 0 measured; 0 filtered out; finished in 8.58s
[INFO] [stdout] 
[INFO] [stderr] error: doctest failed, to rerun pass `--doc`
[INFO] running `Command { std: "docker" "inspect" "99426d0b2410445e9fa5703974cf0f7209687dbf4a1296286b7bf21646f29026", kill_on_drop: false }`
[INFO] running `Command { std: "docker" "rm" "-f" "99426d0b2410445e9fa5703974cf0f7209687dbf4a1296286b7bf21646f29026", kill_on_drop: false }`
[INFO] [stdout] 99426d0b2410445e9fa5703974cf0f7209687dbf4a1296286b7bf21646f29026
