[INFO] fetching crate ipp_encoder 1.0.2...
[INFO] testing ipp_encoder-1.0.2 against 1.69.0 for beta-1.70-1
[INFO] extracting crate ipp_encoder 1.0.2 into /workspace/builds/worker-4-tc1/source
[INFO] validating manifest of crates.io crate ipp_encoder 1.0.2 on toolchain 1.69.0
[INFO] running `Command { std: CARGO_HOME="/workspace/cargo-home" RUSTUP_HOME="/workspace/rustup-home" "/workspace/cargo-home/bin/cargo" "+1.69.0" "metadata" "--manifest-path" "Cargo.toml" "--no-deps", kill_on_drop: false }`
[INFO] started tweaking crates.io crate ipp_encoder 1.0.2
[INFO] finished tweaking crates.io crate ipp_encoder 1.0.2
[INFO] tweaked toml for crates.io crate ipp_encoder 1.0.2 written to /workspace/builds/worker-4-tc1/source/Cargo.toml
[INFO] running `Command { std: CARGO_HOME="/workspace/cargo-home" RUSTUP_HOME="/workspace/rustup-home" __CARGO_TEST_CHANNEL_OVERRIDE_DO_NOT_USE_THIS="nightly" "/workspace/cargo-home/bin/cargo" "+1.69.0" "generate-lockfile" "--manifest-path" "Cargo.toml" "-Zno-index-update", kill_on_drop: false }`
[INFO] running `Command { std: CARGO_HOME="/workspace/cargo-home" RUSTUP_HOME="/workspace/rustup-home" "/workspace/cargo-home/bin/cargo" "+1.69.0" "fetch" "--manifest-path" "Cargo.toml", kill_on_drop: false }`
[INFO] running `Command { std: "docker" "create" "-v" "/var/lib/crater-agent-workspace/builds/worker-4-tc1/target:/opt/rustwide/target:rw,Z" "-v" "/var/lib/crater-agent-workspace/builds/worker-4-tc1/source:/opt/rustwide/workdir:ro,Z" "-v" "/var/lib/crater-agent-workspace/cargo-home:/opt/rustwide/cargo-home:ro,Z" "-v" "/var/lib/crater-agent-workspace/rustup-home:/opt/rustwide/rustup-home:ro,Z" "-e" "SOURCE_DIR=/opt/rustwide/workdir" "-e" "CARGO_TARGET_DIR=/opt/rustwide/target" "-e" "CARGO_HOME=/opt/rustwide/cargo-home" "-e" "RUSTUP_HOME=/opt/rustwide/rustup-home" "-w" "/opt/rustwide/workdir" "-m" "1610612736" "--user" "0:0" "--network" "none" "ghcr.io/rust-lang/crates-build-env/linux@sha256:5ff2268d62e97bff2cde7d5815dd6ed5b47097566f13b8d0ca110b04b60e07ed" "/opt/rustwide/cargo-home/bin/cargo" "+1.69.0" "metadata" "--no-deps" "--format-version=1", kill_on_drop: false }`
[INFO] [stdout] 855f449a5f84acca74fa5d8db484de504b0f341a04a3888171e26d2b1c1ad559
[INFO] running `Command { std: "docker" "start" "-a" "855f449a5f84acca74fa5d8db484de504b0f341a04a3888171e26d2b1c1ad559", kill_on_drop: false }`
[INFO] running `Command { std: "docker" "inspect" "855f449a5f84acca74fa5d8db484de504b0f341a04a3888171e26d2b1c1ad559", kill_on_drop: false }`
[INFO] running `Command { std: "docker" "rm" "-f" "855f449a5f84acca74fa5d8db484de504b0f341a04a3888171e26d2b1c1ad559", kill_on_drop: false }`
[INFO] [stdout] 855f449a5f84acca74fa5d8db484de504b0f341a04a3888171e26d2b1c1ad559
[INFO] running `Command { std: "docker" "create" "-v" "/var/lib/crater-agent-workspace/builds/worker-4-tc1/target:/opt/rustwide/target:rw,Z" "-v" "/var/lib/crater-agent-workspace/builds/worker-4-tc1/source:/opt/rustwide/workdir:ro,Z" "-v" "/var/lib/crater-agent-workspace/cargo-home:/opt/rustwide/cargo-home:ro,Z" "-v" "/var/lib/crater-agent-workspace/rustup-home:/opt/rustwide/rustup-home:ro,Z" "-e" "SOURCE_DIR=/opt/rustwide/workdir" "-e" "CARGO_TARGET_DIR=/opt/rustwide/target" "-e" "CARGO_INCREMENTAL=0" "-e" "RUST_BACKTRACE=full" "-e" "RUSTFLAGS=--cap-lints=warn" "-e" "RUSTDOCFLAGS=--cap-lints=warn" "-e" "CARGO_HOME=/opt/rustwide/cargo-home" "-e" "RUSTUP_HOME=/opt/rustwide/rustup-home" "-w" "/opt/rustwide/workdir" "-m" "1610612736" "--user" "0:0" "--network" "none" "ghcr.io/rust-lang/crates-build-env/linux@sha256:5ff2268d62e97bff2cde7d5815dd6ed5b47097566f13b8d0ca110b04b60e07ed" "/opt/rustwide/cargo-home/bin/cargo" "+1.69.0" "build" "--frozen" "--message-format=json", kill_on_drop: false }`
[INFO] [stdout] 94aed2d0a37bc209f6afeae19bfb0b0ccf905d0b2740bb5a92747f367a6828a4
[INFO] running `Command { std: "docker" "start" "-a" "94aed2d0a37bc209f6afeae19bfb0b0ccf905d0b2740bb5a92747f367a6828a4", kill_on_drop: false }`
[INFO] [stderr]    Compiling proc-macro2 v1.0.56
[INFO] [stderr]    Compiling quote v1.0.26
[INFO] [stderr]    Compiling unicode-ident v1.0.8
[INFO] [stderr]    Compiling syn v1.0.109
[INFO] [stderr]    Compiling autocfg v1.1.0
[INFO] [stderr]    Compiling serde_derive v1.0.160
[INFO] [stderr]    Compiling ident_case v1.0.1
[INFO] [stderr]    Compiling strsim v0.10.0
[INFO] [stderr]    Compiling serde v1.0.160
[INFO] [stderr]    Compiling fnv v1.0.7
[INFO] [stderr]    Compiling libc v0.2.142
[INFO] [stderr]    Compiling rustversion v1.0.12
[INFO] [stderr]    Compiling unicode-segmentation v1.10.1
[INFO] [stderr]    Compiling serde_json v1.0.96
[INFO] [stderr]    Compiling num-traits v0.2.15
[INFO] [stderr]    Compiling num-integer v0.1.45
[INFO] [stderr]    Compiling ryu v1.0.13
[INFO] [stderr]    Compiling itoa v1.0.6
[INFO] [stderr]    Compiling heck v0.3.3
[INFO] [stderr]    Compiling iana-time-zone v0.1.56
[INFO] [stderr]    Compiling strum v0.23.0
[INFO] [stderr]    Compiling syn v2.0.15
[INFO] [stderr]    Compiling time v0.1.45
[INFO] [stderr]    Compiling darling_core v0.13.4
[INFO] [stderr]    Compiling strum_macros v0.23.1
[INFO] [stderr]    Compiling darling_macro v0.13.4
[INFO] [stderr]    Compiling darling v0.13.4
[INFO] [stderr]    Compiling serde_with_macros v1.5.2
[INFO] [stderr]    Compiling chrono v0.4.24
[INFO] [stderr]    Compiling serde_with v1.14.0
[INFO] [stderr]    Compiling ipp_encoder v1.0.2 (/opt/rustwide/workdir)
[INFO] [stdout] warning: use of deprecated method `chrono::TimeZone::ymd`: use `with_ymd_and_hms()` instead
[INFO] [stdout]   --> src/encoder/datetime.rs:58:14
[INFO] [stdout]    |
[INFO] [stdout] 58 |             .ymd(year as i32, month as u32, day as u32)
[INFO] [stdout]    |              ^^^
[INFO] [stdout]    |
[INFO] [stdout]    = note: `#[warn(deprecated)]` on by default
[INFO] [stdout] 
[INFO] [stdout] 
[INFO] [stdout] warning: use of deprecated method `chrono::Date::<Tz>::and_hms_micro`: Use and_hms_micro_opt() instead
[INFO] [stdout]   --> src/encoder/datetime.rs:59:14
[INFO] [stdout]    |
[INFO] [stdout] 59 |             .and_hms_micro(
[INFO] [stdout]    |              ^^^^^^^^^^^^^
[INFO] [stdout] 
[INFO] [stdout] 
[INFO] [stdout] warning: 2 warnings emitted
[INFO] [stdout] 
[INFO] [stdout] 
[INFO] [stderr]     Finished dev [unoptimized + debuginfo] target(s) in 18.33s
[INFO] running `Command { std: "docker" "inspect" "94aed2d0a37bc209f6afeae19bfb0b0ccf905d0b2740bb5a92747f367a6828a4", kill_on_drop: false }`
[INFO] running `Command { std: "docker" "rm" "-f" "94aed2d0a37bc209f6afeae19bfb0b0ccf905d0b2740bb5a92747f367a6828a4", kill_on_drop: false }`
[INFO] [stdout] 94aed2d0a37bc209f6afeae19bfb0b0ccf905d0b2740bb5a92747f367a6828a4
[INFO] running `Command { std: "docker" "create" "-v" "/var/lib/crater-agent-workspace/builds/worker-4-tc1/target:/opt/rustwide/target:rw,Z" "-v" "/var/lib/crater-agent-workspace/builds/worker-4-tc1/source:/opt/rustwide/workdir:ro,Z" "-v" "/var/lib/crater-agent-workspace/cargo-home:/opt/rustwide/cargo-home:ro,Z" "-v" "/var/lib/crater-agent-workspace/rustup-home:/opt/rustwide/rustup-home:ro,Z" "-e" "SOURCE_DIR=/opt/rustwide/workdir" "-e" "CARGO_TARGET_DIR=/opt/rustwide/target" "-e" "CARGO_INCREMENTAL=0" "-e" "RUST_BACKTRACE=full" "-e" "RUSTFLAGS=--cap-lints=warn" "-e" "RUSTDOCFLAGS=--cap-lints=warn" "-e" "CARGO_HOME=/opt/rustwide/cargo-home" "-e" "RUSTUP_HOME=/opt/rustwide/rustup-home" "-w" "/opt/rustwide/workdir" "-m" "1610612736" "--user" "0:0" "--network" "none" "ghcr.io/rust-lang/crates-build-env/linux@sha256:5ff2268d62e97bff2cde7d5815dd6ed5b47097566f13b8d0ca110b04b60e07ed" "/opt/rustwide/cargo-home/bin/cargo" "+1.69.0" "test" "--frozen" "--no-run" "--message-format=json", kill_on_drop: false }`
[INFO] [stdout] 9495d6390c5840c838410fc16fa046d3e33741afb5b2f7dc75656aafb818202c
[INFO] running `Command { std: "docker" "start" "-a" "9495d6390c5840c838410fc16fa046d3e33741afb5b2f7dc75656aafb818202c", kill_on_drop: false }`
[INFO] [stdout] warning: use of deprecated method `chrono::TimeZone::ymd`: use `with_ymd_and_hms()` instead
[INFO] [stdout]   --> src/encoder/datetime.rs:58:14
[INFO] [stdout]    |
[INFO] [stdout] 58 |             .ymd(year as i32, month as u32, day as u32)
[INFO] [stdout]    |              ^^^
[INFO] [stdout]    |
[INFO] [stdout]    = note: `#[warn(deprecated)]` on by default
[INFO] [stdout] 
[INFO] [stdout] 
[INFO] [stdout] warning: use of deprecated method `chrono::Date::<Tz>::and_hms_micro`: Use and_hms_micro_opt() instead
[INFO] [stdout]   --> src/encoder/datetime.rs:59:14
[INFO] [stdout]    |
[INFO] [stdout] 59 |             .and_hms_micro(
[INFO] [stdout]    |              ^^^^^^^^^^^^^
[INFO] [stdout] 
[INFO] [stdout] 
[INFO] [stdout] warning: 2 warnings emitted
[INFO] [stdout] 
[INFO] [stdout] 
[INFO] [stderr]    Compiling ipp_encoder v1.0.2 (/opt/rustwide/workdir)
[INFO] [stdout] warning: use of deprecated method `chrono::TimeZone::ymd`: use `with_ymd_and_hms()` instead
[INFO] [stdout]   --> src/encoder/datetime.rs:58:14
[INFO] [stdout]    |
[INFO] [stdout] 58 |             .ymd(year as i32, month as u32, day as u32)
[INFO] [stdout]    |              ^^^
[INFO] [stdout]    |
[INFO] [stdout]    = note: `#[warn(deprecated)]` on by default
[INFO] [stdout] 
[INFO] [stdout] 
[INFO] [stdout] warning: use of deprecated method `chrono::Date::<Tz>::and_hms_micro`: Use and_hms_micro_opt() instead
[INFO] [stdout]   --> src/encoder/datetime.rs:59:14
[INFO] [stdout]    |
[INFO] [stdout] 59 |             .and_hms_micro(
[INFO] [stdout]    |              ^^^^^^^^^^^^^
[INFO] [stdout] 
[INFO] [stdout] 
[INFO] [stdout] warning: 2 warnings emitted
[INFO] [stdout] 
[INFO] [stdout] 
[INFO] [stderr]     Finished test [unoptimized + debuginfo] target(s) in 0.83s
[INFO] running `Command { std: "docker" "inspect" "9495d6390c5840c838410fc16fa046d3e33741afb5b2f7dc75656aafb818202c", kill_on_drop: false }`
[INFO] running `Command { std: "docker" "rm" "-f" "9495d6390c5840c838410fc16fa046d3e33741afb5b2f7dc75656aafb818202c", kill_on_drop: false }`
[INFO] [stdout] 9495d6390c5840c838410fc16fa046d3e33741afb5b2f7dc75656aafb818202c
[INFO] running `Command { std: "docker" "create" "-v" "/var/lib/crater-agent-workspace/builds/worker-4-tc1/target:/opt/rustwide/target:rw,Z" "-v" "/var/lib/crater-agent-workspace/builds/worker-4-tc1/source:/opt/rustwide/workdir:ro,Z" "-v" "/var/lib/crater-agent-workspace/cargo-home:/opt/rustwide/cargo-home:ro,Z" "-v" "/var/lib/crater-agent-workspace/rustup-home:/opt/rustwide/rustup-home:ro,Z" "-e" "SOURCE_DIR=/opt/rustwide/workdir" "-e" "CARGO_TARGET_DIR=/opt/rustwide/target" "-e" "CARGO_INCREMENTAL=0" "-e" "RUST_BACKTRACE=full" "-e" "RUSTFLAGS=--cap-lints=warn" "-e" "RUSTDOCFLAGS=--cap-lints=warn" "-e" "CARGO_HOME=/opt/rustwide/cargo-home" "-e" "RUSTUP_HOME=/opt/rustwide/rustup-home" "-w" "/opt/rustwide/workdir" "-m" "1610612736" "--user" "0:0" "--network" "none" "ghcr.io/rust-lang/crates-build-env/linux@sha256:5ff2268d62e97bff2cde7d5815dd6ed5b47097566f13b8d0ca110b04b60e07ed" "/opt/rustwide/cargo-home/bin/cargo" "+1.69.0" "test" "--frozen", kill_on_drop: false }`
[INFO] [stdout] 85986f3afaf3daf81531ef53baaf94fba7f7e86542e9dc8a3548adc30aa086cb
[INFO] running `Command { std: "docker" "start" "-a" "85986f3afaf3daf81531ef53baaf94fba7f7e86542e9dc8a3548adc30aa086cb", kill_on_drop: false }`
[INFO] [stderr] warning: use of deprecated method `chrono::TimeZone::ymd`: use `with_ymd_and_hms()` instead
[INFO] [stderr]   --> src/encoder/datetime.rs:58:14
[INFO] [stderr]    |
[INFO] [stderr] 58 |             .ymd(year as i32, month as u32, day as u32)
[INFO] [stderr]    |              ^^^
[INFO] [stderr]    |
[INFO] [stderr]    = note: `#[warn(deprecated)]` on by default
[INFO] [stderr] 
[INFO] [stderr] warning: use of deprecated method `chrono::Date::<Tz>::and_hms_micro`: Use and_hms_micro_opt() instead
[INFO] [stderr]   --> src/encoder/datetime.rs:59:14
[INFO] [stderr]    |
[INFO] [stderr] 59 |             .and_hms_micro(
[INFO] [stderr]    |              ^^^^^^^^^^^^^
[INFO] [stderr] 
[INFO] [stderr] warning: `ipp_encoder` (lib) generated 2 warnings
[INFO] [stderr] warning: `ipp_encoder` (lib test) generated 2 warnings (2 duplicates)
[INFO] [stderr]     Finished test [unoptimized + debuginfo] target(s) in 0.05s
[INFO] [stderr]      Running unittests src/lib.rs (/opt/rustwide/target/debug/deps/ipp_encoder-92362a0f888f84d4)
[INFO] [stdout] 
[INFO] [stdout] running 0 tests
[INFO] [stdout] 
[INFO] [stdout] test result: ok. 0 passed; 0 failed; 0 ignored; 0 measured; 0 filtered out; finished in 0.00s
[INFO] [stdout] 
[INFO] [stderr]    Doc-tests ipp_encoder
[INFO] [stdout] 
[INFO] [stdout] running 6 tests
[INFO] [stdout] test src/encoder/attribute_group.rs - encoder::attribute_group::AttributeGroup (line 10) ... FAILED
[INFO] [stdout] test src/encoder/attribute.rs - encoder::attribute::Attribute (line 10) ... FAILED
[INFO] [stdout] test src/encoder/attribute.rs - encoder::attribute::Attribute (line 48) ... FAILED
[INFO] [stdout] test src/encoder/operation.rs - encoder::operation::Operation (line 15) ... FAILED
[INFO] [stdout] test src/lib.rs - (line 13) ... FAILED
[INFO] [stdout] test src/encoder/attribute.rs - encoder::attribute::Attribute (line 26) ... FAILED
[INFO] [stdout] 
[INFO] [stdout] failures:
[INFO] [stdout] 
[INFO] [stdout] ---- src/encoder/attribute_group.rs - encoder::attribute_group::AttributeGroup (line 10) stdout ----
[INFO] [stdout] error: expected one of `,`, `:`, or `@`, found `-`
[INFO] [stdout]  --> src/encoder/attribute_group.rs:12:18
[INFO] [stdout]   |
[INFO] [stdout] 4 | |           begin-attribute-group-tag         |  1 byte
[INFO] [stdout]   |                  ^ expected one of `,`, `:`, or `@`
[INFO] [stdout] 
[INFO] [stdout] error: expected `|`, found `attribute`
[INFO] [stdout]  --> src/encoder/attribute_group.rs:12:19
[INFO] [stdout]   |
[INFO] [stdout] 4 | |           begin-attribute-group-tag         |  1 byte
[INFO] [stdout]   |                   ^^^^^^^^^ expected `|`
[INFO] [stdout] 
[INFO] [stdout] error: aborting due to 2 previous errors
[INFO] [stdout] 
[INFO] [stdout] Couldn't compile the test.
[INFO] [stdout] ---- src/encoder/attribute.rs - encoder::attribute::Attribute (line 10) stdout ----
[INFO] [stdout] error: expected one of `,`, `:`, or `@`, found `-`
[INFO] [stdout]  --> src/encoder/attribute.rs:12:21
[INFO] [stdout]   |
[INFO] [stdout] 4 | |          attribute-with-one-value           |  q bytes
[INFO] [stdout]   |                     ^ expected one of `,`, `:`, or `@`
[INFO] [stdout] 
[INFO] [stdout] error: expected `|`, found `with`
[INFO] [stdout]  --> src/encoder/attribute.rs:12:22
[INFO] [stdout]   |
[INFO] [stdout] 4 | |          attribute-with-one-value           |  q bytes
[INFO] [stdout]   |                      ^^^^ expected `|`
[INFO] [stdout] 
[INFO] [stdout] error: aborting due to 2 previous errors
[INFO] [stdout] 
[INFO] [stdout] Couldn't compile the test.
[INFO] [stdout] ---- src/encoder/attribute.rs - encoder::attribute::Attribute (line 48) stdout ----
[INFO] [stdout] error: expected one of `,`, `:`, or `@`, found `-`
[INFO] [stdout]  --> src/encoder/attribute.rs:50:26
[INFO] [stdout]   |
[INFO] [stdout] 4 | |                   value-tag                 |   1 byte
[INFO] [stdout]   |                          ^ expected one of `,`, `:`, or `@`
[INFO] [stdout] 
[INFO] [stdout] error: expected `|`, found `tag`
[INFO] [stdout]  --> src/encoder/attribute.rs:50:27
[INFO] [stdout]   |
[INFO] [stdout] 4 | |                   value-tag                 |   1 byte
[INFO] [stdout]   |                           ^^^ expected `|`
[INFO] [stdout] 
[INFO] [stdout] error: aborting due to 2 previous errors
[INFO] [stdout] 
[INFO] [stdout] Couldn't compile the test.
[INFO] [stdout] ---- src/encoder/operation.rs - encoder::operation::Operation (line 15) stdout ----
[INFO] [stdout] error: expected one of `,`, `:`, or `@`, found `-`
[INFO] [stdout]  --> src/encoder/operation.rs:17:27
[INFO] [stdout]   |
[INFO] [stdout] 4 | |                  version-number             |   2 bytes  - required
[INFO] [stdout]   |                           ^ expected one of `,`, `:`, or `@`
[INFO] [stdout] 
[INFO] [stdout] error: expected `|`, found `number`
[INFO] [stdout]  --> src/encoder/operation.rs:17:28
[INFO] [stdout]   |
[INFO] [stdout] 4 | |                  version-number             |   2 bytes  - required
[INFO] [stdout]   |                            ^^^^^^ expected `|`
[INFO] [stdout] 
[INFO] [stdout] error: aborting due to 2 previous errors
[INFO] [stdout] 
[INFO] [stdout] Couldn't compile the test.
[INFO] [stdout] ---- src/lib.rs - (line 13) stdout ----
[INFO] [stdout] error: mismatched closing delimiter: `)`
[INFO] [stdout]   --> src/lib.rs:13:73
[INFO] [stdout]    |
[INFO] [stdout] 3  | fn main() { #[allow(non_snake_case)] fn _doctest_main_src_lib_rs_13_0() {
[INFO] [stdout]    |                                                                         ^ unclosed delimiter
[INFO] [stdout] ...
[INFO] [stdout] 16 | println!"OperationID: {}", request.operation_id().unwrap() as i32);
[INFO] [stdout]    |                                                                  ^ mismatched closing delimiter
[INFO] [stdout] 
[INFO] [stdout] error: unexpected closing delimiter: `}`
[INFO] [stdout]   --> src/lib.rs:49:35
[INFO] [stdout]    |
[INFO] [stdout] 16 | println!"OperationID: {}", request.operation_id().unwrap() as i32);
[INFO] [stdout]    |                                                                  - missing open `(` for this delimiter
[INFO] [stdout] ...
[INFO] [stdout] 39 | } _doctest_main_src_lib_rs_13_0() }
[INFO] [stdout]    |                                   ^ unexpected closing delimiter
[INFO] [stdout] 
[INFO] [stdout] error: aborting due to 2 previous errors
[INFO] [stdout] 
[INFO] [stdout] Couldn't compile the test.
[INFO] [stdout] ---- src/encoder/attribute.rs - encoder::attribute::Attribute (line 26) stdout ----
[INFO] [stdout] error: expected one of `,`, `:`, or `@`, found `-`
[INFO] [stdout]  --> src/encoder/attribute.rs:28:26
[INFO] [stdout]   |
[INFO] [stdout] 4 | |                   value-tag                 |   1 byte
[INFO] [stdout]   |                          ^ expected one of `,`, `:`, or `@`
[INFO] [stdout] 
[INFO] [stdout] error: expected `|`, found `tag`
[INFO] [stdout]  --> src/encoder/attribute.rs:28:27
[INFO] [stdout]   |
[INFO] [stdout] 4 | |                   value-tag                 |   1 byte
[INFO] [stdout]   |                           ^^^ expected `|`
[INFO] [stdout] 
[INFO] [stdout] error: aborting due to 2 previous errors
[INFO] [stdout] 
[INFO] [stdout] Couldn't compile the test.
[INFO] [stdout] 
[INFO] [stdout] failures:
[INFO] [stdout]     src/encoder/attribute.rs - encoder::attribute::Attribute (line 10)
[INFO] [stdout]     src/encoder/attribute.rs - encoder::attribute::Attribute (line 26)
[INFO] [stdout]     src/encoder/attribute.rs - encoder::attribute::Attribute (line 48)
[INFO] [stdout]     src/encoder/attribute_group.rs - encoder::attribute_group::AttributeGroup (line 10)
[INFO] [stdout]     src/encoder/operation.rs - encoder::operation::Operation (line 15)
[INFO] [stdout]     src/lib.rs - (line 13)
[INFO] [stdout] 
[INFO] [stdout] test result: FAILED. 0 passed; 6 failed; 0 ignored; 0 measured; 0 filtered out; finished in 0.05s
[INFO] [stdout] 
[INFO] [stderr] error: doctest failed, to rerun pass `--doc`
[INFO] running `Command { std: "docker" "inspect" "85986f3afaf3daf81531ef53baaf94fba7f7e86542e9dc8a3548adc30aa086cb", kill_on_drop: false }`
[INFO] running `Command { std: "docker" "rm" "-f" "85986f3afaf3daf81531ef53baaf94fba7f7e86542e9dc8a3548adc30aa086cb", kill_on_drop: false }`
[INFO] [stdout] 85986f3afaf3daf81531ef53baaf94fba7f7e86542e9dc8a3548adc30aa086cb
