[INFO] fetching crate invoke_impl 0.1.1...
[INFO] testing invoke_impl-0.1.1 against beta-2023-04-20 for beta-1.70-1
[INFO] extracting crate invoke_impl 0.1.1 into /workspace/builds/worker-6-tc2/source
[INFO] validating manifest of crates.io crate invoke_impl 0.1.1 on toolchain beta-2023-04-20
[INFO] running `Command { std: CARGO_HOME="/workspace/cargo-home" RUSTUP_HOME="/workspace/rustup-home" "/workspace/cargo-home/bin/cargo" "+beta-2023-04-20" "metadata" "--manifest-path" "Cargo.toml" "--no-deps", kill_on_drop: false }`
[INFO] started tweaking crates.io crate invoke_impl 0.1.1
[INFO] finished tweaking crates.io crate invoke_impl 0.1.1
[INFO] tweaked toml for crates.io crate invoke_impl 0.1.1 written to /workspace/builds/worker-6-tc2/source/Cargo.toml
[INFO] running `Command { std: CARGO_HOME="/workspace/cargo-home" RUSTUP_HOME="/workspace/rustup-home" __CARGO_TEST_CHANNEL_OVERRIDE_DO_NOT_USE_THIS="nightly" "/workspace/cargo-home/bin/cargo" "+beta-2023-04-20" "generate-lockfile" "--manifest-path" "Cargo.toml" "-Zno-index-update", kill_on_drop: false }`
[INFO] running `Command { std: CARGO_HOME="/workspace/cargo-home" RUSTUP_HOME="/workspace/rustup-home" "/workspace/cargo-home/bin/cargo" "+beta-2023-04-20" "fetch" "--manifest-path" "Cargo.toml", kill_on_drop: false }`
[INFO] running `Command { std: "docker" "create" "-v" "/var/lib/crater-agent-workspace/builds/worker-6-tc2/target:/opt/rustwide/target:rw,Z" "-v" "/var/lib/crater-agent-workspace/builds/worker-6-tc2/source:/opt/rustwide/workdir:ro,Z" "-v" "/var/lib/crater-agent-workspace/cargo-home:/opt/rustwide/cargo-home:ro,Z" "-v" "/var/lib/crater-agent-workspace/rustup-home:/opt/rustwide/rustup-home:ro,Z" "-e" "SOURCE_DIR=/opt/rustwide/workdir" "-e" "CARGO_TARGET_DIR=/opt/rustwide/target" "-e" "CARGO_HOME=/opt/rustwide/cargo-home" "-e" "RUSTUP_HOME=/opt/rustwide/rustup-home" "-w" "/opt/rustwide/workdir" "-m" "1610612736" "--user" "0:0" "--network" "none" "ghcr.io/rust-lang/crates-build-env/linux@sha256:5ff2268d62e97bff2cde7d5815dd6ed5b47097566f13b8d0ca110b04b60e07ed" "/opt/rustwide/cargo-home/bin/cargo" "+beta-2023-04-20" "metadata" "--no-deps" "--format-version=1", kill_on_drop: false }`
[INFO] [stdout] 8e0441c74bd19f6536c5f6fa01289045f5ef2aa65325fc8419cdfa0412f9cd5f
[INFO] running `Command { std: "docker" "start" "-a" "8e0441c74bd19f6536c5f6fa01289045f5ef2aa65325fc8419cdfa0412f9cd5f", kill_on_drop: false }`
[INFO] running `Command { std: "docker" "inspect" "8e0441c74bd19f6536c5f6fa01289045f5ef2aa65325fc8419cdfa0412f9cd5f", kill_on_drop: false }`
[INFO] running `Command { std: "docker" "rm" "-f" "8e0441c74bd19f6536c5f6fa01289045f5ef2aa65325fc8419cdfa0412f9cd5f", kill_on_drop: false }`
[INFO] [stdout] 8e0441c74bd19f6536c5f6fa01289045f5ef2aa65325fc8419cdfa0412f9cd5f
[INFO] running `Command { std: "docker" "create" "-v" "/var/lib/crater-agent-workspace/builds/worker-6-tc2/target:/opt/rustwide/target:rw,Z" "-v" "/var/lib/crater-agent-workspace/builds/worker-6-tc2/source:/opt/rustwide/workdir:ro,Z" "-v" "/var/lib/crater-agent-workspace/cargo-home:/opt/rustwide/cargo-home:ro,Z" "-v" "/var/lib/crater-agent-workspace/rustup-home:/opt/rustwide/rustup-home:ro,Z" "-e" "SOURCE_DIR=/opt/rustwide/workdir" "-e" "CARGO_TARGET_DIR=/opt/rustwide/target" "-e" "CARGO_INCREMENTAL=0" "-e" "RUST_BACKTRACE=full" "-e" "RUSTFLAGS=--cap-lints=warn" "-e" "RUSTDOCFLAGS=--cap-lints=warn" "-e" "CARGO_HOME=/opt/rustwide/cargo-home" "-e" "RUSTUP_HOME=/opt/rustwide/rustup-home" "-w" "/opt/rustwide/workdir" "-m" "1610612736" "--user" "0:0" "--network" "none" "ghcr.io/rust-lang/crates-build-env/linux@sha256:5ff2268d62e97bff2cde7d5815dd6ed5b47097566f13b8d0ca110b04b60e07ed" "/opt/rustwide/cargo-home/bin/cargo" "+beta-2023-04-20" "build" "--frozen" "--message-format=json", kill_on_drop: false }`
[INFO] [stdout] 2047f250308cd8e6c10ff6d21186375076b48354f2d13b856d53a32fcef10652
[INFO] running `Command { std: "docker" "start" "-a" "2047f250308cd8e6c10ff6d21186375076b48354f2d13b856d53a32fcef10652", kill_on_drop: false }`
[INFO] [stderr]    Compiling proc-macro2 v1.0.56
[INFO] [stderr]    Compiling syn v1.0.109
[INFO] [stderr]    Compiling quote v1.0.26
[INFO] [stderr]    Compiling invoke_impl v0.1.1 (/opt/rustwide/workdir)
[INFO] [stderr]     Finished dev [unoptimized + debuginfo] target(s) in 5.84s
[INFO] running `Command { std: "docker" "inspect" "2047f250308cd8e6c10ff6d21186375076b48354f2d13b856d53a32fcef10652", kill_on_drop: false }`
[INFO] running `Command { std: "docker" "rm" "-f" "2047f250308cd8e6c10ff6d21186375076b48354f2d13b856d53a32fcef10652", kill_on_drop: false }`
[INFO] [stdout] 2047f250308cd8e6c10ff6d21186375076b48354f2d13b856d53a32fcef10652
[INFO] running `Command { std: "docker" "create" "-v" "/var/lib/crater-agent-workspace/builds/worker-6-tc2/target:/opt/rustwide/target:rw,Z" "-v" "/var/lib/crater-agent-workspace/builds/worker-6-tc2/source:/opt/rustwide/workdir:ro,Z" "-v" "/var/lib/crater-agent-workspace/cargo-home:/opt/rustwide/cargo-home:ro,Z" "-v" "/var/lib/crater-agent-workspace/rustup-home:/opt/rustwide/rustup-home:ro,Z" "-e" "SOURCE_DIR=/opt/rustwide/workdir" "-e" "CARGO_TARGET_DIR=/opt/rustwide/target" "-e" "CARGO_INCREMENTAL=0" "-e" "RUST_BACKTRACE=full" "-e" "RUSTFLAGS=--cap-lints=warn" "-e" "RUSTDOCFLAGS=--cap-lints=warn" "-e" "CARGO_HOME=/opt/rustwide/cargo-home" "-e" "RUSTUP_HOME=/opt/rustwide/rustup-home" "-w" "/opt/rustwide/workdir" "-m" "1610612736" "--user" "0:0" "--network" "none" "ghcr.io/rust-lang/crates-build-env/linux@sha256:5ff2268d62e97bff2cde7d5815dd6ed5b47097566f13b8d0ca110b04b60e07ed" "/opt/rustwide/cargo-home/bin/cargo" "+beta-2023-04-20" "test" "--frozen" "--no-run" "--message-format=json", kill_on_drop: false }`
[INFO] [stdout] 65b8e52e56dd1cd92e0eaa928ed9b731d985a086c67e6cb8cca8eda93fb08849
[INFO] running `Command { std: "docker" "start" "-a" "65b8e52e56dd1cd92e0eaa928ed9b731d985a086c67e6cb8cca8eda93fb08849", kill_on_drop: false }`
[INFO] [stderr]    Compiling invoke_impl v0.1.1 (/opt/rustwide/workdir)
[INFO] [stderr]     Finished test [unoptimized + debuginfo] target(s) in 0.80s
[INFO] running `Command { std: "docker" "inspect" "65b8e52e56dd1cd92e0eaa928ed9b731d985a086c67e6cb8cca8eda93fb08849", kill_on_drop: false }`
[INFO] running `Command { std: "docker" "rm" "-f" "65b8e52e56dd1cd92e0eaa928ed9b731d985a086c67e6cb8cca8eda93fb08849", kill_on_drop: false }`
[INFO] [stdout] 65b8e52e56dd1cd92e0eaa928ed9b731d985a086c67e6cb8cca8eda93fb08849
[INFO] running `Command { std: "docker" "create" "-v" "/var/lib/crater-agent-workspace/builds/worker-6-tc2/target:/opt/rustwide/target:rw,Z" "-v" "/var/lib/crater-agent-workspace/builds/worker-6-tc2/source:/opt/rustwide/workdir:ro,Z" "-v" "/var/lib/crater-agent-workspace/cargo-home:/opt/rustwide/cargo-home:ro,Z" "-v" "/var/lib/crater-agent-workspace/rustup-home:/opt/rustwide/rustup-home:ro,Z" "-e" "SOURCE_DIR=/opt/rustwide/workdir" "-e" "CARGO_TARGET_DIR=/opt/rustwide/target" "-e" "CARGO_INCREMENTAL=0" "-e" "RUST_BACKTRACE=full" "-e" "RUSTFLAGS=--cap-lints=warn" "-e" "RUSTDOCFLAGS=--cap-lints=warn" "-e" "CARGO_HOME=/opt/rustwide/cargo-home" "-e" "RUSTUP_HOME=/opt/rustwide/rustup-home" "-w" "/opt/rustwide/workdir" "-m" "1610612736" "--user" "0:0" "--network" "none" "ghcr.io/rust-lang/crates-build-env/linux@sha256:5ff2268d62e97bff2cde7d5815dd6ed5b47097566f13b8d0ca110b04b60e07ed" "/opt/rustwide/cargo-home/bin/cargo" "+beta-2023-04-20" "test" "--frozen", kill_on_drop: false }`
[INFO] [stdout] 2411ef0a7a6a6ce00302aaaa6467565dfd6a14600982ca9cd18849ce74f63572
[INFO] running `Command { std: "docker" "start" "-a" "2411ef0a7a6a6ce00302aaaa6467565dfd6a14600982ca9cd18849ce74f63572", kill_on_drop: false }`
[INFO] [stderr]     Finished test [unoptimized + debuginfo] target(s) in 0.02s
[INFO] [stderr]      Running unittests src/lib.rs (/opt/rustwide/target/debug/deps/invoke_impl-bbac770c8b9e7e38)
[INFO] [stdout] 
[INFO] [stdout] running 0 tests
[INFO] [stdout] 
[INFO] [stdout] test result: ok. 0 passed; 0 failed; 0 ignored; 0 measured; 0 filtered out; finished in 0.00s
[INFO] [stdout] 
[INFO] [stderr]    Doc-tests invoke_impl
[INFO] [stdout] 
[INFO] [stdout] running 3 tests
[INFO] [stdout] test src/lib.rs - (line 48) ... FAILED
[INFO] [stdout] test src/lib.rs - (line 28) ... FAILED
[INFO] [stderr] error: doctest failed, to rerun pass `--doc`
[INFO] [stdout] test src/lib.rs - TokenStream (line 194) ... ok
[INFO] [stdout] 
[INFO] [stdout] failures:
[INFO] [stdout] 
[INFO] [stdout] ---- src/lib.rs - (line 48) stdout ----
[INFO] [stdout] warning: type `Tester1_invoke_impl_enum` should have an upper camel case name
[INFO] [stdout]   --> src/lib.rs:137:12
[INFO] [stdout]    |
[INFO] [stdout] 92 |   pub enum Tester1_invoke_impl_enum {
[INFO] [stdout]    |            ^^^^^^^^^^^^^^^^^^^^^^^^ help: convert the identifier to upper camel case: `Tester1InvokeImplEnum`
[INFO] [stdout]    |
[INFO] [stdout]    = note: `#[warn(non_camel_case_types)]` on by default
[INFO] [stdout] 
[INFO] [stdout] warning: variant `fn1` should have an upper camel case name
[INFO] [stdout]   --> src/lib.rs:138:7
[INFO] [stdout]    |
[INFO] [stdout] 93 |       fn1,
[INFO] [stdout]    |       ^^^ help: convert the identifier to upper camel case (notice the capitalization): `Fn1`
[INFO] [stdout] 
[INFO] [stdout] warning: variant `fn2` should have an upper camel case name
[INFO] [stdout]   --> src/lib.rs:139:7
[INFO] [stdout]    |
[INFO] [stdout] 94 |       fn2,
[INFO] [stdout]    |       ^^^ help: convert the identifier to upper camel case (notice the capitalization): `Fn2`
[INFO] [stdout] 
[INFO] [stdout] warning: variant `fn3` should have an upper camel case name
[INFO] [stdout]   --> src/lib.rs:140:7
[INFO] [stdout]    |
[INFO] [stdout] 95 |       fn3,
[INFO] [stdout]    |       ^^^ help: convert the identifier to upper camel case (notice the capitalization): `Fn3`
[INFO] [stdout] 
[INFO] [stdout] error[E0658]: use of unstable library feature 'core_panic': internal details of the implementation of the `panic!` and related macros
[INFO] [stdout]   --> src/lib.rs:75:24
[INFO] [stdout]    |
[INFO] [stdout] 30 |                   _ => ::core::panicking::panic_fmt(::core::fmt::Arguments::new_v1(
[INFO] [stdout]    |                        ^^^^^^^^^^^^^^^^^^^^^^^^^^^^
[INFO] [stdout] 
[INFO] [stdout] error[E0658]: use of unstable library feature 'core_panic': internal details of the implementation of the `panic!` and related macros
[INFO] [stdout]   --> src/lib.rs:108:24
[INFO] [stdout]    |
[INFO] [stdout] 63 |                   _ => ::core::panicking::panic_fmt(::core::fmt::Arguments::new_v1(
[INFO] [stdout]    |                        ^^^^^^^^^^^^^^^^^^^^^^^^^^^^
[INFO] [stdout] 
[INFO] [stdout] error[E0658]: use of unstable library feature 'fmt_internals': internal to format_args!
[INFO] [stdout]   --> src/lib.rs:75:53
[INFO] [stdout]    |
[INFO] [stdout] 30 |                   _ => ::core::panicking::panic_fmt(::core::fmt::Arguments::new_v1(
[INFO] [stdout]    |                                                     ^^^^^^^^^^^^^^^^^^^^^^^^^^^^^^
[INFO] [stdout] 
[INFO] [stdout] error[E0658]: use of unstable library feature 'fmt_internals': internal to format_args!
[INFO] [stdout]   --> src/lib.rs:108:53
[INFO] [stdout]    |
[INFO] [stdout] 63 |                   _ => ::core::panicking::panic_fmt(::core::fmt::Arguments::new_v1(
[INFO] [stdout]    |                                                     ^^^^^^^^^^^^^^^^^^^^^^^^^^^^^^
[INFO] [stdout] 
[INFO] [stdout] error: aborting due to 4 previous errors; 4 warnings emitted
[INFO] [stdout] 
[INFO] [stdout] For more information about this error, try `rustc --explain E0658`.
[INFO] [stdout] Couldn't compile the test.
[INFO] [stdout] ---- src/lib.rs - (line 28) stdout ----
[INFO] [stdout] error: cannot find attribute `invoke_impl` in this scope
[INFO] [stdout]  --> src/lib.rs:31:7
[INFO] [stdout]   |
[INFO] [stdout] 6 |     #[invoke_impl]
[INFO] [stdout]   |       ^^^^^^^^^^^
[INFO] [stdout]   |
[INFO] [stdout]   = help: consider importing this attribute macro:
[INFO] [stdout]           invoke_impl::invoke_impl
[INFO] [stdout] note: `invoke_impl` is imported here, but it is a crate, not an attribute
[INFO] [stdout]  --> src/lib.rs:27:1
[INFO] [stdout]   |
[INFO] [stdout] 2 | extern crate r#invoke_impl;
[INFO] [stdout]   | ^^^^^^^^^^^^^^^^^^^^^^^^^^^
[INFO] [stdout] 
[INFO] [stdout] error: aborting due to previous error
[INFO] [stdout] 
[INFO] [stdout] Couldn't compile the test.
[INFO] [stdout] 
[INFO] [stdout] failures:
[INFO] [stdout]     src/lib.rs - (line 28)
[INFO] [stdout]     src/lib.rs - (line 48)
[INFO] [stdout] 
[INFO] [stdout] test result: FAILED. 1 passed; 2 failed; 0 ignored; 0 measured; 0 filtered out; finished in 0.22s
[INFO] [stdout] 
[INFO] running `Command { std: "docker" "inspect" "2411ef0a7a6a6ce00302aaaa6467565dfd6a14600982ca9cd18849ce74f63572", kill_on_drop: false }`
[INFO] running `Command { std: "docker" "rm" "-f" "2411ef0a7a6a6ce00302aaaa6467565dfd6a14600982ca9cd18849ce74f63572", kill_on_drop: false }`
[INFO] [stdout] 2411ef0a7a6a6ce00302aaaa6467565dfd6a14600982ca9cd18849ce74f63572
