[INFO] fetching crate inside-baseball 0.1.0...
[INFO] testing inside-baseball-0.1.0 against beta-2023-04-20 for beta-1.70-1
[INFO] extracting crate inside-baseball 0.1.0 into /workspace/builds/worker-7-tc2/source
[INFO] validating manifest of crates.io crate inside-baseball 0.1.0 on toolchain beta-2023-04-20
[INFO] running `Command { std: CARGO_HOME="/workspace/cargo-home" RUSTUP_HOME="/workspace/rustup-home" "/workspace/cargo-home/bin/cargo" "+beta-2023-04-20" "metadata" "--manifest-path" "Cargo.toml" "--no-deps", kill_on_drop: false }`
[INFO] started tweaking crates.io crate inside-baseball 0.1.0
[INFO] finished tweaking crates.io crate inside-baseball 0.1.0
[INFO] tweaked toml for crates.io crate inside-baseball 0.1.0 written to /workspace/builds/worker-7-tc2/source/Cargo.toml
[INFO] crate crates.io crate inside-baseball 0.1.0 already has a lockfile, it will not be regenerated
[INFO] running `Command { std: CARGO_HOME="/workspace/cargo-home" RUSTUP_HOME="/workspace/rustup-home" "/workspace/cargo-home/bin/cargo" "+beta-2023-04-20" "fetch" "--manifest-path" "Cargo.toml", kill_on_drop: false }`
[INFO] [stderr]     Updating crates.io index
[INFO] [stderr]  Downloading crates ...
[INFO] [stderr]   Downloaded tracing-tree v0.2.1
[INFO] [stderr]   Downloaded byteordered v0.6.0
[INFO] running `Command { std: "docker" "create" "-v" "/var/lib/crater-agent-workspace/builds/worker-7-tc2/target:/opt/rustwide/target:rw,Z" "-v" "/var/lib/crater-agent-workspace/builds/worker-7-tc2/source:/opt/rustwide/workdir:ro,Z" "-v" "/var/lib/crater-agent-workspace/cargo-home:/opt/rustwide/cargo-home:ro,Z" "-v" "/var/lib/crater-agent-workspace/rustup-home:/opt/rustwide/rustup-home:ro,Z" "-e" "SOURCE_DIR=/opt/rustwide/workdir" "-e" "CARGO_TARGET_DIR=/opt/rustwide/target" "-e" "CARGO_HOME=/opt/rustwide/cargo-home" "-e" "RUSTUP_HOME=/opt/rustwide/rustup-home" "-w" "/opt/rustwide/workdir" "-m" "1610612736" "--user" "0:0" "--network" "none" "ghcr.io/rust-lang/crates-build-env/linux@sha256:5ff2268d62e97bff2cde7d5815dd6ed5b47097566f13b8d0ca110b04b60e07ed" "/opt/rustwide/cargo-home/bin/cargo" "+beta-2023-04-20" "metadata" "--no-deps" "--format-version=1", kill_on_drop: false }`
[INFO] [stdout] 7bd8ff575c73ca7dd4ec714191f1e72f740a7f214c168abc4ce96b2d3760da94
[INFO] running `Command { std: "docker" "start" "-a" "7bd8ff575c73ca7dd4ec714191f1e72f740a7f214c168abc4ce96b2d3760da94", kill_on_drop: false }`
[INFO] running `Command { std: "docker" "inspect" "7bd8ff575c73ca7dd4ec714191f1e72f740a7f214c168abc4ce96b2d3760da94", kill_on_drop: false }`
[INFO] running `Command { std: "docker" "rm" "-f" "7bd8ff575c73ca7dd4ec714191f1e72f740a7f214c168abc4ce96b2d3760da94", kill_on_drop: false }`
[INFO] [stdout] 7bd8ff575c73ca7dd4ec714191f1e72f740a7f214c168abc4ce96b2d3760da94
[INFO] running `Command { std: "docker" "create" "-v" "/var/lib/crater-agent-workspace/builds/worker-7-tc2/target:/opt/rustwide/target:rw,Z" "-v" "/var/lib/crater-agent-workspace/builds/worker-7-tc2/source:/opt/rustwide/workdir:ro,Z" "-v" "/var/lib/crater-agent-workspace/cargo-home:/opt/rustwide/cargo-home:ro,Z" "-v" "/var/lib/crater-agent-workspace/rustup-home:/opt/rustwide/rustup-home:ro,Z" "-e" "SOURCE_DIR=/opt/rustwide/workdir" "-e" "CARGO_TARGET_DIR=/opt/rustwide/target" "-e" "CARGO_INCREMENTAL=0" "-e" "RUST_BACKTRACE=full" "-e" "RUSTFLAGS=--cap-lints=warn" "-e" "RUSTDOCFLAGS=--cap-lints=warn" "-e" "CARGO_HOME=/opt/rustwide/cargo-home" "-e" "RUSTUP_HOME=/opt/rustwide/rustup-home" "-w" "/opt/rustwide/workdir" "-m" "1610612736" "--user" "0:0" "--network" "none" "ghcr.io/rust-lang/crates-build-env/linux@sha256:5ff2268d62e97bff2cde7d5815dd6ed5b47097566f13b8d0ca110b04b60e07ed" "/opt/rustwide/cargo-home/bin/cargo" "+beta-2023-04-20" "build" "--frozen" "--message-format=json", kill_on_drop: false }`
[INFO] [stdout] d46afe02a0c570b2e16c5830908066661c5d4a78f0322ca36efe1ca6a6d51d2f
[INFO] running `Command { std: "docker" "start" "-a" "d46afe02a0c570b2e16c5830908066661c5d4a78f0322ca36efe1ca6a6d51d2f", kill_on_drop: false }`
[INFO] [stderr]     Blocking waiting for file lock on package cache
[INFO] [stderr]    Compiling proc-macro2 v1.0.43
[INFO] [stderr]    Compiling unicode-ident v1.0.3
[INFO] [stderr]    Compiling quote v1.0.21
[INFO] [stderr]    Compiling version_check v0.9.4
[INFO] [stderr]    Compiling once_cell v1.14.0
[INFO] [stderr]    Compiling syn v1.0.99
[INFO] [stderr]    Compiling libc v0.2.132
[INFO] [stderr]    Compiling log v0.4.17
[INFO] [stderr]    Compiling lazy_static v1.4.0
[INFO] [stderr]    Compiling ansi_term v0.12.1
[INFO] [stderr]    Compiling heck v0.4.0
[INFO] [stderr]    Compiling hashbrown v0.12.3
[INFO] [stderr]    Compiling smallvec v1.9.0
[INFO] [stderr]    Compiling os_str_bytes v6.3.0
[INFO] [stderr]    Compiling indexmap v1.9.1
[INFO] [stderr]    Compiling pin-project-lite v0.2.9
[INFO] [stderr]    Compiling textwrap v0.15.0
[INFO] [stderr]    Compiling sharded-slab v0.1.4
[INFO] [stderr]    Compiling termcolor v1.1.3
[INFO] [stderr]    Compiling tracing-core v0.1.29
[INFO] [stderr]    Compiling proc-macro-error-attr v1.0.4
[INFO] [stderr]    Compiling proc-macro-error v1.0.4
[INFO] [stderr]    Compiling thread_local v1.1.4
[INFO] [stderr]    Compiling clap_lex v0.2.4
[INFO] [stderr]    Compiling byteorder v1.4.3
[INFO] [stderr]    Compiling strsim v0.10.0
[INFO] [stderr]    Compiling byteordered v0.6.0
[INFO] [stderr]    Compiling arrayvec v0.7.2
[INFO] [stderr]    Compiling tracing-log v0.1.3
[INFO] [stderr]    Compiling tracing-subscriber v0.3.15
[INFO] [stderr]    Compiling atty v0.2.14
[INFO] [stderr]    Compiling tracing-tree v0.2.1
[INFO] [stderr]    Compiling clap_derive v3.2.18
[INFO] [stderr]    Compiling tracing-attributes v0.1.22
[INFO] [stderr]    Compiling tracing v0.1.36
[INFO] [stderr]    Compiling clap v3.2.20
[INFO] [stderr]    Compiling inside-baseball v0.1.0 (/opt/rustwide/workdir)
[INFO] [stderr]     Finished dev [unoptimized + debuginfo] target(s) in 28.86s
[INFO] running `Command { std: "docker" "inspect" "d46afe02a0c570b2e16c5830908066661c5d4a78f0322ca36efe1ca6a6d51d2f", kill_on_drop: false }`
[INFO] running `Command { std: "docker" "rm" "-f" "d46afe02a0c570b2e16c5830908066661c5d4a78f0322ca36efe1ca6a6d51d2f", kill_on_drop: false }`
[INFO] [stdout] d46afe02a0c570b2e16c5830908066661c5d4a78f0322ca36efe1ca6a6d51d2f
[INFO] running `Command { std: "docker" "create" "-v" "/var/lib/crater-agent-workspace/builds/worker-7-tc2/target:/opt/rustwide/target:rw,Z" "-v" "/var/lib/crater-agent-workspace/builds/worker-7-tc2/source:/opt/rustwide/workdir:ro,Z" "-v" "/var/lib/crater-agent-workspace/cargo-home:/opt/rustwide/cargo-home:ro,Z" "-v" "/var/lib/crater-agent-workspace/rustup-home:/opt/rustwide/rustup-home:ro,Z" "-e" "SOURCE_DIR=/opt/rustwide/workdir" "-e" "CARGO_TARGET_DIR=/opt/rustwide/target" "-e" "CARGO_INCREMENTAL=0" "-e" "RUST_BACKTRACE=full" "-e" "RUSTFLAGS=--cap-lints=warn" "-e" "RUSTDOCFLAGS=--cap-lints=warn" "-e" "CARGO_HOME=/opt/rustwide/cargo-home" "-e" "RUSTUP_HOME=/opt/rustwide/rustup-home" "-w" "/opt/rustwide/workdir" "-m" "1610612736" "--user" "0:0" "--network" "none" "ghcr.io/rust-lang/crates-build-env/linux@sha256:5ff2268d62e97bff2cde7d5815dd6ed5b47097566f13b8d0ca110b04b60e07ed" "/opt/rustwide/cargo-home/bin/cargo" "+beta-2023-04-20" "test" "--frozen" "--no-run" "--message-format=json", kill_on_drop: false }`
[INFO] [stdout] e1b5550eaf15ef53700859911a10b258e010188a8d4be3d5431396b9d79f949b
[INFO] running `Command { std: "docker" "start" "-a" "e1b5550eaf15ef53700859911a10b258e010188a8d4be3d5431396b9d79f949b", kill_on_drop: false }`
[INFO] [stderr]    Compiling inside-baseball v0.1.0 (/opt/rustwide/workdir)
[INFO] [stderr]     Finished test [unoptimized + debuginfo] target(s) in 2.74s
[INFO] running `Command { std: "docker" "inspect" "e1b5550eaf15ef53700859911a10b258e010188a8d4be3d5431396b9d79f949b", kill_on_drop: false }`
[INFO] running `Command { std: "docker" "rm" "-f" "e1b5550eaf15ef53700859911a10b258e010188a8d4be3d5431396b9d79f949b", kill_on_drop: false }`
[INFO] [stdout] e1b5550eaf15ef53700859911a10b258e010188a8d4be3d5431396b9d79f949b
[INFO] running `Command { std: "docker" "create" "-v" "/var/lib/crater-agent-workspace/builds/worker-7-tc2/target:/opt/rustwide/target:rw,Z" "-v" "/var/lib/crater-agent-workspace/builds/worker-7-tc2/source:/opt/rustwide/workdir:ro,Z" "-v" "/var/lib/crater-agent-workspace/cargo-home:/opt/rustwide/cargo-home:ro,Z" "-v" "/var/lib/crater-agent-workspace/rustup-home:/opt/rustwide/rustup-home:ro,Z" "-e" "SOURCE_DIR=/opt/rustwide/workdir" "-e" "CARGO_TARGET_DIR=/opt/rustwide/target" "-e" "CARGO_INCREMENTAL=0" "-e" "RUST_BACKTRACE=full" "-e" "RUSTFLAGS=--cap-lints=warn" "-e" "RUSTDOCFLAGS=--cap-lints=warn" "-e" "CARGO_HOME=/opt/rustwide/cargo-home" "-e" "RUSTUP_HOME=/opt/rustwide/rustup-home" "-w" "/opt/rustwide/workdir" "-m" "1610612736" "--user" "0:0" "--network" "none" "ghcr.io/rust-lang/crates-build-env/linux@sha256:5ff2268d62e97bff2cde7d5815dd6ed5b47097566f13b8d0ca110b04b60e07ed" "/opt/rustwide/cargo-home/bin/cargo" "+beta-2023-04-20" "test" "--frozen", kill_on_drop: false }`
[INFO] [stdout] 429bce67e627ea368f7ff4da28c313582962fc62efe904bf692f10d79c0f8ba3
[INFO] running `Command { std: "docker" "start" "-a" "429bce67e627ea368f7ff4da28c313582962fc62efe904bf692f10d79c0f8ba3", kill_on_drop: false }`
[INFO] [stderr]     Finished test [unoptimized + debuginfo] target(s) in 0.02s
[INFO] [stderr]      Running unittests src/lib.rs (/opt/rustwide/target/debug/deps/inside_baseball-de395b4afec3ff65)
[INFO] [stdout] 
[INFO] [stdout] running 11 tests
[INFO] [stdout] test script::decompile::tests::basic_if_else ... FAILED
[INFO] [stdout] test script::decompile::tests::call_scripts_by_name ... FAILED
[INFO] [stdout] test script::decompile::tests::basic_if ... FAILED
[INFO] [stdout] test script::decompile::tests::call_scripts_by_name_with_aside ... FAILED
[INFO] [stdout] test script::decompile::tests::basic_while ... FAILED
[INFO] [stdout] test script::decompile::tests::case_eq ... FAILED
[INFO] [stdout] test script::decompile::tests::case_range ... FAILED
[INFO] [stdout] test script::decompile::tests::do_until ... FAILED
[INFO] [stdout] test script::decompile::tests::do_until_containing_if ... FAILED
[INFO] [stdout] test script::decompile::tests::if_else_if ... FAILED
[INFO] [stdout] test script::decompile::tests::if_with_empty_body ... FAILED
[INFO] [stdout] 
[INFO] [stdout] failures:
[INFO] [stdout] 
[INFO] [stdout] ---- script::decompile::tests::basic_if_else stdout ----
[INFO] [stdout] Error: Os { code: 2, kind: NotFound, message: "No such file or directory" }
[INFO] [stdout] 
[INFO] [stdout] ---- script::decompile::tests::call_scripts_by_name stdout ----
[INFO] [stdout] Error: Os { code: 2, kind: NotFound, message: "No such file or directory" }
[INFO] [stdout] 
[INFO] [stdout] ---- script::decompile::tests::basic_if stdout ----
[INFO] [stdout] Error: Os { code: 2, kind: NotFound, message: "No such file or directory" }
[INFO] [stdout] 
[INFO] [stdout] ---- script::decompile::tests::call_scripts_by_name_with_aside stdout ----
[INFO] [stdout] Error: Os { code: 2, kind: NotFound, message: "No such file or directory" }
[INFO] [stdout] 
[INFO] [stdout] ---- script::decompile::tests::basic_while stdout ----
[INFO] [stdout] Error: Os { code: 2, kind: NotFound, message: "No such file or directory" }
[INFO] [stdout] 
[INFO] [stdout] ---- script::decompile::tests::case_eq stdout ----
[INFO] [stdout] Error: Os { code: 2, kind: NotFound, message: "No such file or directory" }
[INFO] [stdout] 
[INFO] [stdout] ---- script::decompile::tests::case_range stdout ----
[INFO] [stdout] Error: Os { code: 2, kind: NotFound, message: "No such file or directory" }
[INFO] [stdout] 
[INFO] [stdout] ---- script::decompile::tests::do_until stdout ----
[INFO] [stdout] Error: Os { code: 2, kind: NotFound, message: "No such file or directory" }
[INFO] [stdout] 
[INFO] [stdout] ---- script::decompile::tests::do_until_containing_if stdout ----
[INFO] [stdout] Error: Os { code: 2, kind: NotFound, message: "No such file or directory" }
[INFO] [stdout] 
[INFO] [stdout] ---- script::decompile::tests::if_else_if stdout ----
[INFO] [stdout] Error: Os { code: 2, kind: NotFound, message: "No such file or directory" }
[INFO] [stdout] 
[INFO] [stdout] ---- script::decompile::tests::if_with_empty_body stdout ----
[INFO] [stdout] Error: Os { code: 2, kind: NotFound, message: "No such file or directory" }
[INFO] [stdout] 
[INFO] [stdout] 
[INFO] [stdout] failures:
[INFO] [stdout]     script::decompile::tests::basic_if
[INFO] [stdout]     script::decompile::tests::basic_if_else
[INFO] [stdout]     script::decompile::tests::basic_while
[INFO] [stdout]     script::decompile::tests::call_scripts_by_name
[INFO] [stdout]     script::decompile::tests::call_scripts_by_name_with_aside
[INFO] [stdout]     script::decompile::tests::case_eq
[INFO] [stdout]     script::decompile::tests::case_range
[INFO] [stdout]     script::decompile::tests::do_until
[INFO] [stdout]     script::decompile::tests::do_until_containing_if
[INFO] [stdout]     script::decompile::tests::if_else_if
[INFO] [stdout]     script::decompile::tests::if_with_empty_body
[INFO] [stdout] 
[INFO] [stdout] test result: FAILED. 0 passed; 11 failed; 0 ignored; 0 measured; 0 filtered out; finished in 0.00s
[INFO] [stdout] 
[INFO] [stderr] error: test failed, to rerun pass `--lib`
[INFO] running `Command { std: "docker" "inspect" "429bce67e627ea368f7ff4da28c313582962fc62efe904bf692f10d79c0f8ba3", kill_on_drop: false }`
[INFO] running `Command { std: "docker" "rm" "-f" "429bce67e627ea368f7ff4da28c313582962fc62efe904bf692f10d79c0f8ba3", kill_on_drop: false }`
[INFO] [stdout] 429bce67e627ea368f7ff4da28c313582962fc62efe904bf692f10d79c0f8ba3
