[INFO] fetching crate input-macro 0.2.0...
[INFO] testing input-macro-0.2.0 against 1.69.0 for beta-1.70-1
[INFO] extracting crate input-macro 0.2.0 into /workspace/builds/worker-3-tc1/source
[INFO] validating manifest of crates.io crate input-macro 0.2.0 on toolchain 1.69.0
[INFO] running `Command { std: CARGO_HOME="/workspace/cargo-home" RUSTUP_HOME="/workspace/rustup-home" "/workspace/cargo-home/bin/cargo" "+1.69.0" "metadata" "--manifest-path" "Cargo.toml" "--no-deps", kill_on_drop: false }`
[INFO] started tweaking crates.io crate input-macro 0.2.0
[INFO] finished tweaking crates.io crate input-macro 0.2.0
[INFO] tweaked toml for crates.io crate input-macro 0.2.0 written to /workspace/builds/worker-3-tc1/source/Cargo.toml
[INFO] crate crates.io crate input-macro 0.2.0 already has a lockfile, it will not be regenerated
[INFO] running `Command { std: CARGO_HOME="/workspace/cargo-home" RUSTUP_HOME="/workspace/rustup-home" "/workspace/cargo-home/bin/cargo" "+1.69.0" "fetch" "--manifest-path" "Cargo.toml", kill_on_drop: false }`
[INFO] running `Command { std: "docker" "create" "-v" "/var/lib/crater-agent-workspace/builds/worker-3-tc1/target:/opt/rustwide/target:rw,Z" "-v" "/var/lib/crater-agent-workspace/builds/worker-3-tc1/source:/opt/rustwide/workdir:ro,Z" "-v" "/var/lib/crater-agent-workspace/cargo-home:/opt/rustwide/cargo-home:ro,Z" "-v" "/var/lib/crater-agent-workspace/rustup-home:/opt/rustwide/rustup-home:ro,Z" "-e" "SOURCE_DIR=/opt/rustwide/workdir" "-e" "CARGO_TARGET_DIR=/opt/rustwide/target" "-e" "CARGO_HOME=/opt/rustwide/cargo-home" "-e" "RUSTUP_HOME=/opt/rustwide/rustup-home" "-w" "/opt/rustwide/workdir" "-m" "1610612736" "--user" "0:0" "--network" "none" "ghcr.io/rust-lang/crates-build-env/linux@sha256:5ff2268d62e97bff2cde7d5815dd6ed5b47097566f13b8d0ca110b04b60e07ed" "/opt/rustwide/cargo-home/bin/cargo" "+1.69.0" "metadata" "--no-deps" "--format-version=1", kill_on_drop: false }`
[INFO] [stdout] f872a778d12a2b9483d18ab67cc3c0169a838e8765314b641218604e3da46736
[INFO] running `Command { std: "docker" "start" "-a" "f872a778d12a2b9483d18ab67cc3c0169a838e8765314b641218604e3da46736", kill_on_drop: false }`
[INFO] running `Command { std: "docker" "inspect" "f872a778d12a2b9483d18ab67cc3c0169a838e8765314b641218604e3da46736", kill_on_drop: false }`
[INFO] running `Command { std: "docker" "rm" "-f" "f872a778d12a2b9483d18ab67cc3c0169a838e8765314b641218604e3da46736", kill_on_drop: false }`
[INFO] [stdout] f872a778d12a2b9483d18ab67cc3c0169a838e8765314b641218604e3da46736
[INFO] running `Command { std: "docker" "create" "-v" "/var/lib/crater-agent-workspace/builds/worker-3-tc1/target:/opt/rustwide/target:rw,Z" "-v" "/var/lib/crater-agent-workspace/builds/worker-3-tc1/source:/opt/rustwide/workdir:ro,Z" "-v" "/var/lib/crater-agent-workspace/cargo-home:/opt/rustwide/cargo-home:ro,Z" "-v" "/var/lib/crater-agent-workspace/rustup-home:/opt/rustwide/rustup-home:ro,Z" "-e" "SOURCE_DIR=/opt/rustwide/workdir" "-e" "CARGO_TARGET_DIR=/opt/rustwide/target" "-e" "CARGO_INCREMENTAL=0" "-e" "RUST_BACKTRACE=full" "-e" "RUSTFLAGS=--cap-lints=warn" "-e" "RUSTDOCFLAGS=--cap-lints=warn" "-e" "CARGO_HOME=/opt/rustwide/cargo-home" "-e" "RUSTUP_HOME=/opt/rustwide/rustup-home" "-w" "/opt/rustwide/workdir" "-m" "1610612736" "--user" "0:0" "--network" "none" "ghcr.io/rust-lang/crates-build-env/linux@sha256:5ff2268d62e97bff2cde7d5815dd6ed5b47097566f13b8d0ca110b04b60e07ed" "/opt/rustwide/cargo-home/bin/cargo" "+1.69.0" "build" "--frozen" "--message-format=json", kill_on_drop: false }`
[INFO] [stdout] c68789c594676cbd2d599218a1676dd3eea41374f91285a25b54e75ee2624063
[INFO] running `Command { std: "docker" "start" "-a" "c68789c594676cbd2d599218a1676dd3eea41374f91285a25b54e75ee2624063", kill_on_drop: false }`
[INFO] [stderr]    Compiling input-macro v0.2.0 (/opt/rustwide/workdir)
[INFO] [stderr]     Finished dev [unoptimized + debuginfo] target(s) in 0.06s
[INFO] running `Command { std: "docker" "inspect" "c68789c594676cbd2d599218a1676dd3eea41374f91285a25b54e75ee2624063", kill_on_drop: false }`
[INFO] running `Command { std: "docker" "rm" "-f" "c68789c594676cbd2d599218a1676dd3eea41374f91285a25b54e75ee2624063", kill_on_drop: false }`
[INFO] [stdout] c68789c594676cbd2d599218a1676dd3eea41374f91285a25b54e75ee2624063
[INFO] running `Command { std: "docker" "create" "-v" "/var/lib/crater-agent-workspace/builds/worker-3-tc1/target:/opt/rustwide/target:rw,Z" "-v" "/var/lib/crater-agent-workspace/builds/worker-3-tc1/source:/opt/rustwide/workdir:ro,Z" "-v" "/var/lib/crater-agent-workspace/cargo-home:/opt/rustwide/cargo-home:ro,Z" "-v" "/var/lib/crater-agent-workspace/rustup-home:/opt/rustwide/rustup-home:ro,Z" "-e" "SOURCE_DIR=/opt/rustwide/workdir" "-e" "CARGO_TARGET_DIR=/opt/rustwide/target" "-e" "CARGO_INCREMENTAL=0" "-e" "RUST_BACKTRACE=full" "-e" "RUSTFLAGS=--cap-lints=warn" "-e" "RUSTDOCFLAGS=--cap-lints=warn" "-e" "CARGO_HOME=/opt/rustwide/cargo-home" "-e" "RUSTUP_HOME=/opt/rustwide/rustup-home" "-w" "/opt/rustwide/workdir" "-m" "1610612736" "--user" "0:0" "--network" "none" "ghcr.io/rust-lang/crates-build-env/linux@sha256:5ff2268d62e97bff2cde7d5815dd6ed5b47097566f13b8d0ca110b04b60e07ed" "/opt/rustwide/cargo-home/bin/cargo" "+1.69.0" "test" "--frozen" "--no-run" "--message-format=json", kill_on_drop: false }`
[INFO] [stdout] 01670f5ef368857c62f75b8594ee6457ade8bc0bee6ca9889c6f76451b6e2b1f
[INFO] running `Command { std: "docker" "start" "-a" "01670f5ef368857c62f75b8594ee6457ade8bc0bee6ca9889c6f76451b6e2b1f", kill_on_drop: false }`
[INFO] [stderr]    Compiling input-macro v0.2.0 (/opt/rustwide/workdir)
[INFO] [stderr]     Finished test [unoptimized + debuginfo] target(s) in 0.28s
[INFO] running `Command { std: "docker" "inspect" "01670f5ef368857c62f75b8594ee6457ade8bc0bee6ca9889c6f76451b6e2b1f", kill_on_drop: false }`
[INFO] running `Command { std: "docker" "rm" "-f" "01670f5ef368857c62f75b8594ee6457ade8bc0bee6ca9889c6f76451b6e2b1f", kill_on_drop: false }`
[INFO] [stdout] 01670f5ef368857c62f75b8594ee6457ade8bc0bee6ca9889c6f76451b6e2b1f
[INFO] running `Command { std: "docker" "create" "-v" "/var/lib/crater-agent-workspace/builds/worker-3-tc1/target:/opt/rustwide/target:rw,Z" "-v" "/var/lib/crater-agent-workspace/builds/worker-3-tc1/source:/opt/rustwide/workdir:ro,Z" "-v" "/var/lib/crater-agent-workspace/cargo-home:/opt/rustwide/cargo-home:ro,Z" "-v" "/var/lib/crater-agent-workspace/rustup-home:/opt/rustwide/rustup-home:ro,Z" "-e" "SOURCE_DIR=/opt/rustwide/workdir" "-e" "CARGO_TARGET_DIR=/opt/rustwide/target" "-e" "CARGO_INCREMENTAL=0" "-e" "RUST_BACKTRACE=full" "-e" "RUSTFLAGS=--cap-lints=warn" "-e" "RUSTDOCFLAGS=--cap-lints=warn" "-e" "CARGO_HOME=/opt/rustwide/cargo-home" "-e" "RUSTUP_HOME=/opt/rustwide/rustup-home" "-w" "/opt/rustwide/workdir" "-m" "1610612736" "--user" "0:0" "--network" "none" "ghcr.io/rust-lang/crates-build-env/linux@sha256:5ff2268d62e97bff2cde7d5815dd6ed5b47097566f13b8d0ca110b04b60e07ed" "/opt/rustwide/cargo-home/bin/cargo" "+1.69.0" "test" "--frozen", kill_on_drop: false }`
[INFO] [stdout] 9cb1d125b4f9fa8efb12c17a2b589d8e19ab41c4acbaaf6438245f0f24c37f8f
[INFO] running `Command { std: "docker" "start" "-a" "9cb1d125b4f9fa8efb12c17a2b589d8e19ab41c4acbaaf6438245f0f24c37f8f", kill_on_drop: false }`
[INFO] [stderr]     Finished test [unoptimized + debuginfo] target(s) in 0.00s
[INFO] [stderr]      Running unittests src/lib.rs (/opt/rustwide/target/debug/deps/input_macro-fca78a912e97d087)
[INFO] [stdout] 
[INFO] [stdout] running 0 tests
[INFO] [stdout] 
[INFO] [stdout] test result: ok. 0 passed; 0 failed; 0 ignored; 0 measured; 0 filtered out; finished in 0.00s
[INFO] [stdout] 
[INFO] [stderr]      Running tests/test.rs (/opt/rustwide/target/debug/deps/test-e220218c85c03e78)
[INFO] [stdout] 
[INFO] [stdout] running 5 tests
[INFO] [stdout] test input_fmt_crlf ... ok
[INFO] [stdout] test input_fmt_final ... ok
[INFO] [stdout] test read_line_expect_eof ... ok
[INFO] [stdout] test input_fmt_lf ... ok
[INFO] [stdout] test read_line_expect_typical ... ok
[INFO] [stdout] 
[INFO] [stdout] test result: ok. 5 passed; 0 failed; 0 ignored; 0 measured; 0 filtered out; finished in 0.00s
[INFO] [stdout] 
[INFO] [stderr]    Doc-tests input-macro
[INFO] [stdout] 
[INFO] [stdout] running 4 tests
[INFO] [stdout] test src/lib.rs - input (line 55) - compile ... ok
[INFO] [stdout] test src/lib.rs - (line 13) - compile ... ok
[INFO] [stdout] test src/lib.rs - read_line_expect (line 110) ... FAILED
[INFO] [stdout] test src/lib.rs - input_fmt (line 81) ... ok
[INFO] [stdout] 
[INFO] [stdout] failures:
[INFO] [stdout] 
[INFO] [stdout] ---- src/lib.rs - read_line_expect (line 110) stdout ----
[INFO] [stdout] error[E0432]: unresolved import `input_macro::read_line_expected`
[INFO] [stdout]  --> src/lib.rs:112:5
[INFO] [stdout]   |
[INFO] [stdout] 5 | use input_macro::read_line_expected;
[INFO] [stdout]   |     ^^^^^^^^^^^^^------------------
[INFO] [stdout]   |     |            |
[INFO] [stdout]   |     |            help: a similar name exists in the module: `read_line_expect`
[INFO] [stdout]   |     no `read_line_expected` in the root
[INFO] [stdout] 
[INFO] [stdout] error: aborting due to previous error
[INFO] [stdout] 
[INFO] [stdout] For more information about this error, try `rustc --explain E0432`.
[INFO] [stdout] Couldn't compile the test.
[INFO] [stdout] 
[INFO] [stdout] failures:
[INFO] [stdout]     src/lib.rs - read_line_expect (line 110)
[INFO] [stdout] 
[INFO] [stdout] test result: FAILED. 3 passed; 1 failed; 0 ignored; 0 measured; 0 filtered out; finished in 0.19s
[INFO] [stdout] 
[INFO] [stderr] error: doctest failed, to rerun pass `--doc`
[INFO] running `Command { std: "docker" "inspect" "9cb1d125b4f9fa8efb12c17a2b589d8e19ab41c4acbaaf6438245f0f24c37f8f", kill_on_drop: false }`
[INFO] running `Command { std: "docker" "rm" "-f" "9cb1d125b4f9fa8efb12c17a2b589d8e19ab41c4acbaaf6438245f0f24c37f8f", kill_on_drop: false }`
[INFO] [stdout] 9cb1d125b4f9fa8efb12c17a2b589d8e19ab41c4acbaaf6438245f0f24c37f8f
