[INFO] fetching crate inox2d 0.1.0...
[INFO] testing inox2d-0.1.0 against beta-2023-04-20 for beta-1.70-1
[INFO] extracting crate inox2d 0.1.0 into /workspace/builds/worker-4-tc2/source
[INFO] validating manifest of crates.io crate inox2d 0.1.0 on toolchain beta-2023-04-20
[INFO] running `Command { std: CARGO_HOME="/workspace/cargo-home" RUSTUP_HOME="/workspace/rustup-home" "/workspace/cargo-home/bin/cargo" "+beta-2023-04-20" "metadata" "--manifest-path" "Cargo.toml" "--no-deps", kill_on_drop: false }`
[INFO] started tweaking crates.io crate inox2d 0.1.0
[INFO] removed 0 missing examples
[INFO] finished tweaking crates.io crate inox2d 0.1.0
[INFO] tweaked toml for crates.io crate inox2d 0.1.0 written to /workspace/builds/worker-4-tc2/source/Cargo.toml
[INFO] crate crates.io crate inox2d 0.1.0 already has a lockfile, it will not be regenerated
[INFO] running `Command { std: CARGO_HOME="/workspace/cargo-home" RUSTUP_HOME="/workspace/rustup-home" "/workspace/cargo-home/bin/cargo" "+beta-2023-04-20" "fetch" "--manifest-path" "Cargo.toml", kill_on_drop: false }`
[INFO] [stderr]     Updating crates.io index
[INFO] [stderr]  Downloading crates ...
[INFO] [stderr]   Downloaded calloop v0.10.4
[INFO] [stderr]   Downloaded indextree v4.5.0
[INFO] [stderr]   Downloaded os_str_bytes v6.4.0
[INFO] [stderr]   Downloaded glutin-winit v0.2.1
[INFO] [stderr]   Downloaded tiff v0.8.0
[INFO] running `Command { std: "docker" "create" "-v" "/var/lib/crater-agent-workspace/builds/worker-4-tc2/target:/opt/rustwide/target:rw,Z" "-v" "/var/lib/crater-agent-workspace/builds/worker-4-tc2/source:/opt/rustwide/workdir:ro,Z" "-v" "/var/lib/crater-agent-workspace/cargo-home:/opt/rustwide/cargo-home:ro,Z" "-v" "/var/lib/crater-agent-workspace/rustup-home:/opt/rustwide/rustup-home:ro,Z" "-e" "SOURCE_DIR=/opt/rustwide/workdir" "-e" "CARGO_TARGET_DIR=/opt/rustwide/target" "-e" "CARGO_HOME=/opt/rustwide/cargo-home" "-e" "RUSTUP_HOME=/opt/rustwide/rustup-home" "-w" "/opt/rustwide/workdir" "-m" "1610612736" "--user" "0:0" "--network" "none" "ghcr.io/rust-lang/crates-build-env/linux@sha256:5ff2268d62e97bff2cde7d5815dd6ed5b47097566f13b8d0ca110b04b60e07ed" "/opt/rustwide/cargo-home/bin/cargo" "+beta-2023-04-20" "metadata" "--no-deps" "--format-version=1", kill_on_drop: false }`
[INFO] [stdout] 0353d60590c7a415b2c6c86f5bbac6a41ebdb6ddfd1706282273264512021624
[INFO] running `Command { std: "docker" "start" "-a" "0353d60590c7a415b2c6c86f5bbac6a41ebdb6ddfd1706282273264512021624", kill_on_drop: false }`
[INFO] running `Command { std: "docker" "inspect" "0353d60590c7a415b2c6c86f5bbac6a41ebdb6ddfd1706282273264512021624", kill_on_drop: false }`
[INFO] running `Command { std: "docker" "rm" "-f" "0353d60590c7a415b2c6c86f5bbac6a41ebdb6ddfd1706282273264512021624", kill_on_drop: false }`
[INFO] [stdout] 0353d60590c7a415b2c6c86f5bbac6a41ebdb6ddfd1706282273264512021624
[INFO] running `Command { std: "docker" "create" "-v" "/var/lib/crater-agent-workspace/builds/worker-4-tc2/target:/opt/rustwide/target:rw,Z" "-v" "/var/lib/crater-agent-workspace/builds/worker-4-tc2/source:/opt/rustwide/workdir:ro,Z" "-v" "/var/lib/crater-agent-workspace/cargo-home:/opt/rustwide/cargo-home:ro,Z" "-v" "/var/lib/crater-agent-workspace/rustup-home:/opt/rustwide/rustup-home:ro,Z" "-e" "SOURCE_DIR=/opt/rustwide/workdir" "-e" "CARGO_TARGET_DIR=/opt/rustwide/target" "-e" "CARGO_INCREMENTAL=0" "-e" "RUST_BACKTRACE=full" "-e" "RUSTFLAGS=--cap-lints=warn" "-e" "RUSTDOCFLAGS=--cap-lints=warn" "-e" "CARGO_HOME=/opt/rustwide/cargo-home" "-e" "RUSTUP_HOME=/opt/rustwide/rustup-home" "-w" "/opt/rustwide/workdir" "-m" "1610612736" "--user" "0:0" "--network" "none" "ghcr.io/rust-lang/crates-build-env/linux@sha256:5ff2268d62e97bff2cde7d5815dd6ed5b47097566f13b8d0ca110b04b60e07ed" "/opt/rustwide/cargo-home/bin/cargo" "+beta-2023-04-20" "build" "--frozen" "--message-format=json", kill_on_drop: false }`
[INFO] [stdout] a48980197bf94694b2053e41253715ed3e1511cc58188dd039fd77abd8b7602a
[INFO] running `Command { std: "docker" "start" "-a" "a48980197bf94694b2053e41253715ed3e1511cc58188dd039fd77abd8b7602a", kill_on_drop: false }`
[INFO] [stderr]    Compiling libc v0.2.137
[INFO] [stderr]    Compiling xml-rs v0.8.4
[INFO] [stderr]    Compiling libloading v0.7.4
[INFO] [stderr]    Compiling cmake v0.1.49
[INFO] [stderr]    Compiling khronos_api v3.1.0
[INFO] [stderr]    Compiling wayland-sys v0.29.5
[INFO] [stderr]    Compiling crossbeam-utils v0.8.12
[INFO] [stderr]    Compiling bytemuck v1.12.3
[INFO] [stderr]    Compiling memchr v2.5.0
[INFO] [stderr]    Compiling crossbeam-epoch v0.9.11
[INFO] [stderr]    Compiling syn v1.0.105
[INFO] [stderr]    Compiling slotmap v1.0.6
[INFO] [stderr]    Compiling miniz_oxide v0.6.2
[INFO] [stderr]    Compiling servo-fontconfig-sys v5.1.0
[INFO] [stderr]    Compiling downcast-rs v1.2.0
[INFO] [stderr]    Compiling scoped-tls v1.0.1
[INFO] [stderr]    Compiling x11-dl v2.20.1
[INFO] [stderr]    Compiling dlib v0.5.0
[INFO] [stderr]    Compiling rayon-core v1.10.1
[INFO] [stderr]    Compiling cfg_aliases v0.1.1
[INFO] [stderr]    Compiling num-traits v0.2.15
[INFO] [stderr]    Compiling crossfont v0.5.1
[INFO] [stderr]    Compiling smithay-client-toolkit v0.16.0
[INFO] [stderr]    Compiling wayland-scanner v0.29.5
[INFO] [stderr]    Compiling png v0.17.7
[INFO] [stderr]    Compiling freetype-sys v0.13.1
[INFO] [stderr]    Compiling expat-sys v2.1.6
[INFO] [stderr]    Compiling futures-core v0.3.25
[INFO] [stderr]    Compiling gl_generator v0.14.0
[INFO] [stderr]    Compiling foreign-types-shared v0.3.1
[INFO] [stderr]    Compiling arrayref v0.3.6
[INFO] [stderr]    Compiling crossbeam-channel v0.5.6
[INFO] [stderr]    Compiling nom v7.1.1
[INFO] [stderr]    Compiling cty v0.2.2
[INFO] [stderr]    Compiling crossbeam-deque v0.8.2
[INFO] [stderr]    Compiling tiny-skia-path v0.7.0
[INFO] [stderr]    Compiling safe_arch v0.5.2
[INFO] [stderr]    Compiling wayland-sys v0.30.1
[INFO] [stderr]    Compiling num-integer v0.1.45
[INFO] [stderr]    Compiling arrayvec v0.5.2
[INFO] [stderr]    Compiling either v1.8.0
[INFO] [stderr]    Compiling raw-window-handle v0.5.0
[INFO] [stderr]    Compiling glutin v0.30.3
[INFO] [stderr]    Compiling num-rational v0.4.1
[INFO] [stderr]    Compiling weezl v0.1.7
[INFO] [stderr]    Compiling futures-sink v0.3.25
[INFO] [stderr]    Compiling raw-window-handle v0.4.3
[INFO] [stderr]    Compiling glutin-winit v0.2.1
[INFO] [stderr]    Compiling glutin_glx_sys v0.3.0
[INFO] [stderr]    Compiling glutin_egl_sys v0.3.1
[INFO] [stderr]    Compiling tiny-skia v0.7.0
[INFO] [stderr]    Compiling instant v0.1.12
[INFO] [stderr]    Compiling nix v0.24.3
[INFO] [stderr]    Compiling num_cpus v1.14.0
[INFO] [stderr]    Compiling wayland-client v0.29.5
[INFO] [stderr]    Compiling wayland-protocols v0.29.5
[INFO] [stderr]    Compiling nix v0.25.1
[INFO] [stderr]    Compiling getrandom v0.2.8
[INFO] [stderr]    Compiling freetype-rs v0.26.0
[INFO] [stderr]    Compiling memmap2 v0.5.8
[INFO] [stderr]    Compiling servo-fontconfig v0.5.1
[INFO] [stderr]    Compiling nanorand v0.7.0
[INFO] [stderr]    Compiling parking_lot_core v0.9.5
[INFO] [stderr]    Compiling xcursor v0.3.4
[INFO] [stderr]    Compiling rayon v1.6.1
[INFO] [stderr]    Compiling parking_lot v0.12.1
[INFO] [stderr]    Compiling threadpool v1.8.1
[INFO] [stderr]    Compiling mio v0.8.5
[INFO] [stderr]    Compiling color_quant v1.1.0
[INFO] [stderr]    Compiling overload v0.1.1
[INFO] [stderr]    Compiling bit_field v0.10.1
[INFO] [stderr]    Compiling half v2.1.0
[INFO] [stderr]    Compiling lebe v0.5.2
[INFO] [stderr]    Compiling nu-ansi-term v0.46.0
[INFO] [stderr]    Compiling gif v0.11.4
[INFO] [stderr]    Compiling wayland-commons v0.29.5
[INFO] [stderr]    Compiling encase_derive_impl v0.4.1
[INFO] [stderr]    Compiling tracing-log v0.1.3
[INFO] [stderr]    Compiling glam v0.22.0
[INFO] [stderr]    Compiling thread_local v1.1.4
[INFO] [stderr]    Compiling sharded-slab v0.1.4
[INFO] [stderr]    Compiling const_panic v0.2.7
[INFO] [stderr]    Compiling json v0.12.4
[INFO] [stderr]    Compiling indextree v4.5.0
[INFO] [stderr]    Compiling glow v0.11.2
[INFO] [stderr]    Compiling tracing-subscriber v0.3.16
[INFO] [stderr]    Compiling thiserror-impl v1.0.37
[INFO] [stderr]    Compiling foreign-types-macros v0.2.2
[INFO] [stderr]    Compiling pin-project-internal v1.0.12
[INFO] [stderr]    Compiling encase_derive v0.4.1
[INFO] [stderr]    Compiling tracing-attributes v0.1.23
[INFO] [stderr]    Compiling wayland-cursor v0.29.5
[INFO] [stderr]    Compiling jpeg-decoder v0.3.0
[INFO] [stderr]    Compiling foreign-types v0.5.0
[INFO] [stderr]    Compiling tiff v0.8.0
[INFO] [stderr]    Compiling pin-project v1.0.12
[INFO] [stderr]    Compiling thiserror v1.0.37
[INFO] [stderr]    Compiling flume v0.10.14
[INFO] [stderr]    Compiling calloop v0.10.4
[INFO] [stderr]    Compiling encase v0.4.1
[INFO] [stderr]    Compiling tracing v0.1.37
[INFO] [stderr]    Compiling exr v1.5.2
[INFO] [stderr]    Compiling image v0.24.5
[INFO] [stderr]    Compiling sctk-adwaita v0.4.3
[INFO] [stderr]    Compiling winit v0.27.5
[INFO] [stderr]    Compiling inox2d v0.1.0 (/opt/rustwide/workdir)
[INFO] [stderr]     Finished dev [unoptimized + debuginfo] target(s) in 1m 13s
[INFO] running `Command { std: "docker" "inspect" "a48980197bf94694b2053e41253715ed3e1511cc58188dd039fd77abd8b7602a", kill_on_drop: false }`
[INFO] running `Command { std: "docker" "rm" "-f" "a48980197bf94694b2053e41253715ed3e1511cc58188dd039fd77abd8b7602a", kill_on_drop: false }`
[INFO] [stdout] a48980197bf94694b2053e41253715ed3e1511cc58188dd039fd77abd8b7602a
[INFO] running `Command { std: "docker" "create" "-v" "/var/lib/crater-agent-workspace/builds/worker-4-tc2/target:/opt/rustwide/target:rw,Z" "-v" "/var/lib/crater-agent-workspace/builds/worker-4-tc2/source:/opt/rustwide/workdir:ro,Z" "-v" "/var/lib/crater-agent-workspace/cargo-home:/opt/rustwide/cargo-home:ro,Z" "-v" "/var/lib/crater-agent-workspace/rustup-home:/opt/rustwide/rustup-home:ro,Z" "-e" "SOURCE_DIR=/opt/rustwide/workdir" "-e" "CARGO_TARGET_DIR=/opt/rustwide/target" "-e" "CARGO_INCREMENTAL=0" "-e" "RUST_BACKTRACE=full" "-e" "RUSTFLAGS=--cap-lints=warn" "-e" "RUSTDOCFLAGS=--cap-lints=warn" "-e" "CARGO_HOME=/opt/rustwide/cargo-home" "-e" "RUSTUP_HOME=/opt/rustwide/rustup-home" "-w" "/opt/rustwide/workdir" "-m" "1610612736" "--user" "0:0" "--network" "none" "ghcr.io/rust-lang/crates-build-env/linux@sha256:5ff2268d62e97bff2cde7d5815dd6ed5b47097566f13b8d0ca110b04b60e07ed" "/opt/rustwide/cargo-home/bin/cargo" "+beta-2023-04-20" "test" "--frozen" "--no-run" "--message-format=json", kill_on_drop: false }`
[INFO] [stdout] 4ca277dc311e8fb563ba871e554c6f109c69529fe3f6ae1f1ebe4e13c1439057
[INFO] running `Command { std: "docker" "start" "-a" "4ca277dc311e8fb563ba871e554c6f109c69529fe3f6ae1f1ebe4e13c1439057", kill_on_drop: false }`
[INFO] [stderr]    Compiling proc-macro-error-attr v1.0.4
[INFO] [stderr]    Compiling os_str_bytes v6.4.0
[INFO] [stderr]    Compiling atty v0.2.14
[INFO] [stderr]    Compiling clap_lex v0.3.0
[INFO] [stderr]    Compiling proc-macro-error v1.0.4
[INFO] [stderr]    Compiling clap_derive v4.0.21
[INFO] [stderr]    Compiling clap v4.0.26
[INFO] [stderr]    Compiling inox2d v0.1.0 (/opt/rustwide/workdir)
[INFO] [stderr]     Finished test [unoptimized + debuginfo] target(s) in 19.26s
[INFO] running `Command { std: "docker" "inspect" "4ca277dc311e8fb563ba871e554c6f109c69529fe3f6ae1f1ebe4e13c1439057", kill_on_drop: false }`
[INFO] running `Command { std: "docker" "rm" "-f" "4ca277dc311e8fb563ba871e554c6f109c69529fe3f6ae1f1ebe4e13c1439057", kill_on_drop: false }`
[INFO] [stdout] 4ca277dc311e8fb563ba871e554c6f109c69529fe3f6ae1f1ebe4e13c1439057
[INFO] running `Command { std: "docker" "create" "-v" "/var/lib/crater-agent-workspace/builds/worker-4-tc2/target:/opt/rustwide/target:rw,Z" "-v" "/var/lib/crater-agent-workspace/builds/worker-4-tc2/source:/opt/rustwide/workdir:ro,Z" "-v" "/var/lib/crater-agent-workspace/cargo-home:/opt/rustwide/cargo-home:ro,Z" "-v" "/var/lib/crater-agent-workspace/rustup-home:/opt/rustwide/rustup-home:ro,Z" "-e" "SOURCE_DIR=/opt/rustwide/workdir" "-e" "CARGO_TARGET_DIR=/opt/rustwide/target" "-e" "CARGO_INCREMENTAL=0" "-e" "RUST_BACKTRACE=full" "-e" "RUSTFLAGS=--cap-lints=warn" "-e" "RUSTDOCFLAGS=--cap-lints=warn" "-e" "CARGO_HOME=/opt/rustwide/cargo-home" "-e" "RUSTUP_HOME=/opt/rustwide/rustup-home" "-w" "/opt/rustwide/workdir" "-m" "1610612736" "--user" "0:0" "--network" "none" "ghcr.io/rust-lang/crates-build-env/linux@sha256:5ff2268d62e97bff2cde7d5815dd6ed5b47097566f13b8d0ca110b04b60e07ed" "/opt/rustwide/cargo-home/bin/cargo" "+beta-2023-04-20" "test" "--frozen", kill_on_drop: false }`
[INFO] [stdout] f5671121b314a51a77b4bfb4a03f6f5d73566fe96dd3dff79f35f733ec3495bc
[INFO] running `Command { std: "docker" "start" "-a" "f5671121b314a51a77b4bfb4a03f6f5d73566fe96dd3dff79f35f733ec3495bc", kill_on_drop: false }`
[INFO] [stderr]     Finished test [unoptimized + debuginfo] target(s) in 0.22s
[INFO] [stderr]      Running unittests src/lib.rs (/opt/rustwide/target/debug/deps/inox2d-27ed3a181e6a5df9)
[INFO] [stdout] 
[INFO] [stdout] running 0 tests
[INFO] [stdout] 
[INFO] [stdout] test result: ok. 0 passed; 0 failed; 0 ignored; 0 measured; 0 filtered out; finished in 0.00s
[INFO] [stdout] 
[INFO] [stderr]    Doc-tests inox2d
[INFO] [stdout] 
[INFO] [stdout] running 1 test
[INFO] [stdout] test src/mesh.rs - mesh::Mesh::quad (line 99) - compile ... FAILED
[INFO] [stdout] 
[INFO] [stdout] failures:
[INFO] [stdout] 
[INFO] [stdout] ---- src/mesh.rs - mesh::Mesh::quad (line 99) stdout ----
[INFO] [stdout] error[E0433]: failed to resolve: use of undeclared type `Mesh`
[INFO] [stdout]  --> src/mesh.rs:100:1
[INFO] [stdout]   |
[INFO] [stdout] 3 | Mesh::quad()
[INFO] [stdout]   | ^^^^ use of undeclared type `Mesh`
[INFO] [stdout]   |
[INFO] [stdout] help: consider importing this struct
[INFO] [stdout]   |
[INFO] [stdout] 2 + use inox2d::mesh::Mesh;
[INFO] [stdout]   |
[INFO] [stdout] 
[INFO] [stdout] error[E0425]: cannot find value `texture` in this scope
[INFO] [stdout]  --> src/mesh.rs:102:11
[INFO] [stdout]   |
[INFO] [stdout] 5 |     .size(texture.width, texture.height)
[INFO] [stdout]   |           ^^^^^^^ not found in this scope
[INFO] [stdout] 
[INFO] [stdout] error[E0425]: cannot find value `texture` in this scope
[INFO] [stdout]  --> src/mesh.rs:102:26
[INFO] [stdout]   |
[INFO] [stdout] 5 |     .size(texture.width, texture.height)
[INFO] [stdout]   |                          ^^^^^^^ not found in this scope
[INFO] [stdout] 
[INFO] [stdout] error[E0425]: cannot find function `vec4` in this scope
[INFO] [stdout]  --> src/mesh.rs:104:16
[INFO] [stdout]   |
[INFO] [stdout] 7 |     .uv_bounds(vec4(0., 0., 1., 1.))
[INFO] [stdout]   |                ^^^^ not found in this scope
[INFO] [stdout]   |
[INFO] [stdout] help: consider importing this function
[INFO] [stdout]   |
[INFO] [stdout] 2 + use glam::vec4;
[INFO] [stdout]   |
[INFO] [stdout] 
[INFO] [stdout] error: aborting due to 4 previous errors
[INFO] [stdout] 
[INFO] [stdout] Some errors have detailed explanations: E0425, E0433.
[INFO] [stdout] For more information about an error, try `rustc --explain E0425`.
[INFO] [stdout] Couldn't compile the test.
[INFO] [stdout] 
[INFO] [stdout] failures:
[INFO] [stdout]     src/mesh.rs - mesh::Mesh::quad (line 99)
[INFO] [stdout] 
[INFO] [stdout] test result: FAILED. 0 passed; 1 failed; 0 ignored; 0 measured; 0 filtered out; finished in 0.14s
[INFO] [stdout] 
[INFO] [stderr] error: doctest failed, to rerun pass `--doc`
[INFO] running `Command { std: "docker" "inspect" "f5671121b314a51a77b4bfb4a03f6f5d73566fe96dd3dff79f35f733ec3495bc", kill_on_drop: false }`
[INFO] running `Command { std: "docker" "rm" "-f" "f5671121b314a51a77b4bfb4a03f6f5d73566fe96dd3dff79f35f733ec3495bc", kill_on_drop: false }`
[INFO] [stdout] f5671121b314a51a77b4bfb4a03f6f5d73566fe96dd3dff79f35f733ec3495bc
