[INFO] fetching crate inkpad 0.2.0...
[INFO] testing inkpad-0.2.0 against 1.69.0 for beta-1.70-1
[INFO] extracting crate inkpad 0.2.0 into /workspace/builds/worker-4-tc1/source
[INFO] validating manifest of crates.io crate inkpad 0.2.0 on toolchain 1.69.0
[INFO] running `Command { std: CARGO_HOME="/workspace/cargo-home" RUSTUP_HOME="/workspace/rustup-home" "/workspace/cargo-home/bin/cargo" "+1.69.0" "metadata" "--manifest-path" "Cargo.toml" "--no-deps", kill_on_drop: false }`
[INFO] started tweaking crates.io crate inkpad 0.2.0
[INFO] finished tweaking crates.io crate inkpad 0.2.0
[INFO] tweaked toml for crates.io crate inkpad 0.2.0 written to /workspace/builds/worker-4-tc1/source/Cargo.toml
[INFO] crate crates.io crate inkpad 0.2.0 already has a lockfile, it will not be regenerated
[INFO] running `Command { std: CARGO_HOME="/workspace/cargo-home" RUSTUP_HOME="/workspace/rustup-home" "/workspace/cargo-home/bin/cargo" "+1.69.0" "fetch" "--manifest-path" "Cargo.toml", kill_on_drop: false }`
[INFO] [stderr]  Downloading crates ...
[INFO] [stderr]   Downloaded byte-slice-cast v1.2.1
[INFO] [stderr]   Downloaded inkpad-derive v0.1.0
[INFO] [stderr]   Downloaded inkpad-seal v0.1.0
[INFO] [stderr]   Downloaded wat v1.0.41
[INFO] [stderr]   Downloaded getrandom v0.2.5
[INFO] [stderr]   Downloaded wast v39.0.0
[INFO] [stderr]   Downloaded etc v0.1.16
[INFO] [stderr]   Downloaded region v2.2.0
[INFO] [stderr]   Downloaded wasmparser v0.77.0
[INFO] [stderr]   Downloaded redox_users v0.4.2
[INFO] [stderr]   Downloaded zstd v0.6.1+zstd.1.4.9
[INFO] [stderr]   Downloaded inkpad-sandbox v0.1.0
[INFO] [stderr]   Downloaded inkpad-executor v0.1.0
[INFO] [stderr]   Downloaded cranelift-wasm v0.73.1
[INFO] [stderr]   Downloaded wasmtime-obj v0.26.1
[INFO] [stderr]   Downloaded cranelift-native v0.73.1
[INFO] [stderr]   Downloaded file-per-thread-logger v0.1.5
[INFO] [stderr]   Downloaded zstd-safe v3.0.1+zstd.1.4.9
[INFO] [stderr]   Downloaded patract-wasmi v0.9.1
[INFO] [stderr]   Downloaded wasmtime-profiling v0.26.1
[INFO] [stderr]   Downloaded inkpad-ri v0.1.0
[INFO] [stderr]   Downloaded wasmtime-debug v0.26.1
[INFO] [stderr]   Downloaded zstd-sys v1.4.20+zstd.1.4.9
[INFO] [stderr]   Downloaded cranelift-codegen v0.73.1
[INFO] [stderr]   Downloaded cranelift-codegen-meta v0.73.1
[INFO] [stderr]   Downloaded psm v0.1.17
[INFO] [stderr]   Downloaded cranelift-bforest v0.73.1
[INFO] [stderr]   Downloaded wasmtime-cache v0.26.1
[INFO] [stderr]   Downloaded wasmtime-jit v0.26.1
[INFO] [stderr]   Downloaded wasmtime-cranelift v0.26.1
[INFO] [stderr]   Downloaded cranelift-entity v0.73.1
[INFO] [stderr]   Downloaded cranelift-codegen-shared v0.73.1
[INFO] [stderr]   Downloaded cranelift-frontend v0.73.1
[INFO] [stderr]   Downloaded wasmtime-environ v0.26.1
[INFO] [stderr]   Downloaded wasmtime-fiber v0.26.1
[INFO] [stderr]   Downloaded scroll_derive v0.10.5
[INFO] [stderr]   Downloaded wasmtime-runtime v0.26.1
[INFO] [stderr]   Downloaded wasmtime v0.26.1
[INFO] [stderr]   Downloaded inkpad-runtime v0.1.0
[INFO] [stderr]   Downloaded libsecp256k1 v0.7.0
[INFO] [stderr]   Downloaded inkpad-std v0.1.0
[INFO] [stderr]   Downloaded inkpad-support v0.1.0
[INFO] [stderr]   Downloaded target-lexicon v0.12.3
[INFO] [stderr]   Downloaded quote v1.0.16
[INFO] [stderr]   Downloaded parity-wasm v0.42.2
[INFO] [stderr]   Downloaded wasmi-validation v0.4.1
[INFO] [stderr]   Downloaded syn v1.0.89
[INFO] running `Command { std: "docker" "create" "-v" "/var/lib/crater-agent-workspace/builds/worker-4-tc1/target:/opt/rustwide/target:rw,Z" "-v" "/var/lib/crater-agent-workspace/builds/worker-4-tc1/source:/opt/rustwide/workdir:ro,Z" "-v" "/var/lib/crater-agent-workspace/cargo-home:/opt/rustwide/cargo-home:ro,Z" "-v" "/var/lib/crater-agent-workspace/rustup-home:/opt/rustwide/rustup-home:ro,Z" "-e" "SOURCE_DIR=/opt/rustwide/workdir" "-e" "CARGO_TARGET_DIR=/opt/rustwide/target" "-e" "CARGO_HOME=/opt/rustwide/cargo-home" "-e" "RUSTUP_HOME=/opt/rustwide/rustup-home" "-w" "/opt/rustwide/workdir" "-m" "1610612736" "--user" "0:0" "--network" "none" "ghcr.io/rust-lang/crates-build-env/linux@sha256:5ff2268d62e97bff2cde7d5815dd6ed5b47097566f13b8d0ca110b04b60e07ed" "/opt/rustwide/cargo-home/bin/cargo" "+1.69.0" "metadata" "--no-deps" "--format-version=1", kill_on_drop: false }`
[INFO] [stdout] 566fda682f4ae435d1a18035f4c6a7fc0d0efc9ee4f5e3c5c5c5e04062176435
[INFO] running `Command { std: "docker" "start" "-a" "566fda682f4ae435d1a18035f4c6a7fc0d0efc9ee4f5e3c5c5c5e04062176435", kill_on_drop: false }`
[INFO] running `Command { std: "docker" "inspect" "566fda682f4ae435d1a18035f4c6a7fc0d0efc9ee4f5e3c5c5c5e04062176435", kill_on_drop: false }`
[INFO] running `Command { std: "docker" "rm" "-f" "566fda682f4ae435d1a18035f4c6a7fc0d0efc9ee4f5e3c5c5c5e04062176435", kill_on_drop: false }`
[INFO] [stdout] 566fda682f4ae435d1a18035f4c6a7fc0d0efc9ee4f5e3c5c5c5e04062176435
[INFO] running `Command { std: "docker" "create" "-v" "/var/lib/crater-agent-workspace/builds/worker-4-tc1/target:/opt/rustwide/target:rw,Z" "-v" "/var/lib/crater-agent-workspace/builds/worker-4-tc1/source:/opt/rustwide/workdir:ro,Z" "-v" "/var/lib/crater-agent-workspace/cargo-home:/opt/rustwide/cargo-home:ro,Z" "-v" "/var/lib/crater-agent-workspace/rustup-home:/opt/rustwide/rustup-home:ro,Z" "-e" "SOURCE_DIR=/opt/rustwide/workdir" "-e" "CARGO_TARGET_DIR=/opt/rustwide/target" "-e" "CARGO_INCREMENTAL=0" "-e" "RUST_BACKTRACE=full" "-e" "RUSTFLAGS=--cap-lints=warn" "-e" "RUSTDOCFLAGS=--cap-lints=warn" "-e" "CARGO_HOME=/opt/rustwide/cargo-home" "-e" "RUSTUP_HOME=/opt/rustwide/rustup-home" "-w" "/opt/rustwide/workdir" "-m" "1610612736" "--user" "0:0" "--network" "none" "ghcr.io/rust-lang/crates-build-env/linux@sha256:5ff2268d62e97bff2cde7d5815dd6ed5b47097566f13b8d0ca110b04b60e07ed" "/opt/rustwide/cargo-home/bin/cargo" "+1.69.0" "build" "--frozen" "--message-format=json", kill_on_drop: false }`
[INFO] [stdout] 4e6727e9ec4a2cd948b494ae75742c789fde1cd14713fcefbf28ad2e4a485af8
[INFO] running `Command { std: "docker" "start" "-a" "4e6727e9ec4a2cd948b494ae75742c789fde1cd14713fcefbf28ad2e4a485af8", kill_on_drop: false }`
[INFO] [stderr]    Compiling version_check v0.9.4
[INFO] [stderr]    Compiling proc-macro2 v1.0.36
[INFO] [stderr]    Compiling unicode-xid v0.2.2
[INFO] [stderr]    Compiling autocfg v1.1.0
[INFO] [stderr]    Compiling syn v1.0.89
[INFO] [stderr]    Compiling libc v0.2.121
[INFO] [stderr]    Compiling cfg-if v1.0.0
[INFO] [stderr]    Compiling typenum v1.15.0
[INFO] [stderr]    Compiling serde_derive v1.0.136
[INFO] [stderr]    Compiling serde v1.0.136
[INFO] [stderr]    Compiling crunchy v0.2.2
[INFO] [stderr]    Compiling subtle v2.4.1
[INFO] [stderr]    Compiling radium v0.6.2
[INFO] [stderr]    Compiling log v0.4.16
[INFO] [stderr]    Compiling tap v1.0.1
[INFO] [stderr]    Compiling wyz v0.2.0
[INFO] [stderr]    Compiling parity-wasm v0.42.2
[INFO] [stderr]    Compiling funty v1.1.0
[INFO] [stderr]    Compiling anyhow v1.0.56
[INFO] [stderr]    Compiling arrayvec v0.7.2
[INFO] [stderr]    Compiling byte-slice-cast v1.2.1
[INFO] [stderr]    Compiling bitflags v1.3.2
[INFO] [stderr]    Compiling ppv-lite86 v0.2.16
[INFO] [stderr]    Compiling opaque-debug v0.3.0
[INFO] [stderr]    Compiling generic-array v0.14.5
[INFO] [stderr]    Compiling rustc-demangle v0.1.21
[INFO] [stderr]    Compiling num-traits v0.2.14
[INFO] [stderr]    Compiling num-integer v0.1.44
[INFO] [stderr]    Compiling num-bigint v0.2.6
[INFO] [stderr]    Compiling num-rational v0.2.4
[INFO] [stderr]    Compiling hex v0.4.3
[INFO] [stderr]    Compiling memory_units v0.3.0
[INFO] [stderr]    Compiling inkpad-std v0.1.0
[INFO] [stderr]    Compiling bitvec v0.20.4
[INFO] [stderr]    Compiling downcast-rs v1.2.0
[INFO] [stderr]    Compiling cpufeatures v0.2.2
[INFO] [stderr]    Compiling proc-macro-error-attr v1.0.4
[INFO] [stderr]    Compiling memchr v2.4.1
[INFO] [stderr]    Compiling base64 v0.13.0
[INFO] [stderr]    Compiling arrayref v0.3.6
[INFO] [stderr]    Compiling memoffset v0.6.5
[INFO] [stderr]    Compiling quote v1.0.16
[INFO] [stderr]    Compiling proc-macro-error v1.0.4
[INFO] [stderr]    Compiling wasmi-validation v0.4.1
[INFO] [stderr]    Compiling crossbeam-utils v0.8.8
[INFO] [stderr]    Compiling parking_lot_core v0.8.5
[INFO] [stderr]    Compiling arrayvec v0.4.12
[INFO] [stderr]    Compiling lazy_static v1.4.0
[INFO] [stderr]    Compiling scopeguard v1.1.0
[INFO] [stderr]    Compiling getrandom v0.2.5
[INFO] [stderr]    Compiling atty v0.2.14
[INFO] [stderr]    Compiling crossbeam-epoch v0.9.8
[INFO] [stderr]    Compiling instant v0.1.12
[INFO] [stderr]    Compiling rand_core v0.6.3
[INFO] [stderr]    Compiling unicode-segmentation v1.9.0
[INFO] [stderr]    Compiling nodrop v0.1.14
[INFO] [stderr]    Compiling tiny-keccak v2.0.2
[INFO] [stderr]    Compiling serde_json v1.0.79
[INFO] [stderr]    Compiling rand_chacha v0.3.1
[INFO] [stderr]    Compiling unicode-width v0.1.9
[INFO] [stderr]    Compiling crc32fast v1.3.2
[INFO] [stderr]    Compiling smallvec v1.8.0
[INFO] [stderr]    Compiling textwrap v0.11.0
[INFO] [stderr]    Compiling rand v0.8.5
[INFO] [stderr]    Compiling heck v0.3.3
[INFO] [stderr]    Compiling aho-corasick v0.7.18
[INFO] [stderr]    Compiling lock_api v0.4.6
[INFO] [stderr]    Compiling digest v0.9.0
[INFO] [stderr]    Compiling crypto-mac v0.8.0
[INFO] [stderr]    Compiling block-buffer v0.9.0
[INFO] [stderr]    Compiling byteorder v1.4.3
[INFO] [stderr]    Compiling vec_map v0.8.2
[INFO] [stderr]    Compiling constant_time_eq v0.1.5
[INFO] [stderr]    Compiling strsim v0.8.0
[INFO] [stderr]    Compiling regex-syntax v0.6.25
[INFO] [stderr]    Compiling ryu v1.0.9
[INFO] [stderr]    Compiling libsecp256k1-core v0.3.0
[INFO] [stderr]    Compiling hmac v0.8.1
[INFO] [stderr]    Compiling sha2 v0.9.9
[INFO] [stderr]    Compiling itoa v1.0.1
[INFO] [stderr]    Compiling ansi_term v0.12.1
[INFO] [stderr]    Compiling hmac-drbg v0.3.0
[INFO] [stderr]    Compiling fxhash v0.2.1
[INFO] [stderr]    Compiling parking_lot v0.11.2
[INFO] [stderr]    Compiling blake2-rfc v0.2.18
[INFO] [stderr]    Compiling clap v2.34.0
[INFO] [stderr]    Compiling dirs-sys v0.3.7
[INFO] [stderr]    Compiling fs2 v0.4.3
[INFO] [stderr]    Compiling termcolor v1.1.3
[INFO] [stderr]    Compiling humantime v2.1.0
[INFO] [stderr]    Compiling sled v0.34.7
[INFO] [stderr]    Compiling dirs v3.0.2
[INFO] [stderr]    Compiling etc v0.1.16
[INFO] [stderr]    Compiling libsecp256k1-gen-genmult v0.3.0
[INFO] [stderr]    Compiling libsecp256k1-gen-ecmult v0.3.0
[INFO] [stderr]    Compiling patract-wasmi v0.9.1
[INFO] [stderr]    Compiling libsecp256k1 v0.7.0
[INFO] [stderr]    Compiling regex v1.5.5
[INFO] [stderr]    Compiling env_logger v0.8.4
[INFO] [stderr]    Compiling thiserror-impl v1.0.30
[INFO] [stderr]    Compiling impl-trait-for-tuples v0.2.2
[INFO] [stderr]    Compiling derivative v2.2.0
[INFO] [stderr]    Compiling inkpad-derive v0.1.0
[INFO] [stderr]    Compiling structopt-derive v0.4.18
[INFO] [stderr]    Compiling structopt v0.3.26
[INFO] [stderr]    Compiling thiserror v1.0.30
[INFO] [stderr]    Compiling toml v0.5.8
[INFO] [stderr]    Compiling proc-macro-crate v1.1.3
[INFO] [stderr]    Compiling parity-scale-codec-derive v2.3.1
[INFO] [stderr]    Compiling parity-scale-codec v2.3.1
[INFO] [stderr]    Compiling inkpad-support v0.1.0
[INFO] [stderr]    Compiling inkpad-executor v0.1.0
[INFO] [stderr]    Compiling inkpad-sandbox v0.1.0
[INFO] [stderr]    Compiling inkpad-seal v0.1.0
[INFO] [stderr]    Compiling inkpad-runtime v0.1.0
[INFO] [stderr]    Compiling inkpad-ri v0.1.0
[INFO] [stderr]    Compiling inkpad v0.2.0 (/opt/rustwide/workdir)
[INFO] [stderr]     Finished dev [unoptimized + debuginfo] target(s) in 27.71s
[INFO] running `Command { std: "docker" "inspect" "4e6727e9ec4a2cd948b494ae75742c789fde1cd14713fcefbf28ad2e4a485af8", kill_on_drop: false }`
[INFO] running `Command { std: "docker" "rm" "-f" "4e6727e9ec4a2cd948b494ae75742c789fde1cd14713fcefbf28ad2e4a485af8", kill_on_drop: false }`
[INFO] [stdout] 4e6727e9ec4a2cd948b494ae75742c789fde1cd14713fcefbf28ad2e4a485af8
[INFO] running `Command { std: "docker" "create" "-v" "/var/lib/crater-agent-workspace/builds/worker-4-tc1/target:/opt/rustwide/target:rw,Z" "-v" "/var/lib/crater-agent-workspace/builds/worker-4-tc1/source:/opt/rustwide/workdir:ro,Z" "-v" "/var/lib/crater-agent-workspace/cargo-home:/opt/rustwide/cargo-home:ro,Z" "-v" "/var/lib/crater-agent-workspace/rustup-home:/opt/rustwide/rustup-home:ro,Z" "-e" "SOURCE_DIR=/opt/rustwide/workdir" "-e" "CARGO_TARGET_DIR=/opt/rustwide/target" "-e" "CARGO_INCREMENTAL=0" "-e" "RUST_BACKTRACE=full" "-e" "RUSTFLAGS=--cap-lints=warn" "-e" "RUSTDOCFLAGS=--cap-lints=warn" "-e" "CARGO_HOME=/opt/rustwide/cargo-home" "-e" "RUSTUP_HOME=/opt/rustwide/rustup-home" "-w" "/opt/rustwide/workdir" "-m" "1610612736" "--user" "0:0" "--network" "none" "ghcr.io/rust-lang/crates-build-env/linux@sha256:5ff2268d62e97bff2cde7d5815dd6ed5b47097566f13b8d0ca110b04b60e07ed" "/opt/rustwide/cargo-home/bin/cargo" "+1.69.0" "test" "--frozen" "--no-run" "--message-format=json", kill_on_drop: false }`
[INFO] [stdout] 13fb27313d226c685adb1ed7221deb9715936ae86f88e5894a78793a7edd895c
[INFO] running `Command { std: "docker" "start" "-a" "13fb27313d226c685adb1ed7221deb9715936ae86f88e5894a78793a7edd895c", kill_on_drop: false }`
[INFO] [stderr]     Blocking waiting for file lock on package cache
[INFO] [stderr]    Compiling inkpad v0.2.0 (/opt/rustwide/workdir)
[INFO] [stderr]     Finished test [unoptimized + debuginfo] target(s) in 0.45s
[INFO] running `Command { std: "docker" "inspect" "13fb27313d226c685adb1ed7221deb9715936ae86f88e5894a78793a7edd895c", kill_on_drop: false }`
[INFO] running `Command { std: "docker" "rm" "-f" "13fb27313d226c685adb1ed7221deb9715936ae86f88e5894a78793a7edd895c", kill_on_drop: false }`
[INFO] [stdout] 13fb27313d226c685adb1ed7221deb9715936ae86f88e5894a78793a7edd895c
[INFO] running `Command { std: "docker" "create" "-v" "/var/lib/crater-agent-workspace/builds/worker-4-tc1/target:/opt/rustwide/target:rw,Z" "-v" "/var/lib/crater-agent-workspace/builds/worker-4-tc1/source:/opt/rustwide/workdir:ro,Z" "-v" "/var/lib/crater-agent-workspace/cargo-home:/opt/rustwide/cargo-home:ro,Z" "-v" "/var/lib/crater-agent-workspace/rustup-home:/opt/rustwide/rustup-home:ro,Z" "-e" "SOURCE_DIR=/opt/rustwide/workdir" "-e" "CARGO_TARGET_DIR=/opt/rustwide/target" "-e" "CARGO_INCREMENTAL=0" "-e" "RUST_BACKTRACE=full" "-e" "RUSTFLAGS=--cap-lints=warn" "-e" "RUSTDOCFLAGS=--cap-lints=warn" "-e" "CARGO_HOME=/opt/rustwide/cargo-home" "-e" "RUSTUP_HOME=/opt/rustwide/rustup-home" "-w" "/opt/rustwide/workdir" "-m" "1610612736" "--user" "0:0" "--network" "none" "ghcr.io/rust-lang/crates-build-env/linux@sha256:5ff2268d62e97bff2cde7d5815dd6ed5b47097566f13b8d0ca110b04b60e07ed" "/opt/rustwide/cargo-home/bin/cargo" "+1.69.0" "test" "--frozen", kill_on_drop: false }`
[INFO] [stdout] 4b31b52b4b5b2858be31c5a9589b481a38be3652426d065c04df19a0e7d4472a
[INFO] running `Command { std: "docker" "start" "-a" "4b31b52b4b5b2858be31c5a9589b481a38be3652426d065c04df19a0e7d4472a", kill_on_drop: false }`
[INFO] [stderr]     Finished test [unoptimized + debuginfo] target(s) in 0.09s
[INFO] [stderr]      Running unittests src/lib.rs (/opt/rustwide/target/debug/deps/inkpad-841a100d3b927ddd)
[INFO] [stdout] 
[INFO] [stdout] running 0 tests
[INFO] [stdout] 
[INFO] [stdout] test result: ok. 0 passed; 0 failed; 0 ignored; 0 measured; 0 filtered out; finished in 0.00s
[INFO] [stdout] 
[INFO] [stderr]      Running unittests bin/inkpad.rs (/opt/rustwide/target/debug/deps/inkpad-52da3e4b67003216)
[INFO] [stdout] 
[INFO] [stdout] running 0 tests
[INFO] [stdout] 
[INFO] [stdout] test result: ok. 0 passed; 0 failed; 0 ignored; 0 measured; 0 filtered out; finished in 0.00s
[INFO] [stdout] 
[INFO] [stderr]    Doc-tests inkpad
[INFO] [stdout] 
[INFO] [stdout] running 1 test
[INFO] [stdout] test src/util.rs - util::decode_addr (line 6) ... FAILED
[INFO] [stdout] 
[INFO] [stdout] failures:
[INFO] [stdout] 
[INFO] [stdout] ---- src/util.rs - util::decode_addr (line 6) stdout ----
[INFO] [stdout] error[E0433]: failed to resolve: use of undeclared crate or module `inkpad_cli`
[INFO] [stdout]  --> src/util.rs:8:3
[INFO] [stdout]   |
[INFO] [stdout] 5 |   inkpad_cli::util::decode_addr(
[INFO] [stdout]   |   ^^^^^^^^^^ use of undeclared crate or module `inkpad_cli`
[INFO] [stdout]   |
[INFO] [stdout] help: there is a crate or module with a similar name
[INFO] [stdout]   |
[INFO] [stdout] 5 |   inkpad_ri::util::decode_addr(
[INFO] [stdout]   |   ~~~~~~~~~
[INFO] [stdout] 
[INFO] [stdout] error: aborting due to previous error
[INFO] [stdout] 
[INFO] [stdout] For more information about this error, try `rustc --explain E0433`.
[INFO] [stdout] Couldn't compile the test.
[INFO] [stdout] 
[INFO] [stdout] failures:
[INFO] [stdout]     src/util.rs - util::decode_addr (line 6)
[INFO] [stdout] 
[INFO] [stdout] test result: FAILED. 0 passed; 1 failed; 0 ignored; 0 measured; 0 filtered out; finished in 0.04s
[INFO] [stdout] 
[INFO] [stderr] error: doctest failed, to rerun pass `--doc`
[INFO] running `Command { std: "docker" "inspect" "4b31b52b4b5b2858be31c5a9589b481a38be3652426d065c04df19a0e7d4472a", kill_on_drop: false }`
[INFO] running `Command { std: "docker" "rm" "-f" "4b31b52b4b5b2858be31c5a9589b481a38be3652426d065c04df19a0e7d4472a", kill_on_drop: false }`
[INFO] [stdout] 4b31b52b4b5b2858be31c5a9589b481a38be3652426d065c04df19a0e7d4472a
