[INFO] fetching crate inid_rs 0.1.2...
[INFO] testing inid_rs-0.1.2 against beta-2023-04-20 for beta-1.70-1
[INFO] extracting crate inid_rs 0.1.2 into /workspace/builds/worker-0-tc2/source
[INFO] validating manifest of crates.io crate inid_rs 0.1.2 on toolchain beta-2023-04-20
[INFO] running `Command { std: CARGO_HOME="/workspace/cargo-home" RUSTUP_HOME="/workspace/rustup-home" "/workspace/cargo-home/bin/cargo" "+beta-2023-04-20" "metadata" "--manifest-path" "Cargo.toml" "--no-deps", kill_on_drop: false }`
[INFO] started tweaking crates.io crate inid_rs 0.1.2
[INFO] finished tweaking crates.io crate inid_rs 0.1.2
[INFO] tweaked toml for crates.io crate inid_rs 0.1.2 written to /workspace/builds/worker-0-tc2/source/Cargo.toml
[INFO] crate crates.io crate inid_rs 0.1.2 already has a lockfile, it will not be regenerated
[INFO] running `Command { std: CARGO_HOME="/workspace/cargo-home" RUSTUP_HOME="/workspace/rustup-home" "/workspace/cargo-home/bin/cargo" "+beta-2023-04-20" "fetch" "--manifest-path" "Cargo.toml", kill_on_drop: false }`
[INFO] running `Command { std: "docker" "create" "-v" "/var/lib/crater-agent-workspace/builds/worker-0-tc2/target:/opt/rustwide/target:rw,Z" "-v" "/var/lib/crater-agent-workspace/builds/worker-0-tc2/source:/opt/rustwide/workdir:ro,Z" "-v" "/var/lib/crater-agent-workspace/cargo-home:/opt/rustwide/cargo-home:ro,Z" "-v" "/var/lib/crater-agent-workspace/rustup-home:/opt/rustwide/rustup-home:ro,Z" "-e" "SOURCE_DIR=/opt/rustwide/workdir" "-e" "CARGO_TARGET_DIR=/opt/rustwide/target" "-e" "CARGO_HOME=/opt/rustwide/cargo-home" "-e" "RUSTUP_HOME=/opt/rustwide/rustup-home" "-w" "/opt/rustwide/workdir" "-m" "1610612736" "--user" "0:0" "--network" "none" "ghcr.io/rust-lang/crates-build-env/linux@sha256:5ff2268d62e97bff2cde7d5815dd6ed5b47097566f13b8d0ca110b04b60e07ed" "/opt/rustwide/cargo-home/bin/cargo" "+beta-2023-04-20" "metadata" "--no-deps" "--format-version=1", kill_on_drop: false }`
[INFO] [stdout] b743f971c9e3c3bc3cc54ef8cbb9067f0a49ffa6a69c56080a89dfb4a6b62cd2
[INFO] running `Command { std: "docker" "start" "-a" "b743f971c9e3c3bc3cc54ef8cbb9067f0a49ffa6a69c56080a89dfb4a6b62cd2", kill_on_drop: false }`
[INFO] running `Command { std: "docker" "inspect" "b743f971c9e3c3bc3cc54ef8cbb9067f0a49ffa6a69c56080a89dfb4a6b62cd2", kill_on_drop: false }`
[INFO] running `Command { std: "docker" "rm" "-f" "b743f971c9e3c3bc3cc54ef8cbb9067f0a49ffa6a69c56080a89dfb4a6b62cd2", kill_on_drop: false }`
[INFO] [stdout] b743f971c9e3c3bc3cc54ef8cbb9067f0a49ffa6a69c56080a89dfb4a6b62cd2
[INFO] running `Command { std: "docker" "create" "-v" "/var/lib/crater-agent-workspace/builds/worker-0-tc2/target:/opt/rustwide/target:rw,Z" "-v" "/var/lib/crater-agent-workspace/builds/worker-0-tc2/source:/opt/rustwide/workdir:ro,Z" "-v" "/var/lib/crater-agent-workspace/cargo-home:/opt/rustwide/cargo-home:ro,Z" "-v" "/var/lib/crater-agent-workspace/rustup-home:/opt/rustwide/rustup-home:ro,Z" "-e" "SOURCE_DIR=/opt/rustwide/workdir" "-e" "CARGO_TARGET_DIR=/opt/rustwide/target" "-e" "CARGO_INCREMENTAL=0" "-e" "RUST_BACKTRACE=full" "-e" "RUSTFLAGS=--cap-lints=warn" "-e" "RUSTDOCFLAGS=--cap-lints=warn" "-e" "CARGO_HOME=/opt/rustwide/cargo-home" "-e" "RUSTUP_HOME=/opt/rustwide/rustup-home" "-w" "/opt/rustwide/workdir" "-m" "1610612736" "--user" "0:0" "--network" "none" "ghcr.io/rust-lang/crates-build-env/linux@sha256:5ff2268d62e97bff2cde7d5815dd6ed5b47097566f13b8d0ca110b04b60e07ed" "/opt/rustwide/cargo-home/bin/cargo" "+beta-2023-04-20" "build" "--frozen" "--message-format=json", kill_on_drop: false }`
[INFO] [stdout] 80bcfee2e2bea9a79d3d0eec74d27528e6e9d209f7aab38f867869f2ebf5dc69
[INFO] running `Command { std: "docker" "start" "-a" "80bcfee2e2bea9a79d3d0eec74d27528e6e9d209f7aab38f867869f2ebf5dc69", kill_on_drop: false }`
[INFO] [stderr]    Compiling libc v0.2.139
[INFO] [stderr]    Compiling getrandom v0.2.8
[INFO] [stderr]    Compiling rand_core v0.6.4
[INFO] [stderr]    Compiling rand_chacha v0.3.1
[INFO] [stderr]    Compiling rand v0.8.5
[INFO] [stderr]    Compiling inid_rs v0.1.2 (/opt/rustwide/workdir)
[INFO] [stderr]     Finished dev [unoptimized + debuginfo] target(s) in 4.13s
[INFO] running `Command { std: "docker" "inspect" "80bcfee2e2bea9a79d3d0eec74d27528e6e9d209f7aab38f867869f2ebf5dc69", kill_on_drop: false }`
[INFO] running `Command { std: "docker" "rm" "-f" "80bcfee2e2bea9a79d3d0eec74d27528e6e9d209f7aab38f867869f2ebf5dc69", kill_on_drop: false }`
[INFO] [stdout] 80bcfee2e2bea9a79d3d0eec74d27528e6e9d209f7aab38f867869f2ebf5dc69
[INFO] running `Command { std: "docker" "create" "-v" "/var/lib/crater-agent-workspace/builds/worker-0-tc2/target:/opt/rustwide/target:rw,Z" "-v" "/var/lib/crater-agent-workspace/builds/worker-0-tc2/source:/opt/rustwide/workdir:ro,Z" "-v" "/var/lib/crater-agent-workspace/cargo-home:/opt/rustwide/cargo-home:ro,Z" "-v" "/var/lib/crater-agent-workspace/rustup-home:/opt/rustwide/rustup-home:ro,Z" "-e" "SOURCE_DIR=/opt/rustwide/workdir" "-e" "CARGO_TARGET_DIR=/opt/rustwide/target" "-e" "CARGO_INCREMENTAL=0" "-e" "RUST_BACKTRACE=full" "-e" "RUSTFLAGS=--cap-lints=warn" "-e" "RUSTDOCFLAGS=--cap-lints=warn" "-e" "CARGO_HOME=/opt/rustwide/cargo-home" "-e" "RUSTUP_HOME=/opt/rustwide/rustup-home" "-w" "/opt/rustwide/workdir" "-m" "1610612736" "--user" "0:0" "--network" "none" "ghcr.io/rust-lang/crates-build-env/linux@sha256:5ff2268d62e97bff2cde7d5815dd6ed5b47097566f13b8d0ca110b04b60e07ed" "/opt/rustwide/cargo-home/bin/cargo" "+beta-2023-04-20" "test" "--frozen" "--no-run" "--message-format=json", kill_on_drop: false }`
[INFO] [stdout] dcb540dc87260fbc9cd8c4ee7a323ecda8e8edca58a6e7244ec322d0df85d2ec
[INFO] running `Command { std: "docker" "start" "-a" "dcb540dc87260fbc9cd8c4ee7a323ecda8e8edca58a6e7244ec322d0df85d2ec", kill_on_drop: false }`
[INFO] [stderr]    Compiling inid_rs v0.1.2 (/opt/rustwide/workdir)
[INFO] [stderr]     Finished test [unoptimized + debuginfo] target(s) in 0.65s
[INFO] running `Command { std: "docker" "inspect" "dcb540dc87260fbc9cd8c4ee7a323ecda8e8edca58a6e7244ec322d0df85d2ec", kill_on_drop: false }`
[INFO] running `Command { std: "docker" "rm" "-f" "dcb540dc87260fbc9cd8c4ee7a323ecda8e8edca58a6e7244ec322d0df85d2ec", kill_on_drop: false }`
[INFO] [stdout] dcb540dc87260fbc9cd8c4ee7a323ecda8e8edca58a6e7244ec322d0df85d2ec
[INFO] running `Command { std: "docker" "create" "-v" "/var/lib/crater-agent-workspace/builds/worker-0-tc2/target:/opt/rustwide/target:rw,Z" "-v" "/var/lib/crater-agent-workspace/builds/worker-0-tc2/source:/opt/rustwide/workdir:ro,Z" "-v" "/var/lib/crater-agent-workspace/cargo-home:/opt/rustwide/cargo-home:ro,Z" "-v" "/var/lib/crater-agent-workspace/rustup-home:/opt/rustwide/rustup-home:ro,Z" "-e" "SOURCE_DIR=/opt/rustwide/workdir" "-e" "CARGO_TARGET_DIR=/opt/rustwide/target" "-e" "CARGO_INCREMENTAL=0" "-e" "RUST_BACKTRACE=full" "-e" "RUSTFLAGS=--cap-lints=warn" "-e" "RUSTDOCFLAGS=--cap-lints=warn" "-e" "CARGO_HOME=/opt/rustwide/cargo-home" "-e" "RUSTUP_HOME=/opt/rustwide/rustup-home" "-w" "/opt/rustwide/workdir" "-m" "1610612736" "--user" "0:0" "--network" "none" "ghcr.io/rust-lang/crates-build-env/linux@sha256:5ff2268d62e97bff2cde7d5815dd6ed5b47097566f13b8d0ca110b04b60e07ed" "/opt/rustwide/cargo-home/bin/cargo" "+beta-2023-04-20" "test" "--frozen", kill_on_drop: false }`
[INFO] [stdout] d5970aa80a1a13e7ceae71902f58e32a06787dcb67bde1eb491c6a14b16c9229
[INFO] running `Command { std: "docker" "start" "-a" "d5970aa80a1a13e7ceae71902f58e32a06787dcb67bde1eb491c6a14b16c9229", kill_on_drop: false }`
[INFO] [stderr]     Finished test [unoptimized + debuginfo] target(s) in 0.01s
[INFO] [stderr]      Running unittests src/lib.rs (/opt/rustwide/target/debug/deps/inid_rs-35c3b98e5a10f856)
[INFO] [stdout] 
[INFO] [stdout] running 2 tests
[INFO] [stdout] test tests::generate_id_test ... ok
[INFO] [stdout] test tests::check_id_and_generate_checksum_test ... ok
[INFO] [stdout] 
[INFO] [stdout] test result: ok. 2 passed; 0 failed; 0 ignored; 0 measured; 0 filtered out; finished in 0.00s
[INFO] [stdout] 
[INFO] [stderr]      Running unittests src/main.rs (/opt/rustwide/target/debug/deps/inid_rs-02ce51dcf0e2c39f)
[INFO] [stdout] 
[INFO] [stdout] running 0 tests
[INFO] [stdout] 
[INFO] [stdout] test result: ok. 0 passed; 0 failed; 0 ignored; 0 measured; 0 filtered out; finished in 0.00s
[INFO] [stdout] 
[INFO] [stderr]    Doc-tests inid_rs
[INFO] [stdout] 
[INFO] [stdout] running 2 tests
[INFO] [stdout] test src/lib.rs - check_inid (line 72) ... FAILED
[INFO] [stdout] test src/lib.rs - generate_id (line 31) ... FAILED
[INFO] [stdout] 
[INFO] [stdout] failures:
[INFO] [stdout] 
[INFO] [stdout] ---- src/lib.rs - check_inid (line 72) stdout ----
[INFO] [stdout] error[E0433]: failed to resolve: use of undeclared crate or module `rs_inid`
[INFO] [stdout]  --> src/lib.rs:74:11
[INFO] [stdout]   |
[INFO] [stdout] 4 | let res = rs_inid::check_inid(&inid).unwrap();
[INFO] [stdout]   |           ^^^^^^^ use of undeclared crate or module `rs_inid`
[INFO] [stdout]   |
[INFO] [stdout] help: there is a crate or module with a similar name
[INFO] [stdout]   |
[INFO] [stdout] 4 | let res = inid_rs::check_inid(&inid).unwrap();
[INFO] [stdout]   |           ~~~~~~~
[INFO] [stdout] 
[INFO] [stdout] error: aborting due to previous error
[INFO] [stdout] 
[INFO] [stdout] For more information about this error, try `rustc --explain E0433`.
[INFO] [stdout] Couldn't compile the test.
[INFO] [stdout] ---- src/lib.rs - generate_id (line 31) stdout ----
[INFO] [stdout] error[E0433]: failed to resolve: use of undeclared crate or module `rs_inid`
[INFO] [stdout]  --> src/lib.rs:32:11
[INFO] [stdout]   |
[INFO] [stdout] 3 | let inid =rs_inid::generate_id(None).unwrap();
[INFO] [stdout]   |           ^^^^^^^ use of undeclared crate or module `rs_inid`
[INFO] [stdout]   |
[INFO] [stdout] help: there is a crate or module with a similar name
[INFO] [stdout]   |
[INFO] [stdout] 3 | let inid =inid_rs::generate_id(None).unwrap();
[INFO] [stdout]   |           ~~~~~~~
[INFO] [stdout] 
[INFO] [stdout] error[E0433]: failed to resolve: use of undeclared crate or module `rs_inid`
[INFO] [stdout]  --> src/lib.rs:34:12
[INFO] [stdout]   |
[INFO] [stdout] 5 | let inid = rs_inid::generate_id(Some(&"123".to_string())).unwrap();
[INFO] [stdout]   |            ^^^^^^^ use of undeclared crate or module `rs_inid`
[INFO] [stdout]   |
[INFO] [stdout] help: there is a crate or module with a similar name
[INFO] [stdout]   |
[INFO] [stdout] 5 | let inid = inid_rs::generate_id(Some(&"123".to_string())).unwrap();
[INFO] [stdout]   |            ~~~~~~~
[INFO] [stdout] 
[INFO] [stdout] error: aborting due to 2 previous errors
[INFO] [stdout] 
[INFO] [stdout] For more information about this error, try `rustc --explain E0433`.
[INFO] [stdout] Couldn't compile the test.
[INFO] [stdout] 
[INFO] [stdout] failures:
[INFO] [stdout]     src/lib.rs - check_inid (line 72)
[INFO] [stdout]     src/lib.rs - generate_id (line 31)
[INFO] [stdout] 
[INFO] [stdout] test result: FAILED. 0 passed; 2 failed; 0 ignored; 0 measured; 0 filtered out; finished in 0.09s
[INFO] [stdout] 
[INFO] [stderr] error: doctest failed, to rerun pass `--doc`
[INFO] running `Command { std: "docker" "inspect" "d5970aa80a1a13e7ceae71902f58e32a06787dcb67bde1eb491c6a14b16c9229", kill_on_drop: false }`
[INFO] running `Command { std: "docker" "rm" "-f" "d5970aa80a1a13e7ceae71902f58e32a06787dcb67bde1eb491c6a14b16c9229", kill_on_drop: false }`
[INFO] [stdout] d5970aa80a1a13e7ceae71902f58e32a06787dcb67bde1eb491c6a14b16c9229
