[INFO] fetching crate indexed_db_futures 0.3.0...
[INFO] testing indexed_db_futures-0.3.0 against beta-2023-04-20 for beta-1.70-1
[INFO] extracting crate indexed_db_futures 0.3.0 into /workspace/builds/worker-6-tc2/source
[INFO] validating manifest of crates.io crate indexed_db_futures 0.3.0 on toolchain beta-2023-04-20
[INFO] running `Command { std: CARGO_HOME="/workspace/cargo-home" RUSTUP_HOME="/workspace/rustup-home" "/workspace/cargo-home/bin/cargo" "+beta-2023-04-20" "metadata" "--manifest-path" "Cargo.toml" "--no-deps", kill_on_drop: false }`
[INFO] started tweaking crates.io crate indexed_db_futures 0.3.0
[INFO] finished tweaking crates.io crate indexed_db_futures 0.3.0
[INFO] tweaked toml for crates.io crate indexed_db_futures 0.3.0 written to /workspace/builds/worker-6-tc2/source/Cargo.toml
[INFO] running `Command { std: CARGO_HOME="/workspace/cargo-home" RUSTUP_HOME="/workspace/rustup-home" __CARGO_TEST_CHANNEL_OVERRIDE_DO_NOT_USE_THIS="nightly" "/workspace/cargo-home/bin/cargo" "+beta-2023-04-20" "generate-lockfile" "--manifest-path" "Cargo.toml" "-Zno-index-update", kill_on_drop: false }`
[INFO] running `Command { std: CARGO_HOME="/workspace/cargo-home" RUSTUP_HOME="/workspace/rustup-home" "/workspace/cargo-home/bin/cargo" "+beta-2023-04-20" "fetch" "--manifest-path" "Cargo.toml", kill_on_drop: false }`
[INFO] running `Command { std: "docker" "create" "-v" "/var/lib/crater-agent-workspace/builds/worker-6-tc2/target:/opt/rustwide/target:rw,Z" "-v" "/var/lib/crater-agent-workspace/builds/worker-6-tc2/source:/opt/rustwide/workdir:ro,Z" "-v" "/var/lib/crater-agent-workspace/cargo-home:/opt/rustwide/cargo-home:ro,Z" "-v" "/var/lib/crater-agent-workspace/rustup-home:/opt/rustwide/rustup-home:ro,Z" "-e" "SOURCE_DIR=/opt/rustwide/workdir" "-e" "CARGO_TARGET_DIR=/opt/rustwide/target" "-e" "CARGO_HOME=/opt/rustwide/cargo-home" "-e" "RUSTUP_HOME=/opt/rustwide/rustup-home" "-w" "/opt/rustwide/workdir" "-m" "1610612736" "--user" "0:0" "--network" "none" "ghcr.io/rust-lang/crates-build-env/linux@sha256:5ff2268d62e97bff2cde7d5815dd6ed5b47097566f13b8d0ca110b04b60e07ed" "/opt/rustwide/cargo-home/bin/cargo" "+beta-2023-04-20" "metadata" "--no-deps" "--format-version=1", kill_on_drop: false }`
[INFO] [stdout] e4633cce95a8cc08830297ad1eb44ab8acbdbcbb77be5fe8563a85870dae0951
[INFO] running `Command { std: "docker" "start" "-a" "e4633cce95a8cc08830297ad1eb44ab8acbdbcbb77be5fe8563a85870dae0951", kill_on_drop: false }`
[INFO] running `Command { std: "docker" "inspect" "e4633cce95a8cc08830297ad1eb44ab8acbdbcbb77be5fe8563a85870dae0951", kill_on_drop: false }`
[INFO] running `Command { std: "docker" "rm" "-f" "e4633cce95a8cc08830297ad1eb44ab8acbdbcbb77be5fe8563a85870dae0951", kill_on_drop: false }`
[INFO] [stdout] e4633cce95a8cc08830297ad1eb44ab8acbdbcbb77be5fe8563a85870dae0951
[INFO] running `Command { std: "docker" "create" "-v" "/var/lib/crater-agent-workspace/builds/worker-6-tc2/target:/opt/rustwide/target:rw,Z" "-v" "/var/lib/crater-agent-workspace/builds/worker-6-tc2/source:/opt/rustwide/workdir:ro,Z" "-v" "/var/lib/crater-agent-workspace/cargo-home:/opt/rustwide/cargo-home:ro,Z" "-v" "/var/lib/crater-agent-workspace/rustup-home:/opt/rustwide/rustup-home:ro,Z" "-e" "SOURCE_DIR=/opt/rustwide/workdir" "-e" "CARGO_TARGET_DIR=/opt/rustwide/target" "-e" "CARGO_INCREMENTAL=0" "-e" "RUST_BACKTRACE=full" "-e" "RUSTFLAGS=--cap-lints=warn" "-e" "RUSTDOCFLAGS=--cap-lints=warn" "-e" "CARGO_HOME=/opt/rustwide/cargo-home" "-e" "RUSTUP_HOME=/opt/rustwide/rustup-home" "-w" "/opt/rustwide/workdir" "-m" "1610612736" "--user" "0:0" "--network" "none" "ghcr.io/rust-lang/crates-build-env/linux@sha256:5ff2268d62e97bff2cde7d5815dd6ed5b47097566f13b8d0ca110b04b60e07ed" "/opt/rustwide/cargo-home/bin/cargo" "+beta-2023-04-20" "build" "--frozen" "--message-format=json", kill_on_drop: false }`
[INFO] [stdout] cec61feb400c3739622645835472d5dedadd563816b3c5d7643bc713cd2c59e8
[INFO] running `Command { std: "docker" "start" "-a" "cec61feb400c3739622645835472d5dedadd563816b3c5d7643bc713cd2c59e8", kill_on_drop: false }`
[INFO] [stderr]    Compiling proc-macro2 v1.0.56
[INFO] [stderr]    Compiling wasm-bindgen-shared v0.2.84
[INFO] [stderr]    Compiling syn v1.0.109
[INFO] [stderr]    Compiling once_cell v1.17.1
[INFO] [stderr]    Compiling bumpalo v3.12.1
[INFO] [stderr]    Compiling wasm-bindgen v0.2.84
[INFO] [stderr]    Compiling libc v0.2.142
[INFO] [stderr]    Compiling log v0.4.17
[INFO] [stderr]    Compiling quote v1.0.26
[INFO] [stderr]    Compiling getrandom v0.2.9
[INFO] [stderr]    Compiling wasm-bindgen-backend v0.2.84
[INFO] [stderr]    Compiling wasm-bindgen-macro-support v0.2.84
[INFO] [stderr]    Compiling wasm-bindgen-macro v0.2.84
[INFO] [stderr]    Compiling js-sys v0.3.61
[INFO] [stderr]    Compiling uuid v1.3.2
[INFO] [stderr]    Compiling wasm-bindgen-futures v0.4.34
[INFO] [stderr]    Compiling web-sys v0.3.61
[INFO] [stderr]    Compiling indexed_db_futures v0.3.0 (/opt/rustwide/workdir)
[INFO] [stderr]     Finished dev [unoptimized + debuginfo] target(s) in 12.80s
[INFO] running `Command { std: "docker" "inspect" "cec61feb400c3739622645835472d5dedadd563816b3c5d7643bc713cd2c59e8", kill_on_drop: false }`
[INFO] running `Command { std: "docker" "rm" "-f" "cec61feb400c3739622645835472d5dedadd563816b3c5d7643bc713cd2c59e8", kill_on_drop: false }`
[INFO] [stdout] cec61feb400c3739622645835472d5dedadd563816b3c5d7643bc713cd2c59e8
[INFO] running `Command { std: "docker" "create" "-v" "/var/lib/crater-agent-workspace/builds/worker-6-tc2/target:/opt/rustwide/target:rw,Z" "-v" "/var/lib/crater-agent-workspace/builds/worker-6-tc2/source:/opt/rustwide/workdir:ro,Z" "-v" "/var/lib/crater-agent-workspace/cargo-home:/opt/rustwide/cargo-home:ro,Z" "-v" "/var/lib/crater-agent-workspace/rustup-home:/opt/rustwide/rustup-home:ro,Z" "-e" "SOURCE_DIR=/opt/rustwide/workdir" "-e" "CARGO_TARGET_DIR=/opt/rustwide/target" "-e" "CARGO_INCREMENTAL=0" "-e" "RUST_BACKTRACE=full" "-e" "RUSTFLAGS=--cap-lints=warn" "-e" "RUSTDOCFLAGS=--cap-lints=warn" "-e" "CARGO_HOME=/opt/rustwide/cargo-home" "-e" "RUSTUP_HOME=/opt/rustwide/rustup-home" "-w" "/opt/rustwide/workdir" "-m" "1610612736" "--user" "0:0" "--network" "none" "ghcr.io/rust-lang/crates-build-env/linux@sha256:5ff2268d62e97bff2cde7d5815dd6ed5b47097566f13b8d0ca110b04b60e07ed" "/opt/rustwide/cargo-home/bin/cargo" "+beta-2023-04-20" "test" "--frozen" "--no-run" "--message-format=json", kill_on_drop: false }`
[INFO] [stdout] a571a2420d4b5795881b6c4ac397641cdb6259f2066ec5b57ef98b100c70f701
[INFO] running `Command { std: "docker" "start" "-a" "a571a2420d4b5795881b6c4ac397641cdb6259f2066ec5b57ef98b100c70f701", kill_on_drop: false }`
[INFO] [stderr]    Compiling scoped-tls v1.0.1
[INFO] [stderr]    Compiling wasm-bindgen-test-macro v0.3.34
[INFO] [stderr]    Compiling console_error_panic_hook v0.1.7
[INFO] [stderr]    Compiling wasm-bindgen-test v0.3.34
[INFO] [stderr]    Compiling indexed_db_futures v0.3.0 (/opt/rustwide/workdir)
[INFO] [stdout] warning: ambiguous glob re-exports
[INFO] [stdout]  --> src/prelude.rs:4:9
[INFO] [stdout]   |
[INFO] [stdout] 4 | pub use {crate::idb_cursor::*, web_sys::IdbCursorDirection};
[INFO] [stdout]   |         ^^^^^^^^^^^^^^^^^^^^^^^^^^^^^^^^^^^^^^^^^^^^^^^^^^^ the name `test` in the type namespace is first re-exported here
[INFO] [stdout] ...
[INFO] [stdout] 9 |         idb_database::*,
[INFO] [stdout]   |         --------------- but the name `test` in the type namespace is also re-exported here
[INFO] [stdout]   |
[INFO] [stdout]   = note: `#[warn(ambiguous_glob_reexports)]` on by default
[INFO] [stdout] 
[INFO] [stdout] 
[INFO] [stdout] warning: 1 warning emitted
[INFO] [stdout] 
[INFO] [stdout] 
[INFO] [stderr]     Finished test [unoptimized + debuginfo] target(s) in 2.98s
[INFO] running `Command { std: "docker" "inspect" "a571a2420d4b5795881b6c4ac397641cdb6259f2066ec5b57ef98b100c70f701", kill_on_drop: false }`
[INFO] running `Command { std: "docker" "rm" "-f" "a571a2420d4b5795881b6c4ac397641cdb6259f2066ec5b57ef98b100c70f701", kill_on_drop: false }`
[INFO] [stdout] a571a2420d4b5795881b6c4ac397641cdb6259f2066ec5b57ef98b100c70f701
[INFO] running `Command { std: "docker" "create" "-v" "/var/lib/crater-agent-workspace/builds/worker-6-tc2/target:/opt/rustwide/target:rw,Z" "-v" "/var/lib/crater-agent-workspace/builds/worker-6-tc2/source:/opt/rustwide/workdir:ro,Z" "-v" "/var/lib/crater-agent-workspace/cargo-home:/opt/rustwide/cargo-home:ro,Z" "-v" "/var/lib/crater-agent-workspace/rustup-home:/opt/rustwide/rustup-home:ro,Z" "-e" "SOURCE_DIR=/opt/rustwide/workdir" "-e" "CARGO_TARGET_DIR=/opt/rustwide/target" "-e" "CARGO_INCREMENTAL=0" "-e" "RUST_BACKTRACE=full" "-e" "RUSTFLAGS=--cap-lints=warn" "-e" "RUSTDOCFLAGS=--cap-lints=warn" "-e" "CARGO_HOME=/opt/rustwide/cargo-home" "-e" "RUSTUP_HOME=/opt/rustwide/rustup-home" "-w" "/opt/rustwide/workdir" "-m" "1610612736" "--user" "0:0" "--network" "none" "ghcr.io/rust-lang/crates-build-env/linux@sha256:5ff2268d62e97bff2cde7d5815dd6ed5b47097566f13b8d0ca110b04b60e07ed" "/opt/rustwide/cargo-home/bin/cargo" "+beta-2023-04-20" "test" "--frozen", kill_on_drop: false }`
[INFO] [stdout] 24c6ce66c455495bc1680515248ec04cfb67e805666acc145e81e2b2a3b87527
[INFO] running `Command { std: "docker" "start" "-a" "24c6ce66c455495bc1680515248ec04cfb67e805666acc145e81e2b2a3b87527", kill_on_drop: false }`
[INFO] [stderr] warning: ambiguous glob re-exports
[INFO] [stderr]  --> src/prelude.rs:4:9
[INFO] [stderr]   |
[INFO] [stderr] 4 | pub use {crate::idb_cursor::*, web_sys::IdbCursorDirection};
[INFO] [stderr]   |         ^^^^^^^^^^^^^^^^^^^^^^^^^^^^^^^^^^^^^^^^^^^^^^^^^^^ the name `test` in the type namespace is first re-exported here
[INFO] [stderr] ...
[INFO] [stderr] 9 |         idb_database::*,
[INFO] [stderr]   |         --------------- but the name `test` in the type namespace is also re-exported here
[INFO] [stderr]   |
[INFO] [stderr]   = note: `#[warn(ambiguous_glob_reexports)]` on by default
[INFO] [stderr] 
[INFO] [stderr] warning: `indexed_db_futures` (lib test) generated 1 warning
[INFO] [stderr]     Finished test [unoptimized + debuginfo] target(s) in 0.03s
[INFO] [stderr]      Running unittests src/lib.rs (/opt/rustwide/target/debug/deps/indexed_db_futures-7b19437e729f680c)
[INFO] [stdout] 
[INFO] [stdout] running 0 tests
[INFO] [stdout] 
[INFO] [stdout] test result: ok. 0 passed; 0 failed; 0 ignored; 0 measured; 0 filtered out; finished in 0.00s
[INFO] [stdout] 
[INFO] [stderr]    Doc-tests indexed_db_futures
[INFO] [stdout] 
[INFO] [stdout] running 2 tests
[INFO] [stdout] test src/idb_cursor.rs - idb_cursor (line 7) ... FAILED
[INFO] [stdout] test src/lib.rs - (line 34) ... FAILED
[INFO] [stdout] 
[INFO] [stdout] failures:
[INFO] [stdout] 
[INFO] [stdout] ---- src/idb_cursor.rs - idb_cursor (line 7) stdout ----
[INFO] [stdout] error[E0425]: cannot find value `object_store` in this scope
[INFO] [stdout]  --> src/idb_cursor.rs:8:7
[INFO] [stdout]   |
[INFO] [stdout] 3 | match object_store.open_cursor()?.await? {
[INFO] [stdout]   |       ^^^^^^^^^^^^ not found in this scope
[INFO] [stdout] 
[INFO] [stdout] error[E0412]: cannot find type `JsValue` in this scope
[INFO] [stdout]  --> src/idb_cursor.rs:10:24
[INFO] [stdout]   |
[INFO] [stdout] 5 |         let first_key: JsValue = cursor.key().unwrap();
[INFO] [stdout]   |                        ^^^^^^^ not found in this scope
[INFO] [stdout]   |
[INFO] [stdout] help: consider importing this struct
[INFO] [stdout]   |
[INFO] [stdout] 2 + use wasm_bindgen::JsValue;
[INFO] [stdout]   |
[INFO] [stdout] 
[INFO] [stdout] error[E0412]: cannot find type `JsValue` in this scope
[INFO] [stdout]  --> src/idb_cursor.rs:11:26
[INFO] [stdout]   |
[INFO] [stdout] 6 |         let first_value: JsValue = cursor.value();
[INFO] [stdout]   |                          ^^^^^^^ not found in this scope
[INFO] [stdout]   |
[INFO] [stdout] help: consider importing this struct
[INFO] [stdout]   |
[INFO] [stdout] 2 + use wasm_bindgen::JsValue;
[INFO] [stdout]   |
[INFO] [stdout] 
[INFO] [stdout] error[E0412]: cannot find type `JsValue` in this scope
[INFO] [stdout]   --> src/idb_cursor.rs:15:33
[INFO] [stdout]    |
[INFO] [stdout] 10 |             let subsequent_key: JsValue = cursor.key().unwrap();
[INFO] [stdout]    |                                 ^^^^^^^ not found in this scope
[INFO] [stdout]    |
[INFO] [stdout] help: consider importing this struct
[INFO] [stdout]    |
[INFO] [stdout] 2  + use wasm_bindgen::JsValue;
[INFO] [stdout]    |
[INFO] [stdout] 
[INFO] [stdout] error[E0412]: cannot find type `JsValue` in this scope
[INFO] [stdout]   --> src/idb_cursor.rs:16:35
[INFO] [stdout]    |
[INFO] [stdout] 11 |             let subsequent_value: JsValue = cursor.value();
[INFO] [stdout]    |                                   ^^^^^^^ not found in this scope
[INFO] [stdout]    |
[INFO] [stdout] help: consider importing this struct
[INFO] [stdout]    |
[INFO] [stdout] 2  + use wasm_bindgen::JsValue;
[INFO] [stdout]    |
[INFO] [stdout] 
[INFO] [stdout] error[E0412]: cannot find type `KeyVal` in this scope
[INFO] [stdout]   --> src/idb_cursor.rs:20:34
[INFO] [stdout]    |
[INFO] [stdout] 15 |         let cursor_contents: Vec<KeyVal> = cursor.into_vec(0).await?;
[INFO] [stdout]    |                                  ^^^^^^ not found in this scope
[INFO] [stdout]    |
[INFO] [stdout] help: consider importing this struct
[INFO] [stdout]    |
[INFO] [stdout] 2  + use indexed_db_futures::idb_cursor::KeyVal;
[INFO] [stdout]    |
[INFO] [stdout] 
[INFO] [stdout] error[E0728]: `await` is only allowed inside `async` functions and blocks
[INFO] [stdout]  --> src/idb_cursor.rs:8:34
[INFO] [stdout]   |
[INFO] [stdout] 2 | fn main() { #[allow(non_snake_case)] fn _doctest_main_src_idb_cursor_rs_7_0() {
[INFO] [stdout]   |                                         ----------------------------------- this is not `async`
[INFO] [stdout] 3 | match object_store.open_cursor()?.await? {
[INFO] [stdout]   |                                  ^^^^^^ only allowed inside `async` functions and blocks
[INFO] [stdout] 
[INFO] [stdout] error[E0728]: `await` is only allowed inside `async` functions and blocks
[INFO] [stdout]  --> src/idb_cursor.rs:14:40
[INFO] [stdout]   |
[INFO] [stdout] 2 | fn main() { #[allow(non_snake_case)] fn _doctest_main_src_idb_cursor_rs_7_0() {
[INFO] [stdout]   |                                         ----------------------------------- this is not `async`
[INFO] [stdout] ...
[INFO] [stdout] 9 |         while cursor.continue_cursor()?.await? {
[INFO] [stdout]   |                                        ^^^^^^ only allowed inside `async` functions and blocks
[INFO] [stdout] 
[INFO] [stdout] error[E0728]: `await` is only allowed inside `async` functions and blocks
[INFO] [stdout]   --> src/idb_cursor.rs:20:62
[INFO] [stdout]    |
[INFO] [stdout] 2  | fn main() { #[allow(non_snake_case)] fn _doctest_main_src_idb_cursor_rs_7_0() {
[INFO] [stdout]    |                                         ----------------------------------- this is not `async`
[INFO] [stdout] ...
[INFO] [stdout] 15 |         let cursor_contents: Vec<KeyVal> = cursor.into_vec(0).await?;
[INFO] [stdout]    |                                                              ^^^^^^ only allowed inside `async` functions and blocks
[INFO] [stdout] 
[INFO] [stdout] error[E0277]: the `?` operator can only be used in a function that returns `Result` or `Option` (or another type that implements `FromResidual`)
[INFO] [stdout]  --> src/idb_cursor.rs:8:40
[INFO] [stdout]   |
[INFO] [stdout] 2 | fn main() { #[allow(non_snake_case)] fn _doctest_main_src_idb_cursor_rs_7_0() {
[INFO] [stdout]   |                                      ---------------------------------------- this function should return `Result` or `Option` to accept `?`
[INFO] [stdout] 3 | match object_store.open_cursor()?.await? {
[INFO] [stdout]   |                                        ^ cannot use the `?` operator in a function that returns `()`
[INFO] [stdout]   |
[INFO] [stdout]   = help: the trait `FromResidual<_>` is not implemented for `()`
[INFO] [stdout] 
[INFO] [stdout] error[E0277]: the `?` operator can only be used in a function that returns `Result` or `Option` (or another type that implements `FromResidual`)
[INFO] [stdout]  --> src/idb_cursor.rs:14:46
[INFO] [stdout]   |
[INFO] [stdout] 2 | fn main() { #[allow(non_snake_case)] fn _doctest_main_src_idb_cursor_rs_7_0() {
[INFO] [stdout]   |                                      ---------------------------------------- this function should return `Result` or `Option` to accept `?`
[INFO] [stdout] ...
[INFO] [stdout] 9 |         while cursor.continue_cursor()?.await? {
[INFO] [stdout]   |                                              ^ cannot use the `?` operator in a function that returns `()`
[INFO] [stdout]   |
[INFO] [stdout]   = help: the trait `FromResidual<_>` is not implemented for `()`
[INFO] [stdout] 
[INFO] [stdout] error[E0277]: the `?` operator can only be used in a function that returns `Result` or `Option` (or another type that implements `FromResidual`)
[INFO] [stdout]   --> src/idb_cursor.rs:20:68
[INFO] [stdout]    |
[INFO] [stdout] 2  | fn main() { #[allow(non_snake_case)] fn _doctest_main_src_idb_cursor_rs_7_0() {
[INFO] [stdout]    |                                      ---------------------------------------- this function should return `Result` or `Option` to accept `?`
[INFO] [stdout] ...
[INFO] [stdout] 15 |         let cursor_contents: Vec<KeyVal> = cursor.into_vec(0).await?;
[INFO] [stdout]    |                                                                    ^ cannot use the `?` operator in a function that returns `()`
[INFO] [stdout]    |
[INFO] [stdout]    = help: the trait `FromResidual<_>` is not implemented for `()`
[INFO] [stdout] 
[INFO] [stdout] error: aborting due to 12 previous errors
[INFO] [stdout] 
[INFO] [stdout] Some errors have detailed explanations: E0277, E0412, E0425, E0728.
[INFO] [stdout] For more information about an error, try `rustc --explain E0277`.
[INFO] [stdout] Couldn't compile the test.
[INFO] [stdout] ---- src/lib.rs - (line 34) stdout ----
[INFO] [stdout] error[E0412]: cannot find type `DomException` in this scope
[INFO] [stdout]  --> src/lib.rs:37:38
[INFO] [stdout]   |
[INFO] [stdout] 6 | pub async fn example() -> Result<(), DomException> {
[INFO] [stdout]   |                                      ^^^^^^^^^^^^ not found in this scope
[INFO] [stdout]   |
[INFO] [stdout] help: consider importing this struct
[INFO] [stdout]   |
[INFO] [stdout] 2 + use web_sys::DomException;
[INFO] [stdout]   |
[INFO] [stdout] 
[INFO] [stdout] error[E0412]: cannot find type `JsValue` in this scope
[INFO] [stdout]  --> src/lib.rs:40:83
[INFO] [stdout]   |
[INFO] [stdout] 9 |     db_req.set_on_upgrade_needed(Some(|evt: &IdbVersionChangeEvent| -> Result<(), JsValue> {
[INFO] [stdout]   |                                                                                   ^^^^^^^ not found in this scope
[INFO] [stdout]   |
[INFO] [stdout] help: consider importing this struct
[INFO] [stdout]   |
[INFO] [stdout] 2 + use wasm_bindgen::JsValue;
[INFO] [stdout]   |
[INFO] [stdout] 
[INFO] [stdout] error[E0412]: cannot find type `JsValue` in this scope
[INFO] [stdout]   --> src/lib.rs:55:23
[INFO] [stdout]    |
[INFO] [stdout] 24 |     let value_to_put: JsValue = get_some_js_value();
[INFO] [stdout]    |                       ^^^^^^^ not found in this scope
[INFO] [stdout]    |
[INFO] [stdout] help: consider importing this struct
[INFO] [stdout]    |
[INFO] [stdout] 2  + use wasm_bindgen::JsValue;
[INFO] [stdout]    |
[INFO] [stdout] 
[INFO] [stdout] error[E0412]: cannot find type `JsValue` in this scope
[INFO] [stdout]   --> src/lib.rs:72:23
[INFO] [stdout]    |
[INFO] [stdout] 41 |     let value: Option<JsValue> = store.get_owned("my_key")?.await?;
[INFO] [stdout]    |                       ^^^^^^^ not found in this scope
[INFO] [stdout]    |
[INFO] [stdout] help: consider importing this struct
[INFO] [stdout]    |
[INFO] [stdout] 2  + use wasm_bindgen::JsValue;
[INFO] [stdout]    |
[INFO] [stdout] 
[INFO] [stdout] error[E0425]: cannot find function `get_some_js_value` in this scope
[INFO] [stdout]   --> src/lib.rs:55:33
[INFO] [stdout]    |
[INFO] [stdout] 24 |     let value_to_put: JsValue = get_some_js_value();
[INFO] [stdout]    |                                 ^^^^^^^^^^^^^^^^^ not found in this scope
[INFO] [stdout] 
[INFO] [stdout] error[E0425]: cannot find function `use_value` in this scope
[INFO] [stdout]   --> src/lib.rs:73:5
[INFO] [stdout]    |
[INFO] [stdout] 42 |     use_value(value);
[INFO] [stdout]    |     ^^^^^^^^^ not found in this scope
[INFO] [stdout] 
[INFO] [stdout] error: aborting due to 6 previous errors
[INFO] [stdout] 
[INFO] [stdout] Some errors have detailed explanations: E0412, E0425.
[INFO] [stdout] For more information about an error, try `rustc --explain E0412`.
[INFO] [stdout] Couldn't compile the test.
[INFO] [stdout] 
[INFO] [stdout] failures:
[INFO] [stdout]     src/idb_cursor.rs - idb_cursor (line 7)
[INFO] [stdout]     src/lib.rs - (line 34)
[INFO] [stdout] 
[INFO] [stdout] test result: FAILED. 0 passed; 2 failed; 0 ignored; 0 measured; 0 filtered out; finished in 0.11s
[INFO] [stdout] 
[INFO] [stderr] error: doctest failed, to rerun pass `--doc`
[INFO] running `Command { std: "docker" "inspect" "24c6ce66c455495bc1680515248ec04cfb67e805666acc145e81e2b2a3b87527", kill_on_drop: false }`
[INFO] running `Command { std: "docker" "rm" "-f" "24c6ce66c455495bc1680515248ec04cfb67e805666acc145e81e2b2a3b87527", kill_on_drop: false }`
[INFO] [stdout] 24c6ce66c455495bc1680515248ec04cfb67e805666acc145e81e2b2a3b87527
