[INFO] fetching crate imgui-log 0.1.0...
[INFO] testing imgui-log-0.1.0 against 1.69.0 for beta-1.70-1
[INFO] extracting crate imgui-log 0.1.0 into /workspace/builds/worker-7-tc1/source
[INFO] validating manifest of crates.io crate imgui-log 0.1.0 on toolchain 1.69.0
[INFO] running `Command { std: CARGO_HOME="/workspace/cargo-home" RUSTUP_HOME="/workspace/rustup-home" "/workspace/cargo-home/bin/cargo" "+1.69.0" "metadata" "--manifest-path" "Cargo.toml" "--no-deps", kill_on_drop: false }`
[INFO] started tweaking crates.io crate imgui-log 0.1.0
[INFO] removed 0 missing examples
[INFO] finished tweaking crates.io crate imgui-log 0.1.0
[INFO] tweaked toml for crates.io crate imgui-log 0.1.0 written to /workspace/builds/worker-7-tc1/source/Cargo.toml
[INFO] crate crates.io crate imgui-log 0.1.0 already has a lockfile, it will not be regenerated
[INFO] running `Command { std: CARGO_HOME="/workspace/cargo-home" RUSTUP_HOME="/workspace/rustup-home" "/workspace/cargo-home/bin/cargo" "+1.69.0" "fetch" "--manifest-path" "Cargo.toml", kill_on_drop: false }`
[INFO] [stderr]  Downloading crates ...
[INFO] [stderr]   Downloaded hibitset v0.6.2
[INFO] [stderr]   Downloaded const-random-macro v0.1.6
[INFO] [stderr]   Downloaded matrixmultiply v0.2.3
[INFO] [stderr]   Downloaded x11 v2.18.1
[INFO] [stderr]   Downloaded atom v0.3.5
[INFO] [stderr]   Downloaded shaderc v0.5.1
[INFO] [stderr]   Downloaded ghost v0.1.1
[INFO] [stderr]   Downloaded core-text v13.3.0
[INFO] [stderr]   Downloaded downcast-rs v1.0.4
[INFO] [stderr]   Downloaded serde_bytes v0.11.2
[INFO] [stderr]   Downloaded rental v0.5.5
[INFO] [stderr]   Downloaded lexical v2.2.2
[INFO] [stderr]   Downloaded inventory v0.1.4
[INFO] [stderr]   Downloaded colorful v0.2.1
[INFO] [stderr]   Downloaded intl_pluralrules v4.0.0
[INFO] [stderr]   Downloaded build_const v0.2.1
[INFO] [stderr]   Downloaded inventory-impl v0.1.4
[INFO] [stderr]   Downloaded synstructure v0.12.1
[INFO] [stderr]   Downloaded claxon v0.4.2
[INFO] [stderr]   Downloaded cmake v0.1.42
[INFO] [stderr]   Downloaded proc_macro_roids v0.6.0
[INFO] [stderr]   Downloaded paste v0.1.6
[INFO] [stderr]   Downloaded ctor v0.1.12
[INFO] [stderr]   Downloaded arrayvec v0.5.0
[INFO] [stderr]   Downloaded proc-macro2 v1.0.5
[INFO] [stderr]   Downloaded tinystr v0.3.1
[INFO] [stderr]   Downloaded ogg v0.7.0
[INFO] [stderr]   Downloaded num v0.2.0
[INFO] [stderr]   Downloaded twox-hash v1.5.0
[INFO] [stderr]   Downloaded imgui-winit-support v0.2.1
[INFO] [stderr]   Downloaded fluent-syntax v0.9.0
[INFO] [stderr]   Downloaded bincode v1.2.0
[INFO] [stderr]   Downloaded linked-hash-map v0.5.2
[INFO] [stderr]   Downloaded rusttype v0.8.1
[INFO] [stderr]   Downloaded objc v0.2.6
[INFO] [stderr]   Downloaded cexpr v0.3.5
[INFO] [stderr]   Downloaded alga_derive v0.9.1
[INFO] [stderr]   Downloaded hound v3.4.0
[INFO] [stderr]   Downloaded x11-dl v2.18.4
[INFO] [stderr]   Downloaded slice-deque v0.2.4
[INFO] [stderr]   Downloaded glyph_brush v0.6.0
[INFO] [stderr]   Downloaded minimp3 v0.3.3
[INFO] [stderr]   Downloaded euclid v0.20.1
[INFO] [stderr]   Downloaded stb_truetype v0.3.0
[INFO] [stderr]   Downloaded vergen v3.0.4
[INFO] [stderr]   Downloaded ordered-float v1.0.2
[INFO] [stderr]   Downloaded mint v0.5.3
[INFO] [stderr]   Downloaded glyph_brush_layout v0.1.8
[INFO] [stderr]   Downloaded unic-langid-impl v0.6.0
[INFO] [stderr]   Downloaded xi-unicode v0.2.0
[INFO] [stderr]   Downloaded erased-serde v0.3.9
[INFO] [stderr]   Downloaded fluent-locale v0.10.0
[INFO] [stderr]   Downloaded coreaudio-sys v0.2.3
[INFO] [stderr]   Downloaded const-random v0.1.6
[INFO] [stderr]   Downloaded paste-impl v0.1.6
[INFO] [stderr]   Downloaded shred-derive v0.6.1
[INFO] [stderr]   Downloaded derivative v1.0.3
[INFO] [stderr]   Downloaded dlib v0.4.1
[INFO] [stderr]   Downloaded blake2b_simd v0.5.8
[INFO] [stderr]   Downloaded specs-derive v0.4.0
[INFO] [stderr]   Downloaded num-bigint v0.2.3
[INFO] [stderr]   Downloaded minimp3-sys v0.3.1
[INFO] [stderr]   Downloaded cocoa v0.18.4
[INFO] [stderr]   Downloaded shred v0.9.3
[INFO] [stderr]   Downloaded quickcheck v0.8.5
[INFO] [stderr]   Downloaded bindgen v0.51.1
[INFO] [stderr]   Downloaded ahash v0.2.16
[INFO] [stderr]   Downloaded backtrace v0.3.38
[INFO] [stderr]   Downloaded chrono v0.4.9
[INFO] [stderr]   Downloaded proc-macro-hack v0.5.10
[INFO] [stderr]   Downloaded winit v0.19.3
[INFO] [stderr]   Downloaded lexical-core v0.4.6
[INFO] [stderr]   Downloaded xml-rs v0.8.0
[INFO] [stderr]   Downloaded imgui-sys v0.2.0
[INFO] [stderr]   Downloaded hashbrown v0.6.1
[INFO] [stderr]   Downloaded imgui v0.2.1
[INFO] [stderr]   Downloaded servo-fontconfig-sys v4.0.7
[INFO] [stderr]   Downloaded shaderc-sys v0.5.1
[INFO] [stderr]   Downloaded shrev v1.1.1
[INFO] [stderr]   Downloaded amethyst-imgui v0.5.1
[INFO] running `Command { std: "docker" "create" "-v" "/var/lib/crater-agent-workspace/builds/worker-7-tc1/target:/opt/rustwide/target:rw,Z" "-v" "/var/lib/crater-agent-workspace/builds/worker-7-tc1/source:/opt/rustwide/workdir:ro,Z" "-v" "/var/lib/crater-agent-workspace/cargo-home:/opt/rustwide/cargo-home:ro,Z" "-v" "/var/lib/crater-agent-workspace/rustup-home:/opt/rustwide/rustup-home:ro,Z" "-e" "SOURCE_DIR=/opt/rustwide/workdir" "-e" "CARGO_TARGET_DIR=/opt/rustwide/target" "-e" "CARGO_HOME=/opt/rustwide/cargo-home" "-e" "RUSTUP_HOME=/opt/rustwide/rustup-home" "-w" "/opt/rustwide/workdir" "-m" "1610612736" "--user" "0:0" "--network" "none" "ghcr.io/rust-lang/crates-build-env/linux@sha256:5ff2268d62e97bff2cde7d5815dd6ed5b47097566f13b8d0ca110b04b60e07ed" "/opt/rustwide/cargo-home/bin/cargo" "+1.69.0" "metadata" "--no-deps" "--format-version=1", kill_on_drop: false }`
[INFO] [stdout] cbdacbd83fa1aedf4fa78aad4bdadf672a78ec876fa84afeff4f707525d61592
[INFO] running `Command { std: "docker" "start" "-a" "cbdacbd83fa1aedf4fa78aad4bdadf672a78ec876fa84afeff4f707525d61592", kill_on_drop: false }`
[INFO] running `Command { std: "docker" "inspect" "cbdacbd83fa1aedf4fa78aad4bdadf672a78ec876fa84afeff4f707525d61592", kill_on_drop: false }`
[INFO] running `Command { std: "docker" "rm" "-f" "cbdacbd83fa1aedf4fa78aad4bdadf672a78ec876fa84afeff4f707525d61592", kill_on_drop: false }`
[INFO] [stdout] cbdacbd83fa1aedf4fa78aad4bdadf672a78ec876fa84afeff4f707525d61592
[INFO] running `Command { std: "docker" "create" "-v" "/var/lib/crater-agent-workspace/builds/worker-7-tc1/target:/opt/rustwide/target:rw,Z" "-v" "/var/lib/crater-agent-workspace/builds/worker-7-tc1/source:/opt/rustwide/workdir:ro,Z" "-v" "/var/lib/crater-agent-workspace/cargo-home:/opt/rustwide/cargo-home:ro,Z" "-v" "/var/lib/crater-agent-workspace/rustup-home:/opt/rustwide/rustup-home:ro,Z" "-e" "SOURCE_DIR=/opt/rustwide/workdir" "-e" "CARGO_TARGET_DIR=/opt/rustwide/target" "-e" "CARGO_INCREMENTAL=0" "-e" "RUST_BACKTRACE=full" "-e" "RUSTFLAGS=--cap-lints=warn" "-e" "RUSTDOCFLAGS=--cap-lints=warn" "-e" "CARGO_HOME=/opt/rustwide/cargo-home" "-e" "RUSTUP_HOME=/opt/rustwide/rustup-home" "-w" "/opt/rustwide/workdir" "-m" "1610612736" "--user" "0:0" "--network" "none" "ghcr.io/rust-lang/crates-build-env/linux@sha256:5ff2268d62e97bff2cde7d5815dd6ed5b47097566f13b8d0ca110b04b60e07ed" "/opt/rustwide/cargo-home/bin/cargo" "+1.69.0" "build" "--frozen" "--message-format=json", kill_on_drop: false }`
[INFO] [stdout] e7cf29c223a267a25f3ea65c87dbc6a5da3cdccffe7d71620467a5b00c13d9b6
[INFO] running `Command { std: "docker" "start" "-a" "e7cf29c223a267a25f3ea65c87dbc6a5da3cdccffe7d71620467a5b00c13d9b6", kill_on_drop: false }`
[INFO] [stderr]     Blocking waiting for file lock on package cache
[INFO] [stderr]    Compiling semver-parser v0.7.0
[INFO] [stderr]    Compiling cc v1.0.45
[INFO] [stderr]    Compiling scopeguard v1.0.0
[INFO] [stderr]    Compiling bitflags v1.2.0
[INFO] [stderr]    Compiling smallvec v0.6.10
[INFO] [stderr]    Compiling log v0.4.8
[INFO] [stderr]    Compiling lock_api v0.3.1
[INFO] [stderr]    Compiling semver v0.9.0
[INFO] [stderr]    Compiling rustc_version v0.2.3
[INFO] [stderr]    Compiling parking_lot_core v0.6.2
[INFO] [stderr]    Compiling parking_lot v0.9.0
[INFO] [stderr]    Compiling imgui-sys v0.2.0
[INFO] [stderr]    Compiling imgui v0.2.1
[INFO] [stderr]    Compiling imgui-log v0.1.0 (/opt/rustwide/workdir)
[INFO] [stderr]     Finished dev [unoptimized + debuginfo] target(s) in 9.21s
[INFO] running `Command { std: "docker" "inspect" "e7cf29c223a267a25f3ea65c87dbc6a5da3cdccffe7d71620467a5b00c13d9b6", kill_on_drop: false }`
[INFO] running `Command { std: "docker" "rm" "-f" "e7cf29c223a267a25f3ea65c87dbc6a5da3cdccffe7d71620467a5b00c13d9b6", kill_on_drop: false }`
[INFO] [stdout] e7cf29c223a267a25f3ea65c87dbc6a5da3cdccffe7d71620467a5b00c13d9b6
[INFO] running `Command { std: "docker" "create" "-v" "/var/lib/crater-agent-workspace/builds/worker-7-tc1/target:/opt/rustwide/target:rw,Z" "-v" "/var/lib/crater-agent-workspace/builds/worker-7-tc1/source:/opt/rustwide/workdir:ro,Z" "-v" "/var/lib/crater-agent-workspace/cargo-home:/opt/rustwide/cargo-home:ro,Z" "-v" "/var/lib/crater-agent-workspace/rustup-home:/opt/rustwide/rustup-home:ro,Z" "-e" "SOURCE_DIR=/opt/rustwide/workdir" "-e" "CARGO_TARGET_DIR=/opt/rustwide/target" "-e" "CARGO_INCREMENTAL=0" "-e" "RUST_BACKTRACE=full" "-e" "RUSTFLAGS=--cap-lints=warn" "-e" "RUSTDOCFLAGS=--cap-lints=warn" "-e" "CARGO_HOME=/opt/rustwide/cargo-home" "-e" "RUSTUP_HOME=/opt/rustwide/rustup-home" "-w" "/opt/rustwide/workdir" "-m" "1610612736" "--user" "0:0" "--network" "none" "ghcr.io/rust-lang/crates-build-env/linux@sha256:5ff2268d62e97bff2cde7d5815dd6ed5b47097566f13b8d0ca110b04b60e07ed" "/opt/rustwide/cargo-home/bin/cargo" "+1.69.0" "test" "--frozen" "--no-run" "--message-format=json", kill_on_drop: false }`
[INFO] [stdout] ecb1e25b58e7528015dfd1c138fc64ad9a1868415315f819a738c6655736a4c1
[INFO] running `Command { std: "docker" "start" "-a" "ecb1e25b58e7528015dfd1c138fc64ad9a1868415315f819a738c6655736a4c1", kill_on_drop: false }`
[INFO] [stderr]     Blocking waiting for file lock on package cache
[INFO] [stderr]    Compiling imgui-log v0.1.0 (/opt/rustwide/workdir)
[INFO] [stderr]     Finished test [unoptimized + debuginfo] target(s) in 0.53s
[INFO] running `Command { std: "docker" "inspect" "ecb1e25b58e7528015dfd1c138fc64ad9a1868415315f819a738c6655736a4c1", kill_on_drop: false }`
[INFO] running `Command { std: "docker" "rm" "-f" "ecb1e25b58e7528015dfd1c138fc64ad9a1868415315f819a738c6655736a4c1", kill_on_drop: false }`
[INFO] [stdout] ecb1e25b58e7528015dfd1c138fc64ad9a1868415315f819a738c6655736a4c1
[INFO] running `Command { std: "docker" "create" "-v" "/var/lib/crater-agent-workspace/builds/worker-7-tc1/target:/opt/rustwide/target:rw,Z" "-v" "/var/lib/crater-agent-workspace/builds/worker-7-tc1/source:/opt/rustwide/workdir:ro,Z" "-v" "/var/lib/crater-agent-workspace/cargo-home:/opt/rustwide/cargo-home:ro,Z" "-v" "/var/lib/crater-agent-workspace/rustup-home:/opt/rustwide/rustup-home:ro,Z" "-e" "SOURCE_DIR=/opt/rustwide/workdir" "-e" "CARGO_TARGET_DIR=/opt/rustwide/target" "-e" "CARGO_INCREMENTAL=0" "-e" "RUST_BACKTRACE=full" "-e" "RUSTFLAGS=--cap-lints=warn" "-e" "RUSTDOCFLAGS=--cap-lints=warn" "-e" "CARGO_HOME=/opt/rustwide/cargo-home" "-e" "RUSTUP_HOME=/opt/rustwide/rustup-home" "-w" "/opt/rustwide/workdir" "-m" "1610612736" "--user" "0:0" "--network" "none" "ghcr.io/rust-lang/crates-build-env/linux@sha256:5ff2268d62e97bff2cde7d5815dd6ed5b47097566f13b8d0ca110b04b60e07ed" "/opt/rustwide/cargo-home/bin/cargo" "+1.69.0" "test" "--frozen", kill_on_drop: false }`
[INFO] [stdout] cda05f7e9668a2144866eb7161b760549ad0ff2406fc62aa1f81065fc950fa6b
[INFO] running `Command { std: "docker" "start" "-a" "cda05f7e9668a2144866eb7161b760549ad0ff2406fc62aa1f81065fc950fa6b", kill_on_drop: false }`
[INFO] [stderr]     Blocking waiting for file lock on package cache
[INFO] [stderr]     Finished test [unoptimized + debuginfo] target(s) in 0.52s
[INFO] [stderr]      Running unittests src/lib.rs (/opt/rustwide/target/debug/deps/imgui_log-e2e8eb3436a4daa9)
[INFO] [stdout] 
[INFO] [stderr]    Doc-tests imgui-log
[INFO] [stdout] running 0 tests
[INFO] [stdout] 
[INFO] [stdout] test result: ok. 0 passed; 0 failed; 0 ignored; 0 measured; 0 filtered out; finished in 0.00s
[INFO] [stdout] 
[INFO] [stdout] 
[INFO] [stdout] running 3 tests
[INFO] [stdout] test src/lib.rs - (line 38) - compile ... FAILED
[INFO] [stdout] test src/lib.rs - (line 65) - compile ... FAILED
[INFO] [stdout] test src/lib.rs - (line 15) - compile ... FAILED
[INFO] [stdout] 
[INFO] [stdout] failures:
[INFO] [stdout] 
[INFO] [stdout] ---- src/lib.rs - (line 38) stdout ----
[INFO] [stdout] error[E0433]: failed to resolve: use of undeclared type `LoggerConfig`
[INFO] [stdout]  --> src/lib.rs:39:29
[INFO] [stdout]   |
[INFO] [stdout] 4 | imgui_log::init_with_config(LoggerConfig::default()
[INFO] [stdout]   |                             ^^^^^^^^^^^^ use of undeclared type `LoggerConfig`
[INFO] [stdout]   |
[INFO] [stdout] help: consider importing this struct
[INFO] [stdout]   |
[INFO] [stdout] 2 | use imgui_log::LoggerConfig;
[INFO] [stdout]   |
[INFO] [stdout] 
[INFO] [stdout] error[E0422]: cannot find struct, variant or union type `LogColors` in this scope
[INFO] [stdout]  --> src/lib.rs:41:13
[INFO] [stdout]   |
[INFO] [stdout] 6 |     .colors(LogColors {
[INFO] [stdout]   |             ^^^^^^^^^ not found in this scope
[INFO] [stdout]   |
[INFO] [stdout] help: consider importing this struct
[INFO] [stdout]   |
[INFO] [stdout] 2 | use imgui_log::LogColors;
[INFO] [stdout]   |
[INFO] [stdout] 
[INFO] [stdout] error: aborting due to 2 previous errors
[INFO] [stdout] 
[INFO] [stdout] Some errors have detailed explanations: E0422, E0433.
[INFO] [stdout] For more information about an error, try `rustc --explain E0422`.
[INFO] [stdout] Couldn't compile the test.
[INFO] [stdout] ---- src/lib.rs - (line 65) stdout ----
[INFO] [stdout] error[E0432]: unresolved import `imgui_log::amethyst_imgui`
[INFO] [stdout]  --> src/lib.rs:66:16
[INFO] [stdout]   |
[INFO] [stdout] 4 | use imgui_log::amethyst_imgui::RenderImgui;
[INFO] [stdout]   |                ^^^^^^^^^^^^^^ could not find `amethyst_imgui` in `imgui_log`
[INFO] [stdout] 
[INFO] [stdout] error[E0425]: cannot find function `create_system` in crate `imgui_log`
[INFO] [stdout]   --> src/lib.rs:74:26
[INFO] [stdout]    |
[INFO] [stdout] 12 |         .with(imgui_log::create_system(), "imgui_log", &[]) // <--- ADDED LINE 
[INFO] [stdout]    |                          ^^^^^^^^^^^^^ not found in `imgui_log`
[INFO] [stdout] 
[INFO] [stdout] error[E0412]: cannot find type `StringBindings` in this scope
[INFO] [stdout]   --> src/lib.rs:75:36
[INFO] [stdout]    |
[INFO] [stdout] 13 |         .with_bundle(InputBundle::<StringBindings>::default())?
[INFO] [stdout]    |                                    ^^^^^^^^^^^^^^ not found in this scope
[INFO] [stdout]    |
[INFO] [stdout] help: you might be missing a type parameter
[INFO] [stdout]    |
[INFO] [stdout] 3  | fn main() { #[allow(non_snake_case)] fn _doctest_main_src_lib_rs_65_0<StringBindings>() {
[INFO] [stdout]    |                                                                      ++++++++++++++++
[INFO] [stdout] 
[INFO] [stdout] error[E0412]: cannot find type `DefaultBackend` in this scope
[INFO] [stdout]   --> src/lib.rs:77:31
[INFO] [stdout]    |
[INFO] [stdout] 15 |             RenderingBundle::<DefaultBackend>::new()
[INFO] [stdout]    |                               ^^^^^^^^^^^^^^ not found in this scope
[INFO] [stdout]    |
[INFO] [stdout] help: you might be missing a type parameter
[INFO] [stdout]    |
[INFO] [stdout] 3  | fn main() { #[allow(non_snake_case)] fn _doctest_main_src_lib_rs_65_0<DefaultBackend>() {
[INFO] [stdout]    |                                                                      ++++++++++++++++
[INFO] [stdout] 
[INFO] [stdout] error[E0412]: cannot find type `StringBindings` in this scope
[INFO] [stdout]   --> src/lib.rs:82:44
[INFO] [stdout]    |
[INFO] [stdout] 20 |                 .with_plugin(RenderImgui::<StringBindings>::default()), // <--- ADDED LINE
[INFO] [stdout]    |                                            ^^^^^^^^^^^^^^ not found in this scope
[INFO] [stdout]    |
[INFO] [stdout] help: you might be missing a type parameter
[INFO] [stdout]    |
[INFO] [stdout] 3  | fn main() { #[allow(non_snake_case)] fn _doctest_main_src_lib_rs_65_0<StringBindings>() {
[INFO] [stdout]    |                                                                      ++++++++++++++++
[INFO] [stdout] 
[INFO] [stdout] error[E0425]: cannot find value `Example` in this scope
[INFO] [stdout]   --> src/lib.rs:85:29
[INFO] [stdout]    |
[INFO] [stdout] 23 |     Application::build("/", Example)?.build(game_data)?.run();
[INFO] [stdout]    |                             ^^^^^^^ not found in this scope
[INFO] [stdout] 
[INFO] [stdout] error[E0425]: cannot find function `application_root_dir` in this scope
[INFO] [stdout]  --> src/lib.rs:70:20
[INFO] [stdout]   |
[INFO] [stdout] 8 |     let app_root = application_root_dir()?;
[INFO] [stdout]   |                    ^^^^^^^^^^^^^^^^^^^^ not found in this scope
[INFO] [stdout] 
[INFO] [stdout] error[E0433]: failed to resolve: use of undeclared type `GameDataBuilder`
[INFO] [stdout]   --> src/lib.rs:72:21
[INFO] [stdout]    |
[INFO] [stdout] 10 |     let game_data = GameDataBuilder::default()
[INFO] [stdout]    |                     ^^^^^^^^^^^^^^^ use of undeclared type `GameDataBuilder`
[INFO] [stdout] 
[INFO] [stdout] error[E0433]: failed to resolve: use of undeclared type `InputBundle`
[INFO] [stdout]   --> src/lib.rs:75:22
[INFO] [stdout]    |
[INFO] [stdout] 13 |         .with_bundle(InputBundle::<StringBindings>::default())?
[INFO] [stdout]    |                      ^^^^^^^^^^^ use of undeclared type `InputBundle`
[INFO] [stdout] 
[INFO] [stdout] error[E0433]: failed to resolve: use of undeclared type `RenderingBundle`
[INFO] [stdout]   --> src/lib.rs:77:13
[INFO] [stdout]    |
[INFO] [stdout] 15 |             RenderingBundle::<DefaultBackend>::new()
[INFO] [stdout]    |             ^^^^^^^^^^^^^^^ use of undeclared type `RenderingBundle`
[INFO] [stdout] 
[INFO] [stdout] error[E0433]: failed to resolve: use of undeclared type `RenderToWindow`
[INFO] [stdout]   --> src/lib.rs:79:21
[INFO] [stdout]    |
[INFO] [stdout] 17 |                     RenderToWindow::from_config_path(display_config_path)
[INFO] [stdout]    |                     ^^^^^^^^^^^^^^ use of undeclared type `RenderToWindow`
[INFO] [stdout] 
[INFO] [stdout] error[E0433]: failed to resolve: use of undeclared type `Application`
[INFO] [stdout]   --> src/lib.rs:85:5
[INFO] [stdout]    |
[INFO] [stdout] 23 |     Application::build("/", Example)?.build(game_data)?.run();
[INFO] [stdout]    |     ^^^^^^^^^^^ use of undeclared type `Application`
[INFO] [stdout] 
[INFO] [stdout] error: aborting due to 12 previous errors
[INFO] [stdout] 
[INFO] [stdout] Some errors have detailed explanations: E0412, E0425, E0432, E0433.
[INFO] [stdout] For more information about an error, try `rustc --explain E0412`.
[INFO] [stdout] Couldn't compile the test.
[INFO] [stdout] ---- src/lib.rs - (line 15) stdout ----
[INFO] [stdout] error: unexpected token: `...`
[INFO] [stdout]  --> src/lib.rs:20:21
[INFO] [stdout]   |
[INFO] [stdout] 8 | let ui: imgui::Ui = ... ;
[INFO] [stdout]   |                     ^^^
[INFO] [stdout]   |
[INFO] [stdout] help: use `..` for an exclusive range
[INFO] [stdout]   |
[INFO] [stdout] 8 | let ui: imgui::Ui = .. ;
[INFO] [stdout]   |                     ~~
[INFO] [stdout] help: or `..=` for an inclusive range
[INFO] [stdout]   |
[INFO] [stdout] 8 | let ui: imgui::Ui = ..= ;
[INFO] [stdout]   |                     ~~~
[INFO] [stdout] 
[INFO] [stdout] error[E0586]: inclusive range with no end
[INFO] [stdout]  --> src/lib.rs:20:21
[INFO] [stdout]   |
[INFO] [stdout] 8 | let ui: imgui::Ui = ... ;
[INFO] [stdout]   |                     ^^^ help: use `..` instead
[INFO] [stdout]   |
[INFO] [stdout]   = note: inclusive ranges must be bounded at the end (`..=b` or `a..=b`)
[INFO] [stdout] 
[INFO] [stdout] error: cannot find macro `im_str` in this scope
[INFO] [stdout]   --> src/lib.rs:28:37
[INFO] [stdout]    |
[INFO] [stdout] 16 |     let window = imgui::Window::new(im_str!("My Log"));
[INFO] [stdout]    |                                     ^^^^^^
[INFO] [stdout]    |
[INFO] [stdout]    = help: consider importing this macro:
[INFO] [stdout]            imgui::im_str
[INFO] [stdout] 
[INFO] [stdout] error: cannot find macro `info` in this scope
[INFO] [stdout]   --> src/lib.rs:25:5
[INFO] [stdout]    |
[INFO] [stdout] 13 |     info!("Hello World");
[INFO] [stdout]    |     ^^^^
[INFO] [stdout]    |
[INFO] [stdout]    = help: consider importing this macro:
[INFO] [stdout]            log::info
[INFO] [stdout] 
[INFO] [stdout] error[E0599]: no method named `draw` found for struct `LogWindow` in the current scope
[INFO] [stdout]   --> src/lib.rs:29:9
[INFO] [stdout]    |
[INFO] [stdout] 17 |     log.draw(&ui, window);
[INFO] [stdout]    |         ^^^^ method not found in `LogWindow`
[INFO] [stdout] 
[INFO] [stdout] error: aborting due to 5 previous errors
[INFO] [stdout] 
[INFO] [stdout] Some errors have detailed explanations: E0586, E0599.
[INFO] [stdout] For more information about an error, try `rustc --explain E0586`.
[INFO] [stdout] Couldn't compile the test.
[INFO] [stdout] 
[INFO] [stdout] failures:
[INFO] [stdout]     src/lib.rs - (line 15)
[INFO] [stdout]     src/lib.rs - (line 38)
[INFO] [stdout]     src/lib.rs - (line 65)
[INFO] [stdout] 
[INFO] [stdout] test result: FAILED. 0 passed; 3 failed; 0 ignored; 0 measured; 0 filtered out; finished in 0.07s
[INFO] [stdout] 
[INFO] [stderr] error: doctest failed, to rerun pass `--doc`
[INFO] running `Command { std: "docker" "inspect" "cda05f7e9668a2144866eb7161b760549ad0ff2406fc62aa1f81065fc950fa6b", kill_on_drop: false }`
[INFO] running `Command { std: "docker" "rm" "-f" "cda05f7e9668a2144866eb7161b760549ad0ff2406fc62aa1f81065fc950fa6b", kill_on_drop: false }`
[INFO] [stdout] cda05f7e9668a2144866eb7161b760549ad0ff2406fc62aa1f81065fc950fa6b
