[INFO] fetching crate igd-next 0.13.1...
[INFO] testing igd-next-0.13.1 against 1.69.0 for beta-1.70-1
[INFO] extracting crate igd-next 0.13.1 into /workspace/builds/worker-5-tc1/source
[INFO] validating manifest of crates.io crate igd-next 0.13.1 on toolchain 1.69.0
[INFO] running `Command { std: CARGO_HOME="/workspace/cargo-home" RUSTUP_HOME="/workspace/rustup-home" "/workspace/cargo-home/bin/cargo" "+1.69.0" "metadata" "--manifest-path" "Cargo.toml" "--no-deps", kill_on_drop: false }`
[INFO] started tweaking crates.io crate igd-next 0.13.1
[INFO] removed 0 missing examples
[INFO] finished tweaking crates.io crate igd-next 0.13.1
[INFO] tweaked toml for crates.io crate igd-next 0.13.1 written to /workspace/builds/worker-5-tc1/source/Cargo.toml
[INFO] crate crates.io crate igd-next 0.13.1 already has a lockfile, it will not be regenerated
[INFO] running `Command { std: CARGO_HOME="/workspace/cargo-home" RUSTUP_HOME="/workspace/rustup-home" "/workspace/cargo-home/bin/cargo" "+1.69.0" "fetch" "--manifest-path" "Cargo.toml", kill_on_drop: false }`
[INFO] [stderr]     Blocking waiting for file lock on package cache
[INFO] [stderr]  Downloading crates ...
[INFO] [stderr]   Downloaded attohttpc v0.24.0
[INFO] [stderr]   Downloaded simplelog v0.12.0
[INFO] [stderr]   Downloaded tokio v1.22.0
[INFO] [stderr]   Downloaded curl-sys v0.4.59+curl-7.86.0
[INFO] running `Command { std: "docker" "create" "-v" "/var/lib/crater-agent-workspace/builds/worker-5-tc1/target:/opt/rustwide/target:rw,Z" "-v" "/var/lib/crater-agent-workspace/builds/worker-5-tc1/source:/opt/rustwide/workdir:ro,Z" "-v" "/var/lib/crater-agent-workspace/cargo-home:/opt/rustwide/cargo-home:ro,Z" "-v" "/var/lib/crater-agent-workspace/rustup-home:/opt/rustwide/rustup-home:ro,Z" "-e" "SOURCE_DIR=/opt/rustwide/workdir" "-e" "CARGO_TARGET_DIR=/opt/rustwide/target" "-e" "CARGO_HOME=/opt/rustwide/cargo-home" "-e" "RUSTUP_HOME=/opt/rustwide/rustup-home" "-w" "/opt/rustwide/workdir" "-m" "1610612736" "--user" "0:0" "--network" "none" "ghcr.io/rust-lang/crates-build-env/linux@sha256:97d61d7686bf65f8ecb15491ab51835e82dc9176a96a831f143a431b191fc501" "/opt/rustwide/cargo-home/bin/cargo" "+1.69.0" "metadata" "--no-deps" "--format-version=1", kill_on_drop: false }`
[INFO] [stdout] 005d40922732a33a6a395e3feab4f211ec5ab0e54756d35d9653a647f4938e04
[INFO] running `Command { std: "docker" "start" "-a" "005d40922732a33a6a395e3feab4f211ec5ab0e54756d35d9653a647f4938e04", kill_on_drop: false }`
[INFO] running `Command { std: "docker" "inspect" "005d40922732a33a6a395e3feab4f211ec5ab0e54756d35d9653a647f4938e04", kill_on_drop: false }`
[INFO] running `Command { std: "docker" "rm" "-f" "005d40922732a33a6a395e3feab4f211ec5ab0e54756d35d9653a647f4938e04", kill_on_drop: false }`
[INFO] [stdout] 005d40922732a33a6a395e3feab4f211ec5ab0e54756d35d9653a647f4938e04
[INFO] running `Command { std: "docker" "create" "-v" "/var/lib/crater-agent-workspace/builds/worker-5-tc1/target:/opt/rustwide/target:rw,Z" "-v" "/var/lib/crater-agent-workspace/builds/worker-5-tc1/source:/opt/rustwide/workdir:ro,Z" "-v" "/var/lib/crater-agent-workspace/cargo-home:/opt/rustwide/cargo-home:ro,Z" "-v" "/var/lib/crater-agent-workspace/rustup-home:/opt/rustwide/rustup-home:ro,Z" "-e" "SOURCE_DIR=/opt/rustwide/workdir" "-e" "CARGO_TARGET_DIR=/opt/rustwide/target" "-e" "CARGO_INCREMENTAL=0" "-e" "RUST_BACKTRACE=full" "-e" "RUSTFLAGS=--cap-lints=warn" "-e" "RUSTDOCFLAGS=--cap-lints=warn" "-e" "CARGO_HOME=/opt/rustwide/cargo-home" "-e" "RUSTUP_HOME=/opt/rustwide/rustup-home" "-w" "/opt/rustwide/workdir" "-m" "1610612736" "--user" "0:0" "--network" "none" "ghcr.io/rust-lang/crates-build-env/linux@sha256:97d61d7686bf65f8ecb15491ab51835e82dc9176a96a831f143a431b191fc501" "/opt/rustwide/cargo-home/bin/cargo" "+1.69.0" "build" "--frozen" "--message-format=json", kill_on_drop: false }`
[INFO] [stdout] a62d1aae499ec385459437f9e72b0f2a8de7d1cdf4d8a4f1dbfa2b7f48981ef0
[INFO] running `Command { std: "docker" "start" "-a" "a62d1aae499ec385459437f9e72b0f2a8de7d1cdf4d8a4f1dbfa2b7f48981ef0", kill_on_drop: false }`
[INFO] [stderr]    Compiling libc v0.2.138
[INFO] [stderr]    Compiling tinyvec_macros v0.1.0
[INFO] [stderr]    Compiling unicode-bidi v0.3.8
[INFO] [stderr]    Compiling bytes v1.3.0
[INFO] [stderr]    Compiling itoa v1.0.4
[INFO] [stderr]    Compiling xml-rs v0.8.4
[INFO] [stderr]    Compiling tinyvec v1.6.0
[INFO] [stderr]    Compiling http v0.2.8
[INFO] [stderr]    Compiling xmltree v0.10.3
[INFO] [stderr]    Compiling unicode-normalization v0.1.22
[INFO] [stderr]    Compiling getrandom v0.2.8
[INFO] [stderr]    Compiling rand_core v0.6.4
[INFO] [stderr]    Compiling idna v0.3.0
[INFO] [stderr]    Compiling rand_chacha v0.3.1
[INFO] [stderr]    Compiling rand v0.8.5
[INFO] [stderr]    Compiling url v2.3.1
[INFO] [stderr]    Compiling attohttpc v0.24.0
[INFO] [stderr]    Compiling igd-next v0.13.1 (/opt/rustwide/workdir)
[INFO] [stderr]     Finished dev [unoptimized + debuginfo] target(s) in 4.70s
[INFO] running `Command { std: "docker" "inspect" "a62d1aae499ec385459437f9e72b0f2a8de7d1cdf4d8a4f1dbfa2b7f48981ef0", kill_on_drop: false }`
[INFO] running `Command { std: "docker" "rm" "-f" "a62d1aae499ec385459437f9e72b0f2a8de7d1cdf4d8a4f1dbfa2b7f48981ef0", kill_on_drop: false }`
[INFO] [stdout] a62d1aae499ec385459437f9e72b0f2a8de7d1cdf4d8a4f1dbfa2b7f48981ef0
[INFO] running `Command { std: "docker" "create" "-v" "/var/lib/crater-agent-workspace/builds/worker-5-tc1/target:/opt/rustwide/target:rw,Z" "-v" "/var/lib/crater-agent-workspace/builds/worker-5-tc1/source:/opt/rustwide/workdir:ro,Z" "-v" "/var/lib/crater-agent-workspace/cargo-home:/opt/rustwide/cargo-home:ro,Z" "-v" "/var/lib/crater-agent-workspace/rustup-home:/opt/rustwide/rustup-home:ro,Z" "-e" "SOURCE_DIR=/opt/rustwide/workdir" "-e" "CARGO_TARGET_DIR=/opt/rustwide/target" "-e" "CARGO_INCREMENTAL=0" "-e" "RUST_BACKTRACE=full" "-e" "RUSTFLAGS=--cap-lints=warn" "-e" "RUSTDOCFLAGS=--cap-lints=warn" "-e" "CARGO_HOME=/opt/rustwide/cargo-home" "-e" "RUSTUP_HOME=/opt/rustwide/rustup-home" "-w" "/opt/rustwide/workdir" "-m" "1610612736" "--user" "0:0" "--network" "none" "ghcr.io/rust-lang/crates-build-env/linux@sha256:97d61d7686bf65f8ecb15491ab51835e82dc9176a96a831f143a431b191fc501" "/opt/rustwide/cargo-home/bin/cargo" "+1.69.0" "test" "--frozen" "--no-run" "--message-format=json", kill_on_drop: false }`
[INFO] [stdout] e2460614818834ae405d859dc26ae62e058382f8b19bee089243bc66e6c44b5c
[INFO] running `Command { std: "docker" "start" "-a" "e2460614818834ae405d859dc26ae62e058382f8b19bee089243bc66e6c44b5c", kill_on_drop: false }`
[INFO] [stderr]    Compiling libc v0.2.138
[INFO] [stderr]    Compiling proc-macro2 v1.0.47
[INFO] [stderr]    Compiling quote v1.0.21
[INFO] [stderr]    Compiling unicode-ident v1.0.5
[INFO] [stderr]    Compiling syn v1.0.105
[INFO] [stderr]    Compiling log v0.4.17
[INFO] [stderr]    Compiling futures-core v0.3.25
[INFO] [stderr]    Compiling crossbeam-utils v0.8.14
[INFO] [stderr]    Compiling fastrand v1.8.0
[INFO] [stderr]    Compiling futures-io v0.3.25
[INFO] [stderr]    Compiling waker-fn v1.1.0
[INFO] [stderr]    Compiling parking v2.0.0
[INFO] [stderr]    Compiling value-bag v1.0.0-alpha.9
[INFO] [stderr]    Compiling event-listener v2.5.3
[INFO] [stderr]    Compiling slab v0.4.7
[INFO] [stderr]    Compiling polling v2.5.2
[INFO] [stderr]    Compiling async-io v1.12.0
[INFO] [stderr]    Compiling parking_lot_core v0.9.5
[INFO] [stderr]    Compiling async-task v4.3.0
[INFO] [stderr]    Compiling atomic-waker v1.1.0
[INFO] [stderr]    Compiling time-macros v0.2.6
[INFO] [stderr]    Compiling tokio v1.22.0
[INFO] [stderr]    Compiling once_cell v1.16.0
[INFO] [stderr]    Compiling num_threads v0.1.6
[INFO] [stderr]    Compiling termcolor v1.1.3
[INFO] [stderr]    Compiling futures-lite v1.12.0
[INFO] [stderr]    Compiling concurrent-queue v2.1.0
[INFO] [stderr]    Compiling socket2 v0.4.7
[INFO] [stderr]    Compiling getrandom v0.2.8
[INFO] [stderr]    Compiling num_cpus v1.14.0
[INFO] [stderr]    Compiling signal-hook-registry v1.4.0
[INFO] [stderr]    Compiling async-channel v1.8.0
[INFO] [stderr]    Compiling rand_core v0.6.4
[INFO] [stderr]    Compiling parking_lot v0.12.1
[INFO] [stderr]    Compiling rand_chacha v0.3.1
[INFO] [stderr]    Compiling time v0.3.17
[INFO] [stderr]    Compiling async-lock v2.6.0
[INFO] [stderr]    Compiling rand v0.8.5
[INFO] [stderr]    Compiling blocking v1.3.0
[INFO] [stderr]    Compiling async-executor v1.5.0
[INFO] [stderr]    Compiling ctor v0.1.26
[INFO] [stderr]    Compiling tokio-macros v1.8.2
[INFO] [stderr]    Compiling async-attributes v1.1.2
[INFO] [stderr]    Compiling attohttpc v0.24.0
[INFO] [stderr]    Compiling mio v0.8.5
[INFO] [stderr]    Compiling kv-log-macro v1.0.7
[INFO] [stderr]    Compiling simplelog v0.12.0
[INFO] [stderr]    Compiling igd-next v0.13.1 (/opt/rustwide/workdir)
[INFO] [stderr]    Compiling async-global-executor v2.3.1
[INFO] [stderr]    Compiling async-std v1.12.0
[INFO] [stderr]     Finished test [unoptimized + debuginfo] target(s) in 15.10s
[INFO] running `Command { std: "docker" "inspect" "e2460614818834ae405d859dc26ae62e058382f8b19bee089243bc66e6c44b5c", kill_on_drop: false }`
[INFO] running `Command { std: "docker" "rm" "-f" "e2460614818834ae405d859dc26ae62e058382f8b19bee089243bc66e6c44b5c", kill_on_drop: false }`
[INFO] [stdout] e2460614818834ae405d859dc26ae62e058382f8b19bee089243bc66e6c44b5c
[INFO] running `Command { std: "docker" "create" "-v" "/var/lib/crater-agent-workspace/builds/worker-5-tc1/target:/opt/rustwide/target:rw,Z" "-v" "/var/lib/crater-agent-workspace/builds/worker-5-tc1/source:/opt/rustwide/workdir:ro,Z" "-v" "/var/lib/crater-agent-workspace/cargo-home:/opt/rustwide/cargo-home:ro,Z" "-v" "/var/lib/crater-agent-workspace/rustup-home:/opt/rustwide/rustup-home:ro,Z" "-e" "SOURCE_DIR=/opt/rustwide/workdir" "-e" "CARGO_TARGET_DIR=/opt/rustwide/target" "-e" "CARGO_INCREMENTAL=0" "-e" "RUST_BACKTRACE=full" "-e" "RUSTFLAGS=--cap-lints=warn" "-e" "RUSTDOCFLAGS=--cap-lints=warn" "-e" "CARGO_HOME=/opt/rustwide/cargo-home" "-e" "RUSTUP_HOME=/opt/rustwide/rustup-home" "-w" "/opt/rustwide/workdir" "-m" "1610612736" "--user" "0:0" "--network" "none" "ghcr.io/rust-lang/crates-build-env/linux@sha256:97d61d7686bf65f8ecb15491ab51835e82dc9176a96a831f143a431b191fc501" "/opt/rustwide/cargo-home/bin/cargo" "+1.69.0" "test" "--frozen", kill_on_drop: false }`
[INFO] [stdout] 01ef074bf67aa4f5cc8925e0f79725d009d335795ef727e51312915a69a4a570
[INFO] running `Command { std: "docker" "start" "-a" "01ef074bf67aa4f5cc8925e0f79725d009d335795ef727e51312915a69a4a570", kill_on_drop: false }`
[INFO] [stderr]     Finished test [unoptimized + debuginfo] target(s) in 0.23s
[INFO] [stdout] 
[INFO] [stderr]      Running unittests src/lib.rs (/opt/rustwide/target/debug/deps/igd_next-856cb2ca71bbc139)
[INFO] [stdout] running 6 tests
[INFO] [stdout] test common::parsing::test_parse_search_result_fail ... ok
[INFO] [stdout] test common::parsing::test_parse_search_result_case_insensitivity ... ok
[INFO] [stdout] test common::parsing::test_parse_device3 ... ok
[INFO] [stdout] test common::parsing::test_parse_device1 ... ok
[INFO] [stdout] test common::parsing::test_parse_search_result_ok ... ok
[INFO] [stdout] test common::parsing::test_parse_device2 ... ok
[INFO] [stdout] 
[INFO] [stdout] test result: ok. 6 passed; 0 failed; 0 ignored; 0 measured; 0 filtered out; finished in 0.01s
[INFO] [stdout] 
[INFO] [stderr]    Doc-tests igd-next
[INFO] [stdout] 
[INFO] [stdout] running 2 tests
[INFO] [stdout] test src/common/options.rs - common::options::SearchOptions (line 11) ... FAILED
[INFO] [stdout] test src/search.rs - search::search_gateway (line 15) - compile ... FAILED
[INFO] [stdout] 
[INFO] [stdout] failures:
[INFO] [stdout] 
[INFO] [stdout] ---- src/common/options.rs - common::options::SearchOptions (line 11) stdout ----
[INFO] [stdout] error[E0432]: unresolved import `igd`
[INFO] [stdout]  --> src/common/options.rs:13:5
[INFO] [stdout]   |
[INFO] [stdout] 4 | use igd::SearchOptions;
[INFO] [stdout]   |     ^^^ use of undeclared crate or module `igd`
[INFO] [stdout] 
[INFO] [stdout] error: aborting due to previous error
[INFO] [stdout] 
[INFO] [stdout] For more information about this error, try `rustc --explain E0432`.
[INFO] [stdout] Couldn't compile the test.
[INFO] [stdout] ---- src/search.rs - search::search_gateway (line 15) stdout ----
[INFO] [stdout] error[E0432]: unresolved import `igd`
[INFO] [stdout]  --> src/search.rs:16:5
[INFO] [stdout]   |
[INFO] [stdout] 2 | use igd::{search_gateway, SearchOptions, Result};
[INFO] [stdout]   |     ^^^ use of undeclared crate or module `igd`
[INFO] [stdout] 
[INFO] [stdout] error: aborting due to previous error
[INFO] [stdout] 
[INFO] [stdout] For more information about this error, try `rustc --explain E0432`.
[INFO] [stdout] Couldn't compile the test.
[INFO] [stdout] 
[INFO] [stdout] failures:
[INFO] [stdout]     src/common/options.rs - common::options::SearchOptions (line 11)
[INFO] [stdout]     src/search.rs - search::search_gateway (line 15)
[INFO] [stdout] 
[INFO] [stdout] test result: FAILED. 0 passed; 2 failed; 0 ignored; 0 measured; 0 filtered out; finished in 0.09s
[INFO] [stdout] 
[INFO] [stderr] error: doctest failed, to rerun pass `--doc`
[INFO] running `Command { std: "docker" "inspect" "01ef074bf67aa4f5cc8925e0f79725d009d335795ef727e51312915a69a4a570", kill_on_drop: false }`
[INFO] running `Command { std: "docker" "rm" "-f" "01ef074bf67aa4f5cc8925e0f79725d009d335795ef727e51312915a69a4a570", kill_on_drop: false }`
[INFO] [stdout] 01ef074bf67aa4f5cc8925e0f79725d009d335795ef727e51312915a69a4a570
