[INFO] fetching crate identitycard 0.1.7...
[INFO] testing identitycard-0.1.7 against 1.69.0 for beta-1.70-1
[INFO] extracting crate identitycard 0.1.7 into /workspace/builds/worker-3-tc1/source
[INFO] validating manifest of crates.io crate identitycard 0.1.7 on toolchain 1.69.0
[INFO] running `Command { std: CARGO_HOME="/workspace/cargo-home" RUSTUP_HOME="/workspace/rustup-home" "/workspace/cargo-home/bin/cargo" "+1.69.0" "metadata" "--manifest-path" "Cargo.toml" "--no-deps", kill_on_drop: false }`
[INFO] started tweaking crates.io crate identitycard 0.1.7
[INFO] finished tweaking crates.io crate identitycard 0.1.7
[INFO] tweaked toml for crates.io crate identitycard 0.1.7 written to /workspace/builds/worker-3-tc1/source/Cargo.toml
[INFO] running `Command { std: CARGO_HOME="/workspace/cargo-home" RUSTUP_HOME="/workspace/rustup-home" __CARGO_TEST_CHANNEL_OVERRIDE_DO_NOT_USE_THIS="nightly" "/workspace/cargo-home/bin/cargo" "+1.69.0" "generate-lockfile" "--manifest-path" "Cargo.toml" "-Zno-index-update", kill_on_drop: false }`
[INFO] running `Command { std: CARGO_HOME="/workspace/cargo-home" RUSTUP_HOME="/workspace/rustup-home" "/workspace/cargo-home/bin/cargo" "+1.69.0" "fetch" "--manifest-path" "Cargo.toml", kill_on_drop: false }`
[INFO] running `Command { std: "docker" "create" "-v" "/var/lib/crater-agent-workspace/builds/worker-3-tc1/target:/opt/rustwide/target:rw,Z" "-v" "/var/lib/crater-agent-workspace/builds/worker-3-tc1/source:/opt/rustwide/workdir:ro,Z" "-v" "/var/lib/crater-agent-workspace/cargo-home:/opt/rustwide/cargo-home:ro,Z" "-v" "/var/lib/crater-agent-workspace/rustup-home:/opt/rustwide/rustup-home:ro,Z" "-e" "SOURCE_DIR=/opt/rustwide/workdir" "-e" "CARGO_TARGET_DIR=/opt/rustwide/target" "-e" "CARGO_HOME=/opt/rustwide/cargo-home" "-e" "RUSTUP_HOME=/opt/rustwide/rustup-home" "-w" "/opt/rustwide/workdir" "-m" "1610612736" "--user" "0:0" "--network" "none" "ghcr.io/rust-lang/crates-build-env/linux@sha256:5ff2268d62e97bff2cde7d5815dd6ed5b47097566f13b8d0ca110b04b60e07ed" "/opt/rustwide/cargo-home/bin/cargo" "+1.69.0" "metadata" "--no-deps" "--format-version=1", kill_on_drop: false }`
[INFO] [stdout] b272357cf1779292d8a53a59f5e3e2b34eeb17f1352dd4e6c49f6f4c39e64cde
[INFO] running `Command { std: "docker" "start" "-a" "b272357cf1779292d8a53a59f5e3e2b34eeb17f1352dd4e6c49f6f4c39e64cde", kill_on_drop: false }`
[INFO] running `Command { std: "docker" "inspect" "b272357cf1779292d8a53a59f5e3e2b34eeb17f1352dd4e6c49f6f4c39e64cde", kill_on_drop: false }`
[INFO] running `Command { std: "docker" "rm" "-f" "b272357cf1779292d8a53a59f5e3e2b34eeb17f1352dd4e6c49f6f4c39e64cde", kill_on_drop: false }`
[INFO] [stdout] b272357cf1779292d8a53a59f5e3e2b34eeb17f1352dd4e6c49f6f4c39e64cde
[INFO] running `Command { std: "docker" "create" "-v" "/var/lib/crater-agent-workspace/builds/worker-3-tc1/target:/opt/rustwide/target:rw,Z" "-v" "/var/lib/crater-agent-workspace/builds/worker-3-tc1/source:/opt/rustwide/workdir:ro,Z" "-v" "/var/lib/crater-agent-workspace/cargo-home:/opt/rustwide/cargo-home:ro,Z" "-v" "/var/lib/crater-agent-workspace/rustup-home:/opt/rustwide/rustup-home:ro,Z" "-e" "SOURCE_DIR=/opt/rustwide/workdir" "-e" "CARGO_TARGET_DIR=/opt/rustwide/target" "-e" "CARGO_INCREMENTAL=0" "-e" "RUST_BACKTRACE=full" "-e" "RUSTFLAGS=--cap-lints=warn" "-e" "RUSTDOCFLAGS=--cap-lints=warn" "-e" "CARGO_HOME=/opt/rustwide/cargo-home" "-e" "RUSTUP_HOME=/opt/rustwide/rustup-home" "-w" "/opt/rustwide/workdir" "-m" "1610612736" "--user" "0:0" "--network" "none" "ghcr.io/rust-lang/crates-build-env/linux@sha256:5ff2268d62e97bff2cde7d5815dd6ed5b47097566f13b8d0ca110b04b60e07ed" "/opt/rustwide/cargo-home/bin/cargo" "+1.69.0" "build" "--frozen" "--message-format=json", kill_on_drop: false }`
[INFO] [stdout] dba9a39ed99bfe6ffccc1f49d8ec8e690c9358a66387e74c518b0e4b1cd98a70
[INFO] running `Command { std: "docker" "start" "-a" "dba9a39ed99bfe6ffccc1f49d8ec8e690c9358a66387e74c518b0e4b1cd98a70", kill_on_drop: false }`
[INFO] [stderr]    Compiling libc v0.2.142
[INFO] [stderr]    Compiling getrandom v0.1.16
[INFO] [stderr]    Compiling ppv-lite86 v0.2.17
[INFO] [stderr]    Compiling regex-syntax v0.7.1
[INFO] [stderr]    Compiling memchr v2.5.0
[INFO] [stderr]    Compiling aho-corasick v1.0.1
[INFO] [stderr]    Compiling rand_core v0.5.1
[INFO] [stderr]    Compiling rand_chacha v0.2.2
[INFO] [stderr]    Compiling rand v0.7.3
[INFO] [stderr]    Compiling regex v1.8.1
[INFO] [stderr]    Compiling identitycard v0.1.7 (/opt/rustwide/workdir)
[INFO] [stdout] warning: value assigned to `year` is never read
[INFO] [stdout]   --> src/random.rs:49:13
[INFO] [stdout]    |
[INFO] [stdout] 49 |     let mut year = 0 as u16;
[INFO] [stdout]    |             ^^^^
[INFO] [stdout]    |
[INFO] [stdout]    = help: maybe it is overwritten before being read?
[INFO] [stdout]    = note: `#[warn(unused_assignments)]` on by default
[INFO] [stdout] 
[INFO] [stdout] 
[INFO] [stdout] warning: value assigned to `month` is never read
[INFO] [stdout]   --> src/random.rs:50:13
[INFO] [stdout]    |
[INFO] [stdout] 50 |     let mut month = 0 as u16;
[INFO] [stdout]    |             ^^^^^
[INFO] [stdout]    |
[INFO] [stdout]    = help: maybe it is overwritten before being read?
[INFO] [stdout] 
[INFO] [stdout] 
[INFO] [stdout] warning: value assigned to `day` is never read
[INFO] [stdout]   --> src/random.rs:51:13
[INFO] [stdout]    |
[INFO] [stdout] 51 |     let mut day = 0 as u16;
[INFO] [stdout]    |             ^^^
[INFO] [stdout]    |
[INFO] [stdout]    = help: maybe it is overwritten before being read?
[INFO] [stdout] 
[INFO] [stdout] 
[INFO] [stdout] warning: 3 warnings emitted
[INFO] [stdout] 
[INFO] [stdout] 
[INFO] [stderr]     Finished dev [unoptimized + debuginfo] target(s) in 6.36s
[INFO] running `Command { std: "docker" "inspect" "dba9a39ed99bfe6ffccc1f49d8ec8e690c9358a66387e74c518b0e4b1cd98a70", kill_on_drop: false }`
[INFO] running `Command { std: "docker" "rm" "-f" "dba9a39ed99bfe6ffccc1f49d8ec8e690c9358a66387e74c518b0e4b1cd98a70", kill_on_drop: false }`
[INFO] [stdout] dba9a39ed99bfe6ffccc1f49d8ec8e690c9358a66387e74c518b0e4b1cd98a70
[INFO] running `Command { std: "docker" "create" "-v" "/var/lib/crater-agent-workspace/builds/worker-3-tc1/target:/opt/rustwide/target:rw,Z" "-v" "/var/lib/crater-agent-workspace/builds/worker-3-tc1/source:/opt/rustwide/workdir:ro,Z" "-v" "/var/lib/crater-agent-workspace/cargo-home:/opt/rustwide/cargo-home:ro,Z" "-v" "/var/lib/crater-agent-workspace/rustup-home:/opt/rustwide/rustup-home:ro,Z" "-e" "SOURCE_DIR=/opt/rustwide/workdir" "-e" "CARGO_TARGET_DIR=/opt/rustwide/target" "-e" "CARGO_INCREMENTAL=0" "-e" "RUST_BACKTRACE=full" "-e" "RUSTFLAGS=--cap-lints=warn" "-e" "RUSTDOCFLAGS=--cap-lints=warn" "-e" "CARGO_HOME=/opt/rustwide/cargo-home" "-e" "RUSTUP_HOME=/opt/rustwide/rustup-home" "-w" "/opt/rustwide/workdir" "-m" "1610612736" "--user" "0:0" "--network" "none" "ghcr.io/rust-lang/crates-build-env/linux@sha256:5ff2268d62e97bff2cde7d5815dd6ed5b47097566f13b8d0ca110b04b60e07ed" "/opt/rustwide/cargo-home/bin/cargo" "+1.69.0" "test" "--frozen" "--no-run" "--message-format=json", kill_on_drop: false }`
[INFO] [stdout] 195dd887a40076a0e9ae127700c62894f54d43c6bf72d0fb44fbabe6f4dd03b8
[INFO] running `Command { std: "docker" "start" "-a" "195dd887a40076a0e9ae127700c62894f54d43c6bf72d0fb44fbabe6f4dd03b8", kill_on_drop: false }`
[INFO] [stdout] warning: value assigned to `year` is never read
[INFO] [stdout]   --> src/random.rs:49:13
[INFO] [stdout]    |
[INFO] [stdout] 49 |     let mut year = 0 as u16;
[INFO] [stdout]    |             ^^^^
[INFO] [stdout]    |
[INFO] [stdout]    = help: maybe it is overwritten before being read?
[INFO] [stdout]    = note: `#[warn(unused_assignments)]` on by default
[INFO] [stdout] 
[INFO] [stdout] 
[INFO] [stdout] warning: value assigned to `month` is never read
[INFO] [stdout]   --> src/random.rs:50:13
[INFO] [stdout]    |
[INFO] [stdout] 50 |     let mut month = 0 as u16;
[INFO] [stdout]    |             ^^^^^
[INFO] [stdout]    |
[INFO] [stdout]    = help: maybe it is overwritten before being read?
[INFO] [stdout] 
[INFO] [stdout] 
[INFO] [stdout] warning: value assigned to `day` is never read
[INFO] [stdout]   --> src/random.rs:51:13
[INFO] [stdout]    |
[INFO] [stdout] 51 |     let mut day = 0 as u16;
[INFO] [stdout]    |             ^^^
[INFO] [stdout]    |
[INFO] [stdout]    = help: maybe it is overwritten before being read?
[INFO] [stdout] 
[INFO] [stdout] 
[INFO] [stdout] warning: 3 warnings emitted
[INFO] [stdout] 
[INFO] [stdout] 
[INFO] [stderr]    Compiling identitycard v0.1.7 (/opt/rustwide/workdir)
[INFO] [stdout] warning: value assigned to `year` is never read
[INFO] [stdout]   --> src/random.rs:49:13
[INFO] [stdout]    |
[INFO] [stdout] 49 |     let mut year = 0 as u16;
[INFO] [stdout]    |             ^^^^
[INFO] [stdout]    |
[INFO] [stdout]    = help: maybe it is overwritten before being read?
[INFO] [stdout]    = note: `#[warn(unused_assignments)]` on by default
[INFO] [stdout] 
[INFO] [stdout] 
[INFO] [stdout] warning: value assigned to `month` is never read
[INFO] [stdout]   --> src/random.rs:50:13
[INFO] [stdout]    |
[INFO] [stdout] 50 |     let mut month = 0 as u16;
[INFO] [stdout]    |             ^^^^^
[INFO] [stdout]    |
[INFO] [stdout]    = help: maybe it is overwritten before being read?
[INFO] [stdout] 
[INFO] [stdout] 
[INFO] [stdout] warning: value assigned to `day` is never read
[INFO] [stdout]   --> src/random.rs:51:13
[INFO] [stdout]    |
[INFO] [stdout] 51 |     let mut day = 0 as u16;
[INFO] [stdout]    |             ^^^
[INFO] [stdout]    |
[INFO] [stdout]    = help: maybe it is overwritten before being read?
[INFO] [stdout] 
[INFO] [stdout] 
[INFO] [stdout] warning: 3 warnings emitted
[INFO] [stdout] 
[INFO] [stdout] 
[INFO] [stderr]     Finished test [unoptimized + debuginfo] target(s) in 0.76s
[INFO] running `Command { std: "docker" "inspect" "195dd887a40076a0e9ae127700c62894f54d43c6bf72d0fb44fbabe6f4dd03b8", kill_on_drop: false }`
[INFO] running `Command { std: "docker" "rm" "-f" "195dd887a40076a0e9ae127700c62894f54d43c6bf72d0fb44fbabe6f4dd03b8", kill_on_drop: false }`
[INFO] [stdout] 195dd887a40076a0e9ae127700c62894f54d43c6bf72d0fb44fbabe6f4dd03b8
[INFO] running `Command { std: "docker" "create" "-v" "/var/lib/crater-agent-workspace/builds/worker-3-tc1/target:/opt/rustwide/target:rw,Z" "-v" "/var/lib/crater-agent-workspace/builds/worker-3-tc1/source:/opt/rustwide/workdir:ro,Z" "-v" "/var/lib/crater-agent-workspace/cargo-home:/opt/rustwide/cargo-home:ro,Z" "-v" "/var/lib/crater-agent-workspace/rustup-home:/opt/rustwide/rustup-home:ro,Z" "-e" "SOURCE_DIR=/opt/rustwide/workdir" "-e" "CARGO_TARGET_DIR=/opt/rustwide/target" "-e" "CARGO_INCREMENTAL=0" "-e" "RUST_BACKTRACE=full" "-e" "RUSTFLAGS=--cap-lints=warn" "-e" "RUSTDOCFLAGS=--cap-lints=warn" "-e" "CARGO_HOME=/opt/rustwide/cargo-home" "-e" "RUSTUP_HOME=/opt/rustwide/rustup-home" "-w" "/opt/rustwide/workdir" "-m" "1610612736" "--user" "0:0" "--network" "none" "ghcr.io/rust-lang/crates-build-env/linux@sha256:5ff2268d62e97bff2cde7d5815dd6ed5b47097566f13b8d0ca110b04b60e07ed" "/opt/rustwide/cargo-home/bin/cargo" "+1.69.0" "test" "--frozen", kill_on_drop: false }`
[INFO] [stdout] e98417f9e159219d243439ddb07228064fe0456c7dcfcb198f3e4cb443dfd0af
[INFO] running `Command { std: "docker" "start" "-a" "e98417f9e159219d243439ddb07228064fe0456c7dcfcb198f3e4cb443dfd0af", kill_on_drop: false }`
[INFO] [stderr] warning: value assigned to `year` is never read
[INFO] [stderr]   --> src/random.rs:49:13
[INFO] [stderr]    |
[INFO] [stderr] 49 |     let mut year = 0 as u16;
[INFO] [stderr]    |             ^^^^
[INFO] [stderr]    |
[INFO] [stderr]    = help: maybe it is overwritten before being read?
[INFO] [stderr]    = note: `#[warn(unused_assignments)]` on by default
[INFO] [stderr] 
[INFO] [stderr] warning: value assigned to `month` is never read
[INFO] [stderr]   --> src/random.rs:50:13
[INFO] [stderr]    |
[INFO] [stderr] 50 |     let mut month = 0 as u16;
[INFO] [stderr]    |             ^^^^^
[INFO] [stderr]    |
[INFO] [stderr]    = help: maybe it is overwritten before being read?
[INFO] [stderr] 
[INFO] [stderr] warning: value assigned to `day` is never read
[INFO] [stderr]   --> src/random.rs:51:13
[INFO] [stderr]    |
[INFO] [stderr] 51 |     let mut day = 0 as u16;
[INFO] [stderr]    |             ^^^
[INFO] [stderr]    |
[INFO] [stderr]    = help: maybe it is overwritten before being read?
[INFO] [stderr] 
[INFO] [stderr] warning: `identitycard` (lib) generated 3 warnings
[INFO] [stderr] warning: `identitycard` (lib test) generated 3 warnings (3 duplicates)
[INFO] [stderr]     Finished test [unoptimized + debuginfo] target(s) in 0.02s
[INFO] [stderr]      Running unittests src/lib.rs (/opt/rustwide/target/debug/deps/identitycard-988719a761b58128)
[INFO] [stdout] 
[INFO] [stdout] running 3 tests
[INFO] [stdout] test tests::test_fromstr ... ok
[INFO] [stdout] test tests::test_leap ... ok
[INFO] [stdout] test tests::test_random ... ok
[INFO] [stdout] 
[INFO] [stdout] test result: ok. 3 passed; 0 failed; 0 ignored; 0 measured; 0 filtered out; finished in 0.00s
[INFO] [stdout] 
[INFO] [stderr]    Doc-tests identitycard
[INFO] [stdout] 
[INFO] [stdout] running 2 tests
[INFO] [stdout] test src/ic.rs - ic::IdentityCard::from_str (line 72) ... FAILED
[INFO] [stdout] test src/codes.rs - codes::LOC_CODES (line 340) ... FAILED
[INFO] [stdout] 
[INFO] [stdout] failures:
[INFO] [stdout] 
[INFO] [stdout] ---- src/ic.rs - ic::IdentityCard::from_str (line 72) stdout ----
[INFO] [stdout] error[E0425]: cannot find value `IdentityCard` in this scope
[INFO] [stdout]  --> src/ic.rs:74:10
[INFO] [stdout]   |
[INFO] [stdout] 4 | let ic = IdentityCard.from_str("440222199602175492").unwrap();
[INFO] [stdout]   |          ^^^^^^^^^^^^ not found in this scope
[INFO] [stdout] 
[INFO] [stdout] error: aborting due to previous error
[INFO] [stdout] 
[INFO] [stdout] For more information about this error, try `rustc --explain E0425`.
[INFO] [stdout] Couldn't compile the test.
[INFO] [stdout] ---- src/codes.rs - codes::LOC_CODES (line 340) stdout ----
[INFO] [stdout] error[E0308]: mismatched types
[INFO] [stdout]  --> src/codes.rs:341:1
[INFO] [stdout]   |
[INFO] [stdout] 2 |   fn main() { #[allow(non_snake_case)] fn _doctest_main_src_codes_rs_340_0() {
[INFO] [stdout]   |                                                                              - help: try adding a return type: `-> [(&str, &str); 2]`
[INFO] [stdout] 3 | / [
[INFO] [stdout] 4 | |     ("北京市", "11"),
[INFO] [stdout] 5 | |     ("西安市", "6101")
[INFO] [stdout] 6 | | ]
[INFO] [stdout]   | |_^ expected `()`, found `[(&str, &str); 2]`
[INFO] [stdout]   |
[INFO] [stdout]   = note: expected unit type `()`
[INFO] [stdout]                  found array `[(&str, &str); 2]`
[INFO] [stdout] 
[INFO] [stdout] error: aborting due to previous error
[INFO] [stdout] 
[INFO] [stdout] For more information about this error, try `rustc --explain E0308`.
[INFO] [stdout] Couldn't compile the test.
[INFO] [stdout] 
[INFO] [stdout] failures:
[INFO] [stdout]     src/codes.rs - codes::LOC_CODES (line 340)
[INFO] [stdout]     src/ic.rs - ic::IdentityCard::from_str (line 72)
[INFO] [stdout] 
[INFO] [stdout] test result: FAILED. 0 passed; 2 failed; 0 ignored; 0 measured; 0 filtered out; finished in 0.06s
[INFO] [stdout] 
[INFO] [stderr] error: doctest failed, to rerun pass `--doc`
[INFO] running `Command { std: "docker" "inspect" "e98417f9e159219d243439ddb07228064fe0456c7dcfcb198f3e4cb443dfd0af", kill_on_drop: false }`
[INFO] running `Command { std: "docker" "rm" "-f" "e98417f9e159219d243439ddb07228064fe0456c7dcfcb198f3e4cb443dfd0af", kill_on_drop: false }`
[INFO] [stdout] e98417f9e159219d243439ddb07228064fe0456c7dcfcb198f3e4cb443dfd0af
