[INFO] fetching crate icu 1.2.0...
[INFO] testing icu-1.2.0 against 1.69.0 for beta-1.70-1
[INFO] extracting crate icu 1.2.0 into /workspace/builds/worker-7-tc1/source
[INFO] validating manifest of crates.io crate icu 1.2.0 on toolchain 1.69.0
[INFO] running `Command { std: CARGO_HOME="/workspace/cargo-home" RUSTUP_HOME="/workspace/rustup-home" "/workspace/cargo-home/bin/cargo" "+1.69.0" "metadata" "--manifest-path" "Cargo.toml" "--no-deps", kill_on_drop: false }`
[INFO] started tweaking crates.io crate icu 1.2.0
[INFO] removed 0 missing examples
[INFO] finished tweaking crates.io crate icu 1.2.0
[INFO] tweaked toml for crates.io crate icu 1.2.0 written to /workspace/builds/worker-7-tc1/source/Cargo.toml
[INFO] crate crates.io crate icu 1.2.0 already has a lockfile, it will not be regenerated
[INFO] running `Command { std: CARGO_HOME="/workspace/cargo-home" RUSTUP_HOME="/workspace/rustup-home" "/workspace/cargo-home/bin/cargo" "+1.69.0" "fetch" "--manifest-path" "Cargo.toml", kill_on_drop: false }`
[INFO] [stderr]  Downloading crates ...
[INFO] [stderr]   Downloaded icu_displaynames v0.10.0
[INFO] [stderr]   Downloaded icu_locid_transform v1.2.0
[INFO] [stderr]   Downloaded icu_casemapping v0.7.2
[INFO] [stderr]   Downloaded icu_list v1.2.0
[INFO] [stderr]   Downloaded icu_compactdecimal v0.2.0
[INFO] [stderr]   Downloaded deduplicating_array v0.1.4
[INFO] [stderr]   Downloaded utf16_iter v1.0.4
[INFO] [stderr]   Downloaded utf8_iter v1.0.3
[INFO] [stderr]   Downloaded icu_timezone v1.2.0
[INFO] [stderr]   Downloaded write16 v1.0.0
[INFO] [stderr]   Downloaded icu_plurals v1.2.0
[INFO] [stderr]   Downloaded icu_calendar v1.2.0
[INFO] [stderr]   Downloaded icu_decimal v1.2.0
[INFO] [stderr]   Downloaded icu_normalizer v1.2.0
[INFO] [stderr]   Downloaded icu_properties v1.2.0
[INFO] [stderr]   Downloaded fixed_decimal v0.5.3
[INFO] [stderr]   Downloaded icu_collections v1.2.0
[INFO] [stderr]   Downloaded icu_datetime v1.2.0
[INFO] [stderr]   Downloaded icu_collator v1.2.0
[INFO] [stderr]   Downloaded regex-automata v0.2.0
[INFO] [stderr]   Downloaded icu_relativetime v0.1.1
[INFO] [stderr]   Downloaded icu_segmenter v1.2.0
[INFO] running `Command { std: "docker" "create" "-v" "/var/lib/crater-agent-workspace/builds/worker-7-tc1/target:/opt/rustwide/target:rw,Z" "-v" "/var/lib/crater-agent-workspace/builds/worker-7-tc1/source:/opt/rustwide/workdir:ro,Z" "-v" "/var/lib/crater-agent-workspace/cargo-home:/opt/rustwide/cargo-home:ro,Z" "-v" "/var/lib/crater-agent-workspace/rustup-home:/opt/rustwide/rustup-home:ro,Z" "-e" "SOURCE_DIR=/opt/rustwide/workdir" "-e" "CARGO_TARGET_DIR=/opt/rustwide/target" "-e" "CARGO_HOME=/opt/rustwide/cargo-home" "-e" "RUSTUP_HOME=/opt/rustwide/rustup-home" "-w" "/opt/rustwide/workdir" "-m" "1610612736" "--user" "0:0" "--network" "none" "ghcr.io/rust-lang/crates-build-env/linux@sha256:97d61d7686bf65f8ecb15491ab51835e82dc9176a96a831f143a431b191fc501" "/opt/rustwide/cargo-home/bin/cargo" "+1.69.0" "metadata" "--no-deps" "--format-version=1", kill_on_drop: false }`
[INFO] [stdout] 3938aedb973e78799b6115231268063b401bffcff45f5ed517bef51a8b2ae5a5
[INFO] running `Command { std: "docker" "start" "-a" "3938aedb973e78799b6115231268063b401bffcff45f5ed517bef51a8b2ae5a5", kill_on_drop: false }`
[INFO] running `Command { std: "docker" "inspect" "3938aedb973e78799b6115231268063b401bffcff45f5ed517bef51a8b2ae5a5", kill_on_drop: false }`
[INFO] running `Command { std: "docker" "rm" "-f" "3938aedb973e78799b6115231268063b401bffcff45f5ed517bef51a8b2ae5a5", kill_on_drop: false }`
[INFO] [stdout] 3938aedb973e78799b6115231268063b401bffcff45f5ed517bef51a8b2ae5a5
[INFO] running `Command { std: "docker" "create" "-v" "/var/lib/crater-agent-workspace/builds/worker-7-tc1/target:/opt/rustwide/target:rw,Z" "-v" "/var/lib/crater-agent-workspace/builds/worker-7-tc1/source:/opt/rustwide/workdir:ro,Z" "-v" "/var/lib/crater-agent-workspace/cargo-home:/opt/rustwide/cargo-home:ro,Z" "-v" "/var/lib/crater-agent-workspace/rustup-home:/opt/rustwide/rustup-home:ro,Z" "-e" "SOURCE_DIR=/opt/rustwide/workdir" "-e" "CARGO_TARGET_DIR=/opt/rustwide/target" "-e" "CARGO_INCREMENTAL=0" "-e" "RUST_BACKTRACE=full" "-e" "RUSTFLAGS=--cap-lints=warn" "-e" "RUSTDOCFLAGS=--cap-lints=warn" "-e" "CARGO_HOME=/opt/rustwide/cargo-home" "-e" "RUSTUP_HOME=/opt/rustwide/rustup-home" "-w" "/opt/rustwide/workdir" "-m" "1610612736" "--user" "0:0" "--network" "none" "ghcr.io/rust-lang/crates-build-env/linux@sha256:97d61d7686bf65f8ecb15491ab51835e82dc9176a96a831f143a431b191fc501" "/opt/rustwide/cargo-home/bin/cargo" "+1.69.0" "build" "--frozen" "--message-format=json", kill_on_drop: false }`
[INFO] [stdout] a5aa9d7d346b60525a97d2259ed73f5b64ff0ea4483af4665aefd6d71ec9aee9
[INFO] running `Command { std: "docker" "start" "-a" "a5aa9d7d346b60525a97d2259ed73f5b64ff0ea4483af4665aefd6d71ec9aee9", kill_on_drop: false }`
[INFO] [stderr]    Compiling stable_deref_trait v1.2.0
[INFO] [stderr]    Compiling writeable v0.5.2
[INFO] [stderr]    Compiling litemap v0.7.0
[INFO] [stderr]    Compiling smallvec v1.10.0
[INFO] [stderr]    Compiling memchr v2.5.0
[INFO] [stderr]    Compiling utf8_iter v1.0.3
[INFO] [stderr]    Compiling utf16_iter v1.0.4
[INFO] [stderr]    Compiling write16 v1.0.0
[INFO] [stderr]    Compiling either v1.8.1
[INFO] [stderr]    Compiling num-traits v0.2.15
[INFO] [stderr]    Compiling syn v1.0.109
[INFO] [stderr]    Compiling regex-automata v0.2.0
[INFO] [stderr]    Compiling synstructure v0.12.6
[INFO] [stderr]    Compiling zerofrom-derive v0.1.2
[INFO] [stderr]    Compiling yoke-derive v0.7.1
[INFO] [stderr]    Compiling displaydoc v0.2.3
[INFO] [stderr]    Compiling zerovec-derive v0.9.4
[INFO] [stderr]    Compiling icu_provider_macros v1.2.0
[INFO] [stderr]    Compiling fixed_decimal v0.5.3
[INFO] [stderr]    Compiling zerofrom v0.1.2
[INFO] [stderr]    Compiling yoke v0.7.1
[INFO] [stderr]    Compiling zerovec v0.9.4
[INFO] [stderr]    Compiling tinystr v0.7.1
[INFO] [stderr]    Compiling icu_collections v1.2.0
[INFO] [stderr]    Compiling icu_locid v1.2.0
[INFO] [stderr]    Compiling icu_provider v1.2.0
[INFO] [stderr]    Compiling icu_calendar v1.2.0
[INFO] [stderr]    Compiling icu_properties v1.2.0
[INFO] [stderr]    Compiling icu_decimal v1.2.0
[INFO] [stderr]    Compiling icu_plurals v1.2.0
[INFO] [stderr]    Compiling icu_locid_transform v1.2.0
[INFO] [stderr]    Compiling icu_list v1.2.0
[INFO] [stderr]    Compiling icu_segmenter v1.2.0
[INFO] [stderr]    Compiling icu_timezone v1.2.0
[INFO] [stderr]    Compiling icu_datetime v1.2.0
[INFO] [stderr]    Compiling icu_normalizer v1.2.0
[INFO] [stderr]    Compiling icu_collator v1.2.0
[INFO] [stderr]    Compiling icu v1.2.0 (/opt/rustwide/workdir)
[INFO] [stderr]     Finished dev [unoptimized + debuginfo] target(s) in 13.56s
[INFO] running `Command { std: "docker" "inspect" "a5aa9d7d346b60525a97d2259ed73f5b64ff0ea4483af4665aefd6d71ec9aee9", kill_on_drop: false }`
[INFO] running `Command { std: "docker" "rm" "-f" "a5aa9d7d346b60525a97d2259ed73f5b64ff0ea4483af4665aefd6d71ec9aee9", kill_on_drop: false }`
[INFO] [stdout] a5aa9d7d346b60525a97d2259ed73f5b64ff0ea4483af4665aefd6d71ec9aee9
[INFO] running `Command { std: "docker" "create" "-v" "/var/lib/crater-agent-workspace/builds/worker-7-tc1/target:/opt/rustwide/target:rw,Z" "-v" "/var/lib/crater-agent-workspace/builds/worker-7-tc1/source:/opt/rustwide/workdir:ro,Z" "-v" "/var/lib/crater-agent-workspace/cargo-home:/opt/rustwide/cargo-home:ro,Z" "-v" "/var/lib/crater-agent-workspace/rustup-home:/opt/rustwide/rustup-home:ro,Z" "-e" "SOURCE_DIR=/opt/rustwide/workdir" "-e" "CARGO_TARGET_DIR=/opt/rustwide/target" "-e" "CARGO_INCREMENTAL=0" "-e" "RUST_BACKTRACE=full" "-e" "RUSTFLAGS=--cap-lints=warn" "-e" "RUSTDOCFLAGS=--cap-lints=warn" "-e" "CARGO_HOME=/opt/rustwide/cargo-home" "-e" "RUSTUP_HOME=/opt/rustwide/rustup-home" "-w" "/opt/rustwide/workdir" "-m" "1610612736" "--user" "0:0" "--network" "none" "ghcr.io/rust-lang/crates-build-env/linux@sha256:97d61d7686bf65f8ecb15491ab51835e82dc9176a96a831f143a431b191fc501" "/opt/rustwide/cargo-home/bin/cargo" "+1.69.0" "test" "--frozen" "--no-run" "--message-format=json", kill_on_drop: false }`
[INFO] [stdout] 040f09d662479911b5915ae419a9ba56787bd93ff0ec1f0d00d54463e2eb75eb
[INFO] running `Command { std: "docker" "start" "-a" "040f09d662479911b5915ae419a9ba56787bd93ff0ec1f0d00d54463e2eb75eb", kill_on_drop: false }`
[INFO] [stderr]     Blocking waiting for file lock on package cache
[INFO] [stderr]     Blocking waiting for file lock on package cache
[INFO] [stderr]    Compiling icu v1.2.0 (/opt/rustwide/workdir)
[INFO] [stderr]     Finished test [unoptimized + debuginfo] target(s) in 0.65s
[INFO] running `Command { std: "docker" "inspect" "040f09d662479911b5915ae419a9ba56787bd93ff0ec1f0d00d54463e2eb75eb", kill_on_drop: false }`
[INFO] running `Command { std: "docker" "rm" "-f" "040f09d662479911b5915ae419a9ba56787bd93ff0ec1f0d00d54463e2eb75eb", kill_on_drop: false }`
[INFO] [stdout] 040f09d662479911b5915ae419a9ba56787bd93ff0ec1f0d00d54463e2eb75eb
[INFO] running `Command { std: "docker" "create" "-v" "/var/lib/crater-agent-workspace/builds/worker-7-tc1/target:/opt/rustwide/target:rw,Z" "-v" "/var/lib/crater-agent-workspace/builds/worker-7-tc1/source:/opt/rustwide/workdir:ro,Z" "-v" "/var/lib/crater-agent-workspace/cargo-home:/opt/rustwide/cargo-home:ro,Z" "-v" "/var/lib/crater-agent-workspace/rustup-home:/opt/rustwide/rustup-home:ro,Z" "-e" "SOURCE_DIR=/opt/rustwide/workdir" "-e" "CARGO_TARGET_DIR=/opt/rustwide/target" "-e" "CARGO_INCREMENTAL=0" "-e" "RUST_BACKTRACE=full" "-e" "RUSTFLAGS=--cap-lints=warn" "-e" "RUSTDOCFLAGS=--cap-lints=warn" "-e" "CARGO_HOME=/opt/rustwide/cargo-home" "-e" "RUSTUP_HOME=/opt/rustwide/rustup-home" "-w" "/opt/rustwide/workdir" "-m" "1610612736" "--user" "0:0" "--network" "none" "ghcr.io/rust-lang/crates-build-env/linux@sha256:97d61d7686bf65f8ecb15491ab51835e82dc9176a96a831f143a431b191fc501" "/opt/rustwide/cargo-home/bin/cargo" "+1.69.0" "test" "--frozen", kill_on_drop: false }`
[INFO] [stdout] 6e5ff9761739d20ba083a421f72fe7b164d9b65b02e2a6b64a5004758e90111b
[INFO] running `Command { std: "docker" "start" "-a" "6e5ff9761739d20ba083a421f72fe7b164d9b65b02e2a6b64a5004758e90111b", kill_on_drop: false }`
[INFO] [stderr]     Finished test [unoptimized + debuginfo] target(s) in 0.03s
[INFO] [stderr]      Running unittests src/lib.rs (/opt/rustwide/target/debug/deps/icu-517272177f2acb20)
[INFO] [stdout] 
[INFO] [stdout] running 0 tests
[INFO] [stdout] 
[INFO] [stdout] test result: ok. 0 passed; 0 failed; 0 ignored; 0 measured; 0 filtered out; finished in 0.00s
[INFO] [stdout] 
[INFO] [stderr]    Doc-tests icu
[INFO] [stdout] 
[INFO] [stdout] running 1 test
[INFO] [stdout] test src/lib.rs - (line 43) ... FAILED
[INFO] [stdout] 
[INFO] [stdout] failures:
[INFO] [stdout] 
[INFO] [stdout] ---- src/lib.rs - (line 43) stdout ----
[INFO] [stdout] error[E0432]: unresolved import `writeable`
[INFO] [stdout]  --> src/lib.rs:47:5
[INFO] [stdout]   |
[INFO] [stdout] 7 | use writeable::assert_writeable_eq;
[INFO] [stdout]   |     ^^^^^^^^^ use of undeclared crate or module `writeable`
[INFO] [stdout] 
[INFO] [stdout] error: cannot determine resolution for the macro `assert_writeable_eq`
[INFO] [stdout]   --> src/lib.rs:67:1
[INFO] [stdout]    |
[INFO] [stdout] 27 | assert_writeable_eq!(formatted_date, "12 de septiembre de 2020, 12:35:00");
[INFO] [stdout]    | ^^^^^^^^^^^^^^^^^^^
[INFO] [stdout]    |
[INFO] [stdout]    = note: import resolution is stuck, try simplifying macro imports
[INFO] [stdout] 
[INFO] [stdout] error[E0433]: failed to resolve: use of undeclared crate or module `icu_testdata`
[INFO] [stdout]   --> src/lib.rs:56:6
[INFO] [stdout]    |
[INFO] [stdout] 16 |     &icu_testdata::unstable(),
[INFO] [stdout]    |      ^^^^^^^^^^^^ use of undeclared crate or module `icu_testdata`
[INFO] [stdout] 
[INFO] [stdout] error: aborting due to 3 previous errors
[INFO] [stdout] 
[INFO] [stdout] Some errors have detailed explanations: E0432, E0433.
[INFO] [stdout] For more information about an error, try `rustc --explain E0432`.
[INFO] [stdout] Couldn't compile the test.
[INFO] [stdout] 
[INFO] [stdout] failures:
[INFO] [stdout]     src/lib.rs - (line 43)
[INFO] [stdout] 
[INFO] [stdout] test result: FAILED. 0 passed; 1 failed; 0 ignored; 0 measured; 0 filtered out; finished in 0.07s
[INFO] [stdout] 
[INFO] [stderr] error: doctest failed, to rerun pass `--doc`
[INFO] running `Command { std: "docker" "inspect" "6e5ff9761739d20ba083a421f72fe7b164d9b65b02e2a6b64a5004758e90111b", kill_on_drop: false }`
[INFO] running `Command { std: "docker" "rm" "-f" "6e5ff9761739d20ba083a421f72fe7b164d9b65b02e2a6b64a5004758e90111b", kill_on_drop: false }`
[INFO] [stdout] 6e5ff9761739d20ba083a421f72fe7b164d9b65b02e2a6b64a5004758e90111b
