[INFO] fetching crate icon_derive 0.1.0...
[INFO] testing icon_derive-0.1.0 against 1.69.0 for beta-1.70-1
[INFO] extracting crate icon_derive 0.1.0 into /workspace/builds/worker-7-tc1/source
[INFO] validating manifest of crates.io crate icon_derive 0.1.0 on toolchain 1.69.0
[INFO] running `Command { std: CARGO_HOME="/workspace/cargo-home" RUSTUP_HOME="/workspace/rustup-home" "/workspace/cargo-home/bin/cargo" "+1.69.0" "metadata" "--manifest-path" "Cargo.toml" "--no-deps", kill_on_drop: false }`
[INFO] started tweaking crates.io crate icon_derive 0.1.0
[INFO] finished tweaking crates.io crate icon_derive 0.1.0
[INFO] tweaked toml for crates.io crate icon_derive 0.1.0 written to /workspace/builds/worker-7-tc1/source/Cargo.toml
[INFO] running `Command { std: CARGO_HOME="/workspace/cargo-home" RUSTUP_HOME="/workspace/rustup-home" __CARGO_TEST_CHANNEL_OVERRIDE_DO_NOT_USE_THIS="nightly" "/workspace/cargo-home/bin/cargo" "+1.69.0" "generate-lockfile" "--manifest-path" "Cargo.toml" "-Zno-index-update", kill_on_drop: false }`
[INFO] running `Command { std: CARGO_HOME="/workspace/cargo-home" RUSTUP_HOME="/workspace/rustup-home" "/workspace/cargo-home/bin/cargo" "+1.69.0" "fetch" "--manifest-path" "Cargo.toml", kill_on_drop: false }`
[INFO] running `Command { std: "docker" "create" "-v" "/var/lib/crater-agent-workspace/builds/worker-7-tc1/target:/opt/rustwide/target:rw,Z" "-v" "/var/lib/crater-agent-workspace/builds/worker-7-tc1/source:/opt/rustwide/workdir:ro,Z" "-v" "/var/lib/crater-agent-workspace/cargo-home:/opt/rustwide/cargo-home:ro,Z" "-v" "/var/lib/crater-agent-workspace/rustup-home:/opt/rustwide/rustup-home:ro,Z" "-e" "SOURCE_DIR=/opt/rustwide/workdir" "-e" "CARGO_TARGET_DIR=/opt/rustwide/target" "-e" "CARGO_HOME=/opt/rustwide/cargo-home" "-e" "RUSTUP_HOME=/opt/rustwide/rustup-home" "-w" "/opt/rustwide/workdir" "-m" "1610612736" "--user" "0:0" "--network" "none" "ghcr.io/rust-lang/crates-build-env/linux@sha256:5ff2268d62e97bff2cde7d5815dd6ed5b47097566f13b8d0ca110b04b60e07ed" "/opt/rustwide/cargo-home/bin/cargo" "+1.69.0" "metadata" "--no-deps" "--format-version=1", kill_on_drop: false }`
[INFO] [stdout] c6d76a19522b2689a062a589959566f75b933e9f600662c2fb105da01e2e51c8
[INFO] running `Command { std: "docker" "start" "-a" "c6d76a19522b2689a062a589959566f75b933e9f600662c2fb105da01e2e51c8", kill_on_drop: false }`
[INFO] running `Command { std: "docker" "inspect" "c6d76a19522b2689a062a589959566f75b933e9f600662c2fb105da01e2e51c8", kill_on_drop: false }`
[INFO] running `Command { std: "docker" "rm" "-f" "c6d76a19522b2689a062a589959566f75b933e9f600662c2fb105da01e2e51c8", kill_on_drop: false }`
[INFO] [stdout] c6d76a19522b2689a062a589959566f75b933e9f600662c2fb105da01e2e51c8
[INFO] running `Command { std: "docker" "create" "-v" "/var/lib/crater-agent-workspace/builds/worker-7-tc1/target:/opt/rustwide/target:rw,Z" "-v" "/var/lib/crater-agent-workspace/builds/worker-7-tc1/source:/opt/rustwide/workdir:ro,Z" "-v" "/var/lib/crater-agent-workspace/cargo-home:/opt/rustwide/cargo-home:ro,Z" "-v" "/var/lib/crater-agent-workspace/rustup-home:/opt/rustwide/rustup-home:ro,Z" "-e" "SOURCE_DIR=/opt/rustwide/workdir" "-e" "CARGO_TARGET_DIR=/opt/rustwide/target" "-e" "CARGO_INCREMENTAL=0" "-e" "RUST_BACKTRACE=full" "-e" "RUSTFLAGS=--cap-lints=warn" "-e" "RUSTDOCFLAGS=--cap-lints=warn" "-e" "CARGO_HOME=/opt/rustwide/cargo-home" "-e" "RUSTUP_HOME=/opt/rustwide/rustup-home" "-w" "/opt/rustwide/workdir" "-m" "1610612736" "--user" "0:0" "--network" "none" "ghcr.io/rust-lang/crates-build-env/linux@sha256:5ff2268d62e97bff2cde7d5815dd6ed5b47097566f13b8d0ca110b04b60e07ed" "/opt/rustwide/cargo-home/bin/cargo" "+1.69.0" "build" "--frozen" "--message-format=json", kill_on_drop: false }`
[INFO] [stdout] 723b115e540721e7a16f0f1bdf2bb0da642a5ff38664d830f66fa54831a6476b
[INFO] running `Command { std: "docker" "start" "-a" "723b115e540721e7a16f0f1bdf2bb0da642a5ff38664d830f66fa54831a6476b", kill_on_drop: false }`
[INFO] [stderr]    Compiling proc-macro2 v1.0.56
[INFO] [stderr]    Compiling unicode-ident v1.0.8
[INFO] [stderr]    Compiling quote v1.0.26
[INFO] [stderr]    Compiling syn v1.0.109
[INFO] [stderr]    Compiling icon_derive v0.1.0 (/opt/rustwide/workdir)
[INFO] [stdout] warning: unused variable: `attrs`
[INFO] [stdout]   --> src/lib.rs:19:29
[INFO] [stdout]    |
[INFO] [stdout] 19 |     let DeriveInput {ident, attrs, mut data,    ..} = parse_macro_input!(input as DeriveInput);
[INFO] [stdout]    |                             ^^^^^-
[INFO] [stdout]    |                             |
[INFO] [stdout]    |                             help: try removing the field
[INFO] [stdout]    |
[INFO] [stdout]    = note: `#[warn(unused_variables)]` on by default
[INFO] [stdout] 
[INFO] [stdout] 
[INFO] [stdout] warning: unused variable: `ident`
[INFO] [stdout]   --> src/lib.rs:53:9
[INFO] [stdout]    |
[INFO] [stdout] 53 |     let ident = &ast.ident;
[INFO] [stdout]    |         ^^^^^ help: if this is intentional, prefix it with an underscore: `_ident`
[INFO] [stdout] 
[INFO] [stdout] 
[INFO] [stdout] warning: variable does not need to be mutable
[INFO] [stdout]   --> src/lib.rs:52:9
[INFO] [stdout]    |
[INFO] [stdout] 52 |     let mut ast = parse_macro_input!(input as syn::DeriveInput);
[INFO] [stdout]    |         ----^^^
[INFO] [stdout]    |         |
[INFO] [stdout]    |         help: remove this `mut`
[INFO] [stdout]    |
[INFO] [stdout]    = note: `#[warn(unused_mut)]` on by default
[INFO] [stdout] 
[INFO] [stdout] 
[INFO] [stdout] warning: variable `paramType` should have a snake case name
[INFO] [stdout]   --> src/lib.rs:25:9
[INFO] [stdout]    |
[INFO] [stdout] 25 |     let paramType = fields.iter().find(|f| f.ident.as_ref().unwrap() == "params").unwrap().ty.clone();
[INFO] [stdout]    |         ^^^^^^^^^ help: convert the identifier to snake case: `param_type`
[INFO] [stdout]    |
[INFO] [stdout]    = note: `#[warn(non_snake_case)]` on by default
[INFO] [stdout] 
[INFO] [stdout] 
[INFO] [stdout] warning: variable `newFields` should have a snake case name
[INFO] [stdout]   --> src/lib.rs:59:13
[INFO] [stdout]    |
[INFO] [stdout] 59 |     let mut newFields: Vec<&syn::Field> = fields.iter().collect();
[INFO] [stdout]    |             ^^^^^^^^^ help: convert the identifier to snake case: `new_fields`
[INFO] [stdout] 
[INFO] [stdout] 
[INFO] [stdout] warning: 5 warnings emitted
[INFO] [stdout] 
[INFO] [stdout] 
[INFO] [stderr]     Finished dev [unoptimized + debuginfo] target(s) in 3.78s
[INFO] running `Command { std: "docker" "inspect" "723b115e540721e7a16f0f1bdf2bb0da642a5ff38664d830f66fa54831a6476b", kill_on_drop: false }`
[INFO] running `Command { std: "docker" "rm" "-f" "723b115e540721e7a16f0f1bdf2bb0da642a5ff38664d830f66fa54831a6476b", kill_on_drop: false }`
[INFO] [stdout] 723b115e540721e7a16f0f1bdf2bb0da642a5ff38664d830f66fa54831a6476b
[INFO] running `Command { std: "docker" "create" "-v" "/var/lib/crater-agent-workspace/builds/worker-7-tc1/target:/opt/rustwide/target:rw,Z" "-v" "/var/lib/crater-agent-workspace/builds/worker-7-tc1/source:/opt/rustwide/workdir:ro,Z" "-v" "/var/lib/crater-agent-workspace/cargo-home:/opt/rustwide/cargo-home:ro,Z" "-v" "/var/lib/crater-agent-workspace/rustup-home:/opt/rustwide/rustup-home:ro,Z" "-e" "SOURCE_DIR=/opt/rustwide/workdir" "-e" "CARGO_TARGET_DIR=/opt/rustwide/target" "-e" "CARGO_INCREMENTAL=0" "-e" "RUST_BACKTRACE=full" "-e" "RUSTFLAGS=--cap-lints=warn" "-e" "RUSTDOCFLAGS=--cap-lints=warn" "-e" "CARGO_HOME=/opt/rustwide/cargo-home" "-e" "RUSTUP_HOME=/opt/rustwide/rustup-home" "-w" "/opt/rustwide/workdir" "-m" "1610612736" "--user" "0:0" "--network" "none" "ghcr.io/rust-lang/crates-build-env/linux@sha256:5ff2268d62e97bff2cde7d5815dd6ed5b47097566f13b8d0ca110b04b60e07ed" "/opt/rustwide/cargo-home/bin/cargo" "+1.69.0" "test" "--frozen" "--no-run" "--message-format=json", kill_on_drop: false }`
[INFO] [stdout] e870747c4bf71e77944b90c222064e08e125d0b8dc2f641eb7e185149c75a654
[INFO] running `Command { std: "docker" "start" "-a" "e870747c4bf71e77944b90c222064e08e125d0b8dc2f641eb7e185149c75a654", kill_on_drop: false }`
[INFO] [stderr]    Compiling icon_derive v0.1.0 (/opt/rustwide/workdir)
[INFO] [stdout] warning: unused variable: `attrs`
[INFO] [stdout]   --> src/lib.rs:19:29
[INFO] [stdout]    |
[INFO] [stdout] 19 |     let DeriveInput {ident, attrs, mut data,    ..} = parse_macro_input!(input as DeriveInput);
[INFO] [stdout]    |                             ^^^^^-
[INFO] [stdout]    |                             |
[INFO] [stdout]    |                             help: try removing the field
[INFO] [stdout]    |
[INFO] [stdout]    = note: `#[warn(unused_variables)]` on by default
[INFO] [stdout] 
[INFO] [stdout] 
[INFO] [stdout] warning: unused variable: `attrs`
[INFO] [stdout]   --> src/lib.rs:19:29
[INFO] [stdout]    |
[INFO] [stdout] 19 |     let DeriveInput {ident, attrs, mut data,    ..} = parse_macro_input!(input as DeriveInput);
[INFO] [stdout]    |                             ^^^^^-
[INFO] [stdout]    |                             |
[INFO] [stdout]    |                             help: try removing the field
[INFO] [stdout]    |
[INFO] [stdout]    = note: `#[warn(unused_variables)]` on by default
[INFO] [stdout] 
[INFO] [stdout] 
[INFO] [stdout] warning: unused variable: `ident`
[INFO] [stdout]   --> src/lib.rs:53:9
[INFO] [stdout]    |
[INFO] [stdout] 53 |     let ident = &ast.ident;
[INFO] [stdout]    |         ^^^^^ help: if this is intentional, prefix it with an underscore: `_ident`
[INFO] [stdout] 
[INFO] [stdout] 
[INFO] [stdout] warning: unused variable: `ident`
[INFO] [stdout]   --> src/lib.rs:53:9
[INFO] [stdout]    |
[INFO] [stdout] 53 |     let ident = &ast.ident;
[INFO] [stdout]    |         ^^^^^ help: if this is intentional, prefix it with an underscore: `_ident`
[INFO] [stdout] 
[INFO] [stdout] 
[INFO] [stdout] warning: variable does not need to be mutable
[INFO] [stdout]   --> src/lib.rs:52:9
[INFO] [stdout]    |
[INFO] [stdout] 52 |     let mut ast = parse_macro_input!(input as syn::DeriveInput);
[INFO] [stdout]    |         ----^^^
[INFO] [stdout]    |         |
[INFO] [stdout]    |         help: remove this `mut`
[INFO] [stdout]    |
[INFO] [stdout]    = note: `#[warn(unused_mut)]` on by default
[INFO] [stdout] 
[INFO] [stdout] 
[INFO] [stdout] warning: variable does not need to be mutable
[INFO] [stdout]   --> src/lib.rs:52:9
[INFO] [stdout]    |
[INFO] [stdout] 52 |     let mut ast = parse_macro_input!(input as syn::DeriveInput);
[INFO] [stdout]    |         ----^^^
[INFO] [stdout]    |         |
[INFO] [stdout]    |         help: remove this `mut`
[INFO] [stdout]    |
[INFO] [stdout]    = note: `#[warn(unused_mut)]` on by default
[INFO] [stdout] 
[INFO] [stdout] 
[INFO] [stdout] warning: variable `paramType` should have a snake case name
[INFO] [stdout]   --> src/lib.rs:25:9
[INFO] [stdout]    |
[INFO] [stdout] 25 |     let paramType = fields.iter().find(|f| f.ident.as_ref().unwrap() == "params").unwrap().ty.clone();
[INFO] [stdout]    |         ^^^^^^^^^ help: convert the identifier to snake case: `param_type`
[INFO] [stdout]    |
[INFO] [stdout]    = note: `#[warn(non_snake_case)]` on by default
[INFO] [stdout] 
[INFO] [stdout] 
[INFO] [stdout] warning: variable `paramType` should have a snake case name
[INFO] [stdout]   --> src/lib.rs:25:9
[INFO] [stdout]    |
[INFO] [stdout] 25 |     let paramType = fields.iter().find(|f| f.ident.as_ref().unwrap() == "params").unwrap().ty.clone();
[INFO] [stdout]    |         ^^^^^^^^^ help: convert the identifier to snake case: `param_type`
[INFO] [stdout]    |
[INFO] [stdout]    = note: `#[warn(non_snake_case)]` on by default
[INFO] [stdout] 
[INFO] [stdout] 
[INFO] [stdout] warning: variable `newFields` should have a snake case name
[INFO] [stdout]   --> src/lib.rs:59:13
[INFO] [stdout]    |
[INFO] [stdout] 59 |     let mut newFields: Vec<&syn::Field> = fields.iter().collect();
[INFO] [stdout]    |             ^^^^^^^^^ help: convert the identifier to snake case: `new_fields`
[INFO] [stdout] 
[INFO] [stdout] 
[INFO] [stdout] warning: variable `newFields` should have a snake case name
[INFO] [stdout]   --> src/lib.rs:59:13
[INFO] [stdout]    |
[INFO] [stdout] 59 |     let mut newFields: Vec<&syn::Field> = fields.iter().collect();
[INFO] [stdout]    |             ^^^^^^^^^ help: convert the identifier to snake case: `new_fields`
[INFO] [stdout] 
[INFO] [stdout] 
[INFO] [stdout] warning: 5 warnings emitted
[INFO] [stdout] 
[INFO] [stdout] 
[INFO] [stdout] warning: 5 warnings emitted
[INFO] [stdout] 
[INFO] [stdout] 
[INFO] [stderr]     Finished test [unoptimized + debuginfo] target(s) in 0.42s
[INFO] running `Command { std: "docker" "inspect" "e870747c4bf71e77944b90c222064e08e125d0b8dc2f641eb7e185149c75a654", kill_on_drop: false }`
[INFO] running `Command { std: "docker" "rm" "-f" "e870747c4bf71e77944b90c222064e08e125d0b8dc2f641eb7e185149c75a654", kill_on_drop: false }`
[INFO] [stdout] e870747c4bf71e77944b90c222064e08e125d0b8dc2f641eb7e185149c75a654
[INFO] running `Command { std: "docker" "create" "-v" "/var/lib/crater-agent-workspace/builds/worker-7-tc1/target:/opt/rustwide/target:rw,Z" "-v" "/var/lib/crater-agent-workspace/builds/worker-7-tc1/source:/opt/rustwide/workdir:ro,Z" "-v" "/var/lib/crater-agent-workspace/cargo-home:/opt/rustwide/cargo-home:ro,Z" "-v" "/var/lib/crater-agent-workspace/rustup-home:/opt/rustwide/rustup-home:ro,Z" "-e" "SOURCE_DIR=/opt/rustwide/workdir" "-e" "CARGO_TARGET_DIR=/opt/rustwide/target" "-e" "CARGO_INCREMENTAL=0" "-e" "RUST_BACKTRACE=full" "-e" "RUSTFLAGS=--cap-lints=warn" "-e" "RUSTDOCFLAGS=--cap-lints=warn" "-e" "CARGO_HOME=/opt/rustwide/cargo-home" "-e" "RUSTUP_HOME=/opt/rustwide/rustup-home" "-w" "/opt/rustwide/workdir" "-m" "1610612736" "--user" "0:0" "--network" "none" "ghcr.io/rust-lang/crates-build-env/linux@sha256:5ff2268d62e97bff2cde7d5815dd6ed5b47097566f13b8d0ca110b04b60e07ed" "/opt/rustwide/cargo-home/bin/cargo" "+1.69.0" "test" "--frozen", kill_on_drop: false }`
[INFO] [stdout] 4eb2dae2b84c4deb7e76361e1cfd35f18b8c01018d94a5d03eca3e84cf433d63
[INFO] running `Command { std: "docker" "start" "-a" "4eb2dae2b84c4deb7e76361e1cfd35f18b8c01018d94a5d03eca3e84cf433d63", kill_on_drop: false }`
[INFO] [stderr] warning: unused variable: `attrs`
[INFO] [stderr]   --> src/lib.rs:19:29
[INFO] [stderr]    |
[INFO] [stderr] 19 |     let DeriveInput {ident, attrs, mut data,    ..} = parse_macro_input!(input as DeriveInput);
[INFO] [stderr]    |                             ^^^^^-
[INFO] [stderr]    |                             |
[INFO] [stderr]    |                             help: try removing the field
[INFO] [stderr]    |
[INFO] [stderr]    = note: `#[warn(unused_variables)]` on by default
[INFO] [stderr] 
[INFO] [stderr] warning: unused variable: `ident`
[INFO] [stderr]   --> src/lib.rs:53:9
[INFO] [stderr]    |
[INFO] [stderr] 53 |     let ident = &ast.ident;
[INFO] [stderr]    |         ^^^^^ help: if this is intentional, prefix it with an underscore: `_ident`
[INFO] [stderr] 
[INFO] [stderr] warning: variable does not need to be mutable
[INFO] [stderr]   --> src/lib.rs:52:9
[INFO] [stderr]    |
[INFO] [stderr] 52 |     let mut ast = parse_macro_input!(input as syn::DeriveInput);
[INFO] [stderr]    |         ----^^^
[INFO] [stderr]    |         |
[INFO] [stderr]    |         help: remove this `mut`
[INFO] [stderr]    |
[INFO] [stderr]    = note: `#[warn(unused_mut)]` on by default
[INFO] [stderr] 
[INFO] [stderr] warning: variable `paramType` should have a snake case name
[INFO] [stderr]   --> src/lib.rs:25:9
[INFO] [stderr]    |
[INFO] [stderr] 25 |     let paramType = fields.iter().find(|f| f.ident.as_ref().unwrap() == "params").unwrap().ty.clone();
[INFO] [stderr]    |         ^^^^^^^^^ help: convert the identifier to snake case: `param_type`
[INFO] [stderr]    |
[INFO] [stderr]    = note: `#[warn(non_snake_case)]` on by default
[INFO] [stderr] 
[INFO] [stderr] warning: variable `newFields` should have a snake case name
[INFO] [stderr]   --> src/lib.rs:59:13
[INFO] [stderr]    |
[INFO] [stderr] 59 |     let mut newFields: Vec<&syn::Field> = fields.iter().collect();
[INFO] [stderr]    |             ^^^^^^^^^ help: convert the identifier to snake case: `new_fields`
[INFO] [stderr] 
[INFO] [stderr] warning: `icon_derive` (lib) generated 5 warnings (run `cargo fix --lib -p icon_derive` to apply 3 suggestions)
[INFO] [stderr] warning: `icon_derive` (lib test) generated 5 warnings (5 duplicates)
[INFO] [stderr]     Finished test [unoptimized + debuginfo] target(s) in 0.01s
[INFO] [stderr]      Running unittests src/lib.rs (/opt/rustwide/target/debug/deps/icon_derive-5a0aa90b2c409d00)
[INFO] [stdout] 
[INFO] [stdout] running 0 tests
[INFO] [stdout] 
[INFO] [stdout] test result: ok. 0 passed; 0 failed; 0 ignored; 0 measured; 0 filtered out; finished in 0.00s
[INFO] [stdout] 
[INFO] [stderr]    Doc-tests icon_derive
[INFO] [stdout] 
[INFO] [stdout] running 2 tests
[INFO] [stdout] test src/lib.rs - sort (line 42) ... FAILED
[INFO] [stdout] test src/lib.rs - transaction (line 9) ... FAILED
[INFO] [stdout] 
[INFO] [stdout] failures:
[INFO] [stdout] 
[INFO] [stdout] ---- src/lib.rs - sort (line 42) stdout ----
[INFO] [stdout] error: cannot find derive macro `Transaction` in this scope
[INFO] [stdout]  --> src/lib.rs:43:10
[INFO] [stdout]   |
[INFO] [stdout] 3 | #[derive(Transaction)]
[INFO] [stdout]   |          ^^^^^^^^^^^
[INFO] [stdout]   |
[INFO] [stdout]   = help: consider importing this derive macro:
[INFO] [stdout]           icon_derive::Transaction
[INFO] [stdout] 
[INFO] [stdout] error: cannot find attribute `sort` in this scope
[INFO] [stdout]  --> src/lib.rs:44:3
[INFO] [stdout]   |
[INFO] [stdout] 4 | #[sort]
[INFO] [stdout]   |   ^^^^
[INFO] [stdout]   |
[INFO] [stdout]   = help: consider importing this attribute macro:
[INFO] [stdout]           icon_derive::sort
[INFO] [stdout] 
[INFO] [stdout] error[E0412]: cannot find type `ExampleParams` in this scope
[INFO] [stdout]  --> src/lib.rs:47:13
[INFO] [stdout]   |
[INFO] [stdout] 7 |     params: ExampleParams
[INFO] [stdout]   |             ^^^^^^^^^^^^^ not found in this scope
[INFO] [stdout] 
[INFO] [stdout] error: aborting due to 3 previous errors
[INFO] [stdout] 
[INFO] [stdout] For more information about this error, try `rustc --explain E0412`.
[INFO] [stdout] Couldn't compile the test.
[INFO] [stdout] ---- src/lib.rs - transaction (line 9) stdout ----
[INFO] [stdout] error: cannot find derive macro `Transaction` in this scope
[INFO] [stdout]  --> src/lib.rs:10:10
[INFO] [stdout]   |
[INFO] [stdout] 3 | #[derive(Transaction)]
[INFO] [stdout]   |          ^^^^^^^^^^^
[INFO] [stdout]   |
[INFO] [stdout]   = help: consider importing this derive macro:
[INFO] [stdout]           icon_derive::Transaction
[INFO] [stdout] 
[INFO] [stdout] error: cannot find attribute `sort` in this scope
[INFO] [stdout]  --> src/lib.rs:11:3
[INFO] [stdout]   |
[INFO] [stdout] 4 | #[sort]
[INFO] [stdout]   |   ^^^^
[INFO] [stdout]   |
[INFO] [stdout]   = help: consider importing this attribute macro:
[INFO] [stdout]           icon_derive::sort
[INFO] [stdout] 
[INFO] [stdout] error[E0412]: cannot find type `ExampleParams` in this scope
[INFO] [stdout]  --> src/lib.rs:14:13
[INFO] [stdout]   |
[INFO] [stdout] 7 |     params: ExampleParams
[INFO] [stdout]   |             ^^^^^^^^^^^^^ not found in this scope
[INFO] [stdout] 
[INFO] [stdout] error: aborting due to 3 previous errors
[INFO] [stdout] 
[INFO] [stdout] For more information about this error, try `rustc --explain E0412`.
[INFO] [stdout] Couldn't compile the test.
[INFO] [stdout] 
[INFO] [stdout] failures:
[INFO] [stdout]     src/lib.rs - sort (line 42)
[INFO] [stdout]     src/lib.rs - transaction (line 9)
[INFO] [stdout] 
[INFO] [stdout] test result: FAILED. 0 passed; 2 failed; 0 ignored; 0 measured; 0 filtered out; finished in 0.04s
[INFO] [stdout] 
[INFO] [stderr] error: doctest failed, to rerun pass `--doc`
[INFO] running `Command { std: "docker" "inspect" "4eb2dae2b84c4deb7e76361e1cfd35f18b8c01018d94a5d03eca3e84cf433d63", kill_on_drop: false }`
[INFO] running `Command { std: "docker" "rm" "-f" "4eb2dae2b84c4deb7e76361e1cfd35f18b8c01018d94a5d03eca3e84cf433d63", kill_on_drop: false }`
[INFO] [stdout] 4eb2dae2b84c4deb7e76361e1cfd35f18b8c01018d94a5d03eca3e84cf433d63
