[INFO] fetching crate ic-event-hub-macros 0.3.1...
[INFO] testing ic-event-hub-macros-0.3.1 against 1.69.0 for beta-1.70-1
[INFO] extracting crate ic-event-hub-macros 0.3.1 into /workspace/builds/worker-2-tc1/source
[INFO] validating manifest of crates.io crate ic-event-hub-macros 0.3.1 on toolchain 1.69.0
[INFO] running `Command { std: CARGO_HOME="/workspace/cargo-home" RUSTUP_HOME="/workspace/rustup-home" "/workspace/cargo-home/bin/cargo" "+1.69.0" "metadata" "--manifest-path" "Cargo.toml" "--no-deps", kill_on_drop: false }`
[INFO] started tweaking crates.io crate ic-event-hub-macros 0.3.1
[INFO] finished tweaking crates.io crate ic-event-hub-macros 0.3.1
[INFO] tweaked toml for crates.io crate ic-event-hub-macros 0.3.1 written to /workspace/builds/worker-2-tc1/source/Cargo.toml
[INFO] running `Command { std: CARGO_HOME="/workspace/cargo-home" RUSTUP_HOME="/workspace/rustup-home" __CARGO_TEST_CHANNEL_OVERRIDE_DO_NOT_USE_THIS="nightly" "/workspace/cargo-home/bin/cargo" "+1.69.0" "generate-lockfile" "--manifest-path" "Cargo.toml" "-Zno-index-update", kill_on_drop: false }`
[INFO] running `Command { std: CARGO_HOME="/workspace/cargo-home" RUSTUP_HOME="/workspace/rustup-home" "/workspace/cargo-home/bin/cargo" "+1.69.0" "fetch" "--manifest-path" "Cargo.toml", kill_on_drop: false }`
[INFO] running `Command { std: "docker" "create" "-v" "/var/lib/crater-agent-workspace/builds/worker-2-tc1/target:/opt/rustwide/target:rw,Z" "-v" "/var/lib/crater-agent-workspace/builds/worker-2-tc1/source:/opt/rustwide/workdir:ro,Z" "-v" "/var/lib/crater-agent-workspace/cargo-home:/opt/rustwide/cargo-home:ro,Z" "-v" "/var/lib/crater-agent-workspace/rustup-home:/opt/rustwide/rustup-home:ro,Z" "-e" "SOURCE_DIR=/opt/rustwide/workdir" "-e" "CARGO_TARGET_DIR=/opt/rustwide/target" "-e" "CARGO_HOME=/opt/rustwide/cargo-home" "-e" "RUSTUP_HOME=/opt/rustwide/rustup-home" "-w" "/opt/rustwide/workdir" "-m" "1610612736" "--user" "0:0" "--network" "none" "ghcr.io/rust-lang/crates-build-env/linux@sha256:5ff2268d62e97bff2cde7d5815dd6ed5b47097566f13b8d0ca110b04b60e07ed" "/opt/rustwide/cargo-home/bin/cargo" "+1.69.0" "metadata" "--no-deps" "--format-version=1", kill_on_drop: false }`
[INFO] [stdout] fec43f68fe6438f43fbb9a9579e7c895dd9fc391c4af46493d8a66e6c23cf001
[INFO] running `Command { std: "docker" "start" "-a" "fec43f68fe6438f43fbb9a9579e7c895dd9fc391c4af46493d8a66e6c23cf001", kill_on_drop: false }`
[INFO] running `Command { std: "docker" "inspect" "fec43f68fe6438f43fbb9a9579e7c895dd9fc391c4af46493d8a66e6c23cf001", kill_on_drop: false }`
[INFO] running `Command { std: "docker" "rm" "-f" "fec43f68fe6438f43fbb9a9579e7c895dd9fc391c4af46493d8a66e6c23cf001", kill_on_drop: false }`
[INFO] [stdout] fec43f68fe6438f43fbb9a9579e7c895dd9fc391c4af46493d8a66e6c23cf001
[INFO] running `Command { std: "docker" "create" "-v" "/var/lib/crater-agent-workspace/builds/worker-2-tc1/target:/opt/rustwide/target:rw,Z" "-v" "/var/lib/crater-agent-workspace/builds/worker-2-tc1/source:/opt/rustwide/workdir:ro,Z" "-v" "/var/lib/crater-agent-workspace/cargo-home:/opt/rustwide/cargo-home:ro,Z" "-v" "/var/lib/crater-agent-workspace/rustup-home:/opt/rustwide/rustup-home:ro,Z" "-e" "SOURCE_DIR=/opt/rustwide/workdir" "-e" "CARGO_TARGET_DIR=/opt/rustwide/target" "-e" "CARGO_INCREMENTAL=0" "-e" "RUST_BACKTRACE=full" "-e" "RUSTFLAGS=--cap-lints=warn" "-e" "RUSTDOCFLAGS=--cap-lints=warn" "-e" "CARGO_HOME=/opt/rustwide/cargo-home" "-e" "RUSTUP_HOME=/opt/rustwide/rustup-home" "-w" "/opt/rustwide/workdir" "-m" "1610612736" "--user" "0:0" "--network" "none" "ghcr.io/rust-lang/crates-build-env/linux@sha256:5ff2268d62e97bff2cde7d5815dd6ed5b47097566f13b8d0ca110b04b60e07ed" "/opt/rustwide/cargo-home/bin/cargo" "+1.69.0" "build" "--frozen" "--message-format=json", kill_on_drop: false }`
[INFO] [stdout] b6cae7ce28f1ed1f12d9ef1957742b70925573f03b5769aaa1b5e30dfefb9af6
[INFO] running `Command { std: "docker" "start" "-a" "b6cae7ce28f1ed1f12d9ef1957742b70925573f03b5769aaa1b5e30dfefb9af6", kill_on_drop: false }`
[INFO] [stderr]    Compiling proc-macro2 v1.0.56
[INFO] [stderr]    Compiling quote v1.0.26
[INFO] [stderr]    Compiling unicode-ident v1.0.8
[INFO] [stderr]    Compiling syn v1.0.109
[INFO] [stderr]    Compiling ic-event-hub-macros v0.3.1 (/opt/rustwide/workdir)
[INFO] [stderr]     Finished dev [unoptimized + debuginfo] target(s) in 3.22s
[INFO] running `Command { std: "docker" "inspect" "b6cae7ce28f1ed1f12d9ef1957742b70925573f03b5769aaa1b5e30dfefb9af6", kill_on_drop: false }`
[INFO] running `Command { std: "docker" "rm" "-f" "b6cae7ce28f1ed1f12d9ef1957742b70925573f03b5769aaa1b5e30dfefb9af6", kill_on_drop: false }`
[INFO] [stdout] b6cae7ce28f1ed1f12d9ef1957742b70925573f03b5769aaa1b5e30dfefb9af6
[INFO] running `Command { std: "docker" "create" "-v" "/var/lib/crater-agent-workspace/builds/worker-2-tc1/target:/opt/rustwide/target:rw,Z" "-v" "/var/lib/crater-agent-workspace/builds/worker-2-tc1/source:/opt/rustwide/workdir:ro,Z" "-v" "/var/lib/crater-agent-workspace/cargo-home:/opt/rustwide/cargo-home:ro,Z" "-v" "/var/lib/crater-agent-workspace/rustup-home:/opt/rustwide/rustup-home:ro,Z" "-e" "SOURCE_DIR=/opt/rustwide/workdir" "-e" "CARGO_TARGET_DIR=/opt/rustwide/target" "-e" "CARGO_INCREMENTAL=0" "-e" "RUST_BACKTRACE=full" "-e" "RUSTFLAGS=--cap-lints=warn" "-e" "RUSTDOCFLAGS=--cap-lints=warn" "-e" "CARGO_HOME=/opt/rustwide/cargo-home" "-e" "RUSTUP_HOME=/opt/rustwide/rustup-home" "-w" "/opt/rustwide/workdir" "-m" "1610612736" "--user" "0:0" "--network" "none" "ghcr.io/rust-lang/crates-build-env/linux@sha256:5ff2268d62e97bff2cde7d5815dd6ed5b47097566f13b8d0ca110b04b60e07ed" "/opt/rustwide/cargo-home/bin/cargo" "+1.69.0" "test" "--frozen" "--no-run" "--message-format=json", kill_on_drop: false }`
[INFO] [stdout] 637c445c07038226061674c3dc6e9040ead7e385183010f5f0b430c25352f3f2
[INFO] running `Command { std: "docker" "start" "-a" "637c445c07038226061674c3dc6e9040ead7e385183010f5f0b430c25352f3f2", kill_on_drop: false }`
[INFO] [stderr]     Blocking waiting for file lock on package cache
[INFO] [stderr]    Compiling ic-event-hub-macros v0.3.1 (/opt/rustwide/workdir)
[INFO] [stderr]     Finished test [unoptimized + debuginfo] target(s) in 0.94s
[INFO] running `Command { std: "docker" "inspect" "637c445c07038226061674c3dc6e9040ead7e385183010f5f0b430c25352f3f2", kill_on_drop: false }`
[INFO] running `Command { std: "docker" "rm" "-f" "637c445c07038226061674c3dc6e9040ead7e385183010f5f0b430c25352f3f2", kill_on_drop: false }`
[INFO] [stdout] 637c445c07038226061674c3dc6e9040ead7e385183010f5f0b430c25352f3f2
[INFO] running `Command { std: "docker" "create" "-v" "/var/lib/crater-agent-workspace/builds/worker-2-tc1/target:/opt/rustwide/target:rw,Z" "-v" "/var/lib/crater-agent-workspace/builds/worker-2-tc1/source:/opt/rustwide/workdir:ro,Z" "-v" "/var/lib/crater-agent-workspace/cargo-home:/opt/rustwide/cargo-home:ro,Z" "-v" "/var/lib/crater-agent-workspace/rustup-home:/opt/rustwide/rustup-home:ro,Z" "-e" "SOURCE_DIR=/opt/rustwide/workdir" "-e" "CARGO_TARGET_DIR=/opt/rustwide/target" "-e" "CARGO_INCREMENTAL=0" "-e" "RUST_BACKTRACE=full" "-e" "RUSTFLAGS=--cap-lints=warn" "-e" "RUSTDOCFLAGS=--cap-lints=warn" "-e" "CARGO_HOME=/opt/rustwide/cargo-home" "-e" "RUSTUP_HOME=/opt/rustwide/rustup-home" "-w" "/opt/rustwide/workdir" "-m" "1610612736" "--user" "0:0" "--network" "none" "ghcr.io/rust-lang/crates-build-env/linux@sha256:5ff2268d62e97bff2cde7d5815dd6ed5b47097566f13b8d0ca110b04b60e07ed" "/opt/rustwide/cargo-home/bin/cargo" "+1.69.0" "test" "--frozen", kill_on_drop: false }`
[INFO] [stdout] 80cbdae42902ff54181fe662459c62142f4d43824274c444f250deadf4521628
[INFO] running `Command { std: "docker" "start" "-a" "80cbdae42902ff54181fe662459c62142f4d43824274c444f250deadf4521628", kill_on_drop: false }`
[INFO] [stderr]     Finished test [unoptimized + debuginfo] target(s) in 0.01s
[INFO] [stderr]      Running unittests lib.rs (/opt/rustwide/target/debug/deps/ic_event_hub_macros-d2e1ed97be2c3288)
[INFO] [stdout] 
[INFO] [stdout] running 0 tests
[INFO] [stdout] 
[INFO] [stdout] test result: ok. 0 passed; 0 failed; 0 ignored; 0 measured; 0 filtered out; finished in 0.00s
[INFO] [stdout] 
[INFO] [stderr]    Doc-tests ic-event-hub-macros
[INFO] [stdout] 
[INFO] [stdout] running 2 tests
[INFO] [stdout] test lib.rs - event_macro_derive (line 42) ... FAILED
[INFO] [stdout] test lib.rs - (line 4) ... FAILED
[INFO] [stdout] 
[INFO] [stdout] failures:
[INFO] [stdout] 
[INFO] [stdout] ---- lib.rs - event_macro_derive (line 42) stdout ----
[INFO] [stdout] error: expected identifier, found `...`
[INFO] [stdout]  --> lib.rs:45:5
[INFO] [stdout]   |
[INFO] [stdout] 4 | struct MyEvent {
[INFO] [stdout]   |        ------- while parsing this struct
[INFO] [stdout] 5 |     ...
[INFO] [stdout]   |     ^^^ expected identifier
[INFO] [stdout] 
[INFO] [stdout] error: cannot find derive macro `Event` in this scope
[INFO] [stdout]  --> lib.rs:43:10
[INFO] [stdout]   |
[INFO] [stdout] 3 | #[derive(Event)]
[INFO] [stdout]   |          ^^^^^
[INFO] [stdout]   |
[INFO] [stdout]   = help: consider importing this derive macro:
[INFO] [stdout]           ic_event_hub_macros::Event
[INFO] [stdout] 
[INFO] [stdout] error: aborting due to 2 previous errors
[INFO] [stdout] 
[INFO] [stdout] Couldn't compile the test.
[INFO] [stdout] ---- lib.rs - (line 4) stdout ----
[INFO] [stdout] error: unexpected token: `...`
[INFO] [stdout]  --> lib.rs:10:1
[INFO] [stdout]   |
[INFO] [stdout] 8 | ...
[INFO] [stdout]   | ^^^
[INFO] [stdout]   |
[INFO] [stdout] help: use `..` for an exclusive range
[INFO] [stdout]   |
[INFO] [stdout] 8 | ..
[INFO] [stdout]   |
[INFO] [stdout] help: or `..=` for an inclusive range
[INFO] [stdout]   |
[INFO] [stdout] 8 | ..=
[INFO] [stdout]   |
[INFO] [stdout] 
[INFO] [stdout] error: expected expression, found keyword `struct`
[INFO] [stdout]   --> lib.rs:13:1
[INFO] [stdout]    |
[INFO] [stdout] 11 | struct Event {
[INFO] [stdout]    | ^^^^^^ expected expression
[INFO] [stdout] 
[INFO] [stdout] error: cannot find macro `implement_unsubscribe` in this scope
[INFO] [stdout]  --> lib.rs:8:1
[INFO] [stdout]   |
[INFO] [stdout] 6 | implement_unsubscribe!();
[INFO] [stdout]   | ^^^^^^^^^^^^^^^^^^^^^
[INFO] [stdout] 
[INFO] [stdout] error: cannot find macro `implement_subscribe` in this scope
[INFO] [stdout]  --> lib.rs:7:1
[INFO] [stdout]   |
[INFO] [stdout] 5 | implement_subscribe!();
[INFO] [stdout]   | ^^^^^^^^^^^^^^^^^^^
[INFO] [stdout] 
[INFO] [stdout] error: cannot find macro `implement_event_emitter` in this scope
[INFO] [stdout]  --> lib.rs:6:1
[INFO] [stdout]   |
[INFO] [stdout] 4 | implement_event_emitter!();
[INFO] [stdout]   | ^^^^^^^^^^^^^^^^^^^^^^^
[INFO] [stdout] 
[INFO] [stdout] error: aborting due to 5 previous errors
[INFO] [stdout] 
[INFO] [stdout] Couldn't compile the test.
[INFO] [stdout] 
[INFO] [stdout] failures:
[INFO] [stdout]     lib.rs - (line 4)
[INFO] [stdout]     lib.rs - event_macro_derive (line 42)
[INFO] [stdout] 
[INFO] [stdout] test result: FAILED. 0 passed; 2 failed; 0 ignored; 0 measured; 0 filtered out; finished in 0.05s
[INFO] [stdout] 
[INFO] [stderr] error: doctest failed, to rerun pass `--doc`
[INFO] running `Command { std: "docker" "inspect" "80cbdae42902ff54181fe662459c62142f4d43824274c444f250deadf4521628", kill_on_drop: false }`
[INFO] running `Command { std: "docker" "rm" "-f" "80cbdae42902ff54181fe662459c62142f4d43824274c444f250deadf4521628", kill_on_drop: false }`
[INFO] [stdout] 80cbdae42902ff54181fe662459c62142f4d43824274c444f250deadf4521628
