[INFO] fetching crate hypothesis-rs 0.11.0...
[INFO] testing hypothesis-rs-0.11.0 against 1.69.0 for beta-1.70-1
[INFO] extracting crate hypothesis-rs 0.11.0 into /workspace/builds/worker-7-tc1/source
[INFO] validating manifest of crates.io crate hypothesis-rs 0.11.0 on toolchain 1.69.0
[INFO] running `Command { std: CARGO_HOME="/workspace/cargo-home" RUSTUP_HOME="/workspace/rustup-home" "/workspace/cargo-home/bin/cargo" "+1.69.0" "metadata" "--manifest-path" "Cargo.toml" "--no-deps", kill_on_drop: false }`
[INFO] started tweaking crates.io crate hypothesis-rs 0.11.0
[INFO] finished tweaking crates.io crate hypothesis-rs 0.11.0
[INFO] tweaked toml for crates.io crate hypothesis-rs 0.11.0 written to /workspace/builds/worker-7-tc1/source/Cargo.toml
[INFO] crate crates.io crate hypothesis-rs 0.11.0 already has a lockfile, it will not be regenerated
[INFO] running `Command { std: CARGO_HOME="/workspace/cargo-home" RUSTUP_HOME="/workspace/rustup-home" "/workspace/cargo-home/bin/cargo" "+1.69.0" "fetch" "--manifest-path" "Cargo.toml", kill_on_drop: false }`
[INFO] [stderr]  Downloading crates ...
[INFO] [stderr]   Downloaded darling_core v0.14.0
[INFO] [stderr]   Downloaded darling_macro v0.14.0
[INFO] [stderr]   Downloaded darling v0.14.0
[INFO] running `Command { std: "docker" "create" "-v" "/var/lib/crater-agent-workspace/builds/worker-7-tc1/target:/opt/rustwide/target:rw,Z" "-v" "/var/lib/crater-agent-workspace/builds/worker-7-tc1/source:/opt/rustwide/workdir:ro,Z" "-v" "/var/lib/crater-agent-workspace/cargo-home:/opt/rustwide/cargo-home:ro,Z" "-v" "/var/lib/crater-agent-workspace/rustup-home:/opt/rustwide/rustup-home:ro,Z" "-e" "SOURCE_DIR=/opt/rustwide/workdir" "-e" "CARGO_TARGET_DIR=/opt/rustwide/target" "-e" "CARGO_HOME=/opt/rustwide/cargo-home" "-e" "RUSTUP_HOME=/opt/rustwide/rustup-home" "-w" "/opt/rustwide/workdir" "-m" "1610612736" "--user" "0:0" "--network" "none" "ghcr.io/rust-lang/crates-build-env/linux@sha256:5ff2268d62e97bff2cde7d5815dd6ed5b47097566f13b8d0ca110b04b60e07ed" "/opt/rustwide/cargo-home/bin/cargo" "+1.69.0" "metadata" "--no-deps" "--format-version=1", kill_on_drop: false }`
[INFO] [stdout] 4e7cd716681a7dc7ecb19c69a59f5cae8f2918a5af1d7e98d64f07eeabc78326
[INFO] running `Command { std: "docker" "start" "-a" "4e7cd716681a7dc7ecb19c69a59f5cae8f2918a5af1d7e98d64f07eeabc78326", kill_on_drop: false }`
[INFO] running `Command { std: "docker" "inspect" "4e7cd716681a7dc7ecb19c69a59f5cae8f2918a5af1d7e98d64f07eeabc78326", kill_on_drop: false }`
[INFO] running `Command { std: "docker" "rm" "-f" "4e7cd716681a7dc7ecb19c69a59f5cae8f2918a5af1d7e98d64f07eeabc78326", kill_on_drop: false }`
[INFO] [stdout] 4e7cd716681a7dc7ecb19c69a59f5cae8f2918a5af1d7e98d64f07eeabc78326
[INFO] running `Command { std: "docker" "create" "-v" "/var/lib/crater-agent-workspace/builds/worker-7-tc1/target:/opt/rustwide/target:rw,Z" "-v" "/var/lib/crater-agent-workspace/builds/worker-7-tc1/source:/opt/rustwide/workdir:ro,Z" "-v" "/var/lib/crater-agent-workspace/cargo-home:/opt/rustwide/cargo-home:ro,Z" "-v" "/var/lib/crater-agent-workspace/rustup-home:/opt/rustwide/rustup-home:ro,Z" "-e" "SOURCE_DIR=/opt/rustwide/workdir" "-e" "CARGO_TARGET_DIR=/opt/rustwide/target" "-e" "CARGO_INCREMENTAL=0" "-e" "RUST_BACKTRACE=full" "-e" "RUSTFLAGS=--cap-lints=warn" "-e" "RUSTDOCFLAGS=--cap-lints=warn" "-e" "CARGO_HOME=/opt/rustwide/cargo-home" "-e" "RUSTUP_HOME=/opt/rustwide/rustup-home" "-w" "/opt/rustwide/workdir" "-m" "1610612736" "--user" "0:0" "--network" "none" "ghcr.io/rust-lang/crates-build-env/linux@sha256:5ff2268d62e97bff2cde7d5815dd6ed5b47097566f13b8d0ca110b04b60e07ed" "/opt/rustwide/cargo-home/bin/cargo" "+1.69.0" "build" "--frozen" "--message-format=json", kill_on_drop: false }`
[INFO] [stdout] 03746ee9792e0cbdeb279e1f0042cd1a6a917965d2be974ad2321502abb4d6e0
[INFO] running `Command { std: "docker" "start" "-a" "03746ee9792e0cbdeb279e1f0042cd1a6a917965d2be974ad2321502abb4d6e0", kill_on_drop: false }`
[INFO] [stderr]    Compiling proc-macro2 v1.0.37
[INFO] [stderr]    Compiling unicode-xid v0.2.2
[INFO] [stderr]    Compiling syn v1.0.91
[INFO] [stderr]    Compiling libc v0.2.124
[INFO] [stderr]    Compiling memchr v2.4.1
[INFO] [stderr]    Compiling log v0.4.16
[INFO] [stderr]    Compiling pin-project-lite v0.2.8
[INFO] [stderr]    Compiling futures-core v0.3.21
[INFO] [stderr]    Compiling pkg-config v0.3.25
[INFO] [stderr]    Compiling cc v1.0.73
[INFO] [stderr]    Compiling itoa v1.0.1
[INFO] [stderr]    Compiling futures-sink v0.3.21
[INFO] [stderr]    Compiling bytes v1.1.0
[INFO] [stderr]    Compiling futures-channel v0.3.21
[INFO] [stderr]    Compiling futures-task v0.3.21
[INFO] [stderr]    Compiling futures-util v0.3.21
[INFO] [stderr]    Compiling slab v0.4.6
[INFO] [stderr]    Compiling futures-io v0.3.21
[INFO] [stderr]    Compiling serde_derive v1.0.136
[INFO] [stderr]    Compiling tracing-core v0.1.26
[INFO] [stderr]    Compiling indexmap v1.8.1
[INFO] [stderr]    Compiling ident_case v1.0.1
[INFO] [stderr]    Compiling serde v1.0.136
[INFO] [stderr]    Compiling openssl v0.10.38
[INFO] [stderr]    Compiling strsim v0.10.0
[INFO] [stderr]    Compiling http v0.2.6
[INFO] [stderr]    Compiling tinyvec_macros v0.1.0
[INFO] [stderr]    Compiling once_cell v1.10.0
[INFO] [stderr]    Compiling httparse v1.7.0
[INFO] [stderr]    Compiling native-tls v0.2.10
[INFO] [stderr]    Compiling matches v0.1.9
[INFO] [stderr]    Compiling hashbrown v0.11.2
[INFO] [stderr]    Compiling tinyvec v1.5.1
[INFO] [stderr]    Compiling percent-encoding v2.1.0
[INFO] [stderr]    Compiling try-lock v0.2.3
[INFO] [stderr]    Compiling serde_json v1.0.79
[INFO] [stderr]    Compiling want v0.3.0
[INFO] [stderr]    Compiling form_urlencoded v1.0.1
[INFO] [stderr]    Compiling encoding_rs v0.8.31
[INFO] [stderr]    Compiling ryu v1.0.9
[INFO] [stderr]    Compiling quote v1.0.18
[INFO] [stderr]    Compiling tower-service v0.3.1
[INFO] [stderr]    Compiling unicode-bidi v0.3.7
[INFO] [stderr]    Compiling base64 v0.13.0
[INFO] [stderr]    Compiling ipnet v2.5.0
[INFO] [stderr]    Compiling mime v0.3.16
[INFO] [stderr]    Compiling openssl-sys v0.9.72
[INFO] [stderr]    Compiling socket2 v0.4.4
[INFO] [stderr]    Compiling mio v0.8.2
[INFO] [stderr]    Compiling num_cpus v1.13.1
[INFO] [stderr]    Compiling num_threads v0.1.5
[INFO] [stderr]    Compiling unicode-normalization v0.1.19
[INFO] [stderr]    Compiling http-body v0.4.4
[INFO] [stderr]    Compiling idna v0.2.3
[INFO] [stderr]    Compiling url v2.2.2
[INFO] [stderr]    Compiling darling_core v0.14.0
[INFO] [stderr]    Compiling futures-macro v0.3.21
[INFO] [stderr]    Compiling tokio-macros v1.7.0
[INFO] [stderr]    Compiling tracing-attributes v0.1.20
[INFO] [stderr]    Compiling thiserror-impl v1.0.30
[INFO] [stderr]    Compiling tokio v1.17.0
[INFO] [stderr]    Compiling darling_macro v0.14.0
[INFO] [stderr]    Compiling tracing v0.1.34
[INFO] [stderr]    Compiling thiserror v1.0.30
[INFO] [stderr]    Compiling darling v0.14.0
[INFO] [stderr]    Compiling derive_builder_core v0.11.2
[INFO] [stderr]    Compiling derive_builder_macro v0.11.2
[INFO] [stderr]    Compiling derive_builder v0.11.2
[INFO] [stderr]    Compiling futures-executor v0.3.21
[INFO] [stderr]    Compiling futures v0.3.21
[INFO] [stderr]    Compiling tokio-util v0.7.1
[INFO] [stderr]    Compiling tokio-native-tls v0.3.0
[INFO] [stderr]    Compiling h2 v0.3.13
[INFO] [stderr]    Compiling serde_urlencoded v0.7.1
[INFO] [stderr]    Compiling time v0.3.9
[INFO] [stderr]    Compiling hyper v0.14.18
[INFO] [stderr]    Compiling hyper-tls v0.5.0
[INFO] [stderr]    Compiling reqwest v0.11.10
[INFO] [stderr]    Compiling hypothesis-rs v0.11.0 (/opt/rustwide/workdir)
[INFO] [stderr]     Finished dev [unoptimized + debuginfo] target(s) in 23.66s
[INFO] running `Command { std: "docker" "inspect" "03746ee9792e0cbdeb279e1f0042cd1a6a917965d2be974ad2321502abb4d6e0", kill_on_drop: false }`
[INFO] running `Command { std: "docker" "rm" "-f" "03746ee9792e0cbdeb279e1f0042cd1a6a917965d2be974ad2321502abb4d6e0", kill_on_drop: false }`
[INFO] [stdout] 03746ee9792e0cbdeb279e1f0042cd1a6a917965d2be974ad2321502abb4d6e0
[INFO] running `Command { std: "docker" "create" "-v" "/var/lib/crater-agent-workspace/builds/worker-7-tc1/target:/opt/rustwide/target:rw,Z" "-v" "/var/lib/crater-agent-workspace/builds/worker-7-tc1/source:/opt/rustwide/workdir:ro,Z" "-v" "/var/lib/crater-agent-workspace/cargo-home:/opt/rustwide/cargo-home:ro,Z" "-v" "/var/lib/crater-agent-workspace/rustup-home:/opt/rustwide/rustup-home:ro,Z" "-e" "SOURCE_DIR=/opt/rustwide/workdir" "-e" "CARGO_TARGET_DIR=/opt/rustwide/target" "-e" "CARGO_INCREMENTAL=0" "-e" "RUST_BACKTRACE=full" "-e" "RUSTFLAGS=--cap-lints=warn" "-e" "RUSTDOCFLAGS=--cap-lints=warn" "-e" "CARGO_HOME=/opt/rustwide/cargo-home" "-e" "RUSTUP_HOME=/opt/rustwide/rustup-home" "-w" "/opt/rustwide/workdir" "-m" "1610612736" "--user" "0:0" "--network" "none" "ghcr.io/rust-lang/crates-build-env/linux@sha256:5ff2268d62e97bff2cde7d5815dd6ed5b47097566f13b8d0ca110b04b60e07ed" "/opt/rustwide/cargo-home/bin/cargo" "+1.69.0" "test" "--frozen" "--no-run" "--message-format=json", kill_on_drop: false }`
[INFO] [stdout] b790ff1de4002b64b16cafc5cc410318d9a085d457fb2a38078d7adfd84fed02
[INFO] running `Command { std: "docker" "start" "-a" "b790ff1de4002b64b16cafc5cc410318d9a085d457fb2a38078d7adfd84fed02", kill_on_drop: false }`
[INFO] [stderr]    Compiling num-traits v0.2.14
[INFO] [stderr]    Compiling aho-corasick v0.7.18
[INFO] [stderr]    Compiling predicates-core v1.0.3
[INFO] [stderr]    Compiling either v1.6.1
[INFO] [stderr]    Compiling regex-syntax v0.6.25
[INFO] [stderr]    Compiling doc-comment v0.3.3
[INFO] [stderr]    Compiling regex-automata v0.1.10
[INFO] [stderr]    Compiling termtree v0.2.4
[INFO] [stderr]    Compiling normalize-line-endings v0.3.0
[INFO] [stderr]    Compiling difflib v0.4.0
[INFO] [stderr]    Compiling wait-timeout v0.2.0
[INFO] [stderr]    Compiling dotenv v0.15.0
[INFO] [stderr]    Compiling itertools v0.10.3
[INFO] [stderr]    Compiling predicates-tree v1.0.5
[INFO] [stderr]    Compiling bstr v0.2.17
[INFO] [stderr]    Compiling float-cmp v0.9.0
[INFO] [stderr]    Compiling regex v1.5.5
[INFO] [stderr]    Compiling predicates v2.1.1
[INFO] [stderr]    Compiling assert_cmd v2.0.4
[INFO] [stderr]    Compiling hypothesis-rs v0.11.0 (/opt/rustwide/workdir)
[INFO] [stderr]     Finished test [unoptimized + debuginfo] target(s) in 9.08s
[INFO] running `Command { std: "docker" "inspect" "b790ff1de4002b64b16cafc5cc410318d9a085d457fb2a38078d7adfd84fed02", kill_on_drop: false }`
[INFO] running `Command { std: "docker" "rm" "-f" "b790ff1de4002b64b16cafc5cc410318d9a085d457fb2a38078d7adfd84fed02", kill_on_drop: false }`
[INFO] [stdout] b790ff1de4002b64b16cafc5cc410318d9a085d457fb2a38078d7adfd84fed02
[INFO] running `Command { std: "docker" "create" "-v" "/var/lib/crater-agent-workspace/builds/worker-7-tc1/target:/opt/rustwide/target:rw,Z" "-v" "/var/lib/crater-agent-workspace/builds/worker-7-tc1/source:/opt/rustwide/workdir:ro,Z" "-v" "/var/lib/crater-agent-workspace/cargo-home:/opt/rustwide/cargo-home:ro,Z" "-v" "/var/lib/crater-agent-workspace/rustup-home:/opt/rustwide/rustup-home:ro,Z" "-e" "SOURCE_DIR=/opt/rustwide/workdir" "-e" "CARGO_TARGET_DIR=/opt/rustwide/target" "-e" "CARGO_INCREMENTAL=0" "-e" "RUST_BACKTRACE=full" "-e" "RUSTFLAGS=--cap-lints=warn" "-e" "RUSTDOCFLAGS=--cap-lints=warn" "-e" "CARGO_HOME=/opt/rustwide/cargo-home" "-e" "RUSTUP_HOME=/opt/rustwide/rustup-home" "-w" "/opt/rustwide/workdir" "-m" "1610612736" "--user" "0:0" "--network" "none" "ghcr.io/rust-lang/crates-build-env/linux@sha256:5ff2268d62e97bff2cde7d5815dd6ed5b47097566f13b8d0ca110b04b60e07ed" "/opt/rustwide/cargo-home/bin/cargo" "+1.69.0" "test" "--frozen", kill_on_drop: false }`
[INFO] [stdout] 5bcdb04e9e1bd0e29ec8a87002a556d701a595cf9f687d5927e4844cfb42d15f
[INFO] running `Command { std: "docker" "start" "-a" "5bcdb04e9e1bd0e29ec8a87002a556d701a595cf9f687d5927e4844cfb42d15f", kill_on_drop: false }`
[INFO] [stderr]     Finished test [unoptimized + debuginfo] target(s) in 0.11s
[INFO] [stderr]      Running unittests src/lib.rs (/opt/rustwide/target/debug/deps/hypothesis_rs-cbdbafec8d71fc12)
[INFO] [stdout] 
[INFO] [stdout] running 0 tests
[INFO] [stdout] 
[INFO] [stdout] test result: ok. 0 passed; 0 failed; 0 ignored; 0 measured; 0 filtered out; finished in 0.00s
[INFO] [stdout] 
[INFO] [stderr]      Running unittests src/main.rs (/opt/rustwide/target/debug/deps/hypothesis_rs-1d25f47d07f1e907)
[INFO] [stdout] 
[INFO] [stdout] running 0 tests
[INFO] [stdout] 
[INFO] [stdout] test result: ok. 0 passed; 0 failed; 0 ignored; 0 measured; 0 filtered out; finished in 0.00s
[INFO] [stdout] 
[INFO] [stderr]      Running tests/cli.rs (/opt/rustwide/target/debug/deps/cli-976b621abe3fc7f4)
[INFO] [stdout] 
[INFO] [stdout] running 0 tests
[INFO] [stdout] 
[INFO] [stdout] test result: ok. 0 passed; 0 failed; 0 ignored; 0 measured; 0 filtered out; finished in 0.00s
[INFO] [stdout] 
[INFO] [stderr]    Doc-tests hypothesis-rs
[INFO] [stdout] 
[INFO] [stdout] running 18 tests
[INFO] [stdout] test src/lib.rs - Hypothesis::new (line 140) ... FAILED
[INFO] [stdout] test src/lib.rs - Hypothesis::get_groups (line 612) ... FAILED
[INFO] [stdout] test src/lib.rs - Hypothesis::fetch_user_groups (line 922) ... FAILED
[INFO] [stdout] test src/annotations.rs - annotations::InputAnnotation (line 25) ... FAILED
[INFO] [stdout] test src/lib.rs - Hypothesis::fetch_annotation (line 438) ... FAILED
[INFO] [stdout] test src/lib.rs - (line 44) - compile ... FAILED
[INFO] [stdout] test src/lib.rs - Hypothesis::create_group (line 656) - compile ... FAILED
[INFO] [stdout] test src/lib.rs - Hypothesis::fetch_user_profile (line 892) ... FAILED
[INFO] [stdout] test src/lib.rs - Hypothesis::create_annotations (line 260) ... FAILED
[INFO] [stdout] test src/lib.rs - Hypothesis::from_env (line 179) ... FAILED
[INFO] [stdout] test src/lib.rs - Hypothesis::delete_annotation (line 484) ... FAILED
[INFO] [stdout] test src/lib.rs - Hypothesis::fetch_group (line 709) ... FAILED
[INFO] [stdout] test src/lib.rs - Hypothesis::search_annotations (line 365) ... FAILED
[INFO] [stdout] test src/lib.rs - Hypothesis::update_annotation (line 305) ... FAILED
[INFO] [stdout] test src/lib.rs - Hypothesis::create_annotation (line 214) ... FAILED
[INFO] [stdout] test src/lib.rs - Hypothesis::get_group_members (line 839) ... FAILED
[INFO] [stdout] test src/lib.rs - UserAccountID (line 951) ... FAILED
[INFO] [stdout] test src/lib.rs - Hypothesis::update_group (line 774) - compile ... FAILED
[INFO] [stdout] 
[INFO] [stdout] failures:
[INFO] [stdout] 
[INFO] [stdout] ---- src/lib.rs - Hypothesis::new (line 140) stdout ----
[INFO] [stdout] error[E0432]: unresolved import `hypothesis`
[INFO] [stdout]  --> src/lib.rs:142:5
[INFO] [stdout]   |
[INFO] [stdout] 3 | use hypothesis::Hypothesis;
[INFO] [stdout]   |     ^^^^^^^^^^ use of undeclared crate or module `hypothesis`
[INFO] [stdout]   |
[INFO] [stdout] help: there is a crate or module with a similar name
[INFO] [stdout]   |
[INFO] [stdout] 3 | use hypothesis_rs::Hypothesis;
[INFO] [stdout]   |     ~~~~~~~~~~~~~
[INFO] [stdout] 
[INFO] [stdout] error: aborting due to previous error
[INFO] [stdout] 
[INFO] [stdout] For more information about this error, try `rustc --explain E0432`.
[INFO] [stdout] Couldn't compile the test.
[INFO] [stdout] ---- src/lib.rs - Hypothesis::get_groups (line 612) stdout ----
[INFO] [stdout] error[E0433]: failed to resolve: use of undeclared crate or module `hypothesis`
[INFO] [stdout]  --> src/lib.rs:616:5
[INFO] [stdout]   |
[INFO] [stdout] 5 | use hypothesis::groups::GroupFilters;
[INFO] [stdout]   |     ^^^^^^^^^^ use of undeclared crate or module `hypothesis`
[INFO] [stdout]   |
[INFO] [stdout] help: there is a crate or module with a similar name
[INFO] [stdout]   |
[INFO] [stdout] 5 | use hypothesis_rs::groups::GroupFilters;
[INFO] [stdout]   |     ~~~~~~~~~~~~~
[INFO] [stdout] 
[INFO] [stdout] error[E0432]: unresolved import `hypothesis`
[INFO] [stdout]  --> src/lib.rs:615:5
[INFO] [stdout]   |
[INFO] [stdout] 4 | use hypothesis::Hypothesis;
[INFO] [stdout]   |     ^^^^^^^^^^ use of undeclared crate or module `hypothesis`
[INFO] [stdout]   |
[INFO] [stdout] help: there is a crate or module with a similar name
[INFO] [stdout]   |
[INFO] [stdout] 4 | use hypothesis_rs::Hypothesis;
[INFO] [stdout]   |     ~~~~~~~~~~~~~
[INFO] [stdout] 
[INFO] [stdout] error: aborting due to 2 previous errors
[INFO] [stdout] 
[INFO] [stdout] Some errors have detailed explanations: E0432, E0433.
[INFO] [stdout] For more information about an error, try `rustc --explain E0432`.
[INFO] [stdout] Couldn't compile the test.
[INFO] [stdout] ---- src/lib.rs - Hypothesis::fetch_user_groups (line 922) stdout ----
[INFO] [stdout] error[E0432]: unresolved import `hypothesis`
[INFO] [stdout]  --> src/lib.rs:925:5
[INFO] [stdout]   |
[INFO] [stdout] 4 | use hypothesis::Hypothesis;
[INFO] [stdout]   |     ^^^^^^^^^^ use of undeclared crate or module `hypothesis`
[INFO] [stdout]   |
[INFO] [stdout] help: there is a crate or module with a similar name
[INFO] [stdout]   |
[INFO] [stdout] 4 | use hypothesis_rs::Hypothesis;
[INFO] [stdout]   |     ~~~~~~~~~~~~~
[INFO] [stdout] 
[INFO] [stdout] error: aborting due to previous error
[INFO] [stdout] 
[INFO] [stdout] For more information about this error, try `rustc --explain E0432`.
[INFO] [stdout] Couldn't compile the test.
[INFO] [stdout] ---- src/annotations.rs - annotations::InputAnnotation (line 25) stdout ----
[INFO] [stdout] error[E0433]: failed to resolve: use of undeclared crate or module `hypothesis`
[INFO] [stdout]  --> src/annotations.rs:26:5
[INFO] [stdout]   |
[INFO] [stdout] 2 | use hypothesis::annotations::{InputAnnotation, Target, Selector};
[INFO] [stdout]   |     ^^^^^^^^^^ use of undeclared crate or module `hypothesis`
[INFO] [stdout]   |
[INFO] [stdout] help: there is a crate or module with a similar name
[INFO] [stdout]   |
[INFO] [stdout] 2 | use hypothesis_rs::annotations::{InputAnnotation, Target, Selector};
[INFO] [stdout]   |     ~~~~~~~~~~~~~
[INFO] [stdout] 
[INFO] [stdout] error[E0433]: failed to resolve: use of undeclared crate or module `hypothesis`
[INFO] [stdout]  --> src/annotations.rs:28:31
[INFO] [stdout]   |
[INFO] [stdout] 4 | async fn main() -> Result<(), hypothesis::errors::HypothesisError> {
[INFO] [stdout]   |                               ^^^^^^^^^^ use of undeclared crate or module `hypothesis`
[INFO] [stdout]   |
[INFO] [stdout] help: there is a crate or module with a similar name
[INFO] [stdout]   |
[INFO] [stdout] 4 | async fn main() -> Result<(), hypothesis_rs::errors::HypothesisError> {
[INFO] [stdout]   |                               ~~~~~~~~~~~~~
[INFO] [stdout] 
[INFO] [stdout] error: aborting due to 2 previous errors
[INFO] [stdout] 
[INFO] [stdout] For more information about this error, try `rustc --explain E0433`.
[INFO] [stdout] Couldn't compile the test.
[INFO] [stdout] ---- src/lib.rs - Hypothesis::fetch_annotation (line 438) stdout ----
[INFO] [stdout] error[E0433]: failed to resolve: use of undeclared crate or module `hypothesis`
[INFO] [stdout]  --> src/lib.rs:442:8
[INFO] [stdout]   |
[INFO] [stdout] 5 |    use hypothesis::annotations::InputAnnotation;
[INFO] [stdout]   |        ^^^^^^^^^^ use of undeclared crate or module `hypothesis`
[INFO] [stdout]   |
[INFO] [stdout] help: there is a crate or module with a similar name
[INFO] [stdout]   |
[INFO] [stdout] 5 |    use hypothesis_rs::annotations::InputAnnotation;
[INFO] [stdout]   |        ~~~~~~~~~~~~~
[INFO] [stdout] 
[INFO] [stdout] error[E0432]: unresolved import `hypothesis`
[INFO] [stdout]  --> src/lib.rs:441:5
[INFO] [stdout]   |
[INFO] [stdout] 4 | use hypothesis::Hypothesis;
[INFO] [stdout]   |     ^^^^^^^^^^ use of undeclared crate or module `hypothesis`
[INFO] [stdout]   |
[INFO] [stdout] help: there is a crate or module with a similar name
[INFO] [stdout]   |
[INFO] [stdout] 4 | use hypothesis_rs::Hypothesis;
[INFO] [stdout]   |     ~~~~~~~~~~~~~
[INFO] [stdout] 
[INFO] [stdout] error: aborting due to 2 previous errors
[INFO] [stdout] 
[INFO] [stdout] Some errors have detailed explanations: E0432, E0433.
[INFO] [stdout] For more information about an error, try `rustc --explain E0432`.
[INFO] [stdout] Couldn't compile the test.
[INFO] [stdout] ---- src/lib.rs - (line 44) stdout ----
[INFO] [stdout] error[E0433]: failed to resolve: use of undeclared crate or module `hypothesis`
[INFO] [stdout]  --> src/lib.rs:46:5
[INFO] [stdout]   |
[INFO] [stdout] 3 | use hypothesis::annotations::{InputAnnotation, Target, Selector};
[INFO] [stdout]   |     ^^^^^^^^^^ use of undeclared crate or module `hypothesis`
[INFO] [stdout]   |
[INFO] [stdout] help: there is a crate or module with a similar name
[INFO] [stdout]   |
[INFO] [stdout] 3 | use hypothesis_rs::annotations::{InputAnnotation, Target, Selector};
[INFO] [stdout]   |     ~~~~~~~~~~~~~
[INFO] [stdout] 
[INFO] [stdout] error[E0432]: unresolved import `hypothesis`
[INFO] [stdout]  --> src/lib.rs:45:5
[INFO] [stdout]   |
[INFO] [stdout] 2 | use hypothesis::Hypothesis;
[INFO] [stdout]   |     ^^^^^^^^^^ use of undeclared crate or module `hypothesis`
[INFO] [stdout]   |
[INFO] [stdout] help: there is a crate or module with a similar name
[INFO] [stdout]   |
[INFO] [stdout] 2 | use hypothesis_rs::Hypothesis;
[INFO] [stdout]   |     ~~~~~~~~~~~~~
[INFO] [stdout] 
[INFO] [stdout] error[E0433]: failed to resolve: use of undeclared crate or module `hypothesis`
[INFO] [stdout]  --> src/lib.rs:49:31
[INFO] [stdout]   |
[INFO] [stdout] 6 | async fn main() -> Result<(), hypothesis::errors::HypothesisError> {
[INFO] [stdout]   |                               ^^^^^^^^^^ use of undeclared crate or module `hypothesis`
[INFO] [stdout]   |
[INFO] [stdout] help: there is a crate or module with a similar name
[INFO] [stdout]   |
[INFO] [stdout] 6 | async fn main() -> Result<(), hypothesis_rs::errors::HypothesisError> {
[INFO] [stdout]   |                               ~~~~~~~~~~~~~
[INFO] [stdout] 
[INFO] [stdout] error: aborting due to 3 previous errors
[INFO] [stdout] 
[INFO] [stdout] Some errors have detailed explanations: E0432, E0433.
[INFO] [stdout] For more information about an error, try `rustc --explain E0432`.
[INFO] [stdout] Couldn't compile the test.
[INFO] [stdout] ---- src/lib.rs - Hypothesis::create_group (line 656) stdout ----
[INFO] [stdout] error[E0432]: unresolved import `hypothesis`
[INFO] [stdout]  --> src/lib.rs:659:5
[INFO] [stdout]   |
[INFO] [stdout] 4 | use hypothesis::Hypothesis;
[INFO] [stdout]   |     ^^^^^^^^^^ use of undeclared crate or module `hypothesis`
[INFO] [stdout]   |
[INFO] [stdout] help: there is a crate or module with a similar name
[INFO] [stdout]   |
[INFO] [stdout] 4 | use hypothesis_rs::Hypothesis;
[INFO] [stdout]   |     ~~~~~~~~~~~~~
[INFO] [stdout] 
[INFO] [stdout] error: aborting due to previous error
[INFO] [stdout] 
[INFO] [stdout] For more information about this error, try `rustc --explain E0432`.
[INFO] [stdout] Couldn't compile the test.
[INFO] [stdout] ---- src/lib.rs - Hypothesis::fetch_user_profile (line 892) stdout ----
[INFO] [stdout] error[E0432]: unresolved import `hypothesis`
[INFO] [stdout]  --> src/lib.rs:895:5
[INFO] [stdout]   |
[INFO] [stdout] 4 | use hypothesis::Hypothesis;
[INFO] [stdout]   |     ^^^^^^^^^^ use of undeclared crate or module `hypothesis`
[INFO] [stdout]   |
[INFO] [stdout] help: there is a crate or module with a similar name
[INFO] [stdout]   |
[INFO] [stdout] 4 | use hypothesis_rs::Hypothesis;
[INFO] [stdout]   |     ~~~~~~~~~~~~~
[INFO] [stdout] 
[INFO] [stdout] error: aborting due to previous error
[INFO] [stdout] 
[INFO] [stdout] For more information about this error, try `rustc --explain E0432`.
[INFO] [stdout] Couldn't compile the test.
[INFO] [stdout] ---- src/lib.rs - Hypothesis::create_annotations (line 260) stdout ----
[INFO] [stdout] error[E0433]: failed to resolve: use of undeclared crate or module `hypothesis`
[INFO] [stdout]  --> src/lib.rs:264:5
[INFO] [stdout]   |
[INFO] [stdout] 5 | use hypothesis::annotations::InputAnnotation;
[INFO] [stdout]   |     ^^^^^^^^^^ use of undeclared crate or module `hypothesis`
[INFO] [stdout]   |
[INFO] [stdout] help: there is a crate or module with a similar name
[INFO] [stdout]   |
[INFO] [stdout] 5 | use hypothesis_rs::annotations::InputAnnotation;
[INFO] [stdout]   |     ~~~~~~~~~~~~~
[INFO] [stdout] 
[INFO] [stdout] error[E0432]: unresolved import `hypothesis`
[INFO] [stdout]  --> src/lib.rs:263:5
[INFO] [stdout]   |
[INFO] [stdout] 4 | use hypothesis::Hypothesis;
[INFO] [stdout]   |     ^^^^^^^^^^ use of undeclared crate or module `hypothesis`
[INFO] [stdout]   |
[INFO] [stdout] help: there is a crate or module with a similar name
[INFO] [stdout]   |
[INFO] [stdout] 4 | use hypothesis_rs::Hypothesis;
[INFO] [stdout]   |     ~~~~~~~~~~~~~
[INFO] [stdout] 
[INFO] [stdout] error: aborting due to 2 previous errors
[INFO] [stdout] 
[INFO] [stdout] Some errors have detailed explanations: E0432, E0433.
[INFO] [stdout] For more information about an error, try `rustc --explain E0432`.
[INFO] [stdout] Couldn't compile the test.
[INFO] [stdout] ---- src/lib.rs - Hypothesis::from_env (line 179) stdout ----
[INFO] [stdout] error[E0432]: unresolved import `hypothesis`
[INFO] [stdout]  --> src/lib.rs:187:5
[INFO] [stdout]   |
[INFO] [stdout] 9 | use hypothesis::Hypothesis;
[INFO] [stdout]   |     ^^^^^^^^^^ use of undeclared crate or module `hypothesis`
[INFO] [stdout]   |
[INFO] [stdout] help: there is a crate or module with a similar name
[INFO] [stdout]   |
[INFO] [stdout] 9 | use hypothesis_rs::Hypothesis;
[INFO] [stdout]   |     ~~~~~~~~~~~~~
[INFO] [stdout] 
[INFO] [stdout] error: aborting due to previous error
[INFO] [stdout] 
[INFO] [stdout] For more information about this error, try `rustc --explain E0432`.
[INFO] [stdout] Couldn't compile the test.
[INFO] [stdout] ---- src/lib.rs - Hypothesis::delete_annotation (line 484) stdout ----
[INFO] [stdout] error[E0433]: failed to resolve: use of undeclared crate or module `hypothesis`
[INFO] [stdout]  --> src/lib.rs:488:8
[INFO] [stdout]   |
[INFO] [stdout] 5 |    use hypothesis::annotations::InputAnnotation;
[INFO] [stdout]   |        ^^^^^^^^^^ use of undeclared crate or module `hypothesis`
[INFO] [stdout]   |
[INFO] [stdout] help: there is a crate or module with a similar name
[INFO] [stdout]   |
[INFO] [stdout] 5 |    use hypothesis_rs::annotations::InputAnnotation;
[INFO] [stdout]   |        ~~~~~~~~~~~~~
[INFO] [stdout] 
[INFO] [stdout] error[E0432]: unresolved import `hypothesis`
[INFO] [stdout]  --> src/lib.rs:487:5
[INFO] [stdout]   |
[INFO] [stdout] 4 | use hypothesis::Hypothesis;
[INFO] [stdout]   |     ^^^^^^^^^^ use of undeclared crate or module `hypothesis`
[INFO] [stdout]   |
[INFO] [stdout] help: there is a crate or module with a similar name
[INFO] [stdout]   |
[INFO] [stdout] 4 | use hypothesis_rs::Hypothesis;
[INFO] [stdout]   |     ~~~~~~~~~~~~~
[INFO] [stdout] 
[INFO] [stdout] error: aborting due to 2 previous errors
[INFO] [stdout] 
[INFO] [stdout] Some errors have detailed explanations: E0432, E0433.
[INFO] [stdout] For more information about an error, try `rustc --explain E0432`.
[INFO] [stdout] Couldn't compile the test.
[INFO] [stdout] ---- src/lib.rs - Hypothesis::fetch_group (line 709) stdout ----
[INFO] [stdout] error[E0433]: failed to resolve: use of undeclared crate or module `hypothesis`
[INFO] [stdout]  --> src/lib.rs:713:5
[INFO] [stdout]   |
[INFO] [stdout] 5 | use hypothesis::groups::Expand;
[INFO] [stdout]   |     ^^^^^^^^^^ use of undeclared crate or module `hypothesis`
[INFO] [stdout]   |
[INFO] [stdout] help: there is a crate or module with a similar name
[INFO] [stdout]   |
[INFO] [stdout] 5 | use hypothesis_rs::groups::Expand;
[INFO] [stdout]   |     ~~~~~~~~~~~~~
[INFO] [stdout] 
[INFO] [stdout] error[E0432]: unresolved import `hypothesis`
[INFO] [stdout]  --> src/lib.rs:712:5
[INFO] [stdout]   |
[INFO] [stdout] 4 | use hypothesis::Hypothesis;
[INFO] [stdout]   |     ^^^^^^^^^^ use of undeclared crate or module `hypothesis`
[INFO] [stdout]   |
[INFO] [stdout] help: there is a crate or module with a similar name
[INFO] [stdout]   |
[INFO] [stdout] 4 | use hypothesis_rs::Hypothesis;
[INFO] [stdout]   |     ~~~~~~~~~~~~~
[INFO] [stdout] 
[INFO] [stdout] error: aborting due to 2 previous errors
[INFO] [stdout] 
[INFO] [stdout] Some errors have detailed explanations: E0432, E0433.
[INFO] [stdout] For more information about an error, try `rustc --explain E0432`.
[INFO] [stdout] Couldn't compile the test.
[INFO] [stdout] ---- src/lib.rs - Hypothesis::search_annotations (line 365) stdout ----
[INFO] [stdout] error[E0433]: failed to resolve: use of undeclared crate or module `hypothesis`
[INFO] [stdout]  --> src/lib.rs:369:5
[INFO] [stdout]   |
[INFO] [stdout] 5 | use hypothesis::annotations::SearchQuery;
[INFO] [stdout]   |     ^^^^^^^^^^ use of undeclared crate or module `hypothesis`
[INFO] [stdout]   |
[INFO] [stdout] help: there is a crate or module with a similar name
[INFO] [stdout]   |
[INFO] [stdout] 5 | use hypothesis_rs::annotations::SearchQuery;
[INFO] [stdout]   |     ~~~~~~~~~~~~~
[INFO] [stdout] 
[INFO] [stdout] error[E0432]: unresolved import `hypothesis`
[INFO] [stdout]  --> src/lib.rs:368:5
[INFO] [stdout]   |
[INFO] [stdout] 4 | use hypothesis::{Hypothesis, UserAccountID};
[INFO] [stdout]   |     ^^^^^^^^^^ use of undeclared crate or module `hypothesis`
[INFO] [stdout]   |
[INFO] [stdout] help: there is a crate or module with a similar name
[INFO] [stdout]   |
[INFO] [stdout] 4 | use hypothesis_rs::{Hypothesis, UserAccountID};
[INFO] [stdout]   |     ~~~~~~~~~~~~~
[INFO] [stdout] 
[INFO] [stdout] error: aborting due to 2 previous errors
[INFO] [stdout] 
[INFO] [stdout] Some errors have detailed explanations: E0432, E0433.
[INFO] [stdout] For more information about an error, try `rustc --explain E0432`.
[INFO] [stdout] Couldn't compile the test.
[INFO] [stdout] ---- src/lib.rs - Hypothesis::update_annotation (line 305) stdout ----
[INFO] [stdout] error[E0433]: failed to resolve: use of undeclared crate or module `hypothesis`
[INFO] [stdout]  --> src/lib.rs:309:5
[INFO] [stdout]   |
[INFO] [stdout] 5 | use hypothesis::annotations::InputAnnotation;
[INFO] [stdout]   |     ^^^^^^^^^^ use of undeclared crate or module `hypothesis`
[INFO] [stdout]   |
[INFO] [stdout] help: there is a crate or module with a similar name
[INFO] [stdout]   |
[INFO] [stdout] 5 | use hypothesis_rs::annotations::InputAnnotation;
[INFO] [stdout]   |     ~~~~~~~~~~~~~
[INFO] [stdout] 
[INFO] [stdout] error[E0432]: unresolved import `hypothesis`
[INFO] [stdout]  --> src/lib.rs:308:5
[INFO] [stdout]   |
[INFO] [stdout] 4 | use hypothesis::Hypothesis;
[INFO] [stdout]   |     ^^^^^^^^^^ use of undeclared crate or module `hypothesis`
[INFO] [stdout]   |
[INFO] [stdout] help: there is a crate or module with a similar name
[INFO] [stdout]   |
[INFO] [stdout] 4 | use hypothesis_rs::Hypothesis;
[INFO] [stdout]   |     ~~~~~~~~~~~~~
[INFO] [stdout] 
[INFO] [stdout] error: aborting due to 2 previous errors
[INFO] [stdout] 
[INFO] [stdout] Some errors have detailed explanations: E0432, E0433.
[INFO] [stdout] For more information about an error, try `rustc --explain E0432`.
[INFO] [stdout] Couldn't compile the test.
[INFO] [stdout] ---- src/lib.rs - Hypothesis::create_annotation (line 214) stdout ----
[INFO] [stdout] error[E0433]: failed to resolve: use of undeclared crate or module `hypothesis`
[INFO] [stdout]  --> src/lib.rs:218:5
[INFO] [stdout]   |
[INFO] [stdout] 5 | use hypothesis::annotations::InputAnnotation;
[INFO] [stdout]   |     ^^^^^^^^^^ use of undeclared crate or module `hypothesis`
[INFO] [stdout]   |
[INFO] [stdout] help: there is a crate or module with a similar name
[INFO] [stdout]   |
[INFO] [stdout] 5 | use hypothesis_rs::annotations::InputAnnotation;
[INFO] [stdout]   |     ~~~~~~~~~~~~~
[INFO] [stdout] 
[INFO] [stdout] error[E0432]: unresolved import `hypothesis`
[INFO] [stdout]  --> src/lib.rs:217:5
[INFO] [stdout]   |
[INFO] [stdout] 4 | use hypothesis::Hypothesis;
[INFO] [stdout]   |     ^^^^^^^^^^ use of undeclared crate or module `hypothesis`
[INFO] [stdout]   |
[INFO] [stdout] help: there is a crate or module with a similar name
[INFO] [stdout]   |
[INFO] [stdout] 4 | use hypothesis_rs::Hypothesis;
[INFO] [stdout]   |     ~~~~~~~~~~~~~
[INFO] [stdout] 
[INFO] [stdout] error: aborting due to 2 previous errors
[INFO] [stdout] 
[INFO] [stdout] Some errors have detailed explanations: E0432, E0433.
[INFO] [stdout] For more information about an error, try `rustc --explain E0432`.
[INFO] [stdout] Couldn't compile the test.
[INFO] [stdout] ---- src/lib.rs - Hypothesis::get_group_members (line 839) stdout ----
[INFO] [stdout] error[E0432]: unresolved import `hypothesis`
[INFO] [stdout]  --> src/lib.rs:842:5
[INFO] [stdout]   |
[INFO] [stdout] 4 | use hypothesis::Hypothesis;
[INFO] [stdout]   |     ^^^^^^^^^^ use of undeclared crate or module `hypothesis`
[INFO] [stdout]   |
[INFO] [stdout] help: there is a crate or module with a similar name
[INFO] [stdout]   |
[INFO] [stdout] 4 | use hypothesis_rs::Hypothesis;
[INFO] [stdout]   |     ~~~~~~~~~~~~~
[INFO] [stdout] 
[INFO] [stdout] error: aborting due to previous error
[INFO] [stdout] 
[INFO] [stdout] For more information about this error, try `rustc --explain E0432`.
[INFO] [stdout] Couldn't compile the test.
[INFO] [stdout] ---- src/lib.rs - UserAccountID (line 951) stdout ----
[INFO] [stdout] error[E0432]: unresolved import `hypothesis`
[INFO] [stdout]  --> src/lib.rs:952:5
[INFO] [stdout]   |
[INFO] [stdout] 3 | use hypothesis::UserAccountID;
[INFO] [stdout]   |     ^^^^^^^^^^ use of undeclared crate or module `hypothesis`
[INFO] [stdout]   |
[INFO] [stdout] help: there is a crate or module with a similar name
[INFO] [stdout]   |
[INFO] [stdout] 3 | use hypothesis_rs::UserAccountID;
[INFO] [stdout]   |     ~~~~~~~~~~~~~
[INFO] [stdout] 
[INFO] [stdout] error: aborting due to previous error
[INFO] [stdout] 
[INFO] [stdout] For more information about this error, try `rustc --explain E0432`.
[INFO] [stdout] Couldn't compile the test.
[INFO] [stdout] ---- src/lib.rs - Hypothesis::update_group (line 774) stdout ----
[INFO] [stdout] error[E0432]: unresolved import `hypothesis`
[INFO] [stdout]  --> src/lib.rs:777:5
[INFO] [stdout]   |
[INFO] [stdout] 4 | use hypothesis::Hypothesis;
[INFO] [stdout]   |     ^^^^^^^^^^ use of undeclared crate or module `hypothesis`
[INFO] [stdout]   |
[INFO] [stdout] help: there is a crate or module with a similar name
[INFO] [stdout]   |
[INFO] [stdout] 4 | use hypothesis_rs::Hypothesis;
[INFO] [stdout]   |     ~~~~~~~~~~~~~
[INFO] [stdout] 
[INFO] [stdout] error: aborting due to previous error
[INFO] [stdout] 
[INFO] [stdout] For more information about this error, try `rustc --explain E0432`.
[INFO] [stdout] Couldn't compile the test.
[INFO] [stdout] 
[INFO] [stdout] failures:
[INFO] [stdout]     src/annotations.rs - annotations::InputAnnotation (line 25)
[INFO] [stdout]     src/lib.rs - (line 44)
[INFO] [stdout]     src/lib.rs - Hypothesis::create_annotation (line 214)
[INFO] [stdout]     src/lib.rs - Hypothesis::create_annotations (line 260)
[INFO] [stdout]     src/lib.rs - Hypothesis::create_group (line 656)
[INFO] [stdout]     src/lib.rs - Hypothesis::delete_annotation (line 484)
[INFO] [stdout]     src/lib.rs - Hypothesis::fetch_annotation (line 438)
[INFO] [stdout]     src/lib.rs - Hypothesis::fetch_group (line 709)
[INFO] [stdout]     src/lib.rs - Hypothesis::fetch_user_groups (line 922)
[INFO] [stdout]     src/lib.rs - Hypothesis::fetch_user_profile (line 892)
[INFO] [stdout]     src/lib.rs - Hypothesis::from_env (line 179)
[INFO] [stdout]     src/lib.rs - Hypothesis::get_group_members (line 839)
[INFO] [stdout]     src/lib.rs - Hypothesis::get_groups (line 612)
[INFO] [stdout]     src/lib.rs - Hypothesis::new (line 140)
[INFO] [stdout]     src/lib.rs - Hypothesis::search_annotations (line 365)
[INFO] [stdout]     src/lib.rs - Hypothesis::update_annotation (line 305)
[INFO] [stdout]     src/lib.rs - Hypothesis::update_group (line 774)
[INFO] [stdout]     src/lib.rs - UserAccountID (line 951)
[INFO] [stdout] 
[INFO] [stdout] test result: FAILED. 0 passed; 18 failed; 0 ignored; 0 measured; 0 filtered out; finished in 0.17s
[INFO] [stdout] 
[INFO] [stderr] error: doctest failed, to rerun pass `--doc`
[INFO] running `Command { std: "docker" "inspect" "5bcdb04e9e1bd0e29ec8a87002a556d701a595cf9f687d5927e4844cfb42d15f", kill_on_drop: false }`
[INFO] running `Command { std: "docker" "rm" "-f" "5bcdb04e9e1bd0e29ec8a87002a556d701a595cf9f687d5927e4844cfb42d15f", kill_on_drop: false }`
[INFO] [stdout] 5bcdb04e9e1bd0e29ec8a87002a556d701a595cf9f687d5927e4844cfb42d15f
