[INFO] fetching crate hyperoperator 1.0.1...
[INFO] testing hyperoperator-1.0.1 against 1.69.0 for beta-1.70-1
[INFO] extracting crate hyperoperator 1.0.1 into /workspace/builds/worker-3-tc1/source
[INFO] validating manifest of crates.io crate hyperoperator 1.0.1 on toolchain 1.69.0
[INFO] running `Command { std: CARGO_HOME="/workspace/cargo-home" RUSTUP_HOME="/workspace/rustup-home" "/workspace/cargo-home/bin/cargo" "+1.69.0" "metadata" "--manifest-path" "Cargo.toml" "--no-deps", kill_on_drop: false }`
[INFO] started tweaking crates.io crate hyperoperator 1.0.1
[INFO] finished tweaking crates.io crate hyperoperator 1.0.1
[INFO] tweaked toml for crates.io crate hyperoperator 1.0.1 written to /workspace/builds/worker-3-tc1/source/Cargo.toml
[INFO] running `Command { std: CARGO_HOME="/workspace/cargo-home" RUSTUP_HOME="/workspace/rustup-home" __CARGO_TEST_CHANNEL_OVERRIDE_DO_NOT_USE_THIS="nightly" "/workspace/cargo-home/bin/cargo" "+1.69.0" "generate-lockfile" "--manifest-path" "Cargo.toml" "-Zno-index-update", kill_on_drop: false }`
[INFO] running `Command { std: CARGO_HOME="/workspace/cargo-home" RUSTUP_HOME="/workspace/rustup-home" "/workspace/cargo-home/bin/cargo" "+1.69.0" "fetch" "--manifest-path" "Cargo.toml", kill_on_drop: false }`
[INFO] running `Command { std: "docker" "create" "-v" "/var/lib/crater-agent-workspace/builds/worker-3-tc1/target:/opt/rustwide/target:rw,Z" "-v" "/var/lib/crater-agent-workspace/builds/worker-3-tc1/source:/opt/rustwide/workdir:ro,Z" "-v" "/var/lib/crater-agent-workspace/cargo-home:/opt/rustwide/cargo-home:ro,Z" "-v" "/var/lib/crater-agent-workspace/rustup-home:/opt/rustwide/rustup-home:ro,Z" "-e" "SOURCE_DIR=/opt/rustwide/workdir" "-e" "CARGO_TARGET_DIR=/opt/rustwide/target" "-e" "CARGO_HOME=/opt/rustwide/cargo-home" "-e" "RUSTUP_HOME=/opt/rustwide/rustup-home" "-w" "/opt/rustwide/workdir" "-m" "1610612736" "--user" "0:0" "--network" "none" "ghcr.io/rust-lang/crates-build-env/linux@sha256:5ff2268d62e97bff2cde7d5815dd6ed5b47097566f13b8d0ca110b04b60e07ed" "/opt/rustwide/cargo-home/bin/cargo" "+1.69.0" "metadata" "--no-deps" "--format-version=1", kill_on_drop: false }`
[INFO] [stdout] a297508adc2255892d583b88958b1ddcc8177264e4aeb5b1daa66d39e9a4e978
[INFO] running `Command { std: "docker" "start" "-a" "a297508adc2255892d583b88958b1ddcc8177264e4aeb5b1daa66d39e9a4e978", kill_on_drop: false }`
[INFO] running `Command { std: "docker" "inspect" "a297508adc2255892d583b88958b1ddcc8177264e4aeb5b1daa66d39e9a4e978", kill_on_drop: false }`
[INFO] running `Command { std: "docker" "rm" "-f" "a297508adc2255892d583b88958b1ddcc8177264e4aeb5b1daa66d39e9a4e978", kill_on_drop: false }`
[INFO] [stdout] a297508adc2255892d583b88958b1ddcc8177264e4aeb5b1daa66d39e9a4e978
[INFO] running `Command { std: "docker" "create" "-v" "/var/lib/crater-agent-workspace/builds/worker-3-tc1/target:/opt/rustwide/target:rw,Z" "-v" "/var/lib/crater-agent-workspace/builds/worker-3-tc1/source:/opt/rustwide/workdir:ro,Z" "-v" "/var/lib/crater-agent-workspace/cargo-home:/opt/rustwide/cargo-home:ro,Z" "-v" "/var/lib/crater-agent-workspace/rustup-home:/opt/rustwide/rustup-home:ro,Z" "-e" "SOURCE_DIR=/opt/rustwide/workdir" "-e" "CARGO_TARGET_DIR=/opt/rustwide/target" "-e" "CARGO_INCREMENTAL=0" "-e" "RUST_BACKTRACE=full" "-e" "RUSTFLAGS=--cap-lints=warn" "-e" "RUSTDOCFLAGS=--cap-lints=warn" "-e" "CARGO_HOME=/opt/rustwide/cargo-home" "-e" "RUSTUP_HOME=/opt/rustwide/rustup-home" "-w" "/opt/rustwide/workdir" "-m" "1610612736" "--user" "0:0" "--network" "none" "ghcr.io/rust-lang/crates-build-env/linux@sha256:5ff2268d62e97bff2cde7d5815dd6ed5b47097566f13b8d0ca110b04b60e07ed" "/opt/rustwide/cargo-home/bin/cargo" "+1.69.0" "build" "--frozen" "--message-format=json", kill_on_drop: false }`
[INFO] [stdout] c761a6749c795a6c3ef04689183c39469d44266bbdf4eb275f36fd7fbcafc37c
[INFO] running `Command { std: "docker" "start" "-a" "c761a6749c795a6c3ef04689183c39469d44266bbdf4eb275f36fd7fbcafc37c", kill_on_drop: false }`
[INFO] [stderr]    Compiling hyperoperator v1.0.1 (/opt/rustwide/workdir)
[INFO] [stderr]     Finished dev [unoptimized + debuginfo] target(s) in 0.13s
[INFO] running `Command { std: "docker" "inspect" "c761a6749c795a6c3ef04689183c39469d44266bbdf4eb275f36fd7fbcafc37c", kill_on_drop: false }`
[INFO] running `Command { std: "docker" "rm" "-f" "c761a6749c795a6c3ef04689183c39469d44266bbdf4eb275f36fd7fbcafc37c", kill_on_drop: false }`
[INFO] [stdout] c761a6749c795a6c3ef04689183c39469d44266bbdf4eb275f36fd7fbcafc37c
[INFO] running `Command { std: "docker" "create" "-v" "/var/lib/crater-agent-workspace/builds/worker-3-tc1/target:/opt/rustwide/target:rw,Z" "-v" "/var/lib/crater-agent-workspace/builds/worker-3-tc1/source:/opt/rustwide/workdir:ro,Z" "-v" "/var/lib/crater-agent-workspace/cargo-home:/opt/rustwide/cargo-home:ro,Z" "-v" "/var/lib/crater-agent-workspace/rustup-home:/opt/rustwide/rustup-home:ro,Z" "-e" "SOURCE_DIR=/opt/rustwide/workdir" "-e" "CARGO_TARGET_DIR=/opt/rustwide/target" "-e" "CARGO_INCREMENTAL=0" "-e" "RUST_BACKTRACE=full" "-e" "RUSTFLAGS=--cap-lints=warn" "-e" "RUSTDOCFLAGS=--cap-lints=warn" "-e" "CARGO_HOME=/opt/rustwide/cargo-home" "-e" "RUSTUP_HOME=/opt/rustwide/rustup-home" "-w" "/opt/rustwide/workdir" "-m" "1610612736" "--user" "0:0" "--network" "none" "ghcr.io/rust-lang/crates-build-env/linux@sha256:5ff2268d62e97bff2cde7d5815dd6ed5b47097566f13b8d0ca110b04b60e07ed" "/opt/rustwide/cargo-home/bin/cargo" "+1.69.0" "test" "--frozen" "--no-run" "--message-format=json", kill_on_drop: false }`
[INFO] [stdout] c69c60892de35f32662ed6bea2c2dba3f4b20b17f9235804cb00d372589ada29
[INFO] running `Command { std: "docker" "start" "-a" "c69c60892de35f32662ed6bea2c2dba3f4b20b17f9235804cb00d372589ada29", kill_on_drop: false }`
[INFO] [stderr]    Compiling hyperoperator v1.0.1 (/opt/rustwide/workdir)
[INFO] [stderr]     Finished test [unoptimized + debuginfo] target(s) in 0.33s
[INFO] running `Command { std: "docker" "inspect" "c69c60892de35f32662ed6bea2c2dba3f4b20b17f9235804cb00d372589ada29", kill_on_drop: false }`
[INFO] running `Command { std: "docker" "rm" "-f" "c69c60892de35f32662ed6bea2c2dba3f4b20b17f9235804cb00d372589ada29", kill_on_drop: false }`
[INFO] [stdout] c69c60892de35f32662ed6bea2c2dba3f4b20b17f9235804cb00d372589ada29
[INFO] running `Command { std: "docker" "create" "-v" "/var/lib/crater-agent-workspace/builds/worker-3-tc1/target:/opt/rustwide/target:rw,Z" "-v" "/var/lib/crater-agent-workspace/builds/worker-3-tc1/source:/opt/rustwide/workdir:ro,Z" "-v" "/var/lib/crater-agent-workspace/cargo-home:/opt/rustwide/cargo-home:ro,Z" "-v" "/var/lib/crater-agent-workspace/rustup-home:/opt/rustwide/rustup-home:ro,Z" "-e" "SOURCE_DIR=/opt/rustwide/workdir" "-e" "CARGO_TARGET_DIR=/opt/rustwide/target" "-e" "CARGO_INCREMENTAL=0" "-e" "RUST_BACKTRACE=full" "-e" "RUSTFLAGS=--cap-lints=warn" "-e" "RUSTDOCFLAGS=--cap-lints=warn" "-e" "CARGO_HOME=/opt/rustwide/cargo-home" "-e" "RUSTUP_HOME=/opt/rustwide/rustup-home" "-w" "/opt/rustwide/workdir" "-m" "1610612736" "--user" "0:0" "--network" "none" "ghcr.io/rust-lang/crates-build-env/linux@sha256:5ff2268d62e97bff2cde7d5815dd6ed5b47097566f13b8d0ca110b04b60e07ed" "/opt/rustwide/cargo-home/bin/cargo" "+1.69.0" "test" "--frozen", kill_on_drop: false }`
[INFO] [stdout] eac60c1a1ae0b492e3688a71e781fbbfac955e72b8ccf5ad17e5abd3cbb286b6
[INFO] running `Command { std: "docker" "start" "-a" "eac60c1a1ae0b492e3688a71e781fbbfac955e72b8ccf5ad17e5abd3cbb286b6", kill_on_drop: false }`
[INFO] [stderr]     Finished test [unoptimized + debuginfo] target(s) in 0.01s
[INFO] [stderr]      Running unittests src/lib.rs (/opt/rustwide/target/debug/deps/hyperoperator-29104a0f9b3ec2e4)
[INFO] [stdout] 
[INFO] [stdout] running 6 tests
[INFO] [stdout] test pow::tests::test_unsigned_integer_hyperpow ... ok
[INFO] [stdout] test log::tests::test_hyperln ... ok
[INFO] [stdout] test pow::tests::test_float_hyperpow ... ok
[INFO] [stdout] test root::tests::test_hyperroot ... ok
[INFO] [stdout] test root::tests::test_hypersqrt ... ok
[INFO] [stdout] test root::tests::test_hypercbrt ... ok
[INFO] [stdout] 
[INFO] [stdout] test result: ok. 6 passed; 0 failed; 0 ignored; 0 measured; 0 filtered out; finished in 0.00s
[INFO] [stdout] 
[INFO] [stderr]    Doc-tests hyperoperator
[INFO] [stdout] 
[INFO] [stdout] running 14 tests
[INFO] [stdout] test src/lib.rs - (line 39) ... FAILED
[INFO] [stdout] test src/lib.rs - (line 25) ... FAILED
[INFO] [stdout] test src/root.rs - root::HyperRoot::hypercbrt (line 46) ... FAILED
[INFO] [stdout] test src/pow.rs - pow::HyperPow (line 283) ... FAILED
[INFO] [stdout] test src/lib.rs - (line 12) ... FAILED
[INFO] [stdout] test src/log.rs - log::HyperLog::hyperln (line 18) ... FAILED
[INFO] [stdout] test src/root.rs - root::HyperRoot::hypersqrt (line 18) ... FAILED
[INFO] [stdout] test src/root.rs - root::HyperRoot::hyperroot (line 72) ... FAILED
[INFO] [stdout] test src/pow.rs - pow::HyperPow (line 268) ... FAILED
[INFO] [stdout] test src/pow.rs - pow::PrimitiveFloatHyperPow::hyperexp (line 174) ... ok
[INFO] [stdout] test src/pow.rs - pow::PrimitiveUintHyperPow::checked_hyperpow (line 40) ... ok
[INFO] [stdout] test src/pow.rs - pow::PrimitiveFloatHyperPow::hyperpowi (line 130) ... ok
[INFO] [stdout] test src/pow.rs - pow::PrimitiveFloatHyperPow::hyperpowf (line 152) ... ok
[INFO] [stdout] test src/pow.rs - pow::PrimitiveUintHyperPow::wrapping_hyperpow (line 16) ... ok
[INFO] [stdout] 
[INFO] [stdout] failures:
[INFO] [stdout] 
[INFO] [stdout] ---- src/lib.rs - (line 39) stdout ----
[INFO] [stdout] error[E0432]: unresolved import `num_bigfloat`
[INFO] [stdout]  --> src/lib.rs:40:5
[INFO] [stdout]   |
[INFO] [stdout] 3 | use num_bigfloat::BigFloat;
[INFO] [stdout]   |     ^^^^^^^^^^^^ use of undeclared crate or module `num_bigfloat`
[INFO] [stdout] 
[INFO] [stdout] error: aborting due to previous error
[INFO] [stdout] 
[INFO] [stdout] For more information about this error, try `rustc --explain E0432`.
[INFO] [stdout] Couldn't compile the test.
[INFO] [stdout] ---- src/lib.rs - (line 25) stdout ----
[INFO] [stdout] error[E0432]: unresolved import `num_bigfloat`
[INFO] [stdout]  --> src/lib.rs:26:5
[INFO] [stdout]   |
[INFO] [stdout] 3 | use num_bigfloat::BigFloat;
[INFO] [stdout]   |     ^^^^^^^^^^^^ use of undeclared crate or module `num_bigfloat`
[INFO] [stdout] 
[INFO] [stdout] error: aborting due to previous error
[INFO] [stdout] 
[INFO] [stdout] For more information about this error, try `rustc --explain E0432`.
[INFO] [stdout] Couldn't compile the test.
[INFO] [stdout] ---- src/root.rs - root::HyperRoot::hypercbrt (line 46) stdout ----
[INFO] [stdout] error[E0432]: unresolved import `num_bigfloat`
[INFO] [stdout]  --> src/root.rs:47:5
[INFO] [stdout]   |
[INFO] [stdout] 3 | use num_bigfloat::BigFloat;
[INFO] [stdout]   |     ^^^^^^^^^^^^ use of undeclared crate or module `num_bigfloat`
[INFO] [stdout] 
[INFO] [stdout] error: aborting due to previous error
[INFO] [stdout] 
[INFO] [stdout] For more information about this error, try `rustc --explain E0432`.
[INFO] [stdout] Couldn't compile the test.
[INFO] [stdout] ---- src/pow.rs - pow::HyperPow (line 283) stdout ----
[INFO] [stdout] error[E0432]: unresolved import `num_bigfloat`
[INFO] [stdout]  --> src/pow.rs:284:5
[INFO] [stdout]   |
[INFO] [stdout] 3 | use num_bigfloat::BigFloat;
[INFO] [stdout]   |     ^^^^^^^^^^^^ use of undeclared crate or module `num_bigfloat`
[INFO] [stdout] 
[INFO] [stdout] error: aborting due to previous error
[INFO] [stdout] 
[INFO] [stdout] For more information about this error, try `rustc --explain E0432`.
[INFO] [stdout] Couldn't compile the test.
[INFO] [stdout] ---- src/lib.rs - (line 12) stdout ----
[INFO] [stdout] error[E0432]: unresolved import `num_bigfloat`
[INFO] [stdout]  --> src/lib.rs:13:5
[INFO] [stdout]   |
[INFO] [stdout] 3 | use num_bigfloat::BigFloat;
[INFO] [stdout]   |     ^^^^^^^^^^^^ use of undeclared crate or module `num_bigfloat`
[INFO] [stdout] 
[INFO] [stdout] error: aborting due to previous error
[INFO] [stdout] 
[INFO] [stdout] For more information about this error, try `rustc --explain E0432`.
[INFO] [stdout] Couldn't compile the test.
[INFO] [stdout] ---- src/log.rs - log::HyperLog::hyperln (line 18) stdout ----
[INFO] [stdout] error[E0432]: unresolved import `num_bigfloat`
[INFO] [stdout]  --> src/log.rs:19:5
[INFO] [stdout]   |
[INFO] [stdout] 3 | use num_bigfloat::BigFloat;
[INFO] [stdout]   |     ^^^^^^^^^^^^ use of undeclared crate or module `num_bigfloat`
[INFO] [stdout] 
[INFO] [stdout] error: aborting due to previous error
[INFO] [stdout] 
[INFO] [stdout] For more information about this error, try `rustc --explain E0432`.
[INFO] [stdout] Couldn't compile the test.
[INFO] [stdout] ---- src/root.rs - root::HyperRoot::hypersqrt (line 18) stdout ----
[INFO] [stdout] error[E0432]: unresolved import `num_bigfloat`
[INFO] [stdout]  --> src/root.rs:19:5
[INFO] [stdout]   |
[INFO] [stdout] 3 | use num_bigfloat::BigFloat;
[INFO] [stdout]   |     ^^^^^^^^^^^^ use of undeclared crate or module `num_bigfloat`
[INFO] [stdout] 
[INFO] [stdout] error: aborting due to previous error
[INFO] [stdout] 
[INFO] [stdout] For more information about this error, try `rustc --explain E0432`.
[INFO] [stdout] Couldn't compile the test.
[INFO] [stdout] ---- src/root.rs - root::HyperRoot::hyperroot (line 72) stdout ----
[INFO] [stdout] error[E0432]: unresolved import `num_bigfloat`
[INFO] [stdout]  --> src/root.rs:73:5
[INFO] [stdout]   |
[INFO] [stdout] 3 | use num_bigfloat::BigFloat;
[INFO] [stdout]   |     ^^^^^^^^^^^^ use of undeclared crate or module `num_bigfloat`
[INFO] [stdout] 
[INFO] [stdout] error: aborting due to previous error
[INFO] [stdout] 
[INFO] [stdout] For more information about this error, try `rustc --explain E0432`.
[INFO] [stdout] Couldn't compile the test.
[INFO] [stdout] ---- src/pow.rs - pow::HyperPow (line 268) stdout ----
[INFO] [stdout] error[E0432]: unresolved import `num_bigint`
[INFO] [stdout]  --> src/pow.rs:269:5
[INFO] [stdout]   |
[INFO] [stdout] 3 | use num_bigint::ToBigUint;
[INFO] [stdout]   |     ^^^^^^^^^^ use of undeclared crate or module `num_bigint`
[INFO] [stdout] 
[INFO] [stdout] error[E0432]: unresolved import `num_bigint`
[INFO] [stdout]  --> src/pow.rs:271:5
[INFO] [stdout]   |
[INFO] [stdout] 5 | use num_bigint::BigUint;
[INFO] [stdout]   |     ^^^^^^^^^^ use of undeclared crate or module `num_bigint`
[INFO] [stdout] 
[INFO] [stdout] error[E0599]: no method named `to_biguint` found for type `i32` in the current scope
[INFO] [stdout]  --> src/pow.rs:275:15
[INFO] [stdout]   |
[INFO] [stdout] 9 | let a = 5_i32.to_biguint().unwrap();
[INFO] [stdout]   |               ^^^^^^^^^^ method not found in `i32`
[INFO] [stdout] 
[INFO] [stdout] error[E0599]: no method named `to_biguint` found for type `i32` in the current scope
[INFO] [stdout]   --> src/pow.rs:276:15
[INFO] [stdout]    |
[INFO] [stdout] 10 | let b = 2_i32.to_biguint().unwrap();
[INFO] [stdout]    |               ^^^^^^^^^^ method not found in `i32`
[INFO] [stdout] 
[INFO] [stdout] error: aborting due to 4 previous errors
[INFO] [stdout] 
[INFO] [stdout] Some errors have detailed explanations: E0432, E0599.
[INFO] [stdout] For more information about an error, try `rustc --explain E0432`.
[INFO] [stdout] Couldn't compile the test.
[INFO] [stdout] 
[INFO] [stdout] failures:
[INFO] [stdout]     src/lib.rs - (line 12)
[INFO] [stdout]     src/lib.rs - (line 25)
[INFO] [stdout]     src/lib.rs - (line 39)
[INFO] [stdout]     src/log.rs - log::HyperLog::hyperln (line 18)
[INFO] [stdout]     src/pow.rs - pow::HyperPow (line 268)
[INFO] [stdout]     src/pow.rs - pow::HyperPow (line 283)
[INFO] [stdout]     src/root.rs - root::HyperRoot::hypercbrt (line 46)
[INFO] [stdout]     src/root.rs - root::HyperRoot::hyperroot (line 72)
[INFO] [stdout]     src/root.rs - root::HyperRoot::hypersqrt (line 18)
[INFO] [stdout] 
[INFO] [stdout] test result: FAILED. 5 passed; 9 failed; 0 ignored; 0 measured; 0 filtered out; finished in 0.18s
[INFO] [stdout] 
[INFO] [stderr] error: doctest failed, to rerun pass `--doc`
[INFO] running `Command { std: "docker" "inspect" "eac60c1a1ae0b492e3688a71e781fbbfac955e72b8ccf5ad17e5abd3cbb286b6", kill_on_drop: false }`
[INFO] running `Command { std: "docker" "rm" "-f" "eac60c1a1ae0b492e3688a71e781fbbfac955e72b8ccf5ad17e5abd3cbb286b6", kill_on_drop: false }`
[INFO] [stdout] eac60c1a1ae0b492e3688a71e781fbbfac955e72b8ccf5ad17e5abd3cbb286b6
