[INFO] fetching crate hypermelon 0.5.5...
[INFO] testing hypermelon-0.5.5 against beta-2023-04-20 for beta-1.70-1
[INFO] extracting crate hypermelon 0.5.5 into /workspace/builds/worker-6-tc2/source
[INFO] validating manifest of crates.io crate hypermelon 0.5.5 on toolchain beta-2023-04-20
[INFO] running `Command { std: CARGO_HOME="/workspace/cargo-home" RUSTUP_HOME="/workspace/rustup-home" "/workspace/cargo-home/bin/cargo" "+beta-2023-04-20" "metadata" "--manifest-path" "Cargo.toml" "--no-deps", kill_on_drop: false }`
[INFO] started tweaking crates.io crate hypermelon 0.5.5
[INFO] finished tweaking crates.io crate hypermelon 0.5.5
[INFO] tweaked toml for crates.io crate hypermelon 0.5.5 written to /workspace/builds/worker-6-tc2/source/Cargo.toml
[INFO] crate crates.io crate hypermelon 0.5.5 already has a lockfile, it will not be regenerated
[INFO] running `Command { std: CARGO_HOME="/workspace/cargo-home" RUSTUP_HOME="/workspace/rustup-home" "/workspace/cargo-home/bin/cargo" "+beta-2023-04-20" "fetch" "--manifest-path" "Cargo.toml", kill_on_drop: false }`
[INFO] running `Command { std: "docker" "create" "-v" "/var/lib/crater-agent-workspace/builds/worker-6-tc2/target:/opt/rustwide/target:rw,Z" "-v" "/var/lib/crater-agent-workspace/builds/worker-6-tc2/source:/opt/rustwide/workdir:ro,Z" "-v" "/var/lib/crater-agent-workspace/cargo-home:/opt/rustwide/cargo-home:ro,Z" "-v" "/var/lib/crater-agent-workspace/rustup-home:/opt/rustwide/rustup-home:ro,Z" "-e" "SOURCE_DIR=/opt/rustwide/workdir" "-e" "CARGO_TARGET_DIR=/opt/rustwide/target" "-e" "CARGO_HOME=/opt/rustwide/cargo-home" "-e" "RUSTUP_HOME=/opt/rustwide/rustup-home" "-w" "/opt/rustwide/workdir" "-m" "1610612736" "--user" "0:0" "--network" "none" "ghcr.io/rust-lang/crates-build-env/linux@sha256:5ff2268d62e97bff2cde7d5815dd6ed5b47097566f13b8d0ca110b04b60e07ed" "/opt/rustwide/cargo-home/bin/cargo" "+beta-2023-04-20" "metadata" "--no-deps" "--format-version=1", kill_on_drop: false }`
[INFO] [stdout] 304417356eb771efafd9baeb1e6f42457b1da25cd069515c6488d31c4c3cfc04
[INFO] running `Command { std: "docker" "start" "-a" "304417356eb771efafd9baeb1e6f42457b1da25cd069515c6488d31c4c3cfc04", kill_on_drop: false }`
[INFO] running `Command { std: "docker" "inspect" "304417356eb771efafd9baeb1e6f42457b1da25cd069515c6488d31c4c3cfc04", kill_on_drop: false }`
[INFO] running `Command { std: "docker" "rm" "-f" "304417356eb771efafd9baeb1e6f42457b1da25cd069515c6488d31c4c3cfc04", kill_on_drop: false }`
[INFO] [stdout] 304417356eb771efafd9baeb1e6f42457b1da25cd069515c6488d31c4c3cfc04
[INFO] running `Command { std: "docker" "create" "-v" "/var/lib/crater-agent-workspace/builds/worker-6-tc2/target:/opt/rustwide/target:rw,Z" "-v" "/var/lib/crater-agent-workspace/builds/worker-6-tc2/source:/opt/rustwide/workdir:ro,Z" "-v" "/var/lib/crater-agent-workspace/cargo-home:/opt/rustwide/cargo-home:ro,Z" "-v" "/var/lib/crater-agent-workspace/rustup-home:/opt/rustwide/rustup-home:ro,Z" "-e" "SOURCE_DIR=/opt/rustwide/workdir" "-e" "CARGO_TARGET_DIR=/opt/rustwide/target" "-e" "CARGO_INCREMENTAL=0" "-e" "RUST_BACKTRACE=full" "-e" "RUSTFLAGS=--cap-lints=warn" "-e" "RUSTDOCFLAGS=--cap-lints=warn" "-e" "CARGO_HOME=/opt/rustwide/cargo-home" "-e" "RUSTUP_HOME=/opt/rustwide/rustup-home" "-w" "/opt/rustwide/workdir" "-m" "1610612736" "--user" "0:0" "--network" "none" "ghcr.io/rust-lang/crates-build-env/linux@sha256:5ff2268d62e97bff2cde7d5815dd6ed5b47097566f13b8d0ca110b04b60e07ed" "/opt/rustwide/cargo-home/bin/cargo" "+beta-2023-04-20" "build" "--frozen" "--message-format=json", kill_on_drop: false }`
[INFO] [stdout] 2e6c0e8575b1f0a36ecb6b5f2cf12d467b061bbe148b984f8dc5f736b68267f8
[INFO] running `Command { std: "docker" "start" "-a" "2e6c0e8575b1f0a36ecb6b5f2cf12d467b061bbe148b984f8dc5f736b68267f8", kill_on_drop: false }`
[INFO] [stderr]    Compiling hypermelon v0.5.5 (/opt/rustwide/workdir)
[INFO] [stderr]     Finished dev [unoptimized + debuginfo] target(s) in 0.47s
[INFO] running `Command { std: "docker" "inspect" "2e6c0e8575b1f0a36ecb6b5f2cf12d467b061bbe148b984f8dc5f736b68267f8", kill_on_drop: false }`
[INFO] running `Command { std: "docker" "rm" "-f" "2e6c0e8575b1f0a36ecb6b5f2cf12d467b061bbe148b984f8dc5f736b68267f8", kill_on_drop: false }`
[INFO] [stdout] 2e6c0e8575b1f0a36ecb6b5f2cf12d467b061bbe148b984f8dc5f736b68267f8
[INFO] running `Command { std: "docker" "create" "-v" "/var/lib/crater-agent-workspace/builds/worker-6-tc2/target:/opt/rustwide/target:rw,Z" "-v" "/var/lib/crater-agent-workspace/builds/worker-6-tc2/source:/opt/rustwide/workdir:ro,Z" "-v" "/var/lib/crater-agent-workspace/cargo-home:/opt/rustwide/cargo-home:ro,Z" "-v" "/var/lib/crater-agent-workspace/rustup-home:/opt/rustwide/rustup-home:ro,Z" "-e" "SOURCE_DIR=/opt/rustwide/workdir" "-e" "CARGO_TARGET_DIR=/opt/rustwide/target" "-e" "CARGO_INCREMENTAL=0" "-e" "RUST_BACKTRACE=full" "-e" "RUSTFLAGS=--cap-lints=warn" "-e" "RUSTDOCFLAGS=--cap-lints=warn" "-e" "CARGO_HOME=/opt/rustwide/cargo-home" "-e" "RUSTUP_HOME=/opt/rustwide/rustup-home" "-w" "/opt/rustwide/workdir" "-m" "1610612736" "--user" "0:0" "--network" "none" "ghcr.io/rust-lang/crates-build-env/linux@sha256:5ff2268d62e97bff2cde7d5815dd6ed5b47097566f13b8d0ca110b04b60e07ed" "/opt/rustwide/cargo-home/bin/cargo" "+beta-2023-04-20" "test" "--frozen" "--no-run" "--message-format=json", kill_on_drop: false }`
[INFO] [stdout] ffce067ac59667f1b21216d645e0782231d29ff7715b539e1ea57a6f004b2012
[INFO] running `Command { std: "docker" "start" "-a" "ffce067ac59667f1b21216d645e0782231d29ff7715b539e1ea57a6f004b2012", kill_on_drop: false }`
[INFO] [stderr]    Compiling hypermelon v0.5.5 (/opt/rustwide/workdir)
[INFO] [stderr]     Finished test [unoptimized + debuginfo] target(s) in 0.66s
[INFO] running `Command { std: "docker" "inspect" "ffce067ac59667f1b21216d645e0782231d29ff7715b539e1ea57a6f004b2012", kill_on_drop: false }`
[INFO] running `Command { std: "docker" "rm" "-f" "ffce067ac59667f1b21216d645e0782231d29ff7715b539e1ea57a6f004b2012", kill_on_drop: false }`
[INFO] [stdout] ffce067ac59667f1b21216d645e0782231d29ff7715b539e1ea57a6f004b2012
[INFO] running `Command { std: "docker" "create" "-v" "/var/lib/crater-agent-workspace/builds/worker-6-tc2/target:/opt/rustwide/target:rw,Z" "-v" "/var/lib/crater-agent-workspace/builds/worker-6-tc2/source:/opt/rustwide/workdir:ro,Z" "-v" "/var/lib/crater-agent-workspace/cargo-home:/opt/rustwide/cargo-home:ro,Z" "-v" "/var/lib/crater-agent-workspace/rustup-home:/opt/rustwide/rustup-home:ro,Z" "-e" "SOURCE_DIR=/opt/rustwide/workdir" "-e" "CARGO_TARGET_DIR=/opt/rustwide/target" "-e" "CARGO_INCREMENTAL=0" "-e" "RUST_BACKTRACE=full" "-e" "RUSTFLAGS=--cap-lints=warn" "-e" "RUSTDOCFLAGS=--cap-lints=warn" "-e" "CARGO_HOME=/opt/rustwide/cargo-home" "-e" "RUSTUP_HOME=/opt/rustwide/rustup-home" "-w" "/opt/rustwide/workdir" "-m" "1610612736" "--user" "0:0" "--network" "none" "ghcr.io/rust-lang/crates-build-env/linux@sha256:5ff2268d62e97bff2cde7d5815dd6ed5b47097566f13b8d0ca110b04b60e07ed" "/opt/rustwide/cargo-home/bin/cargo" "+beta-2023-04-20" "test" "--frozen", kill_on_drop: false }`
[INFO] [stdout] badfadf58aa7c391a92333dbe9b77a63658b8f5ac2dc5ef03f0b8c13afc67e86
[INFO] running `Command { std: "docker" "start" "-a" "badfadf58aa7c391a92333dbe9b77a63658b8f5ac2dc5ef03f0b8c13afc67e86", kill_on_drop: false }`
[INFO] [stderr]     Blocking waiting for file lock on package cache
[INFO] [stderr]     Finished test [unoptimized + debuginfo] target(s) in 0.36s
[INFO] [stderr]      Running unittests src/lib.rs (/opt/rustwide/target/debug/deps/hypermelon-8d40a7431271caf6)
[INFO] [stdout] 
[INFO] [stdout] running 0 tests
[INFO] [stdout] 
[INFO] [stdout] test result: ok. 0 passed; 0 failed; 0 ignored; 0 measured; 0 filtered out; finished in 0.00s
[INFO] [stdout] 
[INFO] [stderr]    Doc-tests hypermelon
[INFO] [stdout] 
[INFO] [stdout] running 12 tests
[INFO] [stdout] test src/attr.rs - attr::PathClosure (line 175) ... FAILED
[INFO] [stdout] test src/build.rs - build::box_elem (line 112) ... ok
[INFO] [stdout] test src/build.rs - build::path (line 144) ... ok
[INFO] [stdout] test src/build.rs - build::single (line 86) ... ok
[INFO] [stdout] test src/build.rs - build::attr_from_closure (line 126) ... ok
[INFO] [stdout] test src/build.rs - build::from_iter (line 72) ... ok
[INFO] [stdout] test src/build.rs - build::from_closure (line 50) ... ok
[INFO] [stdout] test src/build.rs - build::raw_escapable (line 10) ... ok
[INFO] [stdout] test src/build.rs - build::elem (line 99) ... ok
[INFO] [stdout] test src/build.rs - build::path_from_closure (line 181) ... ok
[INFO] [stdout] test src/build.rs - build::points (line 163) ... ok
[INFO] [stdout] test src/build.rs - build::from_closure_escapable (line 28) ... ok
[INFO] [stdout] 
[INFO] [stdout] failures:
[INFO] [stdout] 
[INFO] [stdout] ---- src/attr.rs - attr::PathClosure (line 175) stdout ----
[INFO] [stdout] error[E0432]: unresolved import `hypermelon::attr::sink`
[INFO] [stdout]  --> src/attr.rs:176:23
[INFO] [stdout]   |
[INFO] [stdout] 4 | use hypermelon::attr::sink::PathClosure;
[INFO] [stdout]   |                       ^^^^ could not find `sink` in `attr`
[INFO] [stdout] 
[INFO] [stdout] error: aborting due to previous error
[INFO] [stdout] 
[INFO] [stdout] For more information about this error, try `rustc --explain E0432`.
[INFO] [stdout] Couldn't compile the test.
[INFO] [stdout] 
[INFO] [stdout] failures:
[INFO] [stdout]     src/attr.rs - attr::PathClosure (line 175)
[INFO] [stdout] 
[INFO] [stdout] test result: FAILED. 11 passed; 1 failed; 0 ignored; 0 measured; 0 filtered out; finished in 1.29s
[INFO] [stdout] 
[INFO] [stderr] error: doctest failed, to rerun pass `--doc`
[INFO] running `Command { std: "docker" "inspect" "badfadf58aa7c391a92333dbe9b77a63658b8f5ac2dc5ef03f0b8c13afc67e86", kill_on_drop: false }`
[INFO] running `Command { std: "docker" "rm" "-f" "badfadf58aa7c391a92333dbe9b77a63658b8f5ac2dc5ef03f0b8c13afc67e86", kill_on_drop: false }`
[INFO] [stdout] badfadf58aa7c391a92333dbe9b77a63658b8f5ac2dc5ef03f0b8c13afc67e86
