[INFO] fetching crate hyper-middleware 0.0.8...
[INFO] testing hyper-middleware-0.0.8 against beta-2023-04-20 for beta-1.70-1
[INFO] extracting crate hyper-middleware 0.0.8 into /workspace/builds/worker-5-tc2/source
[INFO] validating manifest of crates.io crate hyper-middleware 0.0.8 on toolchain beta-2023-04-20
[INFO] running `Command { std: CARGO_HOME="/workspace/cargo-home" RUSTUP_HOME="/workspace/rustup-home" "/workspace/cargo-home/bin/cargo" "+beta-2023-04-20" "metadata" "--manifest-path" "Cargo.toml" "--no-deps", kill_on_drop: false }`
[INFO] started tweaking crates.io crate hyper-middleware 0.0.8
[INFO] finished tweaking crates.io crate hyper-middleware 0.0.8
[INFO] tweaked toml for crates.io crate hyper-middleware 0.0.8 written to /workspace/builds/worker-5-tc2/source/Cargo.toml
[INFO] crate crates.io crate hyper-middleware 0.0.8 already has a lockfile, it will not be regenerated
[INFO] running `Command { std: CARGO_HOME="/workspace/cargo-home" RUSTUP_HOME="/workspace/rustup-home" "/workspace/cargo-home/bin/cargo" "+beta-2023-04-20" "fetch" "--manifest-path" "Cargo.toml", kill_on_drop: false }`
[INFO] [stderr]  Downloading crates ...
[INFO] [stderr]   Downloaded proc-macro2 v1.0.55
[INFO] running `Command { std: "docker" "create" "-v" "/var/lib/crater-agent-workspace/builds/worker-5-tc2/target:/opt/rustwide/target:rw,Z" "-v" "/var/lib/crater-agent-workspace/builds/worker-5-tc2/source:/opt/rustwide/workdir:ro,Z" "-v" "/var/lib/crater-agent-workspace/cargo-home:/opt/rustwide/cargo-home:ro,Z" "-v" "/var/lib/crater-agent-workspace/rustup-home:/opt/rustwide/rustup-home:ro,Z" "-e" "SOURCE_DIR=/opt/rustwide/workdir" "-e" "CARGO_TARGET_DIR=/opt/rustwide/target" "-e" "CARGO_HOME=/opt/rustwide/cargo-home" "-e" "RUSTUP_HOME=/opt/rustwide/rustup-home" "-w" "/opt/rustwide/workdir" "-m" "1610612736" "--user" "0:0" "--network" "none" "ghcr.io/rust-lang/crates-build-env/linux@sha256:5ff2268d62e97bff2cde7d5815dd6ed5b47097566f13b8d0ca110b04b60e07ed" "/opt/rustwide/cargo-home/bin/cargo" "+beta-2023-04-20" "metadata" "--no-deps" "--format-version=1", kill_on_drop: false }`
[INFO] [stdout] 90146a724197193d136ed8b0e7a54ce85b6d5d57042bf2cf08b70ce7c3d1a4cf
[INFO] running `Command { std: "docker" "start" "-a" "90146a724197193d136ed8b0e7a54ce85b6d5d57042bf2cf08b70ce7c3d1a4cf", kill_on_drop: false }`
[INFO] running `Command { std: "docker" "inspect" "90146a724197193d136ed8b0e7a54ce85b6d5d57042bf2cf08b70ce7c3d1a4cf", kill_on_drop: false }`
[INFO] running `Command { std: "docker" "rm" "-f" "90146a724197193d136ed8b0e7a54ce85b6d5d57042bf2cf08b70ce7c3d1a4cf", kill_on_drop: false }`
[INFO] [stdout] 90146a724197193d136ed8b0e7a54ce85b6d5d57042bf2cf08b70ce7c3d1a4cf
[INFO] running `Command { std: "docker" "create" "-v" "/var/lib/crater-agent-workspace/builds/worker-5-tc2/target:/opt/rustwide/target:rw,Z" "-v" "/var/lib/crater-agent-workspace/builds/worker-5-tc2/source:/opt/rustwide/workdir:ro,Z" "-v" "/var/lib/crater-agent-workspace/cargo-home:/opt/rustwide/cargo-home:ro,Z" "-v" "/var/lib/crater-agent-workspace/rustup-home:/opt/rustwide/rustup-home:ro,Z" "-e" "SOURCE_DIR=/opt/rustwide/workdir" "-e" "CARGO_TARGET_DIR=/opt/rustwide/target" "-e" "CARGO_INCREMENTAL=0" "-e" "RUST_BACKTRACE=full" "-e" "RUSTFLAGS=--cap-lints=warn" "-e" "RUSTDOCFLAGS=--cap-lints=warn" "-e" "CARGO_HOME=/opt/rustwide/cargo-home" "-e" "RUSTUP_HOME=/opt/rustwide/rustup-home" "-w" "/opt/rustwide/workdir" "-m" "1610612736" "--user" "0:0" "--network" "none" "ghcr.io/rust-lang/crates-build-env/linux@sha256:5ff2268d62e97bff2cde7d5815dd6ed5b47097566f13b8d0ca110b04b60e07ed" "/opt/rustwide/cargo-home/bin/cargo" "+beta-2023-04-20" "build" "--frozen" "--message-format=json", kill_on_drop: false }`
[INFO] [stdout] 37711ec3bf897d011b591c0c927c3f07da0f9d36a047cc470b72c2f7776839d7
[INFO] running `Command { std: "docker" "start" "-a" "37711ec3bf897d011b591c0c927c3f07da0f9d36a047cc470b72c2f7776839d7", kill_on_drop: false }`
[INFO] [stderr]    Compiling proc-macro2 v1.0.55
[INFO] [stderr]    Compiling quote v1.0.26
[INFO] [stderr]    Compiling unicode-ident v1.0.8
[INFO] [stderr]    Compiling libc v0.2.140
[INFO] [stderr]    Compiling log v0.4.17
[INFO] [stderr]    Compiling cfg-if v1.0.0
[INFO] [stderr]    Compiling pin-project-lite v0.2.9
[INFO] [stderr]    Compiling futures-core v0.3.28
[INFO] [stderr]    Compiling futures-task v0.3.28
[INFO] [stderr]    Compiling autocfg v1.1.0
[INFO] [stderr]    Compiling itoa v1.0.6
[INFO] [stderr]    Compiling futures-channel v0.3.28
[INFO] [stderr]    Compiling futures-util v0.3.28
[INFO] [stderr]    Compiling httparse v1.8.0
[INFO] [stderr]    Compiling once_cell v1.17.1
[INFO] [stderr]    Compiling fnv v1.0.7
[INFO] [stderr]    Compiling bytes v1.4.0
[INFO] [stderr]    Compiling async-trait v0.1.68
[INFO] [stderr]    Compiling try-lock v0.2.4
[INFO] [stderr]    Compiling tracing-core v0.1.30
[INFO] [stderr]    Compiling anyhow v1.0.70
[INFO] [stderr]    Compiling pin-utils v0.1.0
[INFO] [stderr]    Compiling thiserror v1.0.40
[INFO] [stderr]    Compiling tower-service v0.3.2
[INFO] [stderr]    Compiling httpdate v1.0.2
[INFO] [stderr]    Compiling tokio v1.27.0
[INFO] [stderr]    Compiling want v0.3.0
[INFO] [stderr]    Compiling tracing v0.1.37
[INFO] [stderr]    Compiling http v0.2.9
[INFO] [stderr]    Compiling syn v2.0.13
[INFO] [stderr]    Compiling http-body v0.4.5
[INFO] [stderr]    Compiling socket2 v0.4.9
[INFO] [stderr]    Compiling mio v0.8.6
[INFO] [stderr]    Compiling num_cpus v1.15.0
[INFO] [stderr]    Compiling tokio-macros v2.0.0
[INFO] [stderr]    Compiling thiserror-impl v1.0.40
[INFO] [stderr]    Compiling async-recursion v1.0.4
[INFO] [stderr]    Compiling hyper v0.14.25
[INFO] [stderr]    Compiling hyper-middleware v0.0.8 (/opt/rustwide/workdir)
[INFO] [stderr]     Finished dev [unoptimized + debuginfo] target(s) in 21.34s
[INFO] running `Command { std: "docker" "inspect" "37711ec3bf897d011b591c0c927c3f07da0f9d36a047cc470b72c2f7776839d7", kill_on_drop: false }`
[INFO] running `Command { std: "docker" "rm" "-f" "37711ec3bf897d011b591c0c927c3f07da0f9d36a047cc470b72c2f7776839d7", kill_on_drop: false }`
[INFO] [stdout] 37711ec3bf897d011b591c0c927c3f07da0f9d36a047cc470b72c2f7776839d7
[INFO] running `Command { std: "docker" "create" "-v" "/var/lib/crater-agent-workspace/builds/worker-5-tc2/target:/opt/rustwide/target:rw,Z" "-v" "/var/lib/crater-agent-workspace/builds/worker-5-tc2/source:/opt/rustwide/workdir:ro,Z" "-v" "/var/lib/crater-agent-workspace/cargo-home:/opt/rustwide/cargo-home:ro,Z" "-v" "/var/lib/crater-agent-workspace/rustup-home:/opt/rustwide/rustup-home:ro,Z" "-e" "SOURCE_DIR=/opt/rustwide/workdir" "-e" "CARGO_TARGET_DIR=/opt/rustwide/target" "-e" "CARGO_INCREMENTAL=0" "-e" "RUST_BACKTRACE=full" "-e" "RUSTFLAGS=--cap-lints=warn" "-e" "RUSTDOCFLAGS=--cap-lints=warn" "-e" "CARGO_HOME=/opt/rustwide/cargo-home" "-e" "RUSTUP_HOME=/opt/rustwide/rustup-home" "-w" "/opt/rustwide/workdir" "-m" "1610612736" "--user" "0:0" "--network" "none" "ghcr.io/rust-lang/crates-build-env/linux@sha256:5ff2268d62e97bff2cde7d5815dd6ed5b47097566f13b8d0ca110b04b60e07ed" "/opt/rustwide/cargo-home/bin/cargo" "+beta-2023-04-20" "test" "--frozen" "--no-run" "--message-format=json", kill_on_drop: false }`
[INFO] [stdout] b7c12748cd4f718995dc44b33c33edd1387ba27117653f79d01179e36149e47b
[INFO] running `Command { std: "docker" "start" "-a" "b7c12748cd4f718995dc44b33c33edd1387ba27117653f79d01179e36149e47b", kill_on_drop: false }`
[INFO] [stderr]    Compiling hyper-middleware v0.0.8 (/opt/rustwide/workdir)
[INFO] [stderr]     Finished test [unoptimized + debuginfo] target(s) in 0.71s
[INFO] running `Command { std: "docker" "inspect" "b7c12748cd4f718995dc44b33c33edd1387ba27117653f79d01179e36149e47b", kill_on_drop: false }`
[INFO] running `Command { std: "docker" "rm" "-f" "b7c12748cd4f718995dc44b33c33edd1387ba27117653f79d01179e36149e47b", kill_on_drop: false }`
[INFO] [stdout] b7c12748cd4f718995dc44b33c33edd1387ba27117653f79d01179e36149e47b
[INFO] running `Command { std: "docker" "create" "-v" "/var/lib/crater-agent-workspace/builds/worker-5-tc2/target:/opt/rustwide/target:rw,Z" "-v" "/var/lib/crater-agent-workspace/builds/worker-5-tc2/source:/opt/rustwide/workdir:ro,Z" "-v" "/var/lib/crater-agent-workspace/cargo-home:/opt/rustwide/cargo-home:ro,Z" "-v" "/var/lib/crater-agent-workspace/rustup-home:/opt/rustwide/rustup-home:ro,Z" "-e" "SOURCE_DIR=/opt/rustwide/workdir" "-e" "CARGO_TARGET_DIR=/opt/rustwide/target" "-e" "CARGO_INCREMENTAL=0" "-e" "RUST_BACKTRACE=full" "-e" "RUSTFLAGS=--cap-lints=warn" "-e" "RUSTDOCFLAGS=--cap-lints=warn" "-e" "CARGO_HOME=/opt/rustwide/cargo-home" "-e" "RUSTUP_HOME=/opt/rustwide/rustup-home" "-w" "/opt/rustwide/workdir" "-m" "1610612736" "--user" "0:0" "--network" "none" "ghcr.io/rust-lang/crates-build-env/linux@sha256:5ff2268d62e97bff2cde7d5815dd6ed5b47097566f13b8d0ca110b04b60e07ed" "/opt/rustwide/cargo-home/bin/cargo" "+beta-2023-04-20" "test" "--frozen", kill_on_drop: false }`
[INFO] [stdout] fe953cc2bbe459c2bd5b869e2208637a45d482bc9796bdbbf979cf07278e76ad
[INFO] running `Command { std: "docker" "start" "-a" "fe953cc2bbe459c2bd5b869e2208637a45d482bc9796bdbbf979cf07278e76ad", kill_on_drop: false }`
[INFO] [stderr]     Finished test [unoptimized + debuginfo] target(s) in 0.04s
[INFO] [stderr]      Running unittests src/lib.rs (/opt/rustwide/target/debug/deps/hyper_middleware-f1e6d07734ea73b6)
[INFO] [stderr]    Doc-tests hyper-middleware
[INFO] [stdout] 
[INFO] [stdout] running 0 tests
[INFO] [stdout] 
[INFO] [stdout] test result: ok. 0 passed; 0 failed; 0 ignored; 0 measured; 0 filtered out; finished in 0.00s
[INFO] [stdout] 
[INFO] [stdout] 
[INFO] [stdout] running 5 tests
[INFO] [stdout] test src/service.rs - service (line 10) ... FAILED
[INFO] [stdout] test src/error/mod.rs - error (line 22) ... FAILED
[INFO] [stdout] test src/middleware.rs - middleware (line 54) ... FAILED
[INFO] [stdout] test src/error/mod.rs - error (line 12) ... FAILED
[INFO] [stderr] error: doctest failed, to rerun pass `--doc`
[INFO] [stdout] test src/middleware.rs - middleware (line 18) ... FAILED
[INFO] [stdout] 
[INFO] [stdout] failures:
[INFO] [stdout] 
[INFO] [stdout] ---- src/service.rs - service (line 10) stdout ----
[INFO] [stdout] error[E0433]: failed to resolve: use of undeclared type `Chain`
[INFO] [stdout]   --> src/service.rs:26:26
[INFO] [stdout]    |
[INFO] [stdout] 18 |     let mut my_handler = Chain::new(Application {});
[INFO] [stdout]    |                          ^^^^^ use of undeclared type `Chain`
[INFO] [stdout]    |
[INFO] [stdout] help: consider importing one of these items
[INFO] [stdout]    |
[INFO] [stdout] 3  + use anyhow::Chain;
[INFO] [stdout]    |
[INFO] [stdout] 3  + use core::iter::Chain;
[INFO] [stdout]    |
[INFO] [stdout] 3  + use hyper_middleware::Chain;
[INFO] [stdout]    |
[INFO] [stdout] 3  + use std::io::Chain;
[INFO] [stdout]    |
[INFO] [stdout]      and 1 other candidate
[INFO] [stdout] 
[INFO] [stdout] error[E0706]: functions in traits cannot be declared `async`
[INFO] [stdout]   --> src/service.rs:18:5
[INFO] [stdout]    |
[INFO] [stdout] 10 |     async fn handle(&self, _req: &mut Request) -> Result<Response> {
[INFO] [stdout]    |     -----^^^^^^^^^^^^^^^^^^^^^^^^^^^^^^^^^^^^^^^^^^^^^^^^^^^^^^^^^
[INFO] [stdout]    |     |
[INFO] [stdout]    |     `async` because of this
[INFO] [stdout]    |
[INFO] [stdout]    = note: `async` trait functions are not currently supported
[INFO] [stdout]    = note: consider using the `async-trait` crate: https://crates.io/crates/async-trait
[INFO] [stdout]    = note: see issue #91611 <https://github.com/rust-lang/rust/issues/91611> for more information
[INFO] [stdout] 
[INFO] [stdout] error[E0195]: lifetime parameters or bounds on method `handle` do not match the trait declaration
[INFO] [stdout]   --> src/service.rs:18:20
[INFO] [stdout]    |
[INFO] [stdout] 10 |     async fn handle(&self, _req: &mut Request) -> Result<Response> {
[INFO] [stdout]    |                    ^ lifetimes do not match method in trait
[INFO] [stdout] 
[INFO] [stdout] error: aborting due to 3 previous errors
[INFO] [stdout] 
[INFO] [stdout] Some errors have detailed explanations: E0195, E0433, E0706.
[INFO] [stdout] For more information about an error, try `rustc --explain E0195`.
[INFO] [stdout] Couldn't compile the test.
[INFO] [stdout] ---- src/error/mod.rs - error (line 22) stdout ----
[INFO] [stdout] error: expected `;`, found keyword `let`
[INFO] [stdout]  --> src/error/mod.rs:24:28
[INFO] [stdout]   |
[INFO] [stdout] 5 | use hyper_middleware::error
[INFO] [stdout]   |                            ^ help: add `;` here
[INFO] [stdout] 6 |
[INFO] [stdout] 7 | let err = error!("user or password does not match").with_status(StatusCode::UNAUTHORIZED);
[INFO] [stdout]   | --- unexpected token
[INFO] [stdout] 
[INFO] [stdout] error: cannot find macro `http_error_unauthorized` in this scope
[INFO] [stdout]  --> src/error/mod.rs:28:11
[INFO] [stdout]   |
[INFO] [stdout] 9 | let err = http_error_unauthorized!("user or password does not match");
[INFO] [stdout]   |           ^^^^^^^^^^^^^^^^^^^^^^^
[INFO] [stdout]   |
[INFO] [stdout]   = help: consider importing this macro:
[INFO] [stdout]           hyper_middleware::http_error_unauthorized
[INFO] [stdout] 
[INFO] [stdout] error: aborting due to 2 previous errors
[INFO] [stdout] 
[INFO] [stdout] Couldn't compile the test.
[INFO] [stdout] ---- src/middleware.rs - middleware (line 54) stdout ----
[INFO] [stdout] error[E0433]: failed to resolve: use of undeclared crate or module `header`
[INFO] [stdout]  --> src/middleware.rs:61:10
[INFO] [stdout]   |
[INFO] [stdout] 9 |          header::CONTENT_TYPE,
[INFO] [stdout]   |          ^^^^^^ use of undeclared crate or module `header`
[INFO] [stdout] 
[INFO] [stdout] error[E0195]: lifetime parameters or bounds on method `before` do not match the trait declaration
[INFO] [stdout]   --> src/middleware.rs:69:14
[INFO] [stdout]    |
[INFO] [stdout] 17 |     fn before(&self, req: &mut Request) -> Result {
[INFO] [stdout]    |              ^ lifetimes do not match method in trait
[INFO] [stdout] 
[INFO] [stdout] error: aborting due to 2 previous errors
[INFO] [stdout] 
[INFO] [stdout] Some errors have detailed explanations: E0195, E0433.
[INFO] [stdout] For more information about an error, try `rustc --explain E0195`.
[INFO] [stdout] Couldn't compile the test.
[INFO] [stdout] ---- src/error/mod.rs - error (line 12) stdout ----
[INFO] [stdout] error: expected `;`, found keyword `let`
[INFO] [stdout]  --> src/error/mod.rs:13:28
[INFO] [stdout]   |
[INFO] [stdout] 4 | use hyper_middleware::error
[INFO] [stdout]   |                            ^ help: add `;` here
[INFO] [stdout] 5 |
[INFO] [stdout] 6 | let err = Error::from("some error type or string");
[INFO] [stdout]   | --- unexpected token
[INFO] [stdout] 
[INFO] [stdout] error[E0433]: failed to resolve: use of undeclared type `Error`
[INFO] [stdout]  --> src/error/mod.rs:15:11
[INFO] [stdout]   |
[INFO] [stdout] 6 | let err = Error::from("some error type or string");
[INFO] [stdout]   |           ^^^^^ use of undeclared type `Error`
[INFO] [stdout]   |
[INFO] [stdout] help: consider importing one of these items
[INFO] [stdout]   |
[INFO] [stdout] 2 + use anyhow::Error;
[INFO] [stdout]   |
[INFO] [stdout] 2 + use core::error::Error;
[INFO] [stdout]   |
[INFO] [stdout] 2 + use core::fmt::Error;
[INFO] [stdout]   |
[INFO] [stdout] 2 + use hyper::Error;
[INFO] [stdout]   |
[INFO] [stdout]     and 6 other candidates
[INFO] [stdout] 
[INFO] [stdout] error: aborting due to 2 previous errors
[INFO] [stdout] 
[INFO] [stdout] For more information about this error, try `rustc --explain E0433`.
[INFO] [stdout] Couldn't compile the test.
[INFO] [stdout] ---- src/middleware.rs - middleware (line 18) stdout ----
[INFO] [stdout] error[E0433]: failed to resolve: use of undeclared type `Body`
[INFO] [stdout]  --> src/middleware.rs:22:33
[INFO] [stdout]   |
[INFO] [stdout] 7 |     Ok(Response::builder().body(Body::from("¡Hola!")).unwrap())
[INFO] [stdout]   |                                 ^^^^ use of undeclared type `Body`
[INFO] [stdout]   |
[INFO] [stdout] help: consider importing one of these items
[INFO] [stdout]   |
[INFO] [stdout] 2 + use hyper::Body;
[INFO] [stdout]   |
[INFO] [stdout] 2 + use hyper_middleware::Body;
[INFO] [stdout]   |
[INFO] [stdout] 
[INFO] [stdout] error: aborting due to previous error
[INFO] [stdout] 
[INFO] [stdout] For more information about this error, try `rustc --explain E0433`.
[INFO] [stdout] Couldn't compile the test.
[INFO] [stdout] 
[INFO] [stdout] failures:
[INFO] [stdout]     src/error/mod.rs - error (line 12)
[INFO] [stdout]     src/error/mod.rs - error (line 22)
[INFO] [stdout]     src/middleware.rs - middleware (line 18)
[INFO] [stdout]     src/middleware.rs - middleware (line 54)
[INFO] [stdout]     src/service.rs - service (line 10)
[INFO] [stdout] 
[INFO] [stdout] test result: FAILED. 0 passed; 5 failed; 0 ignored; 0 measured; 0 filtered out; finished in 0.16s
[INFO] [stdout] 
[INFO] running `Command { std: "docker" "inspect" "fe953cc2bbe459c2bd5b869e2208637a45d482bc9796bdbbf979cf07278e76ad", kill_on_drop: false }`
[INFO] running `Command { std: "docker" "rm" "-f" "fe953cc2bbe459c2bd5b869e2208637a45d482bc9796bdbbf979cf07278e76ad", kill_on_drop: false }`
[INFO] [stdout] fe953cc2bbe459c2bd5b869e2208637a45d482bc9796bdbbf979cf07278e76ad
