[INFO] fetching crate hud-slice-by-8 1.0.7...
[INFO] testing hud-slice-by-8-1.0.7 against beta-2023-04-20 for beta-1.70-1
[INFO] extracting crate hud-slice-by-8 1.0.7 into /workspace/builds/worker-1-tc2/source
[INFO] validating manifest of crates.io crate hud-slice-by-8 1.0.7 on toolchain beta-2023-04-20
[INFO] running `Command { std: CARGO_HOME="/workspace/cargo-home" RUSTUP_HOME="/workspace/rustup-home" "/workspace/cargo-home/bin/cargo" "+beta-2023-04-20" "metadata" "--manifest-path" "Cargo.toml" "--no-deps", kill_on_drop: false }`
[INFO] started tweaking crates.io crate hud-slice-by-8 1.0.7
[INFO] finished tweaking crates.io crate hud-slice-by-8 1.0.7
[INFO] tweaked toml for crates.io crate hud-slice-by-8 1.0.7 written to /workspace/builds/worker-1-tc2/source/Cargo.toml
[INFO] running `Command { std: CARGO_HOME="/workspace/cargo-home" RUSTUP_HOME="/workspace/rustup-home" __CARGO_TEST_CHANNEL_OVERRIDE_DO_NOT_USE_THIS="nightly" "/workspace/cargo-home/bin/cargo" "+beta-2023-04-20" "generate-lockfile" "--manifest-path" "Cargo.toml" "-Zno-index-update", kill_on_drop: false }`
[INFO] running `Command { std: CARGO_HOME="/workspace/cargo-home" RUSTUP_HOME="/workspace/rustup-home" "/workspace/cargo-home/bin/cargo" "+beta-2023-04-20" "fetch" "--manifest-path" "Cargo.toml", kill_on_drop: false }`
[INFO] running `Command { std: "docker" "create" "-v" "/var/lib/crater-agent-workspace/builds/worker-1-tc2/target:/opt/rustwide/target:rw,Z" "-v" "/var/lib/crater-agent-workspace/builds/worker-1-tc2/source:/opt/rustwide/workdir:ro,Z" "-v" "/var/lib/crater-agent-workspace/cargo-home:/opt/rustwide/cargo-home:ro,Z" "-v" "/var/lib/crater-agent-workspace/rustup-home:/opt/rustwide/rustup-home:ro,Z" "-e" "SOURCE_DIR=/opt/rustwide/workdir" "-e" "CARGO_TARGET_DIR=/opt/rustwide/target" "-e" "CARGO_HOME=/opt/rustwide/cargo-home" "-e" "RUSTUP_HOME=/opt/rustwide/rustup-home" "-w" "/opt/rustwide/workdir" "-m" "1610612736" "--user" "0:0" "--network" "none" "ghcr.io/rust-lang/crates-build-env/linux@sha256:5ff2268d62e97bff2cde7d5815dd6ed5b47097566f13b8d0ca110b04b60e07ed" "/opt/rustwide/cargo-home/bin/cargo" "+beta-2023-04-20" "metadata" "--no-deps" "--format-version=1", kill_on_drop: false }`
[INFO] [stdout] 5552060a6681e3bba6c3946ddf54a5f1cc2a17daf2bef812a6c696c16f0801d0
[INFO] running `Command { std: "docker" "start" "-a" "5552060a6681e3bba6c3946ddf54a5f1cc2a17daf2bef812a6c696c16f0801d0", kill_on_drop: false }`
[INFO] running `Command { std: "docker" "inspect" "5552060a6681e3bba6c3946ddf54a5f1cc2a17daf2bef812a6c696c16f0801d0", kill_on_drop: false }`
[INFO] running `Command { std: "docker" "rm" "-f" "5552060a6681e3bba6c3946ddf54a5f1cc2a17daf2bef812a6c696c16f0801d0", kill_on_drop: false }`
[INFO] [stdout] 5552060a6681e3bba6c3946ddf54a5f1cc2a17daf2bef812a6c696c16f0801d0
[INFO] running `Command { std: "docker" "create" "-v" "/var/lib/crater-agent-workspace/builds/worker-1-tc2/target:/opt/rustwide/target:rw,Z" "-v" "/var/lib/crater-agent-workspace/builds/worker-1-tc2/source:/opt/rustwide/workdir:ro,Z" "-v" "/var/lib/crater-agent-workspace/cargo-home:/opt/rustwide/cargo-home:ro,Z" "-v" "/var/lib/crater-agent-workspace/rustup-home:/opt/rustwide/rustup-home:ro,Z" "-e" "SOURCE_DIR=/opt/rustwide/workdir" "-e" "CARGO_TARGET_DIR=/opt/rustwide/target" "-e" "CARGO_INCREMENTAL=0" "-e" "RUST_BACKTRACE=full" "-e" "RUSTFLAGS=--cap-lints=warn" "-e" "RUSTDOCFLAGS=--cap-lints=warn" "-e" "CARGO_HOME=/opt/rustwide/cargo-home" "-e" "RUSTUP_HOME=/opt/rustwide/rustup-home" "-w" "/opt/rustwide/workdir" "-m" "1610612736" "--user" "0:0" "--network" "none" "ghcr.io/rust-lang/crates-build-env/linux@sha256:5ff2268d62e97bff2cde7d5815dd6ed5b47097566f13b8d0ca110b04b60e07ed" "/opt/rustwide/cargo-home/bin/cargo" "+beta-2023-04-20" "build" "--frozen" "--message-format=json", kill_on_drop: false }`
[INFO] [stdout] f0f4078efda683071c28d97c37998c8d77ba3b648e7d99adc774a6d0ebd586fb
[INFO] running `Command { std: "docker" "start" "-a" "f0f4078efda683071c28d97c37998c8d77ba3b648e7d99adc774a6d0ebd586fb", kill_on_drop: false }`
[INFO] [stderr]    Compiling hud-slice-by-8 v1.0.7 (/opt/rustwide/workdir)
[INFO] [stderr]     Finished dev [unoptimized + debuginfo] target(s) in 0.28s
[INFO] running `Command { std: "docker" "inspect" "f0f4078efda683071c28d97c37998c8d77ba3b648e7d99adc774a6d0ebd586fb", kill_on_drop: false }`
[INFO] running `Command { std: "docker" "rm" "-f" "f0f4078efda683071c28d97c37998c8d77ba3b648e7d99adc774a6d0ebd586fb", kill_on_drop: false }`
[INFO] [stdout] f0f4078efda683071c28d97c37998c8d77ba3b648e7d99adc774a6d0ebd586fb
[INFO] running `Command { std: "docker" "create" "-v" "/var/lib/crater-agent-workspace/builds/worker-1-tc2/target:/opt/rustwide/target:rw,Z" "-v" "/var/lib/crater-agent-workspace/builds/worker-1-tc2/source:/opt/rustwide/workdir:ro,Z" "-v" "/var/lib/crater-agent-workspace/cargo-home:/opt/rustwide/cargo-home:ro,Z" "-v" "/var/lib/crater-agent-workspace/rustup-home:/opt/rustwide/rustup-home:ro,Z" "-e" "SOURCE_DIR=/opt/rustwide/workdir" "-e" "CARGO_TARGET_DIR=/opt/rustwide/target" "-e" "CARGO_INCREMENTAL=0" "-e" "RUST_BACKTRACE=full" "-e" "RUSTFLAGS=--cap-lints=warn" "-e" "RUSTDOCFLAGS=--cap-lints=warn" "-e" "CARGO_HOME=/opt/rustwide/cargo-home" "-e" "RUSTUP_HOME=/opt/rustwide/rustup-home" "-w" "/opt/rustwide/workdir" "-m" "1610612736" "--user" "0:0" "--network" "none" "ghcr.io/rust-lang/crates-build-env/linux@sha256:5ff2268d62e97bff2cde7d5815dd6ed5b47097566f13b8d0ca110b04b60e07ed" "/opt/rustwide/cargo-home/bin/cargo" "+beta-2023-04-20" "test" "--frozen" "--no-run" "--message-format=json", kill_on_drop: false }`
[INFO] [stdout] 114857747f7b3fe83b2458904fe2ff5c5740d65cdaf5799098a925a7403e8a35
[INFO] running `Command { std: "docker" "start" "-a" "114857747f7b3fe83b2458904fe2ff5c5740d65cdaf5799098a925a7403e8a35", kill_on_drop: false }`
[INFO] [stderr]     Blocking waiting for file lock on package cache
[INFO] [stderr]    Compiling hud-slice-by-8 v1.0.7 (/opt/rustwide/workdir)
[INFO] [stderr]     Finished test [unoptimized + debuginfo] target(s) in 0.54s
[INFO] running `Command { std: "docker" "inspect" "114857747f7b3fe83b2458904fe2ff5c5740d65cdaf5799098a925a7403e8a35", kill_on_drop: false }`
[INFO] running `Command { std: "docker" "rm" "-f" "114857747f7b3fe83b2458904fe2ff5c5740d65cdaf5799098a925a7403e8a35", kill_on_drop: false }`
[INFO] [stdout] 114857747f7b3fe83b2458904fe2ff5c5740d65cdaf5799098a925a7403e8a35
[INFO] running `Command { std: "docker" "create" "-v" "/var/lib/crater-agent-workspace/builds/worker-1-tc2/target:/opt/rustwide/target:rw,Z" "-v" "/var/lib/crater-agent-workspace/builds/worker-1-tc2/source:/opt/rustwide/workdir:ro,Z" "-v" "/var/lib/crater-agent-workspace/cargo-home:/opt/rustwide/cargo-home:ro,Z" "-v" "/var/lib/crater-agent-workspace/rustup-home:/opt/rustwide/rustup-home:ro,Z" "-e" "SOURCE_DIR=/opt/rustwide/workdir" "-e" "CARGO_TARGET_DIR=/opt/rustwide/target" "-e" "CARGO_INCREMENTAL=0" "-e" "RUST_BACKTRACE=full" "-e" "RUSTFLAGS=--cap-lints=warn" "-e" "RUSTDOCFLAGS=--cap-lints=warn" "-e" "CARGO_HOME=/opt/rustwide/cargo-home" "-e" "RUSTUP_HOME=/opt/rustwide/rustup-home" "-w" "/opt/rustwide/workdir" "-m" "1610612736" "--user" "0:0" "--network" "none" "ghcr.io/rust-lang/crates-build-env/linux@sha256:5ff2268d62e97bff2cde7d5815dd6ed5b47097566f13b8d0ca110b04b60e07ed" "/opt/rustwide/cargo-home/bin/cargo" "+beta-2023-04-20" "test" "--frozen", kill_on_drop: false }`
[INFO] [stdout] fd42baf2471788af4611d1d8e3e6e3a595ff1cb6e995dc0e3ec67222c40125ba
[INFO] running `Command { std: "docker" "start" "-a" "fd42baf2471788af4611d1d8e3e6e3a595ff1cb6e995dc0e3ec67222c40125ba", kill_on_drop: false }`
[INFO] [stderr]     Finished test [unoptimized + debuginfo] target(s) in 0.01s
[INFO] [stderr]      Running unittests src/lib.rs (/opt/rustwide/target/debug/deps/hud_slice_by_8-09ab121a0cca1185)
[INFO] [stdout] 
[INFO] [stdout] running 18 tests
[INFO] [stdout] test algorithm::tests::slice_by_8_with_seed ... ok
[INFO] [stderr]    Doc-tests hud-slice-by-8
[INFO] [stdout] test algorithm::tests::slice_by_8_no_seed ... ok
[INFO] [stdout] test crc32::hasher::tests::build_hasher_results_are_coherent_with_free_function ... ok
[INFO] [stdout] test crc32::hasher::tests::build_hasher ... ok
[INFO] [stdout] test crc32::hasher::tests::hasher_default ... ok
[INFO] [stdout] test crc32::tests::slice_by_8_no_seed ... ok
[INFO] [stdout] test crc32::hasher::tests::hasher_is_usable_in_std_collections ... ok
[INFO] [stdout] test crc32c::hasher::tests::hasher_is_usable_in_std_collections ... ok
[INFO] [stdout] test crc32::tests::lookup_table_is_correct ... ok
[INFO] [stdout] test crc32c::hasher::tests::build_hasher_results_are_coherent_with_free_function ... ok
[INFO] [stdout] test crc32c::tests::lookup_table_is_correct ... ok
[INFO] [stdout] test crc32c::tests::slice_by_8_no_seed ... ok
[INFO] [stdout] test crc32c::tests::slice_by_8_with_seed ... ok
[INFO] [stdout] test crc32c::hasher::tests::hasher_default ... ok
[INFO] [stdout] test crc32::hasher::tests::hasher_with_seed ... ok
[INFO] [stdout] test crc32c::hasher::tests::hasher_with_seed ... ok
[INFO] [stdout] test crc32c::hasher::tests::build_hasher ... ok
[INFO] [stdout] test crc32::tests::slice_by_8_with_seed ... ok
[INFO] [stdout] 
[INFO] [stdout] test result: ok. 18 passed; 0 failed; 0 ignored; 0 measured; 0 filtered out; finished in 0.01s
[INFO] [stdout] 
[INFO] [stdout] 
[INFO] [stdout] running 19 tests
[INFO] [stdout] test src/crc32/hasher.rs - crc32::hasher::CRC32Hasher::write (line 37) ... FAILED
[INFO] [stdout] test src/algorithm.rs - algorithm::slice_by_8_with_seed (line 30) ... FAILED
[INFO] [stdout] test src/algorithm.rs - algorithm::generate_table (line 90) ... FAILED
[INFO] [stdout] test src/crc32/hasher.rs - crc32::hasher::CRC32Hasher::finish (line 22) ... FAILED
[INFO] [stdout] test src/crc32/mod.rs - crc32::slice_by_8 (line 340) ... FAILED
[INFO] [stdout] test src/crc32/mod.rs - crc32::LOOKUP_TABLE (line 16) ... FAILED
[INFO] [stdout] test src/crc32/mod.rs - crc32::POLYNOMIAL (line 7) ... FAILED
[INFO] [stdout] test src/algorithm.rs - algorithm::slice_by_8 (line 13) ... FAILED
[INFO] [stdout] test src/crc32/mod.rs - crc32::slice_by_8_with_seed (line 355) ... FAILED
[INFO] [stdout] test src/lib.rs - (line 41) ... FAILED
[INFO] [stdout] test src/crc32c/hasher.rs - crc32c::hasher::CRC32CHasher::write (line 37) ... FAILED
[INFO] [stdout] test src/crc32c/mod.rs - crc32c::slice_by_8 (line 340) ... FAILED
[INFO] [stdout] test src/crc32c/mod.rs - crc32c::POLYNOMIAL (line 7) ... FAILED
[INFO] [stdout] test src/crc32c/mod.rs - crc32c::LOOKUP_TABLE (line 16) ... FAILED
[INFO] [stdout] test src/crc32c/hasher.rs - crc32c::hasher::CRC32CHasher::finish (line 22) ... FAILED
[INFO] [stdout] test src/crc32c/mod.rs - crc32c::slice_by_8_with_seed (line 355) ... FAILED
[INFO] [stdout] test src/lib.rs - (line 84) ... FAILED
[INFO] [stdout] test src/lib.rs - (line 58) ... FAILED
[INFO] [stdout] test src/lib.rs - (line 71) ... FAILED
[INFO] [stdout] 
[INFO] [stdout] failures:
[INFO] [stdout] 
[INFO] [stdout] ---- src/crc32/hasher.rs - crc32::hasher::CRC32Hasher::write (line 37) stdout ----
[INFO] [stdout] error[E0433]: failed to resolve: use of undeclared crate or module `slice_by_8`
[INFO] [stdout]  --> src/crc32/hasher.rs:38:5
[INFO] [stdout]   |
[INFO] [stdout] 3 | use slice_by_8::crc32::CRC32Hasher;
[INFO] [stdout]   |     ^^^^^^^^^^ use of undeclared crate or module `slice_by_8`
[INFO] [stdout] 
[INFO] [stdout] error: aborting due to previous error
[INFO] [stdout] 
[INFO] [stdout] For more information about this error, try `rustc --explain E0433`.
[INFO] [stdout] Couldn't compile the test.
[INFO] [stdout] ---- src/algorithm.rs - algorithm::slice_by_8_with_seed (line 30) stdout ----
[INFO] [stdout] error[E0432]: unresolved import `slice_by_8`
[INFO] [stdout]  --> src/algorithm.rs:31:5
[INFO] [stdout]   |
[INFO] [stdout] 3 | use slice_by_8::slice_by_8_with_seed;
[INFO] [stdout]   |     ^^^^^^^^^^ use of undeclared crate or module `slice_by_8`
[INFO] [stdout] 
[INFO] [stdout] error[E0433]: failed to resolve: use of undeclared crate or module `slice_by_8`
[INFO] [stdout]  --> src/algorithm.rs:33:67
[INFO] [stdout]   |
[INFO] [stdout] 5 | let my_lookup_table: [[u32; 256]; 8] = slice_by_8::generate_table(slice_by_8::crc32::POLYNOMIAL);
[INFO] [stdout]   |                                                                   ^^^^^^^^^^ use of undeclared crate or module `slice_by_8`
[INFO] [stdout] 
[INFO] [stdout] error[E0433]: failed to resolve: use of undeclared crate or module `slice_by_8`
[INFO] [stdout]  --> src/algorithm.rs:33:40
[INFO] [stdout]   |
[INFO] [stdout] 5 | let my_lookup_table: [[u32; 256]; 8] = slice_by_8::generate_table(slice_by_8::crc32::POLYNOMIAL);
[INFO] [stdout]   |                                        ^^^^^^^^^^ use of undeclared crate or module `slice_by_8`
[INFO] [stdout] 
[INFO] [stdout] error: aborting due to 3 previous errors
[INFO] [stdout] 
[INFO] [stdout] Some errors have detailed explanations: E0432, E0433.
[INFO] [stdout] For more information about an error, try `rustc --explain E0432`.
[INFO] [stdout] Couldn't compile the test.
[INFO] [stdout] ---- src/algorithm.rs - algorithm::generate_table (line 90) stdout ----
[INFO] [stdout] error[E0432]: unresolved import `slice_by_8`
[INFO] [stdout]  --> src/algorithm.rs:91:5
[INFO] [stdout]   |
[INFO] [stdout] 3 | use slice_by_8::{crc32,generate_table};
[INFO] [stdout]   |     ^^^^^^^^^^ use of undeclared crate or module `slice_by_8`
[INFO] [stdout] 
[INFO] [stdout] error: aborting due to previous error
[INFO] [stdout] 
[INFO] [stdout] For more information about this error, try `rustc --explain E0432`.
[INFO] [stdout] Couldn't compile the test.
[INFO] [stdout] ---- src/crc32/hasher.rs - crc32::hasher::CRC32Hasher::finish (line 22) stdout ----
[INFO] [stdout] error[E0433]: failed to resolve: use of undeclared crate or module `slice_by_8`
[INFO] [stdout]  --> src/crc32/hasher.rs:23:5
[INFO] [stdout]   |
[INFO] [stdout] 3 | use slice_by_8::crc32::CRC32Hasher;
[INFO] [stdout]   |     ^^^^^^^^^^ use of undeclared crate or module `slice_by_8`
[INFO] [stdout] 
[INFO] [stdout] error: aborting due to previous error
[INFO] [stdout] 
[INFO] [stdout] For more information about this error, try `rustc --explain E0433`.
[INFO] [stdout] Couldn't compile the test.
[INFO] [stdout] ---- src/crc32/mod.rs - crc32::slice_by_8 (line 340) stdout ----
[INFO] [stdout] error[E0432]: unresolved import `slice_by_8`
[INFO] [stdout]  --> src/crc32/mod.rs:341:5
[INFO] [stdout]   |
[INFO] [stdout] 3 | use slice_by_8::crc32;
[INFO] [stdout]   |     ^^^^^^^^^^ use of undeclared crate or module `slice_by_8`
[INFO] [stdout] 
[INFO] [stdout] error: aborting due to previous error
[INFO] [stdout] 
[INFO] [stdout] For more information about this error, try `rustc --explain E0432`.
[INFO] [stdout] Couldn't compile the test.
[INFO] [stdout] ---- src/crc32/mod.rs - crc32::LOOKUP_TABLE (line 16) stdout ----
[INFO] [stdout] error[E0432]: unresolved import `slice_by_8`
[INFO] [stdout]  --> src/crc32/mod.rs:17:5
[INFO] [stdout]   |
[INFO] [stdout] 3 | use slice_by_8::{crc32,generate_table};
[INFO] [stdout]   |     ^^^^^^^^^^ use of undeclared crate or module `slice_by_8`
[INFO] [stdout] 
[INFO] [stdout] error: aborting due to previous error
[INFO] [stdout] 
[INFO] [stdout] For more information about this error, try `rustc --explain E0432`.
[INFO] [stdout] Couldn't compile the test.
[INFO] [stdout] ---- src/crc32/mod.rs - crc32::POLYNOMIAL (line 7) stdout ----
[INFO] [stdout] error[E0432]: unresolved import `slice_by_8`
[INFO] [stdout]  --> src/crc32/mod.rs:8:5
[INFO] [stdout]   |
[INFO] [stdout] 3 | use slice_by_8::crc32;
[INFO] [stdout]   |     ^^^^^^^^^^ use of undeclared crate or module `slice_by_8`
[INFO] [stdout] 
[INFO] [stdout] error: aborting due to previous error
[INFO] [stdout] 
[INFO] [stdout] For more information about this error, try `rustc --explain E0432`.
[INFO] [stdout] Couldn't compile the test.
[INFO] [stdout] ---- src/algorithm.rs - algorithm::slice_by_8 (line 13) stdout ----
[INFO] [stdout] error[E0432]: unresolved import `slice_by_8`
[INFO] [stdout]  --> src/algorithm.rs:14:5
[INFO] [stdout]   |
[INFO] [stdout] 3 | use slice_by_8::slice_by_8;
[INFO] [stdout]   |     ^^^^^^^^^^ use of undeclared crate or module `slice_by_8`
[INFO] [stdout] 
[INFO] [stdout] error: aborting due to previous error
[INFO] [stdout] 
[INFO] [stdout] For more information about this error, try `rustc --explain E0432`.
[INFO] [stdout] Couldn't compile the test.
[INFO] [stdout] ---- src/crc32/mod.rs - crc32::slice_by_8_with_seed (line 355) stdout ----
[INFO] [stdout] error[E0432]: unresolved import `slice_by_8`
[INFO] [stdout]  --> src/crc32/mod.rs:356:5
[INFO] [stdout]   |
[INFO] [stdout] 3 | use slice_by_8::crc32;
[INFO] [stdout]   |     ^^^^^^^^^^ use of undeclared crate or module `slice_by_8`
[INFO] [stdout] 
[INFO] [stdout] error: aborting due to previous error
[INFO] [stdout] 
[INFO] [stdout] For more information about this error, try `rustc --explain E0432`.
[INFO] [stdout] Couldn't compile the test.
[INFO] [stdout] ---- src/lib.rs - (line 41) stdout ----
[INFO] [stdout] error[E0433]: failed to resolve: use of undeclared crate or module `slice_by_8`
[INFO] [stdout]  --> src/lib.rs:42:5
[INFO] [stdout]   |
[INFO] [stdout] 3 | use slice_by_8::crc32::CRC32BuildHasher;
[INFO] [stdout]   |     ^^^^^^^^^^ use of undeclared crate or module `slice_by_8`
[INFO] [stdout] 
[INFO] [stdout] error: aborting due to previous error
[INFO] [stdout] 
[INFO] [stdout] For more information about this error, try `rustc --explain E0433`.
[INFO] [stdout] Couldn't compile the test.
[INFO] [stdout] ---- src/crc32c/hasher.rs - crc32c::hasher::CRC32CHasher::write (line 37) stdout ----
[INFO] [stdout] error[E0433]: failed to resolve: use of undeclared crate or module `slice_by_8`
[INFO] [stdout]  --> src/crc32c/hasher.rs:38:5
[INFO] [stdout]   |
[INFO] [stdout] 3 | use slice_by_8::crc32c::CRC32CHasher;
[INFO] [stdout]   |     ^^^^^^^^^^ use of undeclared crate or module `slice_by_8`
[INFO] [stdout] 
[INFO] [stdout] error: aborting due to previous error
[INFO] [stdout] 
[INFO] [stdout] For more information about this error, try `rustc --explain E0433`.
[INFO] [stdout] Couldn't compile the test.
[INFO] [stdout] ---- src/crc32c/mod.rs - crc32c::slice_by_8 (line 340) stdout ----
[INFO] [stdout] error[E0432]: unresolved import `slice_by_8`
[INFO] [stdout]  --> src/crc32c/mod.rs:341:5
[INFO] [stdout]   |
[INFO] [stdout] 3 | use slice_by_8::crc32c;
[INFO] [stdout]   |     ^^^^^^^^^^ use of undeclared crate or module `slice_by_8`
[INFO] [stdout] 
[INFO] [stdout] error: aborting due to previous error
[INFO] [stdout] 
[INFO] [stdout] For more information about this error, try `rustc --explain E0432`.
[INFO] [stdout] Couldn't compile the test.
[INFO] [stdout] ---- src/crc32c/mod.rs - crc32c::POLYNOMIAL (line 7) stdout ----
[INFO] [stdout] error[E0432]: unresolved import `slice_by_8`
[INFO] [stdout]  --> src/crc32c/mod.rs:8:5
[INFO] [stdout]   |
[INFO] [stdout] 3 | use slice_by_8::crc32c;
[INFO] [stdout]   |     ^^^^^^^^^^ use of undeclared crate or module `slice_by_8`
[INFO] [stdout] 
[INFO] [stdout] error: aborting due to previous error
[INFO] [stdout] 
[INFO] [stdout] For more information about this error, try `rustc --explain E0432`.
[INFO] [stdout] Couldn't compile the test.
[INFO] [stdout] ---- src/crc32c/mod.rs - crc32c::LOOKUP_TABLE (line 16) stdout ----
[INFO] [stdout] error[E0432]: unresolved import `slice_by_8`
[INFO] [stdout]  --> src/crc32c/mod.rs:17:5
[INFO] [stdout]   |
[INFO] [stdout] 3 | use slice_by_8::{crc32c,generate_table};
[INFO] [stdout]   |     ^^^^^^^^^^ use of undeclared crate or module `slice_by_8`
[INFO] [stdout] 
[INFO] [stdout] error: aborting due to previous error
[INFO] [stdout] 
[INFO] [stdout] For more information about this error, try `rustc --explain E0432`.
[INFO] [stdout] Couldn't compile the test.
[INFO] [stdout] ---- src/crc32c/hasher.rs - crc32c::hasher::CRC32CHasher::finish (line 22) stdout ----
[INFO] [stdout] error[E0433]: failed to resolve: use of undeclared crate or module `slice_by_8`
[INFO] [stdout]  --> src/crc32c/hasher.rs:23:5
[INFO] [stdout]   |
[INFO] [stdout] 3 | use slice_by_8::crc32c::CRC32CHasher;
[INFO] [stdout]   |     ^^^^^^^^^^ use of undeclared crate or module `slice_by_8`
[INFO] [stdout] 
[INFO] [stdout] error: aborting due to previous error
[INFO] [stdout] 
[INFO] [stdout] For more information about this error, try `rustc --explain E0433`.
[INFO] [stdout] Couldn't compile the test.
[INFO] [stdout] ---- src/crc32c/mod.rs - crc32c::slice_by_8_with_seed (line 355) stdout ----
[INFO] [stdout] error[E0432]: unresolved import `slice_by_8`
[INFO] [stdout]  --> src/crc32c/mod.rs:356:5
[INFO] [stdout]   |
[INFO] [stdout] 3 | use slice_by_8::crc32c;
[INFO] [stdout]   |     ^^^^^^^^^^ use of undeclared crate or module `slice_by_8`
[INFO] [stdout] 
[INFO] [stdout] error: aborting due to previous error
[INFO] [stdout] 
[INFO] [stdout] For more information about this error, try `rustc --explain E0432`.
[INFO] [stdout] Couldn't compile the test.
[INFO] [stdout] ---- src/lib.rs - (line 84) stdout ----
[INFO] [stdout] error[E0432]: unresolved import `slice_by_8`
[INFO] [stdout]  --> src/lib.rs:85:5
[INFO] [stdout]   |
[INFO] [stdout] 3 | use slice_by_8::generate_table;
[INFO] [stdout]   |     ^^^^^^^^^^ use of undeclared crate or module `slice_by_8`
[INFO] [stdout] 
[INFO] [stdout] error[E0432]: unresolved import `slice_by_8`
[INFO] [stdout]  --> src/lib.rs:86:5
[INFO] [stdout]   |
[INFO] [stdout] 4 | use slice_by_8::{crc32, crc32c};
[INFO] [stdout]   |     ^^^^^^^^^^ use of undeclared crate or module `slice_by_8`
[INFO] [stdout] 
[INFO] [stdout] error: aborting due to 2 previous errors
[INFO] [stdout] 
[INFO] [stdout] For more information about this error, try `rustc --explain E0432`.
[INFO] [stdout] Couldn't compile the test.
[INFO] [stdout] ---- src/lib.rs - (line 58) stdout ----
[INFO] [stdout] error[E0432]: unresolved import `slice_by_8`
[INFO] [stdout]  --> src/lib.rs:59:5
[INFO] [stdout]   |
[INFO] [stdout] 3 | use slice_by_8::crc32c;
[INFO] [stdout]   |     ^^^^^^^^^^ use of undeclared crate or module `slice_by_8`
[INFO] [stdout] 
[INFO] [stdout] error: aborting due to previous error
[INFO] [stdout] 
[INFO] [stdout] For more information about this error, try `rustc --explain E0432`.
[INFO] [stdout] Couldn't compile the test.
[INFO] [stdout] ---- src/lib.rs - (line 71) stdout ----
[INFO] [stdout] error[E0432]: unresolved import `slice_by_8`
[INFO] [stdout]  --> src/lib.rs:72:5
[INFO] [stdout]   |
[INFO] [stdout] 3 | use slice_by_8::slice_by_8;
[INFO] [stdout]   |     ^^^^^^^^^^ use of undeclared crate or module `slice_by_8`
[INFO] [stdout] 
[INFO] [stdout] error: aborting due to previous error
[INFO] [stdout] 
[INFO] [stdout] For more information about this error, try `rustc --explain E0432`.
[INFO] [stdout] Couldn't compile the test.
[INFO] [stdout] 
[INFO] [stdout] failures:
[INFO] [stdout]     src/algorithm.rs - algorithm::generate_table (line 90)
[INFO] [stdout]     src/algorithm.rs - algorithm::slice_by_8 (line 13)
[INFO] [stdout]     src/algorithm.rs - algorithm::slice_by_8_with_seed (line 30)
[INFO] [stdout]     src/crc32/hasher.rs - crc32::hasher::CRC32Hasher::finish (line 22)
[INFO] [stdout]     src/crc32/hasher.rs - crc32::hasher::CRC32Hasher::write (line 37)
[INFO] [stdout]     src/crc32/mod.rs - crc32::LOOKUP_TABLE (line 16)
[INFO] [stdout]     src/crc32/mod.rs - crc32::POLYNOMIAL (line 7)
[INFO] [stdout]     src/crc32/mod.rs - crc32::slice_by_8 (line 340)
[INFO] [stdout]     src/crc32/mod.rs - crc32::slice_by_8_with_seed (line 355)
[INFO] [stdout]     src/crc32c/hasher.rs - crc32c::hasher::CRC32CHasher::finish (line 22)
[INFO] [stdout]     src/crc32c/hasher.rs - crc32c::hasher::CRC32CHasher::write (line 37)
[INFO] [stdout]     src/crc32c/mod.rs - crc32c::LOOKUP_TABLE (line 16)
[INFO] [stdout]     src/crc32c/mod.rs - crc32c::POLYNOMIAL (line 7)
[INFO] [stdout]     src/crc32c/mod.rs - crc32c::slice_by_8 (line 340)
[INFO] [stdout]     src/crc32c/mod.rs - crc32c::slice_by_8_with_seed (line 355)
[INFO] [stdout]     src/lib.rs - (line 41)
[INFO] [stdout]     src/lib.rs - (line 58)
[INFO] [stdout]     src/lib.rs - (line 71)
[INFO] [stdout]     src/lib.rs - (line 84)
[INFO] [stdout] 
[INFO] [stdout] test result: FAILED. 0 passed; 19 failed; 0 ignored; 0 measured; 0 filtered out; finished in 0.33s
[INFO] [stdout] 
[INFO] [stderr] error: doctest failed, to rerun pass `--doc`
[INFO] running `Command { std: "docker" "inspect" "fd42baf2471788af4611d1d8e3e6e3a595ff1cb6e995dc0e3ec67222c40125ba", kill_on_drop: false }`
[INFO] running `Command { std: "docker" "rm" "-f" "fd42baf2471788af4611d1d8e3e6e3a595ff1cb6e995dc0e3ec67222c40125ba", kill_on_drop: false }`
[INFO] [stdout] fd42baf2471788af4611d1d8e3e6e3a595ff1cb6e995dc0e3ec67222c40125ba
