[INFO] fetching crate httproxide-hyperlocal 0.8.0...
[INFO] testing httproxide-hyperlocal-0.8.0 against beta-2023-04-20 for beta-1.70-1
[INFO] extracting crate httproxide-hyperlocal 0.8.0 into /workspace/builds/worker-0-tc2/source
[INFO] validating manifest of crates.io crate httproxide-hyperlocal 0.8.0 on toolchain beta-2023-04-20
[INFO] running `Command { std: CARGO_HOME="/workspace/cargo-home" RUSTUP_HOME="/workspace/rustup-home" "/workspace/cargo-home/bin/cargo" "+beta-2023-04-20" "metadata" "--manifest-path" "Cargo.toml" "--no-deps", kill_on_drop: false }`
[INFO] started tweaking crates.io crate httproxide-hyperlocal 0.8.0
[INFO] removed 0 missing examples
[INFO] removed 0 missing tests
[INFO] finished tweaking crates.io crate httproxide-hyperlocal 0.8.0
[INFO] tweaked toml for crates.io crate httproxide-hyperlocal 0.8.0 written to /workspace/builds/worker-0-tc2/source/Cargo.toml
[INFO] crate crates.io crate httproxide-hyperlocal 0.8.0 already has a lockfile, it will not be regenerated
[INFO] running `Command { std: CARGO_HOME="/workspace/cargo-home" RUSTUP_HOME="/workspace/rustup-home" "/workspace/cargo-home/bin/cargo" "+beta-2023-04-20" "fetch" "--manifest-path" "Cargo.toml", kill_on_drop: false }`
[INFO] running `Command { std: "docker" "create" "-v" "/var/lib/crater-agent-workspace/builds/worker-0-tc2/target:/opt/rustwide/target:rw,Z" "-v" "/var/lib/crater-agent-workspace/builds/worker-0-tc2/source:/opt/rustwide/workdir:ro,Z" "-v" "/var/lib/crater-agent-workspace/cargo-home:/opt/rustwide/cargo-home:ro,Z" "-v" "/var/lib/crater-agent-workspace/rustup-home:/opt/rustwide/rustup-home:ro,Z" "-e" "SOURCE_DIR=/opt/rustwide/workdir" "-e" "CARGO_TARGET_DIR=/opt/rustwide/target" "-e" "CARGO_HOME=/opt/rustwide/cargo-home" "-e" "RUSTUP_HOME=/opt/rustwide/rustup-home" "-w" "/opt/rustwide/workdir" "-m" "1610612736" "--user" "0:0" "--network" "none" "ghcr.io/rust-lang/crates-build-env/linux@sha256:5ff2268d62e97bff2cde7d5815dd6ed5b47097566f13b8d0ca110b04b60e07ed" "/opt/rustwide/cargo-home/bin/cargo" "+beta-2023-04-20" "metadata" "--no-deps" "--format-version=1", kill_on_drop: false }`
[INFO] [stdout] bf5efdd670639c4d1a273a1170b686298ab6545a40c9d5e44144205a142c878b
[INFO] running `Command { std: "docker" "start" "-a" "bf5efdd670639c4d1a273a1170b686298ab6545a40c9d5e44144205a142c878b", kill_on_drop: false }`
[INFO] running `Command { std: "docker" "inspect" "bf5efdd670639c4d1a273a1170b686298ab6545a40c9d5e44144205a142c878b", kill_on_drop: false }`
[INFO] running `Command { std: "docker" "rm" "-f" "bf5efdd670639c4d1a273a1170b686298ab6545a40c9d5e44144205a142c878b", kill_on_drop: false }`
[INFO] [stdout] bf5efdd670639c4d1a273a1170b686298ab6545a40c9d5e44144205a142c878b
[INFO] running `Command { std: "docker" "create" "-v" "/var/lib/crater-agent-workspace/builds/worker-0-tc2/target:/opt/rustwide/target:rw,Z" "-v" "/var/lib/crater-agent-workspace/builds/worker-0-tc2/source:/opt/rustwide/workdir:ro,Z" "-v" "/var/lib/crater-agent-workspace/cargo-home:/opt/rustwide/cargo-home:ro,Z" "-v" "/var/lib/crater-agent-workspace/rustup-home:/opt/rustwide/rustup-home:ro,Z" "-e" "SOURCE_DIR=/opt/rustwide/workdir" "-e" "CARGO_TARGET_DIR=/opt/rustwide/target" "-e" "CARGO_INCREMENTAL=0" "-e" "RUST_BACKTRACE=full" "-e" "RUSTFLAGS=--cap-lints=warn" "-e" "RUSTDOCFLAGS=--cap-lints=warn" "-e" "CARGO_HOME=/opt/rustwide/cargo-home" "-e" "RUSTUP_HOME=/opt/rustwide/rustup-home" "-w" "/opt/rustwide/workdir" "-m" "1610612736" "--user" "0:0" "--network" "none" "ghcr.io/rust-lang/crates-build-env/linux@sha256:5ff2268d62e97bff2cde7d5815dd6ed5b47097566f13b8d0ca110b04b60e07ed" "/opt/rustwide/cargo-home/bin/cargo" "+beta-2023-04-20" "build" "--frozen" "--message-format=json", kill_on_drop: false }`
[INFO] [stdout] 1262a2a0875834272cdbc6056a5db8d8c166c33cbc74519a8afa932b78fe09e6
[INFO] running `Command { std: "docker" "start" "-a" "1262a2a0875834272cdbc6056a5db8d8c166c33cbc74519a8afa932b78fe09e6", kill_on_drop: false }`
[INFO] [stderr]    Compiling libc v0.2.126
[INFO] [stderr]    Compiling proc-macro2 v1.0.42
[INFO] [stderr]    Compiling log v0.4.17
[INFO] [stderr]    Compiling unicode-ident v1.0.2
[INFO] [stderr]    Compiling syn v1.0.98
[INFO] [stderr]    Compiling futures-core v0.3.21
[INFO] [stderr]    Compiling pin-project-lite v0.2.9
[INFO] [stderr]    Compiling bytes v1.2.1
[INFO] [stderr]    Compiling futures-task v0.3.21
[INFO] [stderr]    Compiling once_cell v1.13.0
[INFO] [stderr]    Compiling futures-channel v0.3.21
[INFO] [stderr]    Compiling fnv v1.0.7
[INFO] [stderr]    Compiling tokio v1.20.1
[INFO] [stderr]    Compiling httparse v1.7.1
[INFO] [stderr]    Compiling itoa v1.0.2
[INFO] [stderr]    Compiling futures-util v0.3.21
[INFO] [stderr]    Compiling try-lock v0.2.3
[INFO] [stderr]    Compiling pin-utils v0.1.0
[INFO] [stderr]    Compiling httpdate v1.0.2
[INFO] [stderr]    Compiling tower-service v0.3.2
[INFO] [stderr]    Compiling hex v0.4.3
[INFO] [stderr]    Compiling tracing-core v0.1.29
[INFO] [stderr]    Compiling want v0.3.0
[INFO] [stderr]    Compiling http v0.2.8
[INFO] [stderr]    Compiling tracing v0.1.36
[INFO] [stderr]    Compiling quote v1.0.20
[INFO] [stderr]    Compiling socket2 v0.4.4
[INFO] [stderr]    Compiling num_cpus v1.13.1
[INFO] [stderr]    Compiling mio v0.8.4
[INFO] [stderr]    Compiling http-body v0.4.5
[INFO] [stderr]    Compiling tokio-macros v1.8.0
[INFO] [stderr]    Compiling hyper v0.14.20
[INFO] [stderr]    Compiling httproxide-hyperlocal v0.8.0 (/opt/rustwide/workdir)
[INFO] [stderr]     Finished dev [unoptimized + debuginfo] target(s) in 10.06s
[INFO] running `Command { std: "docker" "inspect" "1262a2a0875834272cdbc6056a5db8d8c166c33cbc74519a8afa932b78fe09e6", kill_on_drop: false }`
[INFO] running `Command { std: "docker" "rm" "-f" "1262a2a0875834272cdbc6056a5db8d8c166c33cbc74519a8afa932b78fe09e6", kill_on_drop: false }`
[INFO] [stdout] 1262a2a0875834272cdbc6056a5db8d8c166c33cbc74519a8afa932b78fe09e6
[INFO] running `Command { std: "docker" "create" "-v" "/var/lib/crater-agent-workspace/builds/worker-0-tc2/target:/opt/rustwide/target:rw,Z" "-v" "/var/lib/crater-agent-workspace/builds/worker-0-tc2/source:/opt/rustwide/workdir:ro,Z" "-v" "/var/lib/crater-agent-workspace/cargo-home:/opt/rustwide/cargo-home:ro,Z" "-v" "/var/lib/crater-agent-workspace/rustup-home:/opt/rustwide/rustup-home:ro,Z" "-e" "SOURCE_DIR=/opt/rustwide/workdir" "-e" "CARGO_TARGET_DIR=/opt/rustwide/target" "-e" "CARGO_INCREMENTAL=0" "-e" "RUST_BACKTRACE=full" "-e" "RUSTFLAGS=--cap-lints=warn" "-e" "RUSTDOCFLAGS=--cap-lints=warn" "-e" "CARGO_HOME=/opt/rustwide/cargo-home" "-e" "RUSTUP_HOME=/opt/rustwide/rustup-home" "-w" "/opt/rustwide/workdir" "-m" "1610612736" "--user" "0:0" "--network" "none" "ghcr.io/rust-lang/crates-build-env/linux@sha256:5ff2268d62e97bff2cde7d5815dd6ed5b47097566f13b8d0ca110b04b60e07ed" "/opt/rustwide/cargo-home/bin/cargo" "+beta-2023-04-20" "test" "--frozen" "--no-run" "--message-format=json", kill_on_drop: false }`
[INFO] [stdout] 1f8b5f62f45442ea7cac327a71fe8f1ab7324d16ec0c1d8b6b03fb3ee8cf8f35
[INFO] running `Command { std: "docker" "start" "-a" "1f8b5f62f45442ea7cac327a71fe8f1ab7324d16ec0c1d8b6b03fb3ee8cf8f35", kill_on_drop: false }`
[INFO] [stderr]     Blocking waiting for file lock on package cache
[INFO] [stderr]    Compiling httproxide-hyperlocal v0.8.0 (/opt/rustwide/workdir)
[INFO] [stderr]     Finished test [unoptimized + debuginfo] target(s) in 0.72s
[INFO] running `Command { std: "docker" "inspect" "1f8b5f62f45442ea7cac327a71fe8f1ab7324d16ec0c1d8b6b03fb3ee8cf8f35", kill_on_drop: false }`
[INFO] running `Command { std: "docker" "rm" "-f" "1f8b5f62f45442ea7cac327a71fe8f1ab7324d16ec0c1d8b6b03fb3ee8cf8f35", kill_on_drop: false }`
[INFO] [stdout] 1f8b5f62f45442ea7cac327a71fe8f1ab7324d16ec0c1d8b6b03fb3ee8cf8f35
[INFO] running `Command { std: "docker" "create" "-v" "/var/lib/crater-agent-workspace/builds/worker-0-tc2/target:/opt/rustwide/target:rw,Z" "-v" "/var/lib/crater-agent-workspace/builds/worker-0-tc2/source:/opt/rustwide/workdir:ro,Z" "-v" "/var/lib/crater-agent-workspace/cargo-home:/opt/rustwide/cargo-home:ro,Z" "-v" "/var/lib/crater-agent-workspace/rustup-home:/opt/rustwide/rustup-home:ro,Z" "-e" "SOURCE_DIR=/opt/rustwide/workdir" "-e" "CARGO_TARGET_DIR=/opt/rustwide/target" "-e" "CARGO_INCREMENTAL=0" "-e" "RUST_BACKTRACE=full" "-e" "RUSTFLAGS=--cap-lints=warn" "-e" "RUSTDOCFLAGS=--cap-lints=warn" "-e" "CARGO_HOME=/opt/rustwide/cargo-home" "-e" "RUSTUP_HOME=/opt/rustwide/rustup-home" "-w" "/opt/rustwide/workdir" "-m" "1610612736" "--user" "0:0" "--network" "none" "ghcr.io/rust-lang/crates-build-env/linux@sha256:5ff2268d62e97bff2cde7d5815dd6ed5b47097566f13b8d0ca110b04b60e07ed" "/opt/rustwide/cargo-home/bin/cargo" "+beta-2023-04-20" "test" "--frozen", kill_on_drop: false }`
[INFO] [stdout] 8ef7797113f5e06c3d76fa94da7c8eadbd6b009301f7de7a26bea07ec9ea6c25
[INFO] running `Command { std: "docker" "start" "-a" "8ef7797113f5e06c3d76fa94da7c8eadbd6b009301f7de7a26bea07ec9ea6c25", kill_on_drop: false }`
[INFO] [stderr]     Finished test [unoptimized + debuginfo] target(s) in 0.04s
[INFO] [stderr]      Running unittests src/lib.rs (/opt/rustwide/target/debug/deps/httproxide_hyperlocal-22de0d263b4223d7)
[INFO] [stdout] 
[INFO] [stdout] running 1 test
[INFO] [stdout] test uri::tests::test_unix_uri_into_hyper_uri ... ok
[INFO] [stdout] 
[INFO] [stdout] test result: ok. 1 passed; 0 failed; 0 ignored; 0 measured; 0 filtered out; finished in 0.00s
[INFO] [stdout] 
[INFO] [stderr]    Doc-tests httproxide-hyperlocal
[INFO] [stdout] 
[INFO] [stdout] running 1 test
[INFO] [stdout] test src/uri.rs - uri::Uri (line 9) ... FAILED
[INFO] [stdout] 
[INFO] [stdout] failures:
[INFO] [stdout] 
[INFO] [stdout] ---- src/uri.rs - uri::Uri (line 9) stdout ----
[INFO] [stdout] error[E0432]: unresolved import `hyperlocal`
[INFO] [stdout]  --> src/uri.rs:10:5
[INFO] [stdout]   |
[INFO] [stdout] 3 | use hyperlocal::Uri;
[INFO] [stdout]   |     ^^^^^^^^^^ use of undeclared crate or module `hyperlocal`
[INFO] [stdout] 
[INFO] [stdout] error: aborting due to previous error
[INFO] [stdout] 
[INFO] [stdout] For more information about this error, try `rustc --explain E0432`.
[INFO] [stdout] Couldn't compile the test.
[INFO] [stdout] 
[INFO] [stdout] failures:
[INFO] [stdout]     src/uri.rs - uri::Uri (line 9)
[INFO] [stdout] 
[INFO] [stdout] test result: FAILED. 0 passed; 1 failed; 0 ignored; 0 measured; 0 filtered out; finished in 0.05s
[INFO] [stdout] 
[INFO] [stderr] error: doctest failed, to rerun pass `--doc`
[INFO] running `Command { std: "docker" "inspect" "8ef7797113f5e06c3d76fa94da7c8eadbd6b009301f7de7a26bea07ec9ea6c25", kill_on_drop: false }`
[INFO] running `Command { std: "docker" "rm" "-f" "8ef7797113f5e06c3d76fa94da7c8eadbd6b009301f7de7a26bea07ec9ea6c25", kill_on_drop: false }`
[INFO] [stdout] 8ef7797113f5e06c3d76fa94da7c8eadbd6b009301f7de7a26bea07ec9ea6c25
