[INFO] fetching crate httproxide-hyper-reverse-proxy 0.5.2-dev...
[INFO] testing httproxide-hyper-reverse-proxy-0.5.2-dev against beta-2023-04-20 for beta-1.70-1
[INFO] extracting crate httproxide-hyper-reverse-proxy 0.5.2-dev into /workspace/builds/worker-1-tc2/source
[INFO] validating manifest of crates.io crate httproxide-hyper-reverse-proxy 0.5.2-dev on toolchain beta-2023-04-20
[INFO] running `Command { std: CARGO_HOME="/workspace/cargo-home" RUSTUP_HOME="/workspace/rustup-home" "/workspace/cargo-home/bin/cargo" "+beta-2023-04-20" "metadata" "--manifest-path" "Cargo.toml" "--no-deps", kill_on_drop: false }`
[INFO] started tweaking crates.io crate httproxide-hyper-reverse-proxy 0.5.2-dev
[INFO] finished tweaking crates.io crate httproxide-hyper-reverse-proxy 0.5.2-dev
[INFO] tweaked toml for crates.io crate httproxide-hyper-reverse-proxy 0.5.2-dev written to /workspace/builds/worker-1-tc2/source/Cargo.toml
[INFO] crate crates.io crate httproxide-hyper-reverse-proxy 0.5.2-dev already has a lockfile, it will not be regenerated
[INFO] running `Command { std: CARGO_HOME="/workspace/cargo-home" RUSTUP_HOME="/workspace/rustup-home" "/workspace/cargo-home/bin/cargo" "+beta-2023-04-20" "fetch" "--manifest-path" "Cargo.toml", kill_on_drop: false }`
[INFO] [stderr]     Updating crates.io index
[INFO] [stderr]  Downloading crates ...
[INFO] [stderr]   Downloaded enum-as-inner v0.4.0
[INFO] [stderr]   Downloaded plotters v0.3.2
[INFO] [stderr]   Downloaded async-tungstenite v0.17.2
[INFO] [stderr]   Downloaded trust-dns-resolver v0.21.2
[INFO] [stderr]   Downloaded trust-dns-proto v0.21.2
[INFO] [stderr]   Downloaded webpki-roots v0.22.4
[INFO] [stderr]   Downloaded tower-http v0.2.5
[INFO] [stderr]   Downloaded tokiotest-httpserver v0.2.1
[INFO] [stderr]   Downloaded test-context-macros v0.1.4
[INFO] [stderr]   Downloaded test-context v0.1.4
[INFO] [stderr]   Downloaded hyper-trust-dns v0.4.2
[INFO] [stderr]   Downloaded serde_json v1.0.82
[INFO] [stderr]   Downloaded proc-macro2 v1.0.42
[INFO] [stderr]   Downloaded tungstenite v0.17.3
[INFO] [stderr]   Downloaded plotters-svg v0.3.2
[INFO] running `Command { std: "docker" "create" "-v" "/var/lib/crater-agent-workspace/builds/worker-1-tc2/target:/opt/rustwide/target:rw,Z" "-v" "/var/lib/crater-agent-workspace/builds/worker-1-tc2/source:/opt/rustwide/workdir:ro,Z" "-v" "/var/lib/crater-agent-workspace/cargo-home:/opt/rustwide/cargo-home:ro,Z" "-v" "/var/lib/crater-agent-workspace/rustup-home:/opt/rustwide/rustup-home:ro,Z" "-e" "SOURCE_DIR=/opt/rustwide/workdir" "-e" "CARGO_TARGET_DIR=/opt/rustwide/target" "-e" "CARGO_HOME=/opt/rustwide/cargo-home" "-e" "RUSTUP_HOME=/opt/rustwide/rustup-home" "-w" "/opt/rustwide/workdir" "-m" "1610612736" "--user" "0:0" "--network" "none" "ghcr.io/rust-lang/crates-build-env/linux@sha256:5ff2268d62e97bff2cde7d5815dd6ed5b47097566f13b8d0ca110b04b60e07ed" "/opt/rustwide/cargo-home/bin/cargo" "+beta-2023-04-20" "metadata" "--no-deps" "--format-version=1", kill_on_drop: false }`
[INFO] [stdout] bd0d86c8dd8aeee50b394199e9e04946f79cc7a2073b3e380f900395021bec9c
[INFO] running `Command { std: "docker" "start" "-a" "bd0d86c8dd8aeee50b394199e9e04946f79cc7a2073b3e380f900395021bec9c", kill_on_drop: false }`
[INFO] running `Command { std: "docker" "inspect" "bd0d86c8dd8aeee50b394199e9e04946f79cc7a2073b3e380f900395021bec9c", kill_on_drop: false }`
[INFO] running `Command { std: "docker" "rm" "-f" "bd0d86c8dd8aeee50b394199e9e04946f79cc7a2073b3e380f900395021bec9c", kill_on_drop: false }`
[INFO] [stdout] bd0d86c8dd8aeee50b394199e9e04946f79cc7a2073b3e380f900395021bec9c
[INFO] running `Command { std: "docker" "create" "-v" "/var/lib/crater-agent-workspace/builds/worker-1-tc2/target:/opt/rustwide/target:rw,Z" "-v" "/var/lib/crater-agent-workspace/builds/worker-1-tc2/source:/opt/rustwide/workdir:ro,Z" "-v" "/var/lib/crater-agent-workspace/cargo-home:/opt/rustwide/cargo-home:ro,Z" "-v" "/var/lib/crater-agent-workspace/rustup-home:/opt/rustwide/rustup-home:ro,Z" "-e" "SOURCE_DIR=/opt/rustwide/workdir" "-e" "CARGO_TARGET_DIR=/opt/rustwide/target" "-e" "CARGO_INCREMENTAL=0" "-e" "RUST_BACKTRACE=full" "-e" "RUSTFLAGS=--cap-lints=warn" "-e" "RUSTDOCFLAGS=--cap-lints=warn" "-e" "CARGO_HOME=/opt/rustwide/cargo-home" "-e" "RUSTUP_HOME=/opt/rustwide/rustup-home" "-w" "/opt/rustwide/workdir" "-m" "1610612736" "--user" "0:0" "--network" "none" "ghcr.io/rust-lang/crates-build-env/linux@sha256:5ff2268d62e97bff2cde7d5815dd6ed5b47097566f13b8d0ca110b04b60e07ed" "/opt/rustwide/cargo-home/bin/cargo" "+beta-2023-04-20" "build" "--frozen" "--message-format=json", kill_on_drop: false }`
[INFO] [stdout] 72c4852506a2cd0337dc95557b90bebc37fe5776acdbc1bc77c281e4657fe1fb
[INFO] running `Command { std: "docker" "start" "-a" "72c4852506a2cd0337dc95557b90bebc37fe5776acdbc1bc77c281e4657fe1fb", kill_on_drop: false }`
[INFO] [stderr]    Compiling proc-macro2 v1.0.42
[INFO] [stderr]    Compiling quote v1.0.20
[INFO] [stderr]    Compiling unicode-ident v1.0.2
[INFO] [stderr]    Compiling syn v1.0.98
[INFO] [stderr]    Compiling libc v0.2.126
[INFO] [stderr]    Compiling once_cell v1.13.0
[INFO] [stderr]    Compiling bytes v1.2.1
[INFO] [stderr]    Compiling tokio v1.20.1
[INFO] [stderr]    Compiling slab v0.4.7
[INFO] [stderr]    Compiling tracing-core v0.1.29
[INFO] [stderr]    Compiling itoa v1.0.2
[INFO] [stderr]    Compiling httparse v1.7.1
[INFO] [stderr]    Compiling want v0.3.0
[INFO] [stderr]    Compiling http v0.2.8
[INFO] [stderr]    Compiling parking_lot_core v0.9.3
[INFO] [stderr]    Compiling mio v0.8.4
[INFO] [stderr]    Compiling signal-hook-registry v1.4.0
[INFO] [stderr]    Compiling num_cpus v1.13.1
[INFO] [stderr]    Compiling parking_lot v0.12.1
[INFO] [stderr]    Compiling socket2 v0.4.4
[INFO] [stderr]    Compiling http-body v0.4.5
[INFO] [stderr]    Compiling tracing-attributes v0.1.22
[INFO] [stderr]    Compiling tokio-macros v1.8.0
[INFO] [stderr]    Compiling futures-macro v0.3.21
[INFO] [stderr]    Compiling thiserror-impl v1.0.31
[INFO] [stderr]    Compiling futures-util v0.3.21
[INFO] [stderr]    Compiling thiserror v1.0.31
[INFO] [stderr]    Compiling tracing v0.1.36
[INFO] [stderr]    Compiling tokio-util v0.7.3
[INFO] [stderr]    Compiling h2 v0.3.13
[INFO] [stderr]    Compiling hyper v0.14.20
[INFO] [stderr]    Compiling httproxide-hyper-reverse-proxy v0.5.2-dev (/opt/rustwide/workdir)
[INFO] [stderr]     Finished dev [unoptimized + debuginfo] target(s) in 35.33s
[INFO] running `Command { std: "docker" "inspect" "72c4852506a2cd0337dc95557b90bebc37fe5776acdbc1bc77c281e4657fe1fb", kill_on_drop: false }`
[INFO] running `Command { std: "docker" "rm" "-f" "72c4852506a2cd0337dc95557b90bebc37fe5776acdbc1bc77c281e4657fe1fb", kill_on_drop: false }`
[INFO] [stdout] 72c4852506a2cd0337dc95557b90bebc37fe5776acdbc1bc77c281e4657fe1fb
[INFO] running `Command { std: "docker" "create" "-v" "/var/lib/crater-agent-workspace/builds/worker-1-tc2/target:/opt/rustwide/target:rw,Z" "-v" "/var/lib/crater-agent-workspace/builds/worker-1-tc2/source:/opt/rustwide/workdir:ro,Z" "-v" "/var/lib/crater-agent-workspace/cargo-home:/opt/rustwide/cargo-home:ro,Z" "-v" "/var/lib/crater-agent-workspace/rustup-home:/opt/rustwide/rustup-home:ro,Z" "-e" "SOURCE_DIR=/opt/rustwide/workdir" "-e" "CARGO_TARGET_DIR=/opt/rustwide/target" "-e" "CARGO_INCREMENTAL=0" "-e" "RUST_BACKTRACE=full" "-e" "RUSTFLAGS=--cap-lints=warn" "-e" "RUSTDOCFLAGS=--cap-lints=warn" "-e" "CARGO_HOME=/opt/rustwide/cargo-home" "-e" "RUSTUP_HOME=/opt/rustwide/rustup-home" "-w" "/opt/rustwide/workdir" "-m" "1610612736" "--user" "0:0" "--network" "none" "ghcr.io/rust-lang/crates-build-env/linux@sha256:5ff2268d62e97bff2cde7d5815dd6ed5b47097566f13b8d0ca110b04b60e07ed" "/opt/rustwide/cargo-home/bin/cargo" "+beta-2023-04-20" "test" "--frozen" "--no-run" "--message-format=json", kill_on_drop: false }`
[INFO] [stdout] 6b5630757f12d92a99a82ae18ecb261b4ed21017e4809e02cbfff3b5b022227b
[INFO] running `Command { std: "docker" "start" "-a" "6b5630757f12d92a99a82ae18ecb261b4ed21017e4809e02cbfff3b5b022227b", kill_on_drop: false }`
[INFO] [stderr]    Compiling ring v0.16.20
[INFO] [stderr]    Compiling typenum v1.15.0
[INFO] [stderr]    Compiling serde v1.0.140
[INFO] [stderr]    Compiling generic-array v0.14.5
[INFO] [stderr]    Compiling getrandom v0.2.7
[INFO] [stderr]    Compiling unicode-normalization v0.1.21
[INFO] [stderr]    Compiling rustls v0.20.6
[INFO] [stderr]    Compiling unicode-bidi v0.3.8
[INFO] [stderr]    Compiling rand_core v0.6.3
[INFO] [stderr]    Compiling async-trait v0.1.57
[INFO] [stderr]    Compiling ppv-lite86 v0.2.16
[INFO] [stderr]    Compiling idna v0.2.3
[INFO] [stderr]    Compiling crossbeam-utils v0.8.11
[INFO] [stderr]    Compiling serde_json v1.0.82
[INFO] [stderr]    Compiling rand_chacha v0.3.1
[INFO] [stderr]    Compiling url v2.2.2
[INFO] [stderr]    Compiling rand v0.8.5
[INFO] [stderr]    Compiling ryu v1.0.10
[INFO] [stderr]    Compiling crossbeam-epoch v0.9.10
[INFO] [stderr]    Compiling num-traits v0.2.15
[INFO] [stderr]    Compiling crypto-common v0.1.6
[INFO] [stderr]    Compiling block-buffer v0.10.2
[INFO] [stderr]    Compiling either v1.7.0
[INFO] [stderr]    Compiling enum-as-inner v0.4.0
[INFO] [stderr]    Compiling digest v0.10.3
[INFO] [stderr]    Compiling crossbeam-deque v0.8.2
[INFO] [stderr]    Compiling crossbeam-channel v0.5.6
[INFO] [stderr]    Compiling futures-executor v0.3.21
[INFO] [stderr]    Compiling async-stream-impl v0.3.3
[INFO] [stderr]    Compiling cpufeatures v0.2.2
[INFO] [stderr]    Compiling serde_derive v1.0.140
[INFO] [stderr]    Compiling ipnet v2.5.0
[INFO] [stderr]    Compiling data-encoding v2.3.2
[INFO] [stderr]    Compiling regex-automata v0.1.10
[INFO] [stderr]    Compiling lru-cache v0.1.2
[INFO] [stderr]    Compiling async-stream v0.3.3
[INFO] [stderr]    Compiling rayon-core v1.9.3
[INFO] [stderr]    Compiling plotters-svg v0.3.2
[INFO] [stderr]    Compiling futures v0.3.21
[INFO] [stderr]    Compiling sha-1 v0.10.0
[INFO] [stderr]    Compiling itertools v0.10.3
[INFO] [stderr]    Compiling tokio-stream v0.1.9
[INFO] [stderr]    Compiling webpki v0.22.0
[INFO] [stderr]    Compiling sct v0.7.0
[INFO] [stderr]    Compiling bstr v0.2.17
[INFO] [stderr]    Compiling webpki-roots v0.22.4
[INFO] [stderr]    Compiling test-context-macros v0.1.4
[INFO] [stderr]    Compiling csv-core v0.1.10
[INFO] [stderr]    Compiling utf-8 v0.7.6
[INFO] [stderr]    Compiling http-range-header v0.3.0
[INFO] [stderr]    Compiling tower-layer v0.3.1
[INFO] [stderr]    Compiling itoa v0.4.8
[INFO] [stderr]    Compiling tungstenite v0.17.3
[INFO] [stderr]    Compiling criterion-plot v0.4.5
[INFO] [stderr]    Compiling tower-http v0.2.5
[INFO] [stderr]    Compiling test-context v0.1.4
[INFO] [stderr]    Compiling csv v1.1.6
[INFO] [stderr]    Compiling serde_cbor v0.11.2
[INFO] [stderr]    Compiling plotters v0.3.2
[INFO] [stderr]    Compiling tinytemplate v1.2.1
[INFO] [stderr]    Compiling tokio-test v0.4.2
[INFO] [stderr]    Compiling rayon v1.5.3
[INFO] [stderr]    Compiling tokio-rustls v0.23.4
[INFO] [stderr]    Compiling clap v2.34.0
[INFO] [stderr]    Compiling trust-dns-proto v0.21.2
[INFO] [stderr]    Compiling hyper-rustls v0.23.0
[INFO] [stderr]    Compiling atty v0.2.14
[INFO] [stderr]    Compiling queues v1.1.0
[INFO] [stderr]    Compiling tokiotest-httpserver v0.2.1
[INFO] [stderr]    Compiling async-tungstenite v0.17.2
[INFO] [stderr]    Compiling trust-dns-resolver v0.21.2
[INFO] [stderr]    Compiling criterion v0.3.6
[INFO] [stderr]    Compiling hyper-trust-dns v0.4.2
[INFO] [stderr]    Compiling httproxide-hyper-reverse-proxy v0.5.2-dev (/opt/rustwide/workdir)
[INFO] [stderr]     Finished test [unoptimized + debuginfo] target(s) in 58.52s
[INFO] running `Command { std: "docker" "inspect" "6b5630757f12d92a99a82ae18ecb261b4ed21017e4809e02cbfff3b5b022227b", kill_on_drop: false }`
[INFO] running `Command { std: "docker" "rm" "-f" "6b5630757f12d92a99a82ae18ecb261b4ed21017e4809e02cbfff3b5b022227b", kill_on_drop: false }`
[INFO] [stdout] 6b5630757f12d92a99a82ae18ecb261b4ed21017e4809e02cbfff3b5b022227b
[INFO] running `Command { std: "docker" "create" "-v" "/var/lib/crater-agent-workspace/builds/worker-1-tc2/target:/opt/rustwide/target:rw,Z" "-v" "/var/lib/crater-agent-workspace/builds/worker-1-tc2/source:/opt/rustwide/workdir:ro,Z" "-v" "/var/lib/crater-agent-workspace/cargo-home:/opt/rustwide/cargo-home:ro,Z" "-v" "/var/lib/crater-agent-workspace/rustup-home:/opt/rustwide/rustup-home:ro,Z" "-e" "SOURCE_DIR=/opt/rustwide/workdir" "-e" "CARGO_TARGET_DIR=/opt/rustwide/target" "-e" "CARGO_INCREMENTAL=0" "-e" "RUST_BACKTRACE=full" "-e" "RUSTFLAGS=--cap-lints=warn" "-e" "RUSTDOCFLAGS=--cap-lints=warn" "-e" "CARGO_HOME=/opt/rustwide/cargo-home" "-e" "RUSTUP_HOME=/opt/rustwide/rustup-home" "-w" "/opt/rustwide/workdir" "-m" "1610612736" "--user" "0:0" "--network" "none" "ghcr.io/rust-lang/crates-build-env/linux@sha256:5ff2268d62e97bff2cde7d5815dd6ed5b47097566f13b8d0ca110b04b60e07ed" "/opt/rustwide/cargo-home/bin/cargo" "+beta-2023-04-20" "test" "--frozen", kill_on_drop: false }`
[INFO] [stdout] 605607f4403819e83e7ac2f60a0d6ca3beaa7839d5d0055bfa03d036ff4a6edd
[INFO] running `Command { std: "docker" "start" "-a" "605607f4403819e83e7ac2f60a0d6ca3beaa7839d5d0055bfa03d036ff4a6edd", kill_on_drop: false }`
[INFO] [stderr]     Finished test [unoptimized + debuginfo] target(s) in 0.18s
[INFO] [stderr]      Running unittests src/lib.rs (/opt/rustwide/target/debug/deps/httproxide_hyper_reverse_proxy-b5a1432c90bf3565)
[INFO] [stderr]    Doc-tests httproxide-hyper-reverse-proxy
[INFO] [stdout] 
[INFO] [stdout] running 0 tests
[INFO] [stdout] 
[INFO] [stdout] test result: ok. 0 passed; 0 failed; 0 ignored; 0 measured; 0 filtered out; finished in 0.00s
[INFO] [stdout] 
[INFO] [stdout] 
[INFO] [stdout] running 1 test
[INFO] [stdout] test src/lib.rs - (line 40) - compile ... FAILED
[INFO] [stdout] 
[INFO] [stdout] failures:
[INFO] [stdout] 
[INFO] [stdout] ---- src/lib.rs - (line 40) stdout ----
[INFO] [stdout] error[E0432]: unresolved import `hyper_reverse_proxy`
[INFO] [stdout]  --> src/lib.rs:44:5
[INFO] [stdout]   |
[INFO] [stdout] 5 | use hyper_reverse_proxy::ReverseProxy;
[INFO] [stdout]   |     ^^^^^^^^^^^^^^^^^^^ use of undeclared crate or module `hyper_reverse_proxy`
[INFO] [stdout] 
[INFO] [stdout] error[E0599]: no method named `call` found for struct `PROXY_CLIENT` in the current scope
[INFO] [stdout]   --> src/lib.rs:64:28
[INFO] [stdout]    |
[INFO] [stdout] 10 | / lazy_static::lazy_static! {
[INFO] [stdout] 11 | |     static ref  PROXY_CLIENT: ReverseProxy<RustlsHttpsConnector> = {
[INFO] [stdout] 12 | |         ReverseProxy::new(
[INFO] [stdout] 13 | |             hyper::Client::builder().build::<_, hyper::Body>(TrustDnsResolver::default().into_rustls_webpki_https_connector()),
[INFO] [stdout] 14 | |         )
[INFO] [stdout] 15 | |     };
[INFO] [stdout] 16 | | }
[INFO] [stdout]    | |_- method `call` not found for this struct
[INFO] [stdout] ...
[INFO] [stdout] 25 |           match PROXY_CLIENT.call(client_ip, "http://127.0.0.1:13901", req)
[INFO] [stdout]    |                              ^^^^ method not found in `PROXY_CLIENT`
[INFO] [stdout]    |
[INFO] [stdout]    = help: items from traits can only be used if the trait is implemented and in scope
[INFO] [stdout]    = note: the following traits define an item `call`, perhaps you need to implement one of them:
[INFO] [stdout]            candidate #1: `Fn`
[INFO] [stdout]            candidate #2: `hyper::service::http::HttpService`
[INFO] [stdout]            candidate #3: `futures_util::fns::Fn1`
[INFO] [stdout]            candidate #4: `Service`
[INFO] [stdout]            candidate #5: `itertools::adaptors::map::MapSpecialCaseFn`
[INFO] [stdout] 
[INFO] [stdout] error[E0599]: no method named `call` found for struct `PROXY_CLIENT` in the current scope
[INFO] [stdout]   --> src/lib.rs:77:28
[INFO] [stdout]    |
[INFO] [stdout] 10 | / lazy_static::lazy_static! {
[INFO] [stdout] 11 | |     static ref  PROXY_CLIENT: ReverseProxy<RustlsHttpsConnector> = {
[INFO] [stdout] 12 | |         ReverseProxy::new(
[INFO] [stdout] 13 | |             hyper::Client::builder().build::<_, hyper::Body>(TrustDnsResolver::default().into_rustls_webpki_https_connector()),
[INFO] [stdout] 14 | |         )
[INFO] [stdout] 15 | |     };
[INFO] [stdout] 16 | | }
[INFO] [stdout]    | |_- method `call` not found for this struct
[INFO] [stdout] ...
[INFO] [stdout] 38 |           match PROXY_CLIENT.call(client_ip, "http://127.0.0.1:13902", req)
[INFO] [stdout]    |                              ^^^^ method not found in `PROXY_CLIENT`
[INFO] [stdout]    |
[INFO] [stdout]    = help: items from traits can only be used if the trait is implemented and in scope
[INFO] [stdout]    = note: the following traits define an item `call`, perhaps you need to implement one of them:
[INFO] [stdout]            candidate #1: `Fn`
[INFO] [stdout]            candidate #2: `hyper::service::http::HttpService`
[INFO] [stdout]            candidate #3: `futures_util::fns::Fn1`
[INFO] [stdout]            candidate #4: `Service`
[INFO] [stdout]            candidate #5: `itertools::adaptors::map::MapSpecialCaseFn`
[INFO] [stdout] 
[INFO] [stdout] error: aborting due to 3 previous errors
[INFO] [stdout] 
[INFO] [stdout] Some errors have detailed explanations: E0432, E0599.
[INFO] [stdout] For more information about an error, try `rustc --explain E0432`.
[INFO] [stdout] Couldn't compile the test.
[INFO] [stdout] 
[INFO] [stdout] failures:
[INFO] [stdout]     src/lib.rs - (line 40)
[INFO] [stdout] 
[INFO] [stdout] test result: FAILED. 0 passed; 1 failed; 0 ignored; 0 measured; 0 filtered out; finished in 0.28s
[INFO] [stdout] 
[INFO] [stderr] error: doctest failed, to rerun pass `--doc`
[INFO] running `Command { std: "docker" "inspect" "605607f4403819e83e7ac2f60a0d6ca3beaa7839d5d0055bfa03d036ff4a6edd", kill_on_drop: false }`
[INFO] running `Command { std: "docker" "rm" "-f" "605607f4403819e83e7ac2f60a0d6ca3beaa7839d5d0055bfa03d036ff4a6edd", kill_on_drop: false }`
[INFO] [stdout] 605607f4403819e83e7ac2f60a0d6ca3beaa7839d5d0055bfa03d036ff4a6edd
