[INFO] fetching crate horned-owl 0.14.0...
[INFO] testing horned-owl-0.14.0 against beta-2023-04-20 for beta-1.70-1
[INFO] extracting crate horned-owl 0.14.0 into /workspace/builds/worker-2-tc2/source
[INFO] validating manifest of crates.io crate horned-owl 0.14.0 on toolchain beta-2023-04-20
[INFO] running `Command { std: CARGO_HOME="/workspace/cargo-home" RUSTUP_HOME="/workspace/rustup-home" "/workspace/cargo-home/bin/cargo" "+beta-2023-04-20" "metadata" "--manifest-path" "Cargo.toml" "--no-deps", kill_on_drop: false }`
[INFO] started tweaking crates.io crate horned-owl 0.14.0
[INFO] finished tweaking crates.io crate horned-owl 0.14.0
[INFO] tweaked toml for crates.io crate horned-owl 0.14.0 written to /workspace/builds/worker-2-tc2/source/Cargo.toml
[INFO] crate crates.io crate horned-owl 0.14.0 already has a lockfile, it will not be regenerated
[INFO] running `Command { std: CARGO_HOME="/workspace/cargo-home" RUSTUP_HOME="/workspace/rustup-home" "/workspace/cargo-home/bin/cargo" "+beta-2023-04-20" "fetch" "--manifest-path" "Cargo.toml", kill_on_drop: false }`
[INFO] [stderr]     Updating crates.io index
[INFO] [stderr]  Downloading crates ...
[INFO] [stderr]   Downloaded rio_xml v0.7.3
[INFO] [stderr]   Downloaded ureq v2.1.1
[INFO] [stderr]   Downloaded ctor v0.1.12
[INFO] [stderr]   Downloaded output_vt100 v0.1.2
[INFO] [stderr]   Downloaded pretty_assertions v1.1.0
[INFO] [stderr]   Downloaded quick-xml v0.21.0
[INFO] [stderr]   Downloaded bencher v0.1.5
[INFO] [stderr]   Downloaded curie v0.1.1
[INFO] [stderr]   Downloaded webpki-roots v0.21.1
[INFO] [stderr]   Downloaded oxilangtag v0.1.1
[INFO] [stderr]   Downloaded slurp v1.0.1
[INFO] [stderr]   Downloaded syn v1.0.71
[INFO] [stderr]   Downloaded rustls v0.19.1
[INFO] [stderr]   Downloaded aho-corasick v0.7.8
[INFO] [stderr]   Downloaded pretty_rdf v0.2.0
[INFO] [stderr]   Downloaded sct v0.6.1
[INFO] [stderr]   Downloaded js-sys v0.3.50
[INFO] [stderr]   Downloaded web-sys v0.3.50
[INFO] [stderr]   Downloaded oxiri v0.2.2
[INFO] [stderr]   Downloaded winapi-util v0.1.3
[INFO] [stderr]   Downloaded rio_api v0.7.1
[INFO] [stderr]   Downloaded wasm-bindgen-backend v0.2.73
[INFO] [stderr]   Downloaded wasm-bindgen-shared v0.2.73
[INFO] [stderr]   Downloaded wasm-bindgen-macro-support v0.2.73
[INFO] [stderr]   Downloaded wasm-bindgen-macro v0.2.73
[INFO] [stderr]   Downloaded wasm-bindgen v0.2.73
[INFO] [stderr]   Downloaded enum_meta v0.6.0
[INFO] [stderr]   Downloaded mktemp v0.4.1
[INFO] [stderr]   Downloaded quick-xml v0.26.0
[INFO] running `Command { std: "docker" "create" "-v" "/var/lib/crater-agent-workspace/builds/worker-2-tc2/target:/opt/rustwide/target:rw,Z" "-v" "/var/lib/crater-agent-workspace/builds/worker-2-tc2/source:/opt/rustwide/workdir:ro,Z" "-v" "/var/lib/crater-agent-workspace/cargo-home:/opt/rustwide/cargo-home:ro,Z" "-v" "/var/lib/crater-agent-workspace/rustup-home:/opt/rustwide/rustup-home:ro,Z" "-e" "SOURCE_DIR=/opt/rustwide/workdir" "-e" "CARGO_TARGET_DIR=/opt/rustwide/target" "-e" "CARGO_HOME=/opt/rustwide/cargo-home" "-e" "RUSTUP_HOME=/opt/rustwide/rustup-home" "-w" "/opt/rustwide/workdir" "-m" "1610612736" "--user" "0:0" "--network" "none" "ghcr.io/rust-lang/crates-build-env/linux@sha256:5ff2268d62e97bff2cde7d5815dd6ed5b47097566f13b8d0ca110b04b60e07ed" "/opt/rustwide/cargo-home/bin/cargo" "+beta-2023-04-20" "metadata" "--no-deps" "--format-version=1", kill_on_drop: false }`
[INFO] [stdout] 89b565fb8be943209a27942846d34e9ed7f4589399d87a860c6036ebcc8f5ebe
[INFO] running `Command { std: "docker" "start" "-a" "89b565fb8be943209a27942846d34e9ed7f4589399d87a860c6036ebcc8f5ebe", kill_on_drop: false }`
[INFO] running `Command { std: "docker" "inspect" "89b565fb8be943209a27942846d34e9ed7f4589399d87a860c6036ebcc8f5ebe", kill_on_drop: false }`
[INFO] running `Command { std: "docker" "rm" "-f" "89b565fb8be943209a27942846d34e9ed7f4589399d87a860c6036ebcc8f5ebe", kill_on_drop: false }`
[INFO] [stdout] 89b565fb8be943209a27942846d34e9ed7f4589399d87a860c6036ebcc8f5ebe
[INFO] running `Command { std: "docker" "create" "-v" "/var/lib/crater-agent-workspace/builds/worker-2-tc2/target:/opt/rustwide/target:rw,Z" "-v" "/var/lib/crater-agent-workspace/builds/worker-2-tc2/source:/opt/rustwide/workdir:ro,Z" "-v" "/var/lib/crater-agent-workspace/cargo-home:/opt/rustwide/cargo-home:ro,Z" "-v" "/var/lib/crater-agent-workspace/rustup-home:/opt/rustwide/rustup-home:ro,Z" "-e" "SOURCE_DIR=/opt/rustwide/workdir" "-e" "CARGO_TARGET_DIR=/opt/rustwide/target" "-e" "CARGO_INCREMENTAL=0" "-e" "RUST_BACKTRACE=full" "-e" "RUSTFLAGS=--cap-lints=warn" "-e" "RUSTDOCFLAGS=--cap-lints=warn" "-e" "CARGO_HOME=/opt/rustwide/cargo-home" "-e" "RUSTUP_HOME=/opt/rustwide/rustup-home" "-w" "/opt/rustwide/workdir" "-m" "1610612736" "--user" "0:0" "--network" "none" "ghcr.io/rust-lang/crates-build-env/linux@sha256:5ff2268d62e97bff2cde7d5815dd6ed5b47097566f13b8d0ca110b04b60e07ed" "/opt/rustwide/cargo-home/bin/cargo" "+beta-2023-04-20" "build" "--frozen" "--message-format=json", kill_on_drop: false }`
[INFO] [stdout] 8b9d3a1216d80f55806cc4ed584eeb6b9a985977afd69c98f77a00fbb2b57b9d
[INFO] running `Command { std: "docker" "start" "-a" "8b9d3a1216d80f55806cc4ed584eeb6b9a985977afd69c98f77a00fbb2b57b9d", kill_on_drop: false }`
[INFO] [stderr]    Compiling memchr v2.5.0
[INFO] [stderr]    Compiling proc-macro2 v1.0.26
[INFO] [stderr]    Compiling autocfg v1.0.0
[INFO] [stderr]    Compiling unicode-xid v0.2.0
[INFO] [stderr]    Compiling syn v1.0.71
[INFO] [stderr]    Compiling hashbrown v0.9.1
[INFO] [stderr]    Compiling rio_api v0.7.1
[INFO] [stderr]    Compiling log v0.4.14
[INFO] [stderr]    Compiling oxiri v0.2.2
[INFO] [stderr]    Compiling oxilangtag v0.1.1
[INFO] [stderr]    Compiling indexmap v1.6.2
[INFO] [stderr]    Compiling quick-xml v0.23.1
[INFO] [stderr]    Compiling quick-xml v0.21.0
[INFO] [stderr]    Compiling quick-xml v0.26.0
[INFO] [stderr]    Compiling enum_meta v0.6.0
[INFO] [stderr]    Compiling quote v1.0.2
[INFO] [stderr]    Compiling rio_xml v0.7.3
[INFO] [stderr]    Compiling curie v0.1.1
[INFO] [stderr]    Compiling pretty_rdf v0.2.0
[INFO] [stderr]    Compiling thiserror-impl v1.0.30
[INFO] [stderr]    Compiling thiserror v1.0.30
[INFO] [stderr]    Compiling horned-owl v0.14.0 (/opt/rustwide/workdir)
[INFO] [stderr]     Finished dev [unoptimized + debuginfo] target(s) in 15.89s
[INFO] [stderr] warning: the following packages contain code that will be rejected by a future version of Rust: quick-xml v0.21.0
[INFO] [stderr] note: to see what the problems were, use the option `--future-incompat-report`, or run `cargo report future-incompatibilities --id 1`
[INFO] running `Command { std: "docker" "inspect" "8b9d3a1216d80f55806cc4ed584eeb6b9a985977afd69c98f77a00fbb2b57b9d", kill_on_drop: false }`
[INFO] running `Command { std: "docker" "rm" "-f" "8b9d3a1216d80f55806cc4ed584eeb6b9a985977afd69c98f77a00fbb2b57b9d", kill_on_drop: false }`
[INFO] [stdout] 8b9d3a1216d80f55806cc4ed584eeb6b9a985977afd69c98f77a00fbb2b57b9d
[INFO] running `Command { std: "docker" "create" "-v" "/var/lib/crater-agent-workspace/builds/worker-2-tc2/target:/opt/rustwide/target:rw,Z" "-v" "/var/lib/crater-agent-workspace/builds/worker-2-tc2/source:/opt/rustwide/workdir:ro,Z" "-v" "/var/lib/crater-agent-workspace/cargo-home:/opt/rustwide/cargo-home:ro,Z" "-v" "/var/lib/crater-agent-workspace/rustup-home:/opt/rustwide/rustup-home:ro,Z" "-e" "SOURCE_DIR=/opt/rustwide/workdir" "-e" "CARGO_TARGET_DIR=/opt/rustwide/target" "-e" "CARGO_INCREMENTAL=0" "-e" "RUST_BACKTRACE=full" "-e" "RUSTFLAGS=--cap-lints=warn" "-e" "RUSTDOCFLAGS=--cap-lints=warn" "-e" "CARGO_HOME=/opt/rustwide/cargo-home" "-e" "RUSTUP_HOME=/opt/rustwide/rustup-home" "-w" "/opt/rustwide/workdir" "-m" "1610612736" "--user" "0:0" "--network" "none" "ghcr.io/rust-lang/crates-build-env/linux@sha256:5ff2268d62e97bff2cde7d5815dd6ed5b47097566f13b8d0ca110b04b60e07ed" "/opt/rustwide/cargo-home/bin/cargo" "+beta-2023-04-20" "test" "--frozen" "--no-run" "--message-format=json", kill_on_drop: false }`
[INFO] [stdout] 884a0db9a9b0294c5841de83cfa8a749f8d89b7c6b7cf05c0f4691f7654cf80f
[INFO] running `Command { std: "docker" "start" "-a" "884a0db9a9b0294c5841de83cfa8a749f8d89b7c6b7cf05c0f4691f7654cf80f", kill_on_drop: false }`
[INFO] [stderr]    Compiling libc v0.2.94
[INFO] [stderr]    Compiling aho-corasick v0.7.8
[INFO] [stderr]    Compiling thread_local v1.0.1
[INFO] [stderr]    Compiling regex-syntax v0.6.18
[INFO] [stderr]    Compiling diff v0.1.12
[INFO] [stderr]    Compiling slurp v1.0.1
[INFO] [stderr]    Compiling bencher v0.1.5
[INFO] [stderr]    Compiling pretty_assertions v1.1.0
[INFO] [stderr]    Compiling getrandom v0.2.4
[INFO] [stderr]    Compiling atty v0.2.14
[INFO] [stderr]    Compiling uuid v0.8.2
[INFO] [stderr]    Compiling regex v1.3.9
[INFO] [stderr]    Compiling mktemp v0.4.1
[INFO] [stderr]    Compiling env_logger v0.9.0
[INFO] [stderr]    Compiling horned-owl v0.14.0 (/opt/rustwide/workdir)
[INFO] [stderr]     Finished test [unoptimized + debuginfo] target(s) in 21.16s
[INFO] [stderr] warning: the following packages contain code that will be rejected by a future version of Rust: quick-xml v0.21.0
[INFO] [stderr] note: to see what the problems were, use the option `--future-incompat-report`, or run `cargo report future-incompatibilities --id 1`
[INFO] running `Command { std: "docker" "inspect" "884a0db9a9b0294c5841de83cfa8a749f8d89b7c6b7cf05c0f4691f7654cf80f", kill_on_drop: false }`
[INFO] running `Command { std: "docker" "rm" "-f" "884a0db9a9b0294c5841de83cfa8a749f8d89b7c6b7cf05c0f4691f7654cf80f", kill_on_drop: false }`
[INFO] [stdout] 884a0db9a9b0294c5841de83cfa8a749f8d89b7c6b7cf05c0f4691f7654cf80f
[INFO] running `Command { std: "docker" "create" "-v" "/var/lib/crater-agent-workspace/builds/worker-2-tc2/target:/opt/rustwide/target:rw,Z" "-v" "/var/lib/crater-agent-workspace/builds/worker-2-tc2/source:/opt/rustwide/workdir:ro,Z" "-v" "/var/lib/crater-agent-workspace/cargo-home:/opt/rustwide/cargo-home:ro,Z" "-v" "/var/lib/crater-agent-workspace/rustup-home:/opt/rustwide/rustup-home:ro,Z" "-e" "SOURCE_DIR=/opt/rustwide/workdir" "-e" "CARGO_TARGET_DIR=/opt/rustwide/target" "-e" "CARGO_INCREMENTAL=0" "-e" "RUST_BACKTRACE=full" "-e" "RUSTFLAGS=--cap-lints=warn" "-e" "RUSTDOCFLAGS=--cap-lints=warn" "-e" "CARGO_HOME=/opt/rustwide/cargo-home" "-e" "RUSTUP_HOME=/opt/rustwide/rustup-home" "-w" "/opt/rustwide/workdir" "-m" "1610612736" "--user" "0:0" "--network" "none" "ghcr.io/rust-lang/crates-build-env/linux@sha256:5ff2268d62e97bff2cde7d5815dd6ed5b47097566f13b8d0ca110b04b60e07ed" "/opt/rustwide/cargo-home/bin/cargo" "+beta-2023-04-20" "test" "--frozen", kill_on_drop: false }`
[INFO] [stdout] 324abdcf85df0f2a056bd64684d1a1dd11e01e7cefb471f766d1278faf54d239
[INFO] running `Command { std: "docker" "start" "-a" "324abdcf85df0f2a056bd64684d1a1dd11e01e7cefb471f766d1278faf54d239", kill_on_drop: false }`
[INFO] [stderr]     Finished test [unoptimized + debuginfo] target(s) in 0.05s
[INFO] [stderr] warning: the following packages contain code that will be rejected by a future version of Rust: quick-xml v0.21.0
[INFO] [stderr] note: to see what the problems were, use the option `--future-incompat-report`, or run `cargo report future-incompatibilities --id 1`
[INFO] [stderr]      Running unittests src/lib.rs (/opt/rustwide/target/debug/deps/horned_owl-d6f3a8b2108acb62)
[INFO] [stdout] 
[INFO] [stdout] running 388 tests
[INFO] [stdout] test io::owx::reader::test::class_assertion ... ok
[INFO] [stdout] test io::owx::reader::test::data_has_value ... ok
[INFO] [stdout] test io::owx::reader::test::annotation_with_anonymous ... ok
[INFO] [stdout] test io::owx::reader::test::class_with_two_annotation ... ok
[INFO] [stdout] test io::owx::reader::test::annotated_subclass ... ok
[INFO] [stdout] test io::owx::reader::test::data_some ... ok
[INFO] [stdout] test io::owx::reader::test::data_min_cardinality ... ok
[INFO] [stdout] test io::owx::reader::test::data_unqualified_cardinality ... ok
[INFO] [stdout] test io::owx::reader::test::data_max_cardinality ... ok
[INFO] [stdout] test io::owx::reader::test::datatype_complement ... ok
[INFO] [stdout] test io::owx::reader::test::annotated_transitive ... ok
[INFO] [stdout] test io::owx::reader::test::data_exact_cardinality ... ok
[INFO] [stdout] test io::owx::reader::test::datatype_alias ... ok
[INFO] [stdout] test io::owx::reader::test::datatype_oneof ... ok
[INFO] [stdout] test io::owx::reader::test::datatype_intersection ... ok
[INFO] [stdout] test io::owx::reader::test::data_only ... ok
[INFO] [stdout] test io::owx::reader::test::datatype_union ... ok
[INFO] [stdout] test io::owx::reader::test::test_annotation ... ok
[INFO] [stdout] test io::owx::reader::test::different_individuals ... ok
[INFO] [stdout] test io::owx::reader::test::test_and ... ok
[INFO] [stdout] test io::owx::reader::test::test_annotation_domain ... ok
[INFO] [stdout] test io::owx::reader::test::test_annotation_on_annotation ... ok
[INFO] [stdout] test io::owx::reader::test::facet_restriction ... ok
[INFO] [stdout] test io::owx::reader::test::gci_and_other_class_relations ... ok
[INFO] [stdout] test io::owx::reader::test::test_data_property ... ok
[INFO] [stdout] test io::owx::reader::test::test_class_with_annotation ... ok
[INFO] [stdout] test io::owx::reader::test::test_datatype ... ok
[INFO] [stdout] test io::owx::reader::test::test_class ... ok
[INFO] [stdout] test io::owx::reader::test::test_disjoint_class ... ok
[INFO] [stdout] test io::owx::reader::test::test_has_self ... ok
[INFO] [stdout] test io::owx::reader::test::test_annotation_property ... ok
[INFO] [stdout] test io::owx::reader::test::test_disjoint_union ... ok
[INFO] [stdout] test io::owx::reader::test::test_annotation_range ... ok
[INFO] [stdout] test io::owx::reader::test::test_exact_cardinality ... ok
[INFO] [stdout] test io::owx::reader::test::test_equivalent_class ... ok
[INFO] [stdout] test io::owx::reader::test::family ... ok
[INFO] [stdout] test io::owx::reader::test::test_has_value ... ok
[INFO] [stdout] test io::owx::reader::test::test_inverse ... ok
[INFO] [stdout] test io::owx::reader::test::test_import ... ok
[INFO] [stdout] test io::owx::reader::test::test_max_cardinality ... ok
[INFO] [stdout] test io::owx::reader::test::test_named_individual ... ok
[INFO] [stdout] test io::owx::reader::test::test_min_cardinality ... ok
[INFO] [stdout] test io::owx::reader::test::test_not ... ok
[INFO] [stdout] test io::owx::reader::test::test_literal_escaped ... ok
[INFO] [stdout] test io::owx::reader::test::test_inverse_transitive ... ok
[INFO] [stdout] test io::owx::reader::test::test_one_class_fqn ... ok
[INFO] [stdout] test io::owx::reader::test::test_one_label_non_abbreviated ... ok
[INFO] [stdout] test io::owx::reader::test::test_one_inverse_property ... ok
[INFO] [stdout] test io::owx::reader::test::test_one_ontology_annotation ... ok
[INFO] [stdout] test io::owx::reader::test::test_one_of ... ok
[INFO] [stdout] test io::owx::reader::test::test_oproperty ... ok
[INFO] [stdout] test io::owx::reader::test::test_simple_ontology_prefix ... ok
[INFO] [stdout] test io::owx::reader::test::test_one_transitive_property ... ok
[INFO] [stdout] test io::owx::reader::test::test_simple_ontology ... ok
[INFO] [stdout] test io::owx::reader::test::test_or ... ok
[INFO] [stdout] test io::owx::reader::test::test_only ... ok
[INFO] [stdout] test io::owx::reader::test::test_label ... ok
[INFO] [stdout] test io::owx::reader::test::test_simple_ontology_rendered_by_horned ... ok
[INFO] [stdout] test io::owx::reader::test::test_some ... ok
[INFO] [stdout] test io::owx::reader::test::test_subproperty_chain_with_inverse ... ok
[INFO] [stdout] test io::owx::reader::test::test_unqualified_cardinality ... ok
[INFO] [stdout] test io::owx::reader::test::test_subclass ... ok
[INFO] [stdout] test io::owx::reader::test::test_ten_class ... ok
[INFO] [stdout] test io::owx::reader::test::two_annotated_transitive ... ok
[INFO] [stdout] test io::owx::reader::test::test_sub_annotation ... ok
[INFO] [stdout] test io::owx::reader::test::test_some_not ... ok
[INFO] [stdout] test io::owx::reader::test::test_sub_oproperty ... ok
[INFO] [stdout] test io::owx::reader::test::test_subproperty_chain ... ok
[INFO] [stdout] test io::owx::reader::test::test_sub_oproperty_inverse ... ok
[INFO] [stdout] test io::owx::writer::test::annotation_with_anonymous ... ok
[INFO] [stdout] test io::owx::writer::test::data_has_value ... ok
[INFO] [stdout] test io::owx::writer::test::data_has_key ... ok
[INFO] [stdout] test io::owx::writer::test::data_max_cardinality ... ok
[INFO] [stdout] test io::owx::writer::test::data_exact_cardinality ... ok
[INFO] [stdout] test io::owx::reader::test::type_individual_datatype ... ok
[INFO] [stdout] test io::owx::writer::test::class_assertion ... ok
[INFO] [stdout] test io::owx::reader::test::type_complex ... ok
[INFO] [stdout] test io::owx::writer::test::data_min_cardinality ... ok
[INFO] [stdout] test io::owx::writer::test::data_property_assertion ... ok
[INFO] [stdout] test io::owx::writer::test::data_only ... ok
[INFO] [stdout] test io::owx::writer::test::data_property_functional ... ok
[INFO] [stdout] test io::owx::writer::test::data_property_range ... ok
[INFO] [stdout] test io::owx::writer::test::data_property_equivalent ... ok
[INFO] [stdout] test io::owx::writer::test::data_property_domain ... ok
[INFO] [stdout] test io::owx::writer::test::data_property_disjoint ... ok
[INFO] [stdout] test io::owx::writer::test::datatype_oneof ... ok
[INFO] [stdout] test io::owx::writer::test::datatype_complement ... ok
[INFO] [stdout] test io::owx::writer::test::datatype_alias ... ok
[INFO] [stdout] test io::owx::writer::test::datatype_union ... ok
[INFO] [stdout] test io::owx::writer::test::data_property_sub ... ok
[INFO] [stdout] test io::owx::writer::test::datatype_some ... ok
[INFO] [stdout] test io::owx::writer::test::datatype ... ok
[INFO] [stdout] test io::owx::writer::test::different_individuals ... ok
[INFO] [stdout] test io::owx::writer::test::datatype_intersection ... ok
[INFO] [stdout] test io::owx::writer::test::disjoint_object_properties ... ok
[INFO] [stdout] test io::owx::writer::test::equivalent_object_properties ... ok
[INFO] [stdout] test io::owx::writer::test::negative_data_property_assertion ... ok
[INFO] [stdout] test io::owx::writer::test::object_has_value ... ok
[INFO] [stdout] test io::owx::writer::test::facet_restriction ... ok
[INFO] [stdout] test io::owx::writer::test::inverse ... ok
[INFO] [stdout] test io::owx::writer::test::negative_object_property_assertion ... ok
[INFO] [stdout] test io::owx::writer::test::object_min_cardinality ... ok
[INFO] [stdout] test io::owx::writer::test::object_property_asymmetric ... ok
[INFO] [stdout] test io::owx::writer::test::object_has_key ... ok
[INFO] [stdout] test io::owx::writer::test::object_exact_cardinality ... ok
[INFO] [stdout] test io::owx::writer::test::object_property_functional ... ok
[INFO] [stdout] test io::owx::writer::test::object_property_assertion ... ok
[INFO] [stdout] test io::owx::writer::test::object_max_cardinality ... ok
[INFO] [stdout] test io::owx::writer::test::object_property_irreflexive ... ok
[INFO] [stdout] test io::owx::writer::test::object_property_domain ... ok
[INFO] [stdout] test io::owx::writer::test::object_property_inverse_functional ... ok
[INFO] [stdout] test io::owx::writer::test::object_property_reflexive ... ok
[INFO] [stdout] test io::owx::writer::test::object_property_symmetric ... ok
[INFO] [stdout] test io::owx::writer::test::object_one_of ... ok
[INFO] [stdout] test io::owx::writer::test::object_property_range ... ok
[INFO] [stdout] test io::owx::writer::test::round_annotation_domain ... ok
[INFO] [stdout] test io::owx::writer::test::object_unqualified_cardinality ... ok
[INFO] [stdout] test io::owx::writer::test::round_and ... ok
[INFO] [stdout] test io::owx::writer::test::round_class ... ok
[INFO] [stdout] test io::owx::writer::test::family ... ok
[INFO] [stdout] test io::owx::writer::test::round_data_property ... ok
[INFO] [stdout] test io::owx::writer::test::round_class_with_annotation ... ok
[INFO] [stdout] test io::owx::writer::test::round_annotation_property ... ok
[INFO] [stdout] test io::owx::writer::test::round_annotation_on_annotation ... ok
[INFO] [stdout] test io::owx::writer::test::round_disjoint_class ... ok
[INFO] [stdout] test io::owx::writer::test::round_annotation ... ok
[INFO] [stdout] test io::owx::writer::test::round_annotation_range ... ok
[INFO] [stdout] test io::owx::writer::test::round_import ... ok
[INFO] [stdout] test io::owx::writer::test::round_literal_escaped ... ok
[INFO] [stdout] test io::owx::writer::test::round_equivalent_class ... ok
[INFO] [stdout] test io::owx::writer::test::round_one_comment ... ok
[INFO] [stdout] test io::owx::writer::test::round_one_inverse ... ok
[INFO] [stdout] test io::owx::writer::test::round_not ... ok
[INFO] [stdout] test io::owx::writer::test::round_named_individual ... ok
[INFO] [stdout] test io::owx::writer::test::round_one_ont ... ok
[INFO] [stdout] test io::owx::writer::test::round_label ... ok
[INFO] [stdout] test io::owx::writer::test::round_disjoint_union ... ok
[INFO] [stdout] test io::owx::writer::test::round_one_ont_prefix ... ok
[INFO] [stdout] test io::owx::writer::test::round_one_sub_property ... ok
[INFO] [stdout] test io::owx::writer::test::round_one_annotated_transitive ... ok
[INFO] [stdout] test io::owx::writer::test::round_one_subproperty_chain ... ok
[INFO] [stdout] test io::owx::writer::test::round_one_transitive ... ok
[INFO] [stdout] test io::owx::writer::test::round_only ... ok
[INFO] [stdout] test io::owx::writer::test::round_some ... ok
[INFO] [stdout] test io::owx::writer::test::round_or ... ok
[INFO] [stdout] test io::owx::writer::test::round_one_ontology_annotation ... ok
[INFO] [stdout] test io::owx::writer::test::test_ont_rt ... ok
[INFO] [stdout] test io::owx::writer::test::round_one_subproperty_chain_with_inverse ... ok
[INFO] [stdout] test io::owx::writer::test::same_individual ... ok
[INFO] [stdout] test io::owx::writer::test::round_oproperty ... ok
[INFO] [stdout] test io::owx::writer::test::test_namespaces ... ok
[INFO] [stdout] test io::rdf::closure_reader::test::test_read_closure ... ok
[INFO] [stdout] test io::rdf::reader::test::annotation ... ok
[INFO] [stdout] test io::rdf::reader::test::annotation_missing_declaration ... ok
[INFO] [stdout] test io::rdf::reader::test::and ... ok
[INFO] [stdout] test io::rdf::reader::test::annotation_domain ... ok
[INFO] [stdout] test io::owx::writer::test::round_subclass ... ok
[INFO] [stdout] test io::owx::writer::test::round_sub_annotation ... ok
[INFO] [stdout] test io::rdf::reader::test::annotation_range ... ok
[INFO] [stdout] test io::rdf::reader::test::annotation_on_annotation ... ok
[INFO] [stdout] test io::rdf::reader::test::annotation_with_anonymous ... ok
[INFO] [stdout] test io::rdf::closure_reader::test::test_read ... ok
[INFO] [stdout] test io::rdf::reader::test::class ... ok
[INFO] [stdout] test io::rdf::reader::test::data_exact_cardinality ... ok
[INFO] [stdout] test io::rdf::reader::test::broken_ontology_annotation ... ok
[INFO] [stdout] test io::rdf::reader::test::annotation_property ... ok
[INFO] [stdout] test io::rdf::reader::test::class_assertion ... ok
[INFO] [stdout] test io::rdf::reader::test::data_property_assertion ... ok
[INFO] [stdout] test io::rdf::reader::test::data_only ... ok
[INFO] [stdout] test io::rdf::reader::test::data_max_cardinality ... ok
[INFO] [stdout] test io::rdf::reader::test::class_with_two_annotations ... ok
[INFO] [stdout] test io::rdf::reader::test::data_min_cardinality ... ok
[INFO] [stdout] test io::rdf::reader::test::data_property ... ok
[INFO] [stdout] test io::rdf::reader::test::data_has_key ... ok
[INFO] [stdout] test io::rdf::reader::test::data_has_value ... ok
[INFO] [stdout] test io::rdf::reader::test::datatype ... ok
[INFO] [stdout] test io::rdf::reader::test::data_property_domain ... ok
[INFO] [stdout] test io::rdf::reader::test::data_property_equivalent ... ok
[INFO] [stdout] test io::rdf::reader::test::datatype_alias ... ok
[INFO] [stdout] test io::rdf::reader::test::data_property_range ... ok
[INFO] [stdout] test io::rdf::reader::test::data_property_sub ... ok
[INFO] [stdout] test io::rdf::reader::test::data_property_disjoint ... ok
[INFO] [stdout] test io::rdf::reader::test::data_property_functional ... ok
[INFO] [stdout] test io::rdf::reader::test::datatype_complement ... ok
[INFO] [stdout] test io::rdf::reader::test::datatype_oneof ... ok
[INFO] [stdout] test io::rdf::reader::test::datatype_intersection ... ok
[INFO] [stdout] test io::rdf::reader::test::datatype_union ... ok
[INFO] [stdout] test io::rdf::reader::test::declaration_with_annotation ... ok
[INFO] [stdout] test io::rdf::reader::test::datatype_some ... ok
[INFO] [stdout] test io::rdf::reader::test::declaration_with_partial_parse ... ok
[INFO] [stdout] test io::rdf::reader::test::disjoint_object_properties ... ok
[INFO] [stdout] test io::rdf::reader::test::equivalent_class ... ok
[INFO] [stdout] test io::rdf::reader::test::declaration_with_two_annotation ... ok
[INFO] [stdout] test io::rdf::reader::test::disjoint_union ... ok
[INFO] [stdout] test io::rdf::reader::test::disjoint_class ... ok
[INFO] [stdout] test io::rdf::reader::test::equivalent_object_properties ... ok
[INFO] [stdout] test io::rdf::reader::test::different_individuals ... ok
[INFO] [stdout] test io::rdf::reader::test::family_other ... ok
[INFO] [stdout] test io::rdf::reader::test::facet_restriction_complex ... ok
[INFO] [stdout] test io::rdf::reader::test::gci_and_other_class_relations ... ok
[INFO] [stdout] test io::rdf::reader::test::facet_restriction ... ok
[INFO] [stdout] test io::rdf::reader::test::happy_person ... ok
[INFO] [stdout] test io::rdf::reader::test::import_property_in_bits ... ok
[INFO] [stdout] test io::rdf::reader::test::equivalent_classes ... ok
[INFO] [stdout] test io::rdf::reader::test::intersection ... ok
[INFO] [stdout] test io::rdf::reader::test::import_with_partial_parse ... ok
[INFO] [stdout] test io::rdf::reader::test::named_individual ... ok
[INFO] [stdout] test io::rdf::reader::test::label ... ok
[INFO] [stdout] test io::rdf::reader::test::import ... ok
[INFO] [stdout] test io::rdf::reader::test::inverse ... ok
[INFO] [stdout] test io::rdf::reader::test::inverse_transitive ... ok
[INFO] [stdout] test io::rdf::reader::test::non_built_in_annotation_on_annotation ... ok
[INFO] [stdout] test io::rdf::reader::test::object_exact_cardinality ... ok
[INFO] [stdout] test io::rdf::reader::test::object_has_key ... ok
[INFO] [stdout] test io::rdf::reader::test::negative_object_property_assertion ... ok
[INFO] [stdout] test io::rdf::reader::test::negative_data_property_assertion ... ok
[INFO] [stdout] test io::rdf::reader::test::not ... ok
[INFO] [stdout] test io::rdf::reader::test::object_has_value ... ok
[INFO] [stdout] test io::rdf::reader::test::object_max_cardinality ... ok
[INFO] [stdout] test io::rdf::reader::test::object_property_asymmetric ... ok
[INFO] [stdout] test io::rdf::reader::test::object_property_assertion ... ok
[INFO] [stdout] test io::rdf::reader::test::object_one_of ... ok
[INFO] [stdout] test io::rdf::reader::test::object_min_cardinality ... ok
[INFO] [stdout] test io::rdf::reader::test::object_property_functional ... ok
[INFO] [stdout] test io::rdf::reader::test::object_property_inverse_functional ... ok
[INFO] [stdout] test io::rdf::reader::test::object_property_irreflexive ... ok
[INFO] [stdout] test io::rdf::reader::test::object_property_range ... ok
[INFO] [stdout] test io::rdf::reader::test::object_property_domain ... ok
[INFO] [stdout] test io::rdf::reader::test::object_property_reflexive ... ok
[INFO] [stdout] test io::rdf::reader::test::one_comment ... ok
[INFO] [stdout] test io::rdf::reader::test::object_unqualified_cardinality ... ok
[INFO] [stdout] test io::rdf::reader::test::object_property_symmetric ... ok
[INFO] [stdout] test io::rdf::reader::test::one_subclass ... ok
[INFO] [stdout] test io::rdf::reader::test::one_inverse ... ok
[INFO] [stdout] test io::rdf::reader::test::one_subproperty_chain_with_inverse ... ok
[INFO] [stdout] test io::rdf::reader::test::one_annotated_transitive ... ok
[INFO] [stdout] test io::rdf::reader::test::one_some_reversed ... ok
[INFO] [stdout] test io::rdf::reader::test::only ... ok
[INFO] [stdout] test io::rdf::reader::test::ont ... ok
[INFO] [stdout] test io::rdf::reader::test::one_some_property_filler_reversed ... ok
[INFO] [stdout] test io::rdf::reader::test::one_transitive ... ok
[INFO] [stdout] test io::rdf::reader::test::same_individual ... ok
[INFO] [stdout] test io::rdf::reader::test::ontology_annotation ... ok
[INFO] [stdout] test io::rdf::reader::test::some ... ok
[INFO] [stdout] test io::rdf::reader::test::one_ontology_annotation ... ok
[INFO] [stdout] test io::rdf::reader::test::sub_oproperty_top ... ok
[INFO] [stdout] test io::rdf::reader::test::or ... ok
[INFO] [stdout] test io::rdf::reader::test::subclass_with_annotation ... ok
[INFO] [stdout] test io::rdf::reader::test::type_complex ... ok
[INFO] [stdout] test io::rdf::reader::test::oproperty ... ok
[INFO] [stdout] test io::rdf::reader::test::some_not ... ok
[INFO] [stdout] test io::rdf::reader::test::sub_oproperty ... ok
[INFO] [stdout] test io::rdf::reader::test::type_individual_datatype ... ok
[INFO] [stdout] test io::rdf::reader::test::type_individual_datatype_unqualified ... ok
[INFO] [stdout] test io::rdf::reader::test::sub_annotation ... ok
[INFO] [stdout] test io::rdf::writer::test::class_assertion ... ok
[INFO] [stdout] test io::rdf::reader::test::sub_oproperty_inverse ... ok
[INFO] [stdout] test io::rdf::writer::test::annotation_with_anonymous ... ok
[INFO] [stdout] test io::rdf::reader::test::subproperty_chain ... ok
[INFO] [stdout] test io::rdf::writer::test::data_min_cardinality ... ok
[INFO] [stdout] test io::rdf::writer::test::data_has_key ... ok
[INFO] [stdout] test io::rdf::writer::test::data_has_value ... ok
[INFO] [stdout] test io::rdf::writer::test::data_only ... ok
[INFO] [stdout] test io::rdf::writer::test::data_exact_cardinality ... ok
[INFO] [stdout] test io::rdf::writer::test::data_property_functional ... ok
[INFO] [stdout] test io::rdf::writer::test::data_max_cardinality ... ok
[INFO] [stdout] test io::rdf::writer::test::data_property_equivalent ... ok
[INFO] [stdout] test io::rdf::writer::test::data_property_domain ... ok
[INFO] [stdout] test io::rdf::writer::test::data_property_range ... ok
[INFO] [stdout] test io::rdf::writer::test::datatype_alias ... ok
[INFO] [stdout] test io::rdf::writer::test::data_property_disjoint ... ok
[INFO] [stdout] test io::rdf::writer::test::datatype ... ok
[INFO] [stdout] test io::rdf::writer::test::data_property_sub ... ok
[INFO] [stdout] test io::rdf::writer::test::data_property_assertion ... ok
[INFO] [stdout] test io::rdf::writer::test::disjoint_object_properties ... ok
[INFO] [stdout] test io::rdf::writer::test::datatype_union ... ok
[INFO] [stdout] test io::rdf::writer::test::datatype_complement ... ok
[INFO] [stdout] test io::rdf::writer::test::datatype_intersection ... ok
[INFO] [stdout] test io::rdf::writer::test::datatype_oneof ... ok
[INFO] [stdout] test io::rdf::writer::test::multi_different_individuals ... ok
[INFO] [stdout] test io::rdf::writer::test::different_individuals ... ok
[INFO] [stdout] test io::rdf::writer::test::inverse ... ok
[INFO] [stdout] test io::rdf::writer::test::equivalent_object_properties ... ok
[INFO] [stdout] test io::rdf::writer::test::facet_restriction ... ok
[INFO] [stdout] test io::rdf::writer::test::negative_data_property_assertion ... ok
[INFO] [stdout] test io::rdf::writer::test::object_has_value ... ok
[INFO] [stdout] test io::rdf::writer::test::gci_and_other_class_relations ... ok
[INFO] [stdout] test io::rdf::writer::test::object_exact_cardinality ... ok
[INFO] [stdout] test io::rdf::writer::test::negative_object_property_assertion ... ok
[INFO] [stdout] test io::rdf::writer::test::datatype_some ... ok
[INFO] [stdout] test io::rdf::writer::test::object_property_assertion ... ok
[INFO] [stdout] test io::rdf::writer::test::object_max_cardinality ... ok
[INFO] [stdout] test io::rdf::writer::test::object_one_of ... ok
[INFO] [stdout] test io::rdf::writer::test::object_has_key_complicated ... ok
[INFO] [stdout] test io::rdf::writer::test::object_min_cardinality ... ok
[INFO] [stdout] test io::rdf::writer::test::object_property_inverse_functional ... ok
[INFO] [stdout] test io::rdf::writer::test::object_property_reflexive ... ok
[INFO] [stdout] test io::rdf::writer::test::object_property_irreflexive ... ok
[INFO] [stdout] test io::rdf::writer::test::object_property_functional ... ok
[INFO] [stdout] test io::rdf::writer::test::object_property_symmetric ... ok
[INFO] [stdout] test io::rdf::writer::test::object_property_range ... ok
[INFO] [stdout] test io::rdf::writer::test::round_annotation_domain ... ok
[INFO] [stdout] test io::rdf::writer::test::object_property_asymmetric ... ok
[INFO] [stdout] test io::rdf::writer::test::round_annotation_on_annotation ... ok
[INFO] [stdout] test io::rdf::writer::test::object_property_domain ... ok
[INFO] [stdout] test io::rdf::writer::test::object_unqualified_cardinality ... ok
[INFO] [stdout] test io::rdf::writer::test::round_annotation_property ... ok
[INFO] [stdout] test io::rdf::writer::test::round_annotation ... ok
[INFO] [stdout] test io::rdf::writer::test::object_has_key ... ok
[INFO] [stdout] test io::rdf::writer::test::round_and ... ok
[INFO] [stdout] test io::rdf::writer::test::round_annotation_range ... ok
[INFO] [stdout] test io::rdf::writer::test::round_class ... ok
[INFO] [stdout] test io::rdf::writer::test::round_class_with_annotation ... ok
[INFO] [stdout] test io::rdf::writer::test::round_disjoint_class ... ok
[INFO] [stdout] test io::rdf::writer::test::round_data_property ... ok
[INFO] [stdout] test io::rdf::writer::test::round_import ... ok
[INFO] [stdout] test io::rdf::writer::test::round_one_annotated_transitive ... ok
[INFO] [stdout] test io::rdf::writer::test::round_equivalent_class ... ok
[INFO] [stdout] test io::rdf::writer::test::round_not ... ok
[INFO] [stdout] test io::rdf::writer::test::round_disjoint_union ... ok
[INFO] [stdout] test io::rdf::writer::test::round_one_inverse ... ok
[INFO] [stdout] test io::rdf::writer::test::round_one_ontology_annotation ... ok
[INFO] [stdout] test io::rdf::writer::test::round_named_individual ... ok
[INFO] [stdout] test io::rdf::writer::test::round_one_comment ... ok
[INFO] [stdout] test io::rdf::writer::test::round_one_transitive ... ok
[INFO] [stdout] test io::rdf::writer::test::round_only ... ok
[INFO] [stdout] test io::rdf::writer::test::round_label ... ok
[INFO] [stdout] test io::rdf::writer::test::round_one_sub_property ... ok
[INFO] [stdout] test io::rdf::writer::test::round_oproperty ... ok
[INFO] [stdout] test io::rdf::writer::test::round_sub_annotation ... ok
[INFO] [stdout] test io::rdf::writer::test::same_individual ... ok
[INFO] [stdout] test ontology::axiom_mapped::test::from_set ... ok
[INFO] [stdout] test io::rdf::writer::test::round_one_subproperty_chain_with_inverse ... ok
[INFO] [stdout] test ontology::axiom_mapped::test::test_ontology_into_iter ... ok
[INFO] [stdout] test ontology::axiom_mapped::test::test_ontology_into_iter_empty ... ok
[INFO] [stdout] test io::rdf::writer::test::round_subclass ... ok
[INFO] [stdout] test io::rdf::writer::test::round_some ... ok
[INFO] [stdout] test ontology::axiom_mapped::test::test_ontology_iter ... ok
[INFO] [stdout] test io::rdf::writer::test::test_ont_rt ... ok
[INFO] [stdout] test io::rdf::writer::test::round_or ... ok
[INFO] [stdout] test io::rdf::writer::test::round_subproperty_chain ... ok
[INFO] [stdout] test ontology::axiom_mapped::test::test_ontology_iter_empty ... ok
[INFO] [stdout] test ontology::declaration_mapped::test::test_declaration_builtin ... ok
[INFO] [stdout] test ontology::declaration_mapped::test::test_insert ... ok
[INFO] [stdout] test io::rdf::writer::test::round_ont ... ok
[INFO] [stdout] test ontology::axiom_mapped::test::test_ontology_cons ... ok
[INFO] [stdout] test ontology::indexed::test::one_cons ... ok
[INFO] [stdout] test ontology::declaration_mapped::test::test_pun_support ... ok
[INFO] [stdout] test ontology::declaration_mapped::test::test_declaration ... ok
[INFO] [stdout] test ontology::declaration_mapped::test::test_cons ... ok
[INFO] [stdout] test ontology::indexed::test::four_remove ... ok
[INFO] [stdout] test ontology::indexed::test::one_insert ... ok
[INFO] [stdout] test ontology::indexed::test::one_remove ... ok
[INFO] [stdout] test ontology::indexed::test::two_cons ... ok
[INFO] [stdout] test ontology::indexed::test::two_insert ... ok
[INFO] [stdout] test ontology::indexed::test::two_remove ... ok
[INFO] [stdout] test ontology::iri_mapped::test::test_ontology_cons ... ok
[INFO] [stdout] test ontology::iri_mapped::test::test_ontology_into_iter_empty ... ok
[INFO] [stdout] test ontology::iri_mapped::test::test_ontology_iter ... ok
[INFO] [stdout] test ontology::logically_equal::test::annotation_not_equal_retrieve ... ok
[INFO] [stdout] test ontology::logically_equal::test::equal_retrieve ... ok
[INFO] [stdout] test ontology::logically_equal::test::cons ... ok
[INFO] [stdout] test ontology::logically_equal::test::test_update_equal_axiom ... ok
[INFO] [stdout] test ontology::set::test::test_index_cons ... ok
[INFO] [stdout] test ontology::set::test::test_index_into_iter ... ok
[INFO] [stdout] test ontology::iri_mapped::test::test_ontology_into_iter ... ok
[INFO] [stdout] test ontology::iri_mapped::test::test_ontology_iter_empty ... ok
[INFO] [stdout] test ontology::set::test::test_index_into_iter_empty ... ok
[INFO] [stdout] test ontology::set::test::test_ontology_clone ... ok
[INFO] [stdout] test ontology::set::test::test_ontology_cons ... ok
[INFO] [stdout] test ontology::set::test::test_ontology_id ... ok
[INFO] [stdout] test ontology::set::test::test_ontology_into ... ok
[INFO] [stdout] test ontology::set::test::test_ontology_into_iter_empty ... ok
[INFO] [stdout] test ontology::set::test::test_index_iter ... ok
[INFO] [stdout] test ontology::set::test::test_ontology_iter ... ok
[INFO] [stdout] test ontology::set::test::test_ontology_into_iter ... ok
[INFO] [stdout] test ontology::set::test::test_index_iter_empty ... ok
[INFO] [stdout] test ontology::set::test::test_ontology_iter_empty ... ok
[INFO] [stdout] test resolve::test::test_resolve_iri ... ok
[INFO] [stdout] test visitor::test::it_works ... ok
[INFO] [stdout] test vocab::annotation_builtin ... ok
[INFO] [stdout] test visitor::test::single_class ... ok
[INFO] [stdout] test resolve::test::localize ... ok
[INFO] [stdout] test vocab::test_entity_for_iri ... ok
[INFO] [stdout] test ontology::indexed::test::three_remove ... ok
[INFO] [stdout] test vocab::facet_meta ... ok
[INFO] [stdout] test vocab::meta_testing ... ok
[INFO] [stdout] test resolve::test::simple_iri ... FAILED
[INFO] [stdout] 
[INFO] [stdout] failures:
[INFO] [stdout] 
[INFO] [stdout] ---- resolve::test::simple_iri stdout ----
[INFO] [stdout] thread 'resolve::test::simple_iri' panicked at 'not yet implemented: fail', src/resolve.rs:130:5
[INFO] [stdout] stack backtrace:
[INFO] [stdout]    0:     0x558512f234da - std::backtrace_rs::backtrace::libunwind::trace::h2f05d0192276a8f6
[INFO] [stdout]                                at /rustc/1b7dd2252b99671ce5d1cb9664c5f8636329436d/library/std/src/../../backtrace/src/backtrace/libunwind.rs:93:5
[INFO] [stdout]    1:     0x558512f234da - std::backtrace_rs::backtrace::trace_unsynchronized::hedc23dff7a1af150
[INFO] [stdout]                                at /rustc/1b7dd2252b99671ce5d1cb9664c5f8636329436d/library/std/src/../../backtrace/src/backtrace/mod.rs:66:5
[INFO] [stdout]    2:     0x558512f234da - std::sys_common::backtrace::_print_fmt::h17541ef7592f3ce2
[INFO] [stdout]                                at /rustc/1b7dd2252b99671ce5d1cb9664c5f8636329436d/library/std/src/sys_common/backtrace.rs:65:5
[INFO] [stdout]    3:     0x558512f234da - <std::sys_common::backtrace::_print::DisplayBacktrace as core::fmt::Display>::fmt::h20f75df5ab0c0792
[INFO] [stdout]                                at /rustc/1b7dd2252b99671ce5d1cb9664c5f8636329436d/library/std/src/sys_common/backtrace.rs:44:22
[INFO] [stdout]    4:     0x558512f48ddf - core::fmt::write::h78109e6f466b3af6
[INFO] [stdout]                                at /rustc/1b7dd2252b99671ce5d1cb9664c5f8636329436d/library/core/src/fmt/mod.rs:1254:17
[INFO] [stdout]    5:     0x558512f20505 - std::io::Write::write_fmt::hd24bfb68a1b35a25
[INFO] [stdout]                                at /rustc/1b7dd2252b99671ce5d1cb9664c5f8636329436d/library/std/src/io/mod.rs:1698:15
[INFO] [stdout]    6:     0x558512f232a5 - std::sys_common::backtrace::_print::h8dac57a9f8fbf9a5
[INFO] [stdout]                                at /rustc/1b7dd2252b99671ce5d1cb9664c5f8636329436d/library/std/src/sys_common/backtrace.rs:47:5
[INFO] [stdout]    7:     0x558512f232a5 - std::sys_common::backtrace::print::hf9ecbf41d1aa712f
[INFO] [stdout]                                at /rustc/1b7dd2252b99671ce5d1cb9664c5f8636329436d/library/std/src/sys_common/backtrace.rs:34:9
[INFO] [stdout]    8:     0x558512f24f5e - std::panicking::default_hook::{{closure}}::h04c07acfc84ca028
[INFO] [stdout]                                at /rustc/1b7dd2252b99671ce5d1cb9664c5f8636329436d/library/std/src/panicking.rs:269:22
[INFO] [stdout]    9:     0x558512f24c91 - std::panicking::default_hook::h01f6bb23e1eceb2c
[INFO] [stdout]                                at /rustc/1b7dd2252b99671ce5d1cb9664c5f8636329436d/library/std/src/panicking.rs:285:9
[INFO] [stdout]   10:     0x558512e94d1b - <alloc::boxed::Box<F,A> as core::ops::function::Fn<Args>>::call::h87fe9f7b2fd49e4c
[INFO] [stdout]                                at /rustc/1b7dd2252b99671ce5d1cb9664c5f8636329436d/library/alloc/src/boxed.rs:1987:9
[INFO] [stdout]   11:     0x558512e94d1b - test::test_main::{{closure}}::he94d679243a7531b
[INFO] [stdout]                                at /rustc/1b7dd2252b99671ce5d1cb9664c5f8636329436d/library/test/src/lib.rs:134:21
[INFO] [stdout]   12:     0x558512f25644 - <alloc::boxed::Box<F,A> as core::ops::function::Fn<Args>>::call::h3f2d6d8b14c4769f
[INFO] [stdout]                                at /rustc/1b7dd2252b99671ce5d1cb9664c5f8636329436d/library/alloc/src/boxed.rs:1987:9
[INFO] [stdout]   13:     0x558512f25644 - std::panicking::rust_panic_with_hook::h2bb3722bbaf2f6df
[INFO] [stdout]                                at /rustc/1b7dd2252b99671ce5d1cb9664c5f8636329436d/library/std/src/panicking.rs:695:13
[INFO] [stdout]   14:     0x558512f253b9 - std::panicking::begin_panic_handler::{{closure}}::h91bc7f36a4be011b
[INFO] [stdout]                                at /rustc/1b7dd2252b99671ce5d1cb9664c5f8636329436d/library/std/src/panicking.rs:582:13
[INFO] [stdout]   15:     0x558512f23946 - std::sys_common::backtrace::__rust_end_short_backtrace::h8b3d3717114f9e59
[INFO] [stdout]                                at /rustc/1b7dd2252b99671ce5d1cb9664c5f8636329436d/library/std/src/sys_common/backtrace.rs:150:18
[INFO] [stdout]   16:     0x558512f25112 - rust_begin_unwind
[INFO] [stdout]                                at /rustc/1b7dd2252b99671ce5d1cb9664c5f8636329436d/library/std/src/panicking.rs:578:5
[INFO] [stdout]   17:     0x5585129633e3 - core::panicking::panic_fmt::hfd368e3fbdabea26
[INFO] [stdout]                                at /rustc/1b7dd2252b99671ce5d1cb9664c5f8636329436d/library/core/src/panicking.rs:67:14
[INFO] [stdout]   18:     0x558512c74e5f - horned_owl::resolve::strict_resolve_iri::hed55a4cba474fc1f
[INFO] [stdout]                                at /opt/rustwide/workdir/src/resolve.rs:130:5
[INFO] [stdout]   19:     0x558512c29d5c - horned_owl::resolve::test::simple_iri::h43d6b5e792736f0c
[INFO] [stdout]                                at /opt/rustwide/workdir/src/resolve.rs:157:9
[INFO] [stdout]   20:     0x558512c29c87 - horned_owl::resolve::test::simple_iri::{{closure}}::h14a6f5eba06efb8d
[INFO] [stdout]                                at /opt/rustwide/workdir/src/resolve.rs:152:21
[INFO] [stdout]   21:     0x558512bfb355 - core::ops::function::FnOnce::call_once::hc992e9256b71672c
[INFO] [stdout]                                at /rustc/1b7dd2252b99671ce5d1cb9664c5f8636329436d/library/core/src/ops/function.rs:250:5
[INFO] [stdout]   22:     0x558512e99bef - core::ops::function::FnOnce::call_once::ha6a70e79f7481a7e
[INFO] [stdout]                                at /rustc/1b7dd2252b99671ce5d1cb9664c5f8636329436d/library/core/src/ops/function.rs:250:5
[INFO] [stdout]   23:     0x558512e99bef - test::__rust_begin_short_backtrace::hce33033019b61e69
[INFO] [stdout]                                at /rustc/1b7dd2252b99671ce5d1cb9664c5f8636329436d/library/test/src/lib.rs:655:18
[INFO] [stdout]   24:     0x558512e673dc - test::run_test::{{closure}}::h858d3528838ae3e5
[INFO] [stdout]                                at /rustc/1b7dd2252b99671ce5d1cb9664c5f8636329436d/library/test/src/lib.rs:646:30
[INFO] [stdout]   25:     0x558512e673dc - core::ops::function::FnOnce::call_once{{vtable.shim}}::he8ac2b00f01ae79e
[INFO] [stdout]                                at /rustc/1b7dd2252b99671ce5d1cb9664c5f8636329436d/library/core/src/ops/function.rs:250:5
[INFO] [stdout]   26:     0x558512e98cc6 - <alloc::boxed::Box<F,A> as core::ops::function::FnOnce<Args>>::call_once::h8093d25b522725ef
[INFO] [stdout]                                at /rustc/1b7dd2252b99671ce5d1cb9664c5f8636329436d/library/alloc/src/boxed.rs:1973:9
[INFO] [stdout]   27:     0x558512e98cc6 - <core::panic::unwind_safe::AssertUnwindSafe<F> as core::ops::function::FnOnce<()>>::call_once::h5c334c204e4a3913
[INFO] [stdout]                                at /rustc/1b7dd2252b99671ce5d1cb9664c5f8636329436d/library/core/src/panic/unwind_safe.rs:271:9
[INFO] [stdout]   28:     0x558512e98cc6 - std::panicking::try::do_call::ha8b740c7b9478074
[INFO] [stdout]                                at /rustc/1b7dd2252b99671ce5d1cb9664c5f8636329436d/library/std/src/panicking.rs:485:40
[INFO] [stdout]   29:     0x558512e98cc6 - std::panicking::try::h5d34f63d0e41b64e
[INFO] [stdout]                                at /rustc/1b7dd2252b99671ce5d1cb9664c5f8636329436d/library/std/src/panicking.rs:449:19
[INFO] [stdout]   30:     0x558512e98cc6 - std::panic::catch_unwind::hcfbb511e1aa7fc67
[INFO] [stdout]                                at /rustc/1b7dd2252b99671ce5d1cb9664c5f8636329436d/library/std/src/panic.rs:140:14
[INFO] [stdout]   31:     0x558512e98cc6 - test::run_test_in_process::h9abda90f802eaf21
[INFO] [stdout]                                at /rustc/1b7dd2252b99671ce5d1cb9664c5f8636329436d/library/test/src/lib.rs:678:27
[INFO] [stdout]   32:     0x558512e98cc6 - test::run_test::run_test_inner::{{closure}}::h0f058de91f6c6edf
[INFO] [stdout]                                at /rustc/1b7dd2252b99671ce5d1cb9664c5f8636329436d/library/test/src/lib.rs:572:39
[INFO] [stdout]   33:     0x558512e61be5 - test::run_test::run_test_inner::{{closure}}::h5ca48a4c59c6c1fb
[INFO] [stdout]                                at /rustc/1b7dd2252b99671ce5d1cb9664c5f8636329436d/library/test/src/lib.rs:599:37
[INFO] [stdout]   34:     0x558512e61be5 - std::sys_common::backtrace::__rust_begin_short_backtrace::h32bd51e1495d4a33
[INFO] [stdout]                                at /rustc/1b7dd2252b99671ce5d1cb9664c5f8636329436d/library/std/src/sys_common/backtrace.rs:134:18
[INFO] [stdout]   35:     0x558512e67121 - std::thread::Builder::spawn_unchecked_::{{closure}}::{{closure}}::hc086fae9b128b2db
[INFO] [stdout]                                at /rustc/1b7dd2252b99671ce5d1cb9664c5f8636329436d/library/std/src/thread/mod.rs:526:17
[INFO] [stdout]   36:     0x558512e67121 - <core::panic::unwind_safe::AssertUnwindSafe<F> as core::ops::function::FnOnce<()>>::call_once::hb66571888d270d43
[INFO] [stdout]                                at /rustc/1b7dd2252b99671ce5d1cb9664c5f8636329436d/library/core/src/panic/unwind_safe.rs:271:9
[INFO] [stdout]   37:     0x558512e67121 - std::panicking::try::do_call::h4fa2ef4f6e51fecf
[INFO] [stdout]                                at /rustc/1b7dd2252b99671ce5d1cb9664c5f8636329436d/library/std/src/panicking.rs:485:40
[INFO] [stdout]   38:     0x558512e67121 - std::panicking::try::h1e9e22b8584489b5
[INFO] [stdout]                                at /rustc/1b7dd2252b99671ce5d1cb9664c5f8636329436d/library/std/src/panicking.rs:449:19
[INFO] [stdout]   39:     0x558512e67121 - std::panic::catch_unwind::h44698a3de0e0769e
[INFO] [stdout]                                at /rustc/1b7dd2252b99671ce5d1cb9664c5f8636329436d/library/std/src/panic.rs:140:14
[INFO] [stdout]   40:     0x558512e67121 - std::thread::Builder::spawn_unchecked_::{{closure}}::h50153abde3fe239e
[INFO] [stdout]                                at /rustc/1b7dd2252b99671ce5d1cb9664c5f8636329436d/library/std/src/thread/mod.rs:525:30
[INFO] [stdout]   41:     0x558512e67121 - core::ops::function::FnOnce::call_once{{vtable.shim}}::hbe5bbf6f38394364
[INFO] [stdout]                                at /rustc/1b7dd2252b99671ce5d1cb9664c5f8636329436d/library/core/src/ops/function.rs:250:5
[INFO] [stdout]   42:     0x558512f2a435 - <alloc::boxed::Box<F,A> as core::ops::function::FnOnce<Args>>::call_once::h0d83cb2920a49046
[INFO] [stdout]                                at /rustc/1b7dd2252b99671ce5d1cb9664c5f8636329436d/library/alloc/src/boxed.rs:1973:9
[INFO] [stdout]   43:     0x558512f2a435 - <alloc::boxed::Box<F,A> as core::ops::function::FnOnce<Args>>::call_once::hbe0a008aa7d9ef59
[INFO] [stdout]                                at /rustc/1b7dd2252b99671ce5d1cb9664c5f8636329436d/library/alloc/src/boxed.rs:1973:9
[INFO] [stdout]   44:     0x558512f2a435 - std::sys::unix::thread::Thread::new::thread_start::h3a466996bdf6b1f9
[INFO] [stdout]                                at /rustc/1b7dd2252b99671ce5d1cb9664c5f8636329436d/library/std/src/sys/unix/thread.rs:108:17
[INFO] [stdout]   45:     0x7f9e4969fb43 - <unknown>
[INFO] [stdout]   46:     0x7f9e49730bb4 - __clone
[INFO] [stdout]   47:                0x0 - <unknown>
[INFO] [stdout] 
[INFO] [stdout] 
[INFO] [stdout] failures:
[INFO] [stdout]     resolve::test::simple_iri
[INFO] [stdout] 
[INFO] [stdout] test result: FAILED. 387 passed; 1 failed; 0 ignored; 0 measured; 0 filtered out; finished in 0.58s
[INFO] [stdout] 
[INFO] [stderr] error: test failed, to rerun pass `--lib`
[INFO] running `Command { std: "docker" "inspect" "324abdcf85df0f2a056bd64684d1a1dd11e01e7cefb471f766d1278faf54d239", kill_on_drop: false }`
[INFO] running `Command { std: "docker" "rm" "-f" "324abdcf85df0f2a056bd64684d1a1dd11e01e7cefb471f766d1278faf54d239", kill_on_drop: false }`
[INFO] [stdout] 324abdcf85df0f2a056bd64684d1a1dd11e01e7cefb471f766d1278faf54d239
