[INFO] fetching crate hooks-macro-core 0.2.0...
[INFO] testing hooks-macro-core-0.2.0 against 1.69.0 for beta-1.70-1
[INFO] extracting crate hooks-macro-core 0.2.0 into /workspace/builds/worker-2-tc1/source
[INFO] validating manifest of crates.io crate hooks-macro-core 0.2.0 on toolchain 1.69.0
[INFO] running `Command { std: CARGO_HOME="/workspace/cargo-home" RUSTUP_HOME="/workspace/rustup-home" "/workspace/cargo-home/bin/cargo" "+1.69.0" "metadata" "--manifest-path" "Cargo.toml" "--no-deps", kill_on_drop: false }`
[INFO] started tweaking crates.io crate hooks-macro-core 0.2.0
[INFO] finished tweaking crates.io crate hooks-macro-core 0.2.0
[INFO] tweaked toml for crates.io crate hooks-macro-core 0.2.0 written to /workspace/builds/worker-2-tc1/source/Cargo.toml
[INFO] running `Command { std: CARGO_HOME="/workspace/cargo-home" RUSTUP_HOME="/workspace/rustup-home" __CARGO_TEST_CHANNEL_OVERRIDE_DO_NOT_USE_THIS="nightly" "/workspace/cargo-home/bin/cargo" "+1.69.0" "generate-lockfile" "--manifest-path" "Cargo.toml" "-Zno-index-update", kill_on_drop: false }`
[INFO] running `Command { std: CARGO_HOME="/workspace/cargo-home" RUSTUP_HOME="/workspace/rustup-home" "/workspace/cargo-home/bin/cargo" "+1.69.0" "fetch" "--manifest-path" "Cargo.toml", kill_on_drop: false }`
[INFO] running `Command { std: "docker" "create" "-v" "/var/lib/crater-agent-workspace/builds/worker-2-tc1/target:/opt/rustwide/target:rw,Z" "-v" "/var/lib/crater-agent-workspace/builds/worker-2-tc1/source:/opt/rustwide/workdir:ro,Z" "-v" "/var/lib/crater-agent-workspace/cargo-home:/opt/rustwide/cargo-home:ro,Z" "-v" "/var/lib/crater-agent-workspace/rustup-home:/opt/rustwide/rustup-home:ro,Z" "-e" "SOURCE_DIR=/opt/rustwide/workdir" "-e" "CARGO_TARGET_DIR=/opt/rustwide/target" "-e" "CARGO_HOME=/opt/rustwide/cargo-home" "-e" "RUSTUP_HOME=/opt/rustwide/rustup-home" "-w" "/opt/rustwide/workdir" "-m" "1610612736" "--user" "0:0" "--network" "none" "ghcr.io/rust-lang/crates-build-env/linux@sha256:5ff2268d62e97bff2cde7d5815dd6ed5b47097566f13b8d0ca110b04b60e07ed" "/opt/rustwide/cargo-home/bin/cargo" "+1.69.0" "metadata" "--no-deps" "--format-version=1", kill_on_drop: false }`
[INFO] [stdout] 2993a85e623d0ba557498fe373bcca7d45de0c3bade15058109a5decb3d82a84
[INFO] running `Command { std: "docker" "start" "-a" "2993a85e623d0ba557498fe373bcca7d45de0c3bade15058109a5decb3d82a84", kill_on_drop: false }`
[INFO] running `Command { std: "docker" "inspect" "2993a85e623d0ba557498fe373bcca7d45de0c3bade15058109a5decb3d82a84", kill_on_drop: false }`
[INFO] running `Command { std: "docker" "rm" "-f" "2993a85e623d0ba557498fe373bcca7d45de0c3bade15058109a5decb3d82a84", kill_on_drop: false }`
[INFO] [stdout] 2993a85e623d0ba557498fe373bcca7d45de0c3bade15058109a5decb3d82a84
[INFO] running `Command { std: "docker" "create" "-v" "/var/lib/crater-agent-workspace/builds/worker-2-tc1/target:/opt/rustwide/target:rw,Z" "-v" "/var/lib/crater-agent-workspace/builds/worker-2-tc1/source:/opt/rustwide/workdir:ro,Z" "-v" "/var/lib/crater-agent-workspace/cargo-home:/opt/rustwide/cargo-home:ro,Z" "-v" "/var/lib/crater-agent-workspace/rustup-home:/opt/rustwide/rustup-home:ro,Z" "-e" "SOURCE_DIR=/opt/rustwide/workdir" "-e" "CARGO_TARGET_DIR=/opt/rustwide/target" "-e" "CARGO_INCREMENTAL=0" "-e" "RUST_BACKTRACE=full" "-e" "RUSTFLAGS=--cap-lints=warn" "-e" "RUSTDOCFLAGS=--cap-lints=warn" "-e" "CARGO_HOME=/opt/rustwide/cargo-home" "-e" "RUSTUP_HOME=/opt/rustwide/rustup-home" "-w" "/opt/rustwide/workdir" "-m" "1610612736" "--user" "0:0" "--network" "none" "ghcr.io/rust-lang/crates-build-env/linux@sha256:5ff2268d62e97bff2cde7d5815dd6ed5b47097566f13b8d0ca110b04b60e07ed" "/opt/rustwide/cargo-home/bin/cargo" "+1.69.0" "build" "--frozen" "--message-format=json", kill_on_drop: false }`
[INFO] [stdout] a5cd9fc9dbe418f09fcd4f5178d5380098011882a5f63f1ae2f2497e9fcdc75e
[INFO] running `Command { std: "docker" "start" "-a" "a5cd9fc9dbe418f09fcd4f5178d5380098011882a5f63f1ae2f2497e9fcdc75e", kill_on_drop: false }`
[INFO] [stderr]    Compiling syn v1.0.109
[INFO] [stderr]    Compiling ident_case v1.0.1
[INFO] [stderr]    Compiling quote v1.0.26
[INFO] [stderr]    Compiling darling_core v0.14.4
[INFO] [stderr]    Compiling darling_macro v0.14.4
[INFO] [stderr]    Compiling darling v0.14.4
[INFO] [stderr]    Compiling hooks-macro-core v0.2.0 (/opt/rustwide/workdir)
[INFO] [stderr]     Finished dev [unoptimized + debuginfo] target(s) in 13.06s
[INFO] running `Command { std: "docker" "inspect" "a5cd9fc9dbe418f09fcd4f5178d5380098011882a5f63f1ae2f2497e9fcdc75e", kill_on_drop: false }`
[INFO] running `Command { std: "docker" "rm" "-f" "a5cd9fc9dbe418f09fcd4f5178d5380098011882a5f63f1ae2f2497e9fcdc75e", kill_on_drop: false }`
[INFO] [stdout] a5cd9fc9dbe418f09fcd4f5178d5380098011882a5f63f1ae2f2497e9fcdc75e
[INFO] running `Command { std: "docker" "create" "-v" "/var/lib/crater-agent-workspace/builds/worker-2-tc1/target:/opt/rustwide/target:rw,Z" "-v" "/var/lib/crater-agent-workspace/builds/worker-2-tc1/source:/opt/rustwide/workdir:ro,Z" "-v" "/var/lib/crater-agent-workspace/cargo-home:/opt/rustwide/cargo-home:ro,Z" "-v" "/var/lib/crater-agent-workspace/rustup-home:/opt/rustwide/rustup-home:ro,Z" "-e" "SOURCE_DIR=/opt/rustwide/workdir" "-e" "CARGO_TARGET_DIR=/opt/rustwide/target" "-e" "CARGO_INCREMENTAL=0" "-e" "RUST_BACKTRACE=full" "-e" "RUSTFLAGS=--cap-lints=warn" "-e" "RUSTDOCFLAGS=--cap-lints=warn" "-e" "CARGO_HOME=/opt/rustwide/cargo-home" "-e" "RUSTUP_HOME=/opt/rustwide/rustup-home" "-w" "/opt/rustwide/workdir" "-m" "1610612736" "--user" "0:0" "--network" "none" "ghcr.io/rust-lang/crates-build-env/linux@sha256:5ff2268d62e97bff2cde7d5815dd6ed5b47097566f13b8d0ca110b04b60e07ed" "/opt/rustwide/cargo-home/bin/cargo" "+1.69.0" "test" "--frozen" "--no-run" "--message-format=json", kill_on_drop: false }`
[INFO] [stdout] 653dca50c0eb142b0466601e361109ce5af643de5762ade70bedfc3a5bb784d6
[INFO] running `Command { std: "docker" "start" "-a" "653dca50c0eb142b0466601e361109ce5af643de5762ade70bedfc3a5bb784d6", kill_on_drop: false }`
[INFO] [stderr]    Compiling hooks-macro-core v0.2.0 (/opt/rustwide/workdir)
[INFO] [stderr]     Finished test [unoptimized + debuginfo] target(s) in 0.60s
[INFO] running `Command { std: "docker" "inspect" "653dca50c0eb142b0466601e361109ce5af643de5762ade70bedfc3a5bb784d6", kill_on_drop: false }`
[INFO] running `Command { std: "docker" "rm" "-f" "653dca50c0eb142b0466601e361109ce5af643de5762ade70bedfc3a5bb784d6", kill_on_drop: false }`
[INFO] [stdout] 653dca50c0eb142b0466601e361109ce5af643de5762ade70bedfc3a5bb784d6
[INFO] running `Command { std: "docker" "create" "-v" "/var/lib/crater-agent-workspace/builds/worker-2-tc1/target:/opt/rustwide/target:rw,Z" "-v" "/var/lib/crater-agent-workspace/builds/worker-2-tc1/source:/opt/rustwide/workdir:ro,Z" "-v" "/var/lib/crater-agent-workspace/cargo-home:/opt/rustwide/cargo-home:ro,Z" "-v" "/var/lib/crater-agent-workspace/rustup-home:/opt/rustwide/rustup-home:ro,Z" "-e" "SOURCE_DIR=/opt/rustwide/workdir" "-e" "CARGO_TARGET_DIR=/opt/rustwide/target" "-e" "CARGO_INCREMENTAL=0" "-e" "RUST_BACKTRACE=full" "-e" "RUSTFLAGS=--cap-lints=warn" "-e" "RUSTDOCFLAGS=--cap-lints=warn" "-e" "CARGO_HOME=/opt/rustwide/cargo-home" "-e" "RUSTUP_HOME=/opt/rustwide/rustup-home" "-w" "/opt/rustwide/workdir" "-m" "1610612736" "--user" "0:0" "--network" "none" "ghcr.io/rust-lang/crates-build-env/linux@sha256:5ff2268d62e97bff2cde7d5815dd6ed5b47097566f13b8d0ca110b04b60e07ed" "/opt/rustwide/cargo-home/bin/cargo" "+1.69.0" "test" "--frozen", kill_on_drop: false }`
[INFO] [stdout] 51bd03454e889d87667bed34c17a83154e7d08ebed6e2f5f17646a1579c2f566
[INFO] running `Command { std: "docker" "start" "-a" "51bd03454e889d87667bed34c17a83154e7d08ebed6e2f5f17646a1579c2f566", kill_on_drop: false }`
[INFO] [stdout] 
[INFO] [stderr]     Finished test [unoptimized + debuginfo] target(s) in 0.02s
[INFO] [stdout] running 0 tests
[INFO] [stderr]      Running unittests src/lib.rs (/opt/rustwide/target/debug/deps/hooks_macro_core-79dff008bd4797ec)
[INFO] [stdout] 
[INFO] [stderr]    Doc-tests hooks-macro-core
[INFO] [stdout] test result: ok. 0 passed; 0 failed; 0 ignored; 0 measured; 0 filtered out; finished in 0.00s
[INFO] [stdout] 
[INFO] [stdout] 
[INFO] [stdout] running 3 tests
[INFO] [stdout] test src/hook_macro.rs - hook_macro::HookArgs::bounds (line 44) ... FAILED
[INFO] [stdout] test src/hook_macro.rs - hook_macro::HookArgs::bounds (line 35) - compile fail ... ok
[INFO] [stdout] test src/hook_macro.rs - hook_macro::HookArgs::bounds (line 56) ... FAILED
[INFO] [stdout] 
[INFO] [stdout] failures:
[INFO] [stdout] 
[INFO] [stdout] ---- src/hook_macro.rs - hook_macro::HookArgs::bounds (line 44) stdout ----
[INFO] [stdout] error[E0463]: can't find crate for `hooks_dev`
[INFO] [stdout]  --> src/hook_macro.rs:44:1
[INFO] [stdout]   |
[INFO] [stdout] 2 | extern crate hooks_dev as hooks;
[INFO] [stdout]   | ^^^^^^^^^^^^^^^^^^^^^^^^^^^^^^^^ can't find crate
[INFO] [stdout] 
[INFO] [stdout] error: cannot find attribute `hook` in this scope
[INFO] [stdout]  --> src/hook_macro.rs:47:3
[INFO] [stdout]   |
[INFO] [stdout] 5 | #[hook(bounds = "'a")]
[INFO] [stdout]   |   ^^^^
[INFO] [stdout] 
[INFO] [stdout] error: aborting due to 2 previous errors
[INFO] [stdout] 
[INFO] [stdout] For more information about this error, try `rustc --explain E0463`.
[INFO] [stdout] Couldn't compile the test.
[INFO] [stdout] ---- src/hook_macro.rs - hook_macro::HookArgs::bounds (line 56) stdout ----
[INFO] [stdout] error[E0463]: can't find crate for `hooks_dev`
[INFO] [stdout]  --> src/hook_macro.rs:56:1
[INFO] [stdout]   |
[INFO] [stdout] 2 | extern crate hooks_dev as hooks;
[INFO] [stdout]   | ^^^^^^^^^^^^^^^^^^^^^^^^^^^^^^^^ can't find crate
[INFO] [stdout] 
[INFO] [stdout] error: cannot find macro `hook_fn` in this scope
[INFO] [stdout]  --> src/hook_macro.rs:59:1
[INFO] [stdout]   |
[INFO] [stdout] 5 | hook_fn!(
[INFO] [stdout]   | ^^^^^^^
[INFO] [stdout] 
[INFO] [stdout] error: aborting due to 2 previous errors
[INFO] [stdout] 
[INFO] [stdout] For more information about this error, try `rustc --explain E0463`.
[INFO] [stdout] Couldn't compile the test.
[INFO] [stdout] 
[INFO] [stdout] failures:
[INFO] [stdout]     src/hook_macro.rs - hook_macro::HookArgs::bounds (line 44)
[INFO] [stdout]     src/hook_macro.rs - hook_macro::HookArgs::bounds (line 56)
[INFO] [stdout] 
[INFO] [stdout] test result: FAILED. 1 passed; 2 failed; 0 ignored; 0 measured; 0 filtered out; finished in 0.17s
[INFO] [stdout] 
[INFO] [stderr] error: doctest failed, to rerun pass `--doc`
[INFO] running `Command { std: "docker" "inspect" "51bd03454e889d87667bed34c17a83154e7d08ebed6e2f5f17646a1579c2f566", kill_on_drop: false }`
[INFO] running `Command { std: "docker" "rm" "-f" "51bd03454e889d87667bed34c17a83154e7d08ebed6e2f5f17646a1579c2f566", kill_on_drop: false }`
[INFO] [stdout] 51bd03454e889d87667bed34c17a83154e7d08ebed6e2f5f17646a1579c2f566
