[INFO] fetching crate holium 1.0.2...
[INFO] testing holium-1.0.2 against beta-2023-04-20 for beta-1.70-1
[INFO] extracting crate holium 1.0.2 into /workspace/builds/worker-4-tc2/source
[INFO] validating manifest of crates.io crate holium 1.0.2 on toolchain beta-2023-04-20
[INFO] running `Command { std: CARGO_HOME="/workspace/cargo-home" RUSTUP_HOME="/workspace/rustup-home" "/workspace/cargo-home/bin/cargo" "+beta-2023-04-20" "metadata" "--manifest-path" "Cargo.toml" "--no-deps", kill_on_drop: false }`
[INFO] started tweaking crates.io crate holium 1.0.2
[INFO] finished tweaking crates.io crate holium 1.0.2
[INFO] tweaked toml for crates.io crate holium 1.0.2 written to /workspace/builds/worker-4-tc2/source/Cargo.toml
[INFO] crate crates.io crate holium 1.0.2 already has a lockfile, it will not be regenerated
[INFO] running `Command { std: CARGO_HOME="/workspace/cargo-home" RUSTUP_HOME="/workspace/rustup-home" "/workspace/cargo-home/bin/cargo" "+beta-2023-04-20" "fetch" "--manifest-path" "Cargo.toml", kill_on_drop: false }`
[INFO] [stderr]     Blocking waiting for file lock on package cache
[INFO] [stderr]     Updating crates.io index
[INFO] [stderr]  Downloading crates ...
[INFO] [stderr]   Downloaded leb128 v0.2.5
[INFO] [stderr]   Downloaded rkyv v0.6.7
[INFO] [stderr]   Downloaded syn v1.0.81
[INFO] [stderr]   Downloaded cranelift-codegen-shared v0.74.0
[INFO] [stderr]   Downloaded enumset_derive v0.5.5
[INFO] [stderr]   Downloaded assert_fs v1.0.6
[INFO] [stderr]   Downloaded target-lexicon v0.12.2
[INFO] [stderr]   Downloaded rkyv_derive v0.6.7
[INFO] [stderr]   Downloaded blake3 v1.2.0
[INFO] [stderr]   Downloaded multihash-derive v0.7.2
[INFO] [stderr]   Downloaded assert_cmd v2.0.2
[INFO] [stderr]   Downloaded wasmer-object v2.0.0
[INFO] [stderr]   Downloaded anyhow v1.0.45
[INFO] [stderr]   Downloaded fixedbitset v0.4.0
[INFO] [stderr]   Downloaded multihash v0.14.0
[INFO] [stderr]   Downloaded multibase v0.9.1
[INFO] [stderr]   Downloaded bimap v0.6.1
[INFO] [stderr]   Downloaded blake3 v0.3.8
[INFO] [stderr]   Downloaded fraction v0.9.0
[INFO] [stderr]   Downloaded jsonschema v0.13.2
[INFO] [stderr]   Downloaded num-bigint v0.2.6
[INFO] [stderr]   Downloaded wasmparser v0.78.2
[INFO] [stderr]   Downloaded cranelift-codegen-meta v0.74.0
[INFO] [stderr]   Downloaded petgraph v0.6.0
[INFO] [stderr]   Downloaded regalloc v0.0.31
[INFO] [stderr]   Downloaded wasmer-engine v2.0.0
[INFO] [stderr]   Downloaded structopt v0.3.25
[INFO] [stderr]   Downloaded object v0.25.3
[INFO] [stderr]   Downloaded predicates v2.0.3
[INFO] [stderr]   Downloaded cranelift-entity v0.74.0
[INFO] [stderr]   Downloaded cranelift-frontend v0.74.0
[INFO] [stderr]   Downloaded darling_core v0.13.0
[INFO] [stderr]   Downloaded sled v0.34.7
[INFO] [stderr]   Downloaded cranelift-codegen v0.74.0
[INFO] [stderr]   Downloaded libc v0.2.107
[INFO] [stderr]   Downloaded wasmer-engine-universal v2.0.0
[INFO] [stderr]   Downloaded typenum v1.14.0
[INFO] [stderr]   Downloaded unsigned-varint v0.7.1
[INFO] [stderr]   Downloaded cid v0.7.0
[INFO] [stderr]   Downloaded fancy-regex v0.7.1
[INFO] [stderr]   Downloaded num v0.2.1
[INFO] [stderr]   Downloaded iso8601 v0.4.0
[INFO] [stderr]   Downloaded num-cmp v0.1.0
[INFO] [stderr]   Downloaded optional_struct v0.2.0
[INFO] [stderr]   Downloaded wasmer-engine-dylib v2.0.0
[INFO] [stderr]   Downloaded rustversion v1.0.5
[INFO] [stderr]   Downloaded loupe v0.1.3
[INFO] [stderr]   Downloaded proc-macro-crate v1.1.0
[INFO] [stderr]   Downloaded serde_yaml v0.8.21
[INFO] [stderr]   Downloaded darling v0.13.0
[INFO] [stderr]   Downloaded serde_bytes v0.11.5
[INFO] [stderr]   Downloaded more-asserts v0.2.2
[INFO] [stderr]   Downloaded loupe-derive v0.1.3
[INFO] [stderr]   Downloaded ellipse v0.2.0
[INFO] [stderr]   Downloaded wasmer-compiler v2.0.0
[INFO] [stderr]   Downloaded memmap2 v0.2.3
[INFO] [stderr]   Downloaded serde_json v1.0.71
[INFO] [stderr]   Downloaded sk-cbor v0.1.2
[INFO] [stderr]   Downloaded wasmer-compiler-cranelift v2.0.0
[INFO] [stderr]   Downloaded wasmer-derive v2.0.0
[INFO] [stderr]   Downloaded enumset v1.0.8
[INFO] [stderr]   Downloaded data-encoding-macro v0.1.12
[INFO] [stderr]   Downloaded blake2s_simd v0.5.11
[INFO] [stderr]   Downloaded region v2.2.0
[INFO] [stderr]   Downloaded which v4.2.2
[INFO] [stderr]   Downloaded data-encoding-macro-internal v0.1.10
[INFO] [stderr]   Downloaded time-macros v0.2.3
[INFO] [stderr]   Downloaded path-clean v0.1.0
[INFO] [stderr]   Downloaded cranelift-bforest v0.74.0
[INFO] [stderr]   Downloaded libloading v0.7.2
[INFO] [stderr]   Downloaded darling_macro v0.13.0
[INFO] [stderr]   Downloaded wast v38.0.1
[INFO] [stderr]   Downloaded wasmer v2.0.0
[INFO] [stderr]   Downloaded wasmer-vm v2.0.0
[INFO] [stderr]   Downloaded wat v1.0.40
[INFO] [stderr]   Downloaded wasmer-types v2.0.0
[INFO] running `Command { std: "docker" "create" "-v" "/var/lib/crater-agent-workspace/builds/worker-4-tc2/target:/opt/rustwide/target:rw,Z" "-v" "/var/lib/crater-agent-workspace/builds/worker-4-tc2/source:/opt/rustwide/workdir:ro,Z" "-v" "/var/lib/crater-agent-workspace/cargo-home:/opt/rustwide/cargo-home:ro,Z" "-v" "/var/lib/crater-agent-workspace/rustup-home:/opt/rustwide/rustup-home:ro,Z" "-e" "SOURCE_DIR=/opt/rustwide/workdir" "-e" "CARGO_TARGET_DIR=/opt/rustwide/target" "-e" "CARGO_HOME=/opt/rustwide/cargo-home" "-e" "RUSTUP_HOME=/opt/rustwide/rustup-home" "-w" "/opt/rustwide/workdir" "-m" "1610612736" "--user" "0:0" "--network" "none" "ghcr.io/rust-lang/crates-build-env/linux@sha256:5ff2268d62e97bff2cde7d5815dd6ed5b47097566f13b8d0ca110b04b60e07ed" "/opt/rustwide/cargo-home/bin/cargo" "+beta-2023-04-20" "metadata" "--no-deps" "--format-version=1", kill_on_drop: false }`
[INFO] [stdout] 0c8f31b0a092fabfbd2ab223071ed4045cb1daedc172ea97394c24e2efb1cfba
[INFO] running `Command { std: "docker" "start" "-a" "0c8f31b0a092fabfbd2ab223071ed4045cb1daedc172ea97394c24e2efb1cfba", kill_on_drop: false }`
[INFO] running `Command { std: "docker" "inspect" "0c8f31b0a092fabfbd2ab223071ed4045cb1daedc172ea97394c24e2efb1cfba", kill_on_drop: false }`
[INFO] running `Command { std: "docker" "rm" "-f" "0c8f31b0a092fabfbd2ab223071ed4045cb1daedc172ea97394c24e2efb1cfba", kill_on_drop: false }`
[INFO] [stdout] 0c8f31b0a092fabfbd2ab223071ed4045cb1daedc172ea97394c24e2efb1cfba
[INFO] running `Command { std: "docker" "create" "-v" "/var/lib/crater-agent-workspace/builds/worker-4-tc2/target:/opt/rustwide/target:rw,Z" "-v" "/var/lib/crater-agent-workspace/builds/worker-4-tc2/source:/opt/rustwide/workdir:ro,Z" "-v" "/var/lib/crater-agent-workspace/cargo-home:/opt/rustwide/cargo-home:ro,Z" "-v" "/var/lib/crater-agent-workspace/rustup-home:/opt/rustwide/rustup-home:ro,Z" "-e" "SOURCE_DIR=/opt/rustwide/workdir" "-e" "CARGO_TARGET_DIR=/opt/rustwide/target" "-e" "CARGO_INCREMENTAL=0" "-e" "RUST_BACKTRACE=full" "-e" "RUSTFLAGS=--cap-lints=warn" "-e" "RUSTDOCFLAGS=--cap-lints=warn" "-e" "CARGO_HOME=/opt/rustwide/cargo-home" "-e" "RUSTUP_HOME=/opt/rustwide/rustup-home" "-w" "/opt/rustwide/workdir" "-m" "1610612736" "--user" "0:0" "--network" "none" "ghcr.io/rust-lang/crates-build-env/linux@sha256:5ff2268d62e97bff2cde7d5815dd6ed5b47097566f13b8d0ca110b04b60e07ed" "/opt/rustwide/cargo-home/bin/cargo" "+beta-2023-04-20" "build" "--frozen" "--message-format=json", kill_on_drop: false }`
[INFO] [stdout] 842532b5afd1c7a16b73c20d46a173127cd973b311e5c90add82a0439afdfb6b
[INFO] running `Command { std: "docker" "start" "-a" "842532b5afd1c7a16b73c20d46a173127cd973b311e5c90add82a0439afdfb6b", kill_on_drop: false }`
[INFO] [stderr]    Compiling proc-macro2 v1.0.32
[INFO] [stderr]    Compiling syn v1.0.81
[INFO] [stderr]    Compiling libc v0.2.107
[INFO] [stderr]    Compiling serde v1.0.130
[INFO] [stderr]    Compiling version_check v0.9.3
[INFO] [stderr]    Compiling memchr v2.4.1
[INFO] [stderr]    Compiling indexmap v1.7.0
[INFO] [stderr]    Compiling log v0.4.14
[INFO] [stderr]    Compiling strsim v0.10.0
[INFO] [stderr]    Compiling typenum v1.14.0
[INFO] [stderr]    Compiling ident_case v1.0.1
[INFO] [stderr]    Compiling rustversion v1.0.5
[INFO] [stderr]    Compiling generic-array v0.14.4
[INFO] [stderr]    Compiling proc-macro-error-attr v1.0.4
[INFO] [stderr]    Compiling miniz_oxide v0.4.4
[INFO] [stderr]    Compiling rkyv v0.6.7
[INFO] [stderr]    Compiling target-lexicon v0.12.2
[INFO] [stderr]    Compiling quote v1.0.10
[INFO] [stderr]    Compiling num_cpus v1.13.0
[INFO] [stderr]    Compiling proc-macro-error v1.0.4
[INFO] [stderr]    Compiling backtrace v0.3.63
[INFO] [stderr]    Compiling num-traits v0.2.14
[INFO] [stderr]    Compiling gimli v0.26.1
[INFO] [stderr]    Compiling seahash v4.1.0
[INFO] [stderr]    Compiling futures-core v0.3.17
[INFO] [stderr]    Compiling object v0.27.1
[INFO] [stderr]    Compiling tracing-core v0.1.21
[INFO] [stderr]    Compiling wasmer-vm v2.0.0
[INFO] [stderr]    Compiling tokio v1.14.0
[INFO] [stderr]    Compiling rustc-demangle v0.1.21
[INFO] [stderr]    Compiling mio v0.7.14
[INFO] [stderr]    Compiling getrandom v0.2.3
[INFO] [stderr]    Compiling region v2.2.0
[INFO] [stderr]    Compiling num-integer v0.1.44
[INFO] [stderr]    Compiling cranelift-entity v0.74.0
[INFO] [stderr]    Compiling futures-task v0.3.17
[INFO] [stderr]    Compiling more-asserts v0.2.2
[INFO] [stderr]    Compiling crossbeam-epoch v0.9.5
[INFO] [stderr]    Compiling futures-util v0.3.17
[INFO] [stderr]    Compiling wasmparser v0.78.2
[INFO] [stderr]    Compiling crc32fast v1.2.1
[INFO] [stderr]    Compiling cranelift-codegen-shared v0.74.0
[INFO] [stderr]    Compiling addr2line v0.17.0
[INFO] [stderr]    Compiling cranelift-codegen-meta v0.74.0
[INFO] [stderr]    Compiling digest v0.9.0
[INFO] [stderr]    Compiling openssl-sys v0.9.71
[INFO] [stderr]    Compiling num-bigint v0.2.6
[INFO] [stderr]    Compiling arrayref v0.3.6
[INFO] [stderr]    Compiling futures-sink v0.3.17
[INFO] [stderr]    Compiling unicode-width v0.1.9
[INFO] [stderr]    Compiling darling_core v0.13.0
[INFO] [stderr]    Compiling futures-channel v0.3.17
[INFO] [stderr]    Compiling futures-io v0.3.17
[INFO] [stderr]    Compiling constant_time_eq v0.1.5
[INFO] [stderr]    Compiling openssl v0.10.38
[INFO] [stderr]    Compiling tokio-util v0.6.9
[INFO] [stderr]    Compiling rand_core v0.6.3
[INFO] [stderr]    Compiling unicase v2.6.0
[INFO] [stderr]    Compiling num-iter v0.1.42
[INFO] [stderr]    Compiling num-rational v0.2.4
[INFO] [stderr]    Compiling num-complex v0.2.4
[INFO] [stderr]    Compiling unicode-segmentation v1.8.0
[INFO] [stderr]    Compiling ppv-lite86 v0.2.15
[INFO] [stderr]    Compiling stable_deref_trait v1.2.0
[INFO] [stderr]    Compiling block-padding v0.2.1
[INFO] [stderr]    Compiling leb128 v0.2.5
[INFO] [stderr]    Compiling arrayvec v0.5.2
[INFO] [stderr]    Compiling fallible-iterator v0.2.0
[INFO] [stderr]    Compiling either v1.6.1
[INFO] [stderr]    Compiling serde_derive v1.0.130
[INFO] [stderr]    Compiling thiserror-impl v1.0.30
[INFO] [stderr]    Compiling ptr_meta_derive v0.1.4
[INFO] [stderr]    Compiling loupe-derive v0.1.3
[INFO] [stderr]    Compiling darling_macro v0.13.0
[INFO] [stderr]    Compiling ptr_meta v0.1.4
[INFO] [stderr]    Compiling rkyv_derive v0.6.7
[INFO] [stderr]    Compiling tracing-attributes v0.1.18
[INFO] [stderr]    Compiling rustc-hash v1.1.0
[INFO] [stderr]    Compiling regalloc v0.0.31
[INFO] [stderr]    Compiling native-tls v0.2.8
[INFO] [stderr]    Compiling darling v0.13.0
[INFO] [stderr]    Compiling enumset_derive v0.5.5
[INFO] [stderr]    Compiling thiserror v1.0.30
[INFO] [stderr]    Compiling block-buffer v0.9.0
[INFO] [stderr]    Compiling rand_chacha v0.3.1
[INFO] [stderr]    Compiling want v0.3.0
[INFO] [stderr]    Compiling enumset v1.0.8
[INFO] [stderr]    Compiling tracing v0.1.29
[INFO] [stderr]    Compiling crossbeam-deque v0.8.1
[INFO] [stderr]    Compiling cranelift-bforest v0.74.0
[INFO] [stderr]    Compiling atty v0.2.14
[INFO] [stderr]    Compiling memmap2 v0.2.3
[INFO] [stderr]    Compiling socket2 v0.4.2
[INFO] [stderr]    Compiling aho-corasick v0.7.18
[INFO] [stderr]    Compiling nom v5.1.2
[INFO] [stderr]    Compiling blake3 v0.3.8
[INFO] [stderr]    Compiling opaque-debug v0.3.0
[INFO] [stderr]    Compiling data-encoding v2.3.2
[INFO] [stderr]    Compiling serde_json v1.0.71
[INFO] [stderr]    Compiling subtle v2.4.1
[INFO] [stderr]    Compiling crypto-mac v0.8.0
[INFO] [stderr]    Compiling regex v1.5.4
[INFO] [stderr]    Compiling parking_lot_core v0.8.5
[INFO] [stderr]    Compiling rayon-core v1.9.1
[INFO] [stderr]    Compiling data-encoding-macro-internal v0.1.10
[INFO] [stderr]    Compiling cranelift-codegen v0.74.0
[INFO] [stderr]    Compiling rand v0.8.4
[INFO] [stderr]    Compiling tokio-native-tls v0.3.0
[INFO] [stderr]    Compiling heck v0.3.3
[INFO] [stderr]    Compiling textwrap v0.11.0
[INFO] [stderr]    Compiling synstructure v0.12.6
[INFO] [stderr]    Compiling ahash v0.7.6
[INFO] [stderr]    Compiling ansi_term v0.11.0
[INFO] [stderr]    Compiling keccak v0.1.0
[INFO] [stderr]    Compiling unicode-xid v0.0.4
[INFO] [stderr]    Compiling wasmer-compiler-cranelift v2.0.0
[INFO] [stderr]    Compiling cpufeatures v0.2.1
[INFO] [stderr]    Compiling bit-vec v0.6.3
[INFO] [stderr]    Compiling regex-automata v0.1.10
[INFO] [stderr]    Compiling bit-set v0.5.2
[INFO] [stderr]    Compiling clap v2.33.3
[INFO] [stderr]    Compiling sha2 v0.9.8
[INFO] [stderr]    Compiling synom v0.11.3
[INFO] [stderr]    Compiling sha3 v0.9.1
[INFO] [stderr]    Compiling tempfile v3.2.0
[INFO] [stderr]    Compiling serde_bytes v0.11.5
[INFO] [stderr]    Compiling toml v0.5.8
[INFO] [stderr]    Compiling bstr v0.2.17
[INFO] [stderr]    Compiling serde_urlencoded v0.7.0
[INFO] [stderr]    Compiling parking_lot v0.11.2
[INFO] [stderr]    Compiling structopt-derive v0.4.18
[INFO] [stderr]    Compiling loupe v0.1.3
[INFO] [stderr]    Compiling h2 v0.3.7
[INFO] [stderr]    Compiling wasmer-types v2.0.0
[INFO] [stderr]    Compiling gimli v0.24.0
[INFO] [stderr]    Compiling object v0.25.3
[INFO] [stderr]    Compiling proc-macro-crate v1.1.0
[INFO] [stderr]    Compiling multihash-derive v0.7.2
[INFO] [stderr]    Compiling num v0.2.1
[INFO] [stderr]    Compiling data-encoding-macro v0.1.12
[INFO] [stderr]    Compiling mime_guess v2.0.3
[INFO] [stderr]    Compiling rayon v1.5.1
[INFO] [stderr]    Compiling blake2b_simd v0.5.11
[INFO] [stderr]    Compiling blake2s_simd v0.5.11
[INFO] [stderr]    Compiling wasmer-compiler v2.0.0
[INFO] [stderr]    Compiling hyper v0.14.15
[INFO] [stderr]    Compiling which v4.2.2
[INFO] [stderr]    Compiling wast v38.0.1
[INFO] [stderr]    Compiling dirs v1.0.5
[INFO] [stderr]    Compiling csv-core v0.1.10
[INFO] [stderr]    Compiling blake3 v1.2.0
[INFO] [stderr]    Compiling wasmer-engine v2.0.0
[INFO] [stderr]    Compiling wasmer-object v2.0.0
[INFO] [stderr]    Compiling libloading v0.7.2
[INFO] [stderr]    Compiling unsigned-varint v0.7.1
[INFO] [stderr]    Compiling linked-hash-map v0.5.4
[INFO] [stderr]    Compiling time-macros v0.2.3
[INFO] [stderr]    Compiling anyhow v1.0.45
[INFO] [stderr]    Compiling quote v0.3.15
[INFO] [stderr]    Compiling base-x v0.2.8
[INFO] [stderr]    Compiling multibase v0.9.1
[INFO] [stderr]    Compiling syn v0.11.11
[INFO] [stderr]    Compiling yaml-rust v0.4.5
[INFO] [stderr]    Compiling multihash v0.14.0
[INFO] [stderr]    Compiling wasmer-engine-dylib v2.0.0
[INFO] [stderr]    Compiling wasmer-engine-universal v2.0.0
[INFO] [stderr]    Compiling time v0.3.5
[INFO] [stderr]    Compiling wat v1.0.40
[INFO] [stderr]    Compiling csv v1.1.6
[INFO] [stderr]    Compiling hyper-tls v0.5.0
[INFO] [stderr]    Compiling term v0.5.2
[INFO] [stderr]    Compiling reqwest v0.11.6
[INFO] [stderr]    Compiling iso8601 v0.4.0
[INFO] [stderr]    Compiling fraction v0.9.0
[INFO] [stderr]    Compiling structopt v0.3.25
[INFO] [stderr]    Compiling fancy-regex v0.7.1
[INFO] [stderr]    Compiling fxhash v0.2.1
[INFO] [stderr]    Compiling wasmer-derive v2.0.0
[INFO] [stderr]    Compiling terminal_size v0.1.17
[INFO] [stderr]    Compiling fs2 v0.4.3
[INFO] [stderr]    Compiling dirs-sys v0.3.6
[INFO] [stderr]    Compiling uuid v0.8.2
[INFO] [stderr]    Compiling encode_unicode v0.3.6
[INFO] [stderr]    Compiling half v1.8.2
[INFO] [stderr]    Compiling fixedbitset v0.4.0
[INFO] [stderr]    Compiling bytecount v0.6.2
[INFO] [stderr]    Compiling num-cmp v0.1.0
[INFO] [stderr]    Compiling dtoa v0.4.8
[INFO] [stderr]    Compiling arrayvec v0.7.2
[INFO] [stderr]    Compiling serde_cbor v0.11.2
[INFO] [stderr]    Compiling jsonschema v0.13.2
[INFO] [stderr]    Compiling serde_yaml v0.8.21
[INFO] [stderr]    Compiling petgraph v0.6.0
[INFO] [stderr]    Compiling prettytable-rs v0.8.0
[INFO] [stderr]    Compiling dirs v4.0.0
[INFO] [stderr]    Compiling sled v0.34.7
[INFO] [stderr]    Compiling console v0.15.0
[INFO] [stderr]    Compiling optional_struct v0.2.0
[INFO] [stderr]    Compiling cid v0.7.0
[INFO] [stderr]    Compiling bincode v1.3.3
[INFO] [stderr]    Compiling ellipse v0.2.0
[INFO] [stderr]    Compiling path-clean v0.1.0
[INFO] [stderr]    Compiling sk-cbor v0.1.2
[INFO] [stderr]    Compiling humansize v1.1.1
[INFO] [stderr]    Compiling bimap v0.6.1
[INFO] [stderr]    Compiling cranelift-frontend v0.74.0
[INFO] [stderr]    Compiling wasmer v2.0.0
[INFO] [stderr]    Compiling holium v1.0.2 (/opt/rustwide/workdir)
[INFO] [stdout] warning: variant `shaper` should have an upper camel case name
[INFO] [stdout]   --> src/utils/local/context/helpers/mod.rs:45:9
[INFO] [stdout]    |
[INFO] [stdout] 45 |         shaper,
[INFO] [stdout]    |         ^^^^^^ help: convert the identifier to upper camel case (notice the capitalization): `Shaper`
[INFO] [stdout]    |
[INFO] [stdout]    = note: `#[warn(non_camel_case_types)]` on by default
[INFO] [stdout] 
[INFO] [stdout] 
[INFO] [stdout] warning: variant `source` should have an upper camel case name
[INFO] [stdout]   --> src/utils/local/context/helpers/mod.rs:46:9
[INFO] [stdout]    |
[INFO] [stdout] 46 |         source,
[INFO] [stdout]    |         ^^^^^^ help: convert the identifier to upper camel case (notice the capitalization): `Source`
[INFO] [stdout] 
[INFO] [stdout] 
[INFO] [stdout] warning: variant `transformation` should have an upper camel case name
[INFO] [stdout]   --> src/utils/local/context/helpers/mod.rs:47:9
[INFO] [stdout]    |
[INFO] [stdout] 47 |         transformation,
[INFO] [stdout]    |         ^^^^^^^^^^^^^^ help: convert the identifier to upper camel case: `Transformation`
[INFO] [stdout] 
[INFO] [stdout] 
[INFO] [stdout] warning: variant `fromHolium` should have an upper camel case name
[INFO] [stdout]   --> src/utils/local/context/helpers/mod.rs:55:9
[INFO] [stdout]    |
[INFO] [stdout] 55 |         fromHolium,
[INFO] [stdout]    |         ^^^^^^^^^^ help: convert the identifier to upper camel case (notice the capitalization): `FromHolium`
[INFO] [stdout] 
[INFO] [stdout] 
[INFO] [stdout] warning: variant `toHolium` should have an upper camel case name
[INFO] [stdout]   --> src/utils/local/context/helpers/mod.rs:56:9
[INFO] [stdout]    |
[INFO] [stdout] 56 |         toHolium,
[INFO] [stdout]    |         ^^^^^^^^ help: convert the identifier to upper camel case: `ToHolium`
[INFO] [stdout] 
[INFO] [stdout] 
[INFO] [stdout] warning: variant `bin` should have an upper camel case name
[INFO] [stdout]   --> src/utils/repo/models/portation.rs:27:9
[INFO] [stdout]    |
[INFO] [stdout] 27 |         bin,
[INFO] [stdout]    |         ^^^ help: convert the identifier to upper camel case: `Bin`
[INFO] [stdout] 
[INFO] [stdout] 
[INFO] [stdout] warning: variant `cbor` should have an upper camel case name
[INFO] [stdout]   --> src/utils/repo/models/portation.rs:28:9
[INFO] [stdout]    |
[INFO] [stdout] 28 |         cbor,
[INFO] [stdout]    |         ^^^^ help: convert the identifier to upper camel case (notice the capitalization): `Cbor`
[INFO] [stdout] 
[INFO] [stdout] 
[INFO] [stdout] warning: variant `csv` should have an upper camel case name
[INFO] [stdout]   --> src/utils/repo/models/portation.rs:29:9
[INFO] [stdout]    |
[INFO] [stdout] 29 |         csv,
[INFO] [stdout]    |         ^^^ help: convert the identifier to upper camel case (notice the capitalization): `Csv`
[INFO] [stdout] 
[INFO] [stdout] 
[INFO] [stdout] warning: variant `json` should have an upper camel case name
[INFO] [stdout]   --> src/utils/repo/models/portation.rs:30:9
[INFO] [stdout]    |
[INFO] [stdout] 30 |         json,
[INFO] [stdout]    |         ^^^^ help: convert the identifier to upper camel case: `Json`
[INFO] [stdout] 
[INFO] [stdout] 
[INFO] [stdout] warning: unused variable: `v`
[INFO] [stdout]   --> src/utils/run/data/data_tree.rs:64:30
[INFO] [stdout]    |
[INFO] [stdout] 64 |             CborValue::Float(v) => Err(Error::FloatUnhandled.into()),
[INFO] [stdout]    |                              ^ help: if this is intentional, prefix it with an underscore: `_v`
[INFO] [stdout]    |
[INFO] [stdout]    = note: `#[warn(unused_variables)]` on by default
[INFO] [stdout] 
[INFO] [stdout] 
[INFO] [stdout] warning: 10 warnings emitted
[INFO] [stdout] 
[INFO] [stdout] 
[INFO] [stderr]     Finished dev [unoptimized + debuginfo] target(s) in 2m 19s
[INFO] [stderr] warning: the following packages contain code that will be rejected by a future version of Rust: cranelift-codegen-meta v0.74.0, nom v5.1.2, wasmparser v0.78.2
[INFO] [stderr] note: to see what the problems were, use the option `--future-incompat-report`, or run `cargo report future-incompatibilities --id 1`
[INFO] running `Command { std: "docker" "inspect" "842532b5afd1c7a16b73c20d46a173127cd973b311e5c90add82a0439afdfb6b", kill_on_drop: false }`
[INFO] running `Command { std: "docker" "rm" "-f" "842532b5afd1c7a16b73c20d46a173127cd973b311e5c90add82a0439afdfb6b", kill_on_drop: false }`
[INFO] [stdout] 842532b5afd1c7a16b73c20d46a173127cd973b311e5c90add82a0439afdfb6b
[INFO] running `Command { std: "docker" "create" "-v" "/var/lib/crater-agent-workspace/builds/worker-4-tc2/target:/opt/rustwide/target:rw,Z" "-v" "/var/lib/crater-agent-workspace/builds/worker-4-tc2/source:/opt/rustwide/workdir:ro,Z" "-v" "/var/lib/crater-agent-workspace/cargo-home:/opt/rustwide/cargo-home:ro,Z" "-v" "/var/lib/crater-agent-workspace/rustup-home:/opt/rustwide/rustup-home:ro,Z" "-e" "SOURCE_DIR=/opt/rustwide/workdir" "-e" "CARGO_TARGET_DIR=/opt/rustwide/target" "-e" "CARGO_INCREMENTAL=0" "-e" "RUST_BACKTRACE=full" "-e" "RUSTFLAGS=--cap-lints=warn" "-e" "RUSTDOCFLAGS=--cap-lints=warn" "-e" "CARGO_HOME=/opt/rustwide/cargo-home" "-e" "RUSTUP_HOME=/opt/rustwide/rustup-home" "-w" "/opt/rustwide/workdir" "-m" "1610612736" "--user" "0:0" "--network" "none" "ghcr.io/rust-lang/crates-build-env/linux@sha256:5ff2268d62e97bff2cde7d5815dd6ed5b47097566f13b8d0ca110b04b60e07ed" "/opt/rustwide/cargo-home/bin/cargo" "+beta-2023-04-20" "test" "--frozen" "--no-run" "--message-format=json", kill_on_drop: false }`
[INFO] [stdout] 80670e9375f25f17225671783c13411dc4096747a50ad6764a36a9b908205bdc
[INFO] running `Command { std: "docker" "start" "-a" "80670e9375f25f17225671783c13411dc4096747a50ad6764a36a9b908205bdc", kill_on_drop: false }`
[INFO] [stderr]    Compiling same-file v1.0.6
[INFO] [stderr]    Compiling doc-comment v0.3.3
[INFO] [stderr]    Compiling predicates-core v1.0.2
[INFO] [stderr]    Compiling globset v0.4.8
[INFO] [stderr]    Compiling itertools v0.10.1
[INFO] [stderr]    Compiling float-cmp v0.9.0
[INFO] [stderr]    Compiling normalize-line-endings v0.3.0
[INFO] [stderr]    Compiling termtree v0.2.3
[INFO] [stderr]    Compiling walkdir v2.3.2
[INFO] [stderr]    Compiling difflib v0.4.0
[INFO] [stderr]    Compiling predicates-tree v1.0.4
[INFO] [stderr]    Compiling wait-timeout v0.2.0
[INFO] [stdout] warning: variant `shaper` should have an upper camel case name
[INFO] [stdout]   --> src/utils/local/context/helpers/mod.rs:45:9
[INFO] [stdout]    |
[INFO] [stdout] 45 |         shaper,
[INFO] [stdout]    |         ^^^^^^ help: convert the identifier to upper camel case (notice the capitalization): `Shaper`
[INFO] [stdout]    |
[INFO] [stdout]    = note: `#[warn(non_camel_case_types)]` on by default
[INFO] [stdout] 
[INFO] [stdout] 
[INFO] [stdout] warning: variant `source` should have an upper camel case name
[INFO] [stdout]   --> src/utils/local/context/helpers/mod.rs:46:9
[INFO] [stdout]    |
[INFO] [stdout] 46 |         source,
[INFO] [stdout]    |         ^^^^^^ help: convert the identifier to upper camel case (notice the capitalization): `Source`
[INFO] [stdout] 
[INFO] [stdout] 
[INFO] [stdout] warning: variant `transformation` should have an upper camel case name
[INFO] [stdout]   --> src/utils/local/context/helpers/mod.rs:47:9
[INFO] [stdout]    |
[INFO] [stdout] 47 |         transformation,
[INFO] [stdout]    |         ^^^^^^^^^^^^^^ help: convert the identifier to upper camel case: `Transformation`
[INFO] [stdout] 
[INFO] [stdout] 
[INFO] [stdout] warning: variant `fromHolium` should have an upper camel case name
[INFO] [stdout]   --> src/utils/local/context/helpers/mod.rs:55:9
[INFO] [stdout]    |
[INFO] [stdout] 55 |         fromHolium,
[INFO] [stdout]    |         ^^^^^^^^^^ help: convert the identifier to upper camel case (notice the capitalization): `FromHolium`
[INFO] [stdout] 
[INFO] [stdout] 
[INFO] [stdout] warning: variant `toHolium` should have an upper camel case name
[INFO] [stdout]   --> src/utils/local/context/helpers/mod.rs:56:9
[INFO] [stdout]    |
[INFO] [stdout] 56 |         toHolium,
[INFO] [stdout]    |         ^^^^^^^^ help: convert the identifier to upper camel case: `ToHolium`
[INFO] [stdout] 
[INFO] [stdout] 
[INFO] [stdout] warning: variant `bin` should have an upper camel case name
[INFO] [stdout]   --> src/utils/repo/models/portation.rs:27:9
[INFO] [stdout]    |
[INFO] [stdout] 27 |         bin,
[INFO] [stdout]    |         ^^^ help: convert the identifier to upper camel case: `Bin`
[INFO] [stdout] 
[INFO] [stdout] 
[INFO] [stdout] warning: variant `cbor` should have an upper camel case name
[INFO] [stdout]   --> src/utils/repo/models/portation.rs:28:9
[INFO] [stdout]    |
[INFO] [stdout] 28 |         cbor,
[INFO] [stdout]    |         ^^^^ help: convert the identifier to upper camel case (notice the capitalization): `Cbor`
[INFO] [stdout] 
[INFO] [stdout] 
[INFO] [stdout] warning: variant `csv` should have an upper camel case name
[INFO] [stdout]   --> src/utils/repo/models/portation.rs:29:9
[INFO] [stdout]    |
[INFO] [stdout] 29 |         csv,
[INFO] [stdout]    |         ^^^ help: convert the identifier to upper camel case (notice the capitalization): `Csv`
[INFO] [stdout] 
[INFO] [stdout] 
[INFO] [stdout] warning: variant `json` should have an upper camel case name
[INFO] [stdout]   --> src/utils/repo/models/portation.rs:30:9
[INFO] [stdout]    |
[INFO] [stdout] 30 |         json,
[INFO] [stdout]    |         ^^^^ help: convert the identifier to upper camel case: `Json`
[INFO] [stdout] 
[INFO] [stdout] 
[INFO] [stdout] warning: unused variable: `v`
[INFO] [stdout]   --> src/utils/run/data/data_tree.rs:64:30
[INFO] [stdout]    |
[INFO] [stdout] 64 |             CborValue::Float(v) => Err(Error::FloatUnhandled.into()),
[INFO] [stdout]    |                              ^ help: if this is intentional, prefix it with an underscore: `_v`
[INFO] [stdout]    |
[INFO] [stdout]    = note: `#[warn(unused_variables)]` on by default
[INFO] [stdout] 
[INFO] [stdout] 
[INFO] [stdout] warning: 10 warnings emitted
[INFO] [stdout] 
[INFO] [stdout] 
[INFO] [stderr]    Compiling ignore v0.4.18
[INFO] [stderr]    Compiling globwalk v0.8.1
[INFO] [stderr]    Compiling predicates v2.0.3
[INFO] [stderr]    Compiling assert_cmd v2.0.2
[INFO] [stderr]    Compiling assert_fs v1.0.6
[INFO] [stderr]    Compiling holium v1.0.2 (/opt/rustwide/workdir)
[INFO] [stdout] warning: variant `shaper` should have an upper camel case name
[INFO] [stdout]   --> src/utils/local/context/helpers/mod.rs:45:9
[INFO] [stdout]    |
[INFO] [stdout] 45 |         shaper,
[INFO] [stdout]    |         ^^^^^^ help: convert the identifier to upper camel case (notice the capitalization): `Shaper`
[INFO] [stdout]    |
[INFO] [stdout]    = note: `#[warn(non_camel_case_types)]` on by default
[INFO] [stdout] 
[INFO] [stdout] 
[INFO] [stdout] warning: variant `source` should have an upper camel case name
[INFO] [stdout]   --> src/utils/local/context/helpers/mod.rs:46:9
[INFO] [stdout]    |
[INFO] [stdout] 46 |         source,
[INFO] [stdout]    |         ^^^^^^ help: convert the identifier to upper camel case (notice the capitalization): `Source`
[INFO] [stdout] 
[INFO] [stdout] 
[INFO] [stdout] warning: variant `transformation` should have an upper camel case name
[INFO] [stdout]   --> src/utils/local/context/helpers/mod.rs:47:9
[INFO] [stdout]    |
[INFO] [stdout] 47 |         transformation,
[INFO] [stdout]    |         ^^^^^^^^^^^^^^ help: convert the identifier to upper camel case: `Transformation`
[INFO] [stdout] 
[INFO] [stdout] 
[INFO] [stdout] warning: variant `fromHolium` should have an upper camel case name
[INFO] [stdout]   --> src/utils/local/context/helpers/mod.rs:55:9
[INFO] [stdout]    |
[INFO] [stdout] 55 |         fromHolium,
[INFO] [stdout]    |         ^^^^^^^^^^ help: convert the identifier to upper camel case (notice the capitalization): `FromHolium`
[INFO] [stdout] 
[INFO] [stdout] 
[INFO] [stdout] warning: variant `toHolium` should have an upper camel case name
[INFO] [stdout]   --> src/utils/local/context/helpers/mod.rs:56:9
[INFO] [stdout]    |
[INFO] [stdout] 56 |         toHolium,
[INFO] [stdout]    |         ^^^^^^^^ help: convert the identifier to upper camel case: `ToHolium`
[INFO] [stdout] 
[INFO] [stdout] 
[INFO] [stdout] warning: variant `bin` should have an upper camel case name
[INFO] [stdout]   --> src/utils/repo/models/portation.rs:27:9
[INFO] [stdout]    |
[INFO] [stdout] 27 |         bin,
[INFO] [stdout]    |         ^^^ help: convert the identifier to upper camel case: `Bin`
[INFO] [stdout] 
[INFO] [stdout] 
[INFO] [stdout] warning: variant `cbor` should have an upper camel case name
[INFO] [stdout]   --> src/utils/repo/models/portation.rs:28:9
[INFO] [stdout]    |
[INFO] [stdout] 28 |         cbor,
[INFO] [stdout]    |         ^^^^ help: convert the identifier to upper camel case (notice the capitalization): `Cbor`
[INFO] [stdout] 
[INFO] [stdout] 
[INFO] [stdout] warning: variant `csv` should have an upper camel case name
[INFO] [stdout]   --> src/utils/repo/models/portation.rs:29:9
[INFO] [stdout]    |
[INFO] [stdout] 29 |         csv,
[INFO] [stdout]    |         ^^^ help: convert the identifier to upper camel case (notice the capitalization): `Csv`
[INFO] [stdout] 
[INFO] [stdout] 
[INFO] [stdout] warning: variant `json` should have an upper camel case name
[INFO] [stdout]   --> src/utils/repo/models/portation.rs:30:9
[INFO] [stdout]    |
[INFO] [stdout] 30 |         json,
[INFO] [stdout]    |         ^^^^ help: convert the identifier to upper camel case: `Json`
[INFO] [stdout] 
[INFO] [stdout] 
[INFO] [stdout] warning: unused variable: `v`
[INFO] [stdout]   --> src/utils/run/data/data_tree.rs:64:30
[INFO] [stdout]    |
[INFO] [stdout] 64 |             CborValue::Float(v) => Err(Error::FloatUnhandled.into()),
[INFO] [stdout]    |                              ^ help: if this is intentional, prefix it with an underscore: `_v`
[INFO] [stdout]    |
[INFO] [stdout]    = note: `#[warn(unused_variables)]` on by default
[INFO] [stdout] 
[INFO] [stdout] 
[INFO] [stdout] warning: 10 warnings emitted
[INFO] [stdout] 
[INFO] [stdout] 
[INFO] [stderr]     Finished test [unoptimized + debuginfo] target(s) in 28.43s
[INFO] [stderr] warning: the following packages contain code that will be rejected by a future version of Rust: cranelift-codegen-meta v0.74.0, nom v5.1.2, wasmparser v0.78.2
[INFO] [stderr] note: to see what the problems were, use the option `--future-incompat-report`, or run `cargo report future-incompatibilities --id 1`
[INFO] running `Command { std: "docker" "inspect" "80670e9375f25f17225671783c13411dc4096747a50ad6764a36a9b908205bdc", kill_on_drop: false }`
[INFO] running `Command { std: "docker" "rm" "-f" "80670e9375f25f17225671783c13411dc4096747a50ad6764a36a9b908205bdc", kill_on_drop: false }`
[INFO] [stdout] 80670e9375f25f17225671783c13411dc4096747a50ad6764a36a9b908205bdc
[INFO] running `Command { std: "docker" "create" "-v" "/var/lib/crater-agent-workspace/builds/worker-4-tc2/target:/opt/rustwide/target:rw,Z" "-v" "/var/lib/crater-agent-workspace/builds/worker-4-tc2/source:/opt/rustwide/workdir:ro,Z" "-v" "/var/lib/crater-agent-workspace/cargo-home:/opt/rustwide/cargo-home:ro,Z" "-v" "/var/lib/crater-agent-workspace/rustup-home:/opt/rustwide/rustup-home:ro,Z" "-e" "SOURCE_DIR=/opt/rustwide/workdir" "-e" "CARGO_TARGET_DIR=/opt/rustwide/target" "-e" "CARGO_INCREMENTAL=0" "-e" "RUST_BACKTRACE=full" "-e" "RUSTFLAGS=--cap-lints=warn" "-e" "RUSTDOCFLAGS=--cap-lints=warn" "-e" "CARGO_HOME=/opt/rustwide/cargo-home" "-e" "RUSTUP_HOME=/opt/rustwide/rustup-home" "-w" "/opt/rustwide/workdir" "-m" "1610612736" "--user" "0:0" "--network" "none" "ghcr.io/rust-lang/crates-build-env/linux@sha256:5ff2268d62e97bff2cde7d5815dd6ed5b47097566f13b8d0ca110b04b60e07ed" "/opt/rustwide/cargo-home/bin/cargo" "+beta-2023-04-20" "test" "--frozen", kill_on_drop: false }`
[INFO] [stdout] 9f615d1c019c72bc9469608ad7176375cd1262e9e14d3306def2e73ea7a73657
[INFO] running `Command { std: "docker" "start" "-a" "9f615d1c019c72bc9469608ad7176375cd1262e9e14d3306def2e73ea7a73657", kill_on_drop: false }`
[INFO] [stderr] warning: variant `shaper` should have an upper camel case name
[INFO] [stderr]   --> src/utils/local/context/helpers/mod.rs:45:9
[INFO] [stderr]    |
[INFO] [stderr] 45 |         shaper,
[INFO] [stderr]    |         ^^^^^^ help: convert the identifier to upper camel case (notice the capitalization): `Shaper`
[INFO] [stderr]    |
[INFO] [stderr]    = note: `#[warn(non_camel_case_types)]` on by default
[INFO] [stderr] 
[INFO] [stderr] warning: variant `source` should have an upper camel case name
[INFO] [stderr]   --> src/utils/local/context/helpers/mod.rs:46:9
[INFO] [stderr]    |
[INFO] [stderr] 46 |         source,
[INFO] [stderr]    |         ^^^^^^ help: convert the identifier to upper camel case (notice the capitalization): `Source`
[INFO] [stderr] 
[INFO] [stderr] warning: variant `transformation` should have an upper camel case name
[INFO] [stderr]   --> src/utils/local/context/helpers/mod.rs:47:9
[INFO] [stderr]    |
[INFO] [stderr] 47 |         transformation,
[INFO] [stderr]    |         ^^^^^^^^^^^^^^ help: convert the identifier to upper camel case: `Transformation`
[INFO] [stderr] 
[INFO] [stderr] warning: variant `fromHolium` should have an upper camel case name
[INFO] [stderr]   --> src/utils/local/context/helpers/mod.rs:55:9
[INFO] [stderr]    |
[INFO] [stderr] 55 |         fromHolium,
[INFO] [stderr]    |         ^^^^^^^^^^ help: convert the identifier to upper camel case (notice the capitalization): `FromHolium`
[INFO] [stderr] 
[INFO] [stderr] warning: variant `toHolium` should have an upper camel case name
[INFO] [stderr]   --> src/utils/local/context/helpers/mod.rs:56:9
[INFO] [stderr]    |
[INFO] [stderr] 56 |         toHolium,
[INFO] [stderr]    |         ^^^^^^^^ help: convert the identifier to upper camel case: `ToHolium`
[INFO] [stderr] 
[INFO] [stderr] warning: variant `bin` should have an upper camel case name
[INFO] [stderr]   --> src/utils/repo/models/portation.rs:27:9
[INFO] [stderr]    |
[INFO] [stderr] 27 |         bin,
[INFO] [stderr]    |         ^^^ help: convert the identifier to upper camel case: `Bin`
[INFO] [stderr] 
[INFO] [stderr] warning: variant `cbor` should have an upper camel case name
[INFO] [stderr]   --> src/utils/repo/models/portation.rs:28:9
[INFO] [stderr]    |
[INFO] [stderr] 28 |         cbor,
[INFO] [stderr]    |         ^^^^ help: convert the identifier to upper camel case (notice the capitalization): `Cbor`
[INFO] [stderr] 
[INFO] [stderr] warning: variant `csv` should have an upper camel case name
[INFO] [stderr]   --> src/utils/repo/models/portation.rs:29:9
[INFO] [stderr]    |
[INFO] [stderr] 29 |         csv,
[INFO] [stderr]    |         ^^^ help: convert the identifier to upper camel case (notice the capitalization): `Csv`
[INFO] [stderr] 
[INFO] [stderr] warning: variant `json` should have an upper camel case name
[INFO] [stderr]   --> src/utils/repo/models/portation.rs:30:9
[INFO] [stderr]    |
[INFO] [stderr] 30 |         json,
[INFO] [stderr]    |         ^^^^ help: convert the identifier to upper camel case: `Json`
[INFO] [stderr] 
[INFO] [stderr] warning: unused variable: `v`
[INFO] [stderr]   --> src/utils/run/data/data_tree.rs:64:30
[INFO] [stderr]    |
[INFO] [stderr] 64 |             CborValue::Float(v) => Err(Error::FloatUnhandled.into()),
[INFO] [stderr]    |                              ^ help: if this is intentional, prefix it with an underscore: `_v`
[INFO] [stderr]    |
[INFO] [stderr]    = note: `#[warn(unused_variables)]` on by default
[INFO] [stderr] 
[INFO] [stderr] warning: `holium` (bin "holium") generated 10 warnings (run `cargo fix --bin "holium"` to apply 1 suggestion)
[INFO] [stderr] warning: `holium` (bin "holium" test) generated 10 warnings (10 duplicates)
[INFO] [stderr]     Finished test [unoptimized + debuginfo] target(s) in 0.55s
[INFO] [stderr] warning: the following packages contain code that will be rejected by a future version of Rust: cranelift-codegen-meta v0.74.0, nom v5.1.2, wasmparser v0.78.2
[INFO] [stderr] note: to see what the problems were, use the option `--future-incompat-report`, or run `cargo report future-incompatibilities --id 1`
[INFO] [stderr]      Running unittests src/main.rs (/opt/rustwide/target/debug/deps/holium-d1ca07910e018c40)
[INFO] [stdout] 
[INFO] [stdout] running 46 tests
[INFO] [stdout] test utils::interplanetary::multiformats::tests::test_cid_to_object_path_to_cid ... ok
[INFO] [stdout] test utils::local::context::helpers::test::cannot_validate_node_name_with_arrow_character ... ok
[INFO] [stdout] test utils::interplanetary::multiformats::tests::test_cid_to_object_path ... ok
[INFO] [stdout] test utils::local::context::helpers::test::can_validate_node_name ... ok
[INFO] [stdout] test utils::interplanetary::multiformats::tests::test_object_path_to_cid ... ok
[INFO] [stdout] test utils::interplanetary::multiformats::tests::can_get_multihash_from_blake3_hash ... ok
[INFO] [stdout] test utils::local::context::helpers::test::can_build_node_typed_name ... ok
[INFO] [stdout] test utils::local::context::helpers::test::test_parse_invalid_direction_portation_id ... ok
[INFO] [stdout] test utils::local::helpers::bytecode::test::cannot_get_bytes_on_non_wasm_file ... ok
[INFO] [stdout] test utils::local::helpers::bytecode::test::cannot_get_bytes_on_non_existent_path ... ok
[INFO] [stdout] test utils::local::context::helpers::test::test_parse_invalid_portation_id ... ok
[INFO] [stdout] test utils::local::helpers::jsonschema::test::can_validate_prefix_items ... ok
[INFO] [stdout] test utils::local::helpers::bytecode::test::can_get_bytes ... ok
[INFO] [stdout] test utils::local::helpers::jsonschema::test::can_validate_items ... ok
[INFO] [stdout] test utils::local::helpers::jsonschema::test::can_validate_proper_object ... ok
[INFO] [stdout] test utils::local::context::helpers::test::test_parse_valid_portation_id ... ok
[INFO] [stdout] test utils::local::helpers::jsonschema::test::can_validate_with_type_non_recursive ... ok
[INFO] [stdout] test utils::local::helpers::jsonschema::test::cannot_validate_if_type_bad_value ... ok
[INFO] [stdout] test utils::local::helpers::jsonschema::test::cannot_validate_if_type_is_not_string ... ok
[INFO] [stdout] test utils::local::helpers::jsonschema::test::cannot_validate_if_no_items_or_prefix_items_in_schema ... ok
[INFO] [stdout] test utils::local::helpers::jsonschema::test::cannot_validate_non_json_string ... ok
[INFO] [stdout] test utils::local::helpers::prints::json::test::can_truncate_long_json ... ok
[INFO] [stdout] test utils::local::helpers::jsonschema::test::cannot_validate_type_object_if_no_properties ... ok
[INFO] [stdout] test utils::local::helpers::selector::test::cannot_validate_non_json_string ... ok
[INFO] [stdout] test utils::local::helpers::jsonschema::test::cannot_validate_if_items_not_object ... ok
[INFO] [stdout] test utils::repo::ports::formats::cbor::tests::can_import_cbor_boolean_value ... ok
[INFO] [stdout] test utils::repo::ports::formats::cbor::tests::can_import_cbor_map_value ... ok
[INFO] [stdout] test utils::repo::ports::formats::json::tests::can_import_json_boolean_value ... ok
[INFO] [stdout] test utils::local::helpers::jsonschema::test::can_validate_with_type_recursive ... ok
[INFO] [stdout] test utils::local::helpers::jsonschema::test::cannot_validate_type_object_if_properties_is_not_object ... ok
[INFO] [stdout] test utils::local::helpers::prints::json::test::can_prettify_json ... ok
[INFO] [stdout] test utils::local::helpers::prints::json::test::cannot_prettify_non_json ... ok
[INFO] [stdout] test utils::repo::ports::formats::json::tests::can_import_json_object_value ... ok
[INFO] [stdout] test utils::repo::ports::formats::json::tests::can_import_json_bytes_value ... ok
[INFO] [stdout] test utils::local::helpers::jsonschema::test::cannot_validate_if_not_object ... ok
[INFO] [stdout] test utils::run::data::data_tree::tests::can_represent_boolean_value ... ok
[INFO] [stdout] test utils::run::data::data_tree::tests::can_represent_array ... ok
[INFO] [stdout] test utils::run::data::data_tree::tests::can_import_tagged_value ... ok
[INFO] [stdout] test utils::run::data::data_tree::tests::can_represent_map ... ok
[INFO] [stdout] test utils::repo::ports::formats::json::tests::cannot_import_boolean_with_wrong_schema ... ok
[INFO] [stdout] test utils::run::data::data_tree::tests::can_represent_null_value ... ok
[INFO] [stdout] test utils::local::helpers::jsonschema::test::cannot_validate_if_prefix_items_not_array ... ok
[INFO] [stdout] test utils::local::helpers::selector::test::cannot_validate_non_valid_json_object ... ok
[INFO] [stdout] test utils::run::runtime::memory::tests::can_read_from_memory ... ok
[INFO] [stdout] test utils::run::runtime::memory::tests::can_write_on_memory ... ok
[INFO] [stdout] test utils::run::runtime::tests::can_instantiate_wasm_module ... ok
[INFO] [stdout] 
[INFO] [stdout] test result: ok. 46 passed; 0 failed; 0 ignored; 0 measured; 0 filtered out; finished in 0.13s
[INFO] [stdout] 
[INFO] [stderr]      Running tests/main.rs (/opt/rustwide/target/debug/deps/main-5a3269343e930cc4)
[INFO] [stdout] 
[INFO] [stdout] running 129 tests
[INFO] [stdout] test commands::connection::create::cannot_create_connection_with_non_valid_tail_selector ... ok
[INFO] [stdout] test commands::connection::create::cannot_create_connection_with_non_parsable_tail_selector ... ok
[INFO] [stdout] test commands::connection::create::cannot_create_connection_with_non_valid_head_type ... ok
[INFO] [stdout] test commands::connection::create::cannot_create_connection_with_non_parsable_head_selector ... ok
[INFO] [stdout] test commands::connection::create::cannot_create_connection_with_non_existent_tail_node ... ok
[INFO] [stdout] test commands::connection::create::cannot_create_connection_with_non_valid_head_selector ... ok
[INFO] [stdout] test commands::connection::create::cannot_create_connection_with_non_existent_head_node ... ok
[INFO] [stdout] test commands::connection::create::cannot_create_connection_without_head_name ... ok
[INFO] [stdout] test commands::connection::create::cannot_create_connection_without_head_selector ... ok
[INFO] [stdout] test commands::connection::create::cannot_create_connection_with_non_valid_tail_type ... ok
[INFO] [stdout] test commands::connection::create::help_available ... ok
[INFO] [stdout] test commands::connection::create::cannot_create_connection_without_any_positional_arg ... ok
[INFO] [stdout] test commands::connection::create::cannot_create_connection_without_tail_name ... ok
[INFO] [stdout] test commands::connection::delete::help_available ... ok
[INFO] [stdout] test commands::connection::create::cannot_create_connection_without_head_type ... ok
[INFO] [stdout] test commands::connection::list::can_list_with_no_connection ... ok
[INFO] [stdout] test commands::connection::list::help_available ... ok
[INFO] [stdout] test commands::connection::create::cannot_create_connection_without_tail_selector ... ok
[INFO] [stdout] test commands::connection::read::cannot_read_connection_without_name ... ok
[INFO] [stdout] test commands::connection::delete::cannot_delete_connection_without_id ... ok
[INFO] [stdout] test commands::connection::read::help_available ... ok
[INFO] [stdout] test commands::connection::read::cannot_read_non_existent_connection ... ok
[INFO] [stdout] test commands::connection::create::can_create_connection ... ok
[INFO] [stdout] test commands::connection::create::cannot_create_connection_without_tail_type ... ok
[INFO] [stdout] test commands::connection::delete::can_delete_connection ... ok
[INFO] [stdout] test commands::connection::delete::cannot_delete_non_existent_connection ... ok
[INFO] [stdout] test commands::connection::list::can_list_with_connection ... FAILED
[INFO] [stdout] test commands::connection::read::can_read_connection ... FAILED
[INFO] [stdout] test commands::connection::update::help_available ... ok
[INFO] [stdout] test commands::init::can_init_twice_with_the_force_option ... ok
[INFO] [stdout] test commands::init::can_init_with_no_dvc_with_option ... ok
[INFO] [stdout] test commands::init::can_init_with_no_scm_with_option ... ok
[INFO] [stdout] test commands::init::cannot_init_with_no_dvc_by_default ... ok
[INFO] [stdout] test commands::init::cannot_init_with_no_scm_by_default ... ok
[INFO] [stdout] test commands::init::cannot_unsafely_init_twice ... ok
[INFO] [stdout] test commands::init::cli_is_callable ... ok
[INFO] [stdout] test commands::init::init_cmd_creates_project_structure ... ok
[INFO] [stdout] test commands::connection::update::cannot_update_connection_with_non_parsable_head_selector ... ok
[INFO] [stdout] test commands::shaper::create::cannot_create_shaper_outside_repo ... ok
[INFO] [stdout] test commands::connection::update::cannot_update_connection_with_non_parsable_tail_selector ... ok
[INFO] [stdout] test commands::shaper::create::cannot_create_shaper_with_non_parsable_json_schema ... ok
[INFO] [stdout] test commands::connection::update::can_update_connection_without_any_positional_arg ... ok
[INFO] [stdout] test commands::shaper::create::cannot_create_shaper_without_any_positional_arg ... ok
[INFO] [stdout] test commands::connection::update::cannot_update_connection_with_non_valid_head_selector ... ok
[INFO] [stdout] test commands::shaper::create::help_available ... ok
[INFO] [stdout] test commands::shaper::create::cannot_create_shaper_without_json_schema ... ok
[INFO] [stdout] test commands::shaper::create::cannot_create_shaper_without_name ... ok
[INFO] [stdout] test commands::connection::update::can_update_connection ... FAILED
[INFO] [stdout] test commands::shaper::create::cannot_create_shaper ... FAILED
[INFO] [stdout] test commands::shaper::delete::help_available ... ok
[INFO] [stdout] test commands::shaper::delete::cannot_delete_shaper_without_name ... ok
[INFO] [stdout] test commands::shaper::list::help_available ... ok
[INFO] [stdout] test commands::shaper::create::cannot_create_shaper_with_non_valid_json_schema ... ok
[INFO] [stdout] test commands::shaper::delete::cannot_delete_non_existent_shaper ... ok
[INFO] [stdout] test commands::connection::update::cannot_update_connection_without_id ... ok
[INFO] [stdout] test commands::shaper::read::help_available ... ok
[INFO] [stdout] test commands::shaper::list::can_list_with_no_shaper ... ok
[INFO] [stdout] test commands::shaper::read::cannot_read_shaper_without_name ... ok
[INFO] [stdout] test commands::connection::update::cannot_update_connection_with_non_valid_tail_selector ... ok
[INFO] [stdout] test commands::shaper::read::cannot_read_non_existent_shaper ... ok
[INFO] [stdout] test commands::shaper::update::cannot_update_shaper_without_name ... ok
[INFO] [stdout] test commands::shaper::update::help_available ... ok
[INFO] [stdout] test commands::shaper::delete::can_delete_shaper ... ok
[INFO] [stdout] test commands::source::commands::create::cannot_create_source_outside_repo ... ok
[INFO] [stdout] test commands::shaper::list::can_list_with_shaper ... FAILED
[INFO] [stdout] test commands::shaper::update::cannot_update_shaper_with_non_parsable_json_schema ... ok
[INFO] [stdout] test commands::shaper::read::can_read_shaper ... FAILED
[INFO] [stdout] test commands::shaper::update::can_update_shaper_without_any_positional_arg ... ok
[INFO] [stdout] test commands::source::commands::create::cannot_create_source_without_name ... ok
[INFO] [stdout] test commands::source::commands::create::help_available ... ok
[INFO] [stdout] test commands::source::commands::create::cannot_create_source_without_any_positional_arg ... ok
[INFO] [stdout] test commands::source::commands::create::cannot_create_source_without_json_schema ... ok
[INFO] [stdout] test commands::source::commands::delete::cannot_delete_source_without_name ... ok
[INFO] [stdout] test commands::source::commands::delete::help_available ... ok
[INFO] [stdout] test commands::shaper::update::cannot_update_shaper_with_non_valid_json_schema ... ok
[INFO] [stdout] test commands::source::commands::create::cannot_create_source_with_non_parsable_json_schema ... ok
[INFO] [stdout] test commands::source::commands::list::help_available ... ok
[INFO] [stdout] test commands::source::commands::list::can_list_with_no_source ... ok
[INFO] [stdout] test commands::source::commands::create::cannot_create_source ... FAILED
[INFO] [stdout] test commands::source::commands::create::cannot_create_source_with_non_valid_json_schema ... ok
[INFO] [stdout] test commands::source::commands::read::cannot_read_source_without_name ... ok
[INFO] [stdout] test commands::source::commands::read::help_available ... ok
[INFO] [stdout] test commands::source::commands::delete::cannot_delete_non_existent_source ... ok
[INFO] [stdout] test commands::shaper::update::can_update_shaper ... FAILED
[INFO] [stdout] test commands::source::commands::update::cannot_update_source_without_name ... ok
[INFO] [stdout] test commands::source::commands::read::cannot_read_non_existent_source ... ok
[INFO] [stdout] test commands::source::commands::update::help_available ... ok
[INFO] [stdout] test commands::source::commands::update::cannot_update_source_with_non_valid_json_schema ... ok
[INFO] [stdout] test commands::transformation::commands::create::cannot_create_transformation_outside_repo ... ok
[INFO] [stdout] test commands::source::commands::list::can_list_with_source ... FAILED
[INFO] [stdout] test commands::source::commands::update::cannot_update_source_with_non_parsable_json_schema ... ok
[INFO] [stdout] test commands::source::commands::update::can_update_source_without_any_positional_arg ... ok
[INFO] [stdout] test commands::source::commands::delete::can_delete_source ... ok
[INFO] [stdout] test commands::transformation::commands::create::cannot_create_transformation_which_bytecode_lacks_wasm_magic_number ... ok
[INFO] [stdout] test commands::transformation::commands::create::cannot_create_transformation_without_any_positional_arg ... ok
[INFO] [stdout] test commands::transformation::commands::create::cannot_create_transformation_without_bytecode ... ok
[INFO] [stdout] test commands::transformation::commands::create::cannot_create_transformation_without_handle ... ok
[INFO] [stdout] test commands::transformation::commands::create::cannot_create_transformation_with_incorrect_json_schema_in ... ok
[INFO] [stdout] test commands::transformation::commands::create::cannot_create_transformation_with_incorrect_json_schema_out ... ok
[INFO] [stdout] test commands::source::commands::update::can_update_source ... FAILED
[INFO] [stdout] test commands::transformation::commands::create::cannot_create_transformation_without_json_schema_in ... ok
[INFO] [stdout] test commands::transformation::commands::create::help_available ... ok
[INFO] [stdout] test commands::transformation::commands::create::cannot_create_transformation_without_json_schema_out ... ok
[INFO] [stdout] test commands::transformation::commands::create::cannot_create_transformation_with_non_valid_json_object_in ... ok
[INFO] [stdout] test commands::transformation::commands::create::cannot_create_transformation_without_name ... ok
[INFO] [stdout] test commands::transformation::commands::delete::help_available ... ok
[INFO] [stdout] test commands::transformation::commands::help_available ... ok
[INFO] [stdout] test commands::transformation::commands::delete::cannot_delete_transformation_without_name ... ok
[INFO] [stdout] test commands::transformation::commands::list::help_available ... ok
[INFO] [stdout] test commands::transformation::commands::create::can_create_transformation ... FAILED
[INFO] [stdout] test commands::transformation::commands::create::can_create_transformation_with_same_options_but_different_name ... ok
[INFO] [stdout] test commands::transformation::commands::create::cannot_create_transformation_with_non_valid_json_object_out ... ok
[INFO] [stdout] test commands::transformation::commands::read::help_available ... ok
[INFO] [stdout] test commands::transformation::commands::read::cannot_read_transformation_without_name ... ok
[INFO] [stdout] test commands::transformation::commands::list::can_list_with_no_transformation ... ok
[INFO] [stdout] test commands::transformation::commands::read::cannot_read_non_existent_transformation ... ok
[INFO] [stdout] test commands::transformation::commands::delete::cannot_delete_non_existent_transformation ... ok
[INFO] [stdout] test commands::transformation::commands::read::can_read_transformation ... FAILED
[INFO] [stdout] test commands::transformation::commands::update::cannot_update_transformation_with_incorrect_json_schema_in ... ok
[INFO] [stdout] test commands::transformation::commands::delete::can_delete_transformation ... ok
[INFO] [stdout] test commands::transformation::commands::list::can_list_with_transformation ... FAILED
[INFO] [stdout] test commands::transformation::commands::update::cannot_update_transformation_without_name ... ok
[INFO] [stdout] test commands::transformation::commands::update::help_available ... ok
[INFO] [stdout] test commands::transformation::commands::update::can_update_transformation_without_any_positional_arg ... ok
[INFO] [stdout] test commands::transformation::commands::update::cannot_update_transformation_which_bytecode_lacks_wasm_magic_number ... ok
[INFO] [stdout] test commands::transformation::commands::update::cannot_update_transformation_with_incorrect_json_schema_out ... ok
[INFO] [stdout] test commands::transformation::commands::update::can_update_transformation ... FAILED
[INFO] [stdout] test commands::transformation::commands::update::cannot_update_transformation_with_non_valid_json_object_in ... ok
[INFO] [stdout] test commands::transformation::commands::update::cannot_update_transformation_with_non_valid_json_object_out ... ok
[INFO] [stdout] 
[INFO] [stdout] failures:
[INFO] [stdout] 
[INFO] [stdout] ---- commands::connection::list::can_list_with_connection stdout ----
[INFO] [stdout] thread 'commands::connection::list::can_list_with_connection' panicked at 'Unexpected failure.
[INFO] [stdout] code-<interrupted>
[INFO] [stdout] stderr=```""```
[INFO] [stdout] command=`cd "/tmp/.tmpiIxKO8" && "/opt/rustwide/target/debug/holium" "connection" "list"`
[INFO] [stdout] code=<interrupted>
[INFO] [stdout] stdout=""
[INFO] [stdout] stderr=""
[INFO] [stdout] ', /rustc/1b7dd2252b99671ce5d1cb9664c5f8636329436d/library/core/src/ops/function.rs:250:5
[INFO] [stdout] stack backtrace:
[INFO] [stdout]    0:     0x55f7c3db00ea - std::backtrace_rs::backtrace::libunwind::trace::h2f05d0192276a8f6
[INFO] [stdout]                                at /rustc/1b7dd2252b99671ce5d1cb9664c5f8636329436d/library/std/src/../../backtrace/src/backtrace/libunwind.rs:93:5
[INFO] [stdout]    1:     0x55f7c3db00ea - std::backtrace_rs::backtrace::trace_unsynchronized::hedc23dff7a1af150
[INFO] [stdout]                                at /rustc/1b7dd2252b99671ce5d1cb9664c5f8636329436d/library/std/src/../../backtrace/src/backtrace/mod.rs:66:5
[INFO] [stdout]    2:     0x55f7c3db00ea - std::sys_common::backtrace::_print_fmt::h17541ef7592f3ce2
[INFO] [stdout]                                at /rustc/1b7dd2252b99671ce5d1cb9664c5f8636329436d/library/std/src/sys_common/backtrace.rs:65:5
[INFO] [stdout]    3:     0x55f7c3db00ea - <std::sys_common::backtrace::_print::DisplayBacktrace as core::fmt::Display>::fmt::h20f75df5ab0c0792
[INFO] [stdout]                                at /rustc/1b7dd2252b99671ce5d1cb9664c5f8636329436d/library/std/src/sys_common/backtrace.rs:44:22
[INFO] [stdout]    4:     0x55f7c3dd55df - core::fmt::write::h78109e6f466b3af6
[INFO] [stdout]                                at /rustc/1b7dd2252b99671ce5d1cb9664c5f8636329436d/library/core/src/fmt/mod.rs:1254:17
[INFO] [stdout]    5:     0x55f7c3dacda5 - std::io::Write::write_fmt::hd24bfb68a1b35a25
[INFO] [stdout]                                at /rustc/1b7dd2252b99671ce5d1cb9664c5f8636329436d/library/std/src/io/mod.rs:1698:15
[INFO] [stdout]    6:     0x55f7c3dafeb5 - std::sys_common::backtrace::_print::h8dac57a9f8fbf9a5
[INFO] [stdout]                                at /rustc/1b7dd2252b99671ce5d1cb9664c5f8636329436d/library/std/src/sys_common/backtrace.rs:47:5
[INFO] [stdout]    7:     0x55f7c3dafeb5 - std::sys_common::backtrace::print::hf9ecbf41d1aa712f
[INFO] [stdout]                                at /rustc/1b7dd2252b99671ce5d1cb9664c5f8636329436d/library/std/src/sys_common/backtrace.rs:34:9
[INFO] [stdout]    8:     0x55f7c3db1bee - std::panicking::default_hook::{{closure}}::h04c07acfc84ca028
[INFO] [stdout]                                at /rustc/1b7dd2252b99671ce5d1cb9664c5f8636329436d/library/std/src/panicking.rs:269:22
[INFO] [stdout]    9:     0x55f7c3db1921 - std::panicking::default_hook::h01f6bb23e1eceb2c
[INFO] [stdout]                                at /rustc/1b7dd2252b99671ce5d1cb9664c5f8636329436d/library/std/src/panicking.rs:285:9
[INFO] [stdout]   10:     0x55f7c3d07fab - <alloc::boxed::Box<F,A> as core::ops::function::Fn<Args>>::call::h87fe9f7b2fd49e4c
[INFO] [stdout]                                at /rustc/1b7dd2252b99671ce5d1cb9664c5f8636329436d/library/alloc/src/boxed.rs:1987:9
[INFO] [stdout]   11:     0x55f7c3d07fab - test::test_main::{{closure}}::he94d679243a7531b
[INFO] [stdout]                                at /rustc/1b7dd2252b99671ce5d1cb9664c5f8636329436d/library/test/src/lib.rs:134:21
[INFO] [stdout]   12:     0x55f7c3db22d4 - <alloc::boxed::Box<F,A> as core::ops::function::Fn<Args>>::call::h3f2d6d8b14c4769f
[INFO] [stdout]                                at /rustc/1b7dd2252b99671ce5d1cb9664c5f8636329436d/library/alloc/src/boxed.rs:1987:9
[INFO] [stdout]   13:     0x55f7c3db22d4 - std::panicking::rust_panic_with_hook::h2bb3722bbaf2f6df
[INFO] [stdout]                                at /rustc/1b7dd2252b99671ce5d1cb9664c5f8636329436d/library/std/src/panicking.rs:695:13
[INFO] [stdout]   14:     0x55f7c3db2049 - std::panicking::begin_panic_handler::{{closure}}::h91bc7f36a4be011b
[INFO] [stdout]                                at /rustc/1b7dd2252b99671ce5d1cb9664c5f8636329436d/library/std/src/panicking.rs:582:13
[INFO] [stdout]   15:     0x55f7c3db0556 - std::sys_common::backtrace::__rust_end_short_backtrace::h8b3d3717114f9e59
[INFO] [stdout]                                at /rustc/1b7dd2252b99671ce5d1cb9664c5f8636329436d/library/std/src/sys_common/backtrace.rs:150:18
[INFO] [stdout]   16:     0x55f7c3db1da2 - rust_begin_unwind
[INFO] [stdout]                                at /rustc/1b7dd2252b99671ce5d1cb9664c5f8636329436d/library/std/src/panicking.rs:578:5
[INFO] [stdout]   17:     0x55f7c3cb2393 - core::panicking::panic_fmt::hfd368e3fbdabea26
[INFO] [stdout]                                at /rustc/1b7dd2252b99671ce5d1cb9664c5f8636329436d/library/core/src/panicking.rs:67:14
[INFO] [stdout]   18:     0x55f7c3d59fef - core::panicking::panic_display::h982cd91f3cb2e7ea
[INFO] [stdout]                                at /rustc/1b7dd2252b99671ce5d1cb9664c5f8636329436d/library/core/src/panicking.rs:150:5
[INFO] [stdout]   19:     0x55f7c3d53e97 - assert_cmd::assert::AssertError::panic::h94f22ef3321068d6
[INFO] [stdout]                                at /opt/rustwide/cargo-home/registry/src/index.crates.io-6f17d22bba15001f/assert_cmd-2.0.2/src/assert.rs:1036:9
[INFO] [stdout]   20:     0x55f7c3d54577 - core::ops::function::FnOnce::call_once::h1761df732078768c
[INFO] [stdout]                                at /rustc/1b7dd2252b99671ce5d1cb9664c5f8636329436d/library/core/src/ops/function.rs:250:5
[INFO] [stdout]   21:     0x55f7c3d51f20 - core::result::Result<T,E>::unwrap_or_else::hc6054b815f76dd96
[INFO] [stdout]                                at /rustc/1b7dd2252b99671ce5d1cb9664c5f8636329436d/library/core/src/result.rs:1464:23
[INFO] [stdout]   22:     0x55f7c3d532fa - assert_cmd::assert::Assert::success::hbccec6d2b60dd426
[INFO] [stdout]                                at /opt/rustwide/cargo-home/registry/src/index.crates.io-6f17d22bba15001f/assert_cmd-2.0.2/src/assert.rs:156:9
[INFO] [stdout]   23:     0x55f7c3ccb090 - main::commands::connection::list::can_list_with_connection::h56b0eadc3683ca23
[INFO] [stdout]                                at /opt/rustwide/workdir/tests/commands/connection/list.rs:49:5
[INFO] [stdout]   24:     0x55f7c3ccae97 - main::commands::connection::list::can_list_with_connection::{{closure}}::h097b8ade7b030ea6
[INFO] [stdout]                                at /opt/rustwide/workdir/tests/commands/connection/list.rs:36:31
[INFO] [stdout]   25:     0x55f7c3cc0385 - core::ops::function::FnOnce::call_once::h6abb75a1eba1c8e5
[INFO] [stdout]                                at /rustc/1b7dd2252b99671ce5d1cb9664c5f8636329436d/library/core/src/ops/function.rs:250:5
[INFO] [stdout]   26:     0x55f7c3d0ce7f - core::ops::function::FnOnce::call_once::ha6a70e79f7481a7e
[INFO] [stdout]                                at /rustc/1b7dd2252b99671ce5d1cb9664c5f8636329436d/library/core/src/ops/function.rs:250:5
[INFO] [stdout]   27:     0x55f7c3d0ce7f - test::__rust_begin_short_backtrace::hce33033019b61e69
[INFO] [stdout]                                at /rustc/1b7dd2252b99671ce5d1cb9664c5f8636329436d/library/test/src/lib.rs:655:18
[INFO] [stdout]   28:     0x55f7c3cda66c - test::run_test::{{closure}}::h858d3528838ae3e5
[INFO] [stdout]                                at /rustc/1b7dd2252b99671ce5d1cb9664c5f8636329436d/library/test/src/lib.rs:646:30
[INFO] [stdout]   29:     0x55f7c3cda66c - core::ops::function::FnOnce::call_once{{vtable.shim}}::he8ac2b00f01ae79e
[INFO] [stdout]                                at /rustc/1b7dd2252b99671ce5d1cb9664c5f8636329436d/library/core/src/ops/function.rs:250:5
[INFO] [stdout]   30:     0x55f7c3d0bf56 - <alloc::boxed::Box<F,A> as core::ops::function::FnOnce<Args>>::call_once::h8093d25b522725ef
[INFO] [stdout]                                at /rustc/1b7dd2252b99671ce5d1cb9664c5f8636329436d/library/alloc/src/boxed.rs:1973:9
[INFO] [stdout]   31:     0x55f7c3d0bf56 - <core::panic::unwind_safe::AssertUnwindSafe<F> as core::ops::function::FnOnce<()>>::call_once::h5c334c204e4a3913
[INFO] [stdout]                                at /rustc/1b7dd2252b99671ce5d1cb9664c5f8636329436d/library/core/src/panic/unwind_safe.rs:271:9
[INFO] [stdout]   32:     0x55f7c3d0bf56 - std::panicking::try::do_call::ha8b740c7b9478074
[INFO] [stdout]                                at /rustc/1b7dd2252b99671ce5d1cb9664c5f8636329436d/library/std/src/panicking.rs:485:40
[INFO] [stdout]   33:     0x55f7c3d0bf56 - std::panicking::try::h5d34f63d0e41b64e
[INFO] [stdout]                                at /rustc/1b7dd2252b99671ce5d1cb9664c5f8636329436d/library/std/src/panicking.rs:449:19
[INFO] [stdout]   34:     0x55f7c3d0bf56 - std::panic::catch_unwind::hcfbb511e1aa7fc67
[INFO] [stdout]                                at /rustc/1b7dd2252b99671ce5d1cb9664c5f8636329436d/library/std/src/panic.rs:140:14
[INFO] [stdout]   35:     0x55f7c3d0bf56 - test::run_test_in_process::h9abda90f802eaf21
[INFO] [stdout]                                at /rustc/1b7dd2252b99671ce5d1cb9664c5f8636329436d/library/test/src/lib.rs:678:27
[INFO] [stdout]   36:     0x55f7c3d0bf56 - test::run_test::run_test_inner::{{closure}}::h0f058de91f6c6edf
[INFO] [stdout]                                at /rustc/1b7dd2252b99671ce5d1cb9664c5f8636329436d/library/test/src/lib.rs:572:39
[INFO] [stdout]   37:     0x55f7c3cd4e75 - test::run_test::run_test_inner::{{closure}}::h5ca48a4c59c6c1fb
[INFO] [stdout]                                at /rustc/1b7dd2252b99671ce5d1cb9664c5f8636329436d/library/test/src/lib.rs:599:37
[INFO] [stdout]   38:     0x55f7c3cd4e75 - std::sys_common::backtrace::__rust_begin_short_backtrace::h32bd51e1495d4a33
[INFO] [stdout]                                at /rustc/1b7dd2252b99671ce5d1cb9664c5f8636329436d/library/std/src/sys_common/backtrace.rs:134:18
[INFO] [stdout]   39:     0x55f7c3cda3b1 - std::thread::Builder::spawn_unchecked_::{{closure}}::{{closure}}::hc086fae9b128b2db
[INFO] [stdout]                                at /rustc/1b7dd2252b99671ce5d1cb9664c5f8636329436d/library/std/src/thread/mod.rs:526:17
[INFO] [stdout]   40:     0x55f7c3cda3b1 - <core::panic::unwind_safe::AssertUnwindSafe<F> as core::ops::function::FnOnce<()>>::call_once::hb66571888d270d43
[INFO] [stdout]                                at /rustc/1b7dd2252b99671ce5d1cb9664c5f8636329436d/library/core/src/panic/unwind_safe.rs:271:9
[INFO] [stdout]   41:     0x55f7c3cda3b1 - std::panicking::try::do_call::h4fa2ef4f6e51fecf
[INFO] [stdout]                                at /rustc/1b7dd2252b99671ce5d1cb9664c5f8636329436d/library/std/src/panicking.rs:485:40
[INFO] [stdout]   42:     0x55f7c3cda3b1 - std::panicking::try::h1e9e22b8584489b5
[INFO] [stdout]                                at /rustc/1b7dd2252b99671ce5d1cb9664c5f8636329436d/library/std/src/panicking.rs:449:19
[INFO] [stdout]   43:     0x55f7c3cda3b1 - std::panic::catch_unwind::h44698a3de0e0769e
[INFO] [stdout]                                at /rustc/1b7dd2252b99671ce5d1cb9664c5f8636329436d/library/std/src/panic.rs:140:14
[INFO] [stdout]   44:     0x55f7c3cda3b1 - std::thread::Builder::spawn_unchecked_::{{closure}}::h50153abde3fe239e
[INFO] [stdout]                                at /rustc/1b7dd2252b99671ce5d1cb9664c5f8636329436d/library/std/src/thread/mod.rs:525:30
[INFO] [stdout]   45:     0x55f7c3cda3b1 - core::ops::function::FnOnce::call_once{{vtable.shim}}::hbe5bbf6f38394364
[INFO] [stdout]                                at /rustc/1b7dd2252b99671ce5d1cb9664c5f8636329436d/library/core/src/ops/function.rs:250:5
[INFO] [stdout]   46:     0x55f7c3db7945 - <alloc::boxed::Box<F,A> as core::ops::function::FnOnce<Args>>::call_once::h0d83cb2920a49046
[INFO] [stdout]                                at /rustc/1b7dd2252b99671ce5d1cb9664c5f8636329436d/library/alloc/src/boxed.rs:1973:9
[INFO] [stdout]   47:     0x55f7c3db7945 - <alloc::boxed::Box<F,A> as core::ops::function::FnOnce<Args>>::call_once::hbe0a008aa7d9ef59
[INFO] [stdout]                                at /rustc/1b7dd2252b99671ce5d1cb9664c5f8636329436d/library/alloc/src/boxed.rs:1973:9
[INFO] [stdout]   48:     0x55f7c3db7945 - std::sys::unix::thread::Thread::new::thread_start::h3a466996bdf6b1f9
[INFO] [stdout]                                at /rustc/1b7dd2252b99671ce5d1cb9664c5f8636329436d/library/std/src/sys/unix/thread.rs:108:17
[INFO] [stdout]   49:     0x7f78cfe8bb43 - <unknown>
[INFO] [stdout]   50:     0x7f78cff1cbb4 - __clone
[INFO] [stdout]   51:                0x0 - <unknown>
[INFO] [stdout] 
[INFO] [stdout] ---- commands::connection::read::can_read_connection stdout ----
[INFO] [stdout] thread 'commands::connection::read::can_read_connection' panicked at 'Unexpected failure.
[INFO] [stdout] code-<interrupted>
[INFO] [stdout] stderr=```""```
[INFO] [stdout] command=`cd "/tmp/.tmpg7Hwel" && "/opt/rustwide/target/debug/holium" "connection" "read" "source:source\xe2\x86\x92transformation:import_transformation"`
[INFO] [stdout] code=<interrupted>
[INFO] [stdout] stdout=""
[INFO] [stdout] stderr=""
[INFO] [stdout] ', /rustc/1b7dd2252b99671ce5d1cb9664c5f8636329436d/library/core/src/ops/function.rs:250:5
[INFO] [stdout] stack backtrace:
[INFO] [stdout]    0:     0x55f7c3db00ea - std::backtrace_rs::backtrace::libunwind::trace::h2f05d0192276a8f6
[INFO] [stdout]                                at /rustc/1b7dd2252b99671ce5d1cb9664c5f8636329436d/library/std/src/../../backtrace/src/backtrace/libunwind.rs:93:5
[INFO] [stdout]    1:     0x55f7c3db00ea - std::backtrace_rs::backtrace::trace_unsynchronized::hedc23dff7a1af150
[INFO] [stdout]                                at /rustc/1b7dd2252b99671ce5d1cb9664c5f8636329436d/library/std/src/../../backtrace/src/backtrace/mod.rs:66:5
[INFO] [stdout]    2:     0x55f7c3db00ea - std::sys_common::backtrace::_print_fmt::h17541ef7592f3ce2
[INFO] [stdout]                                at /rustc/1b7dd2252b99671ce5d1cb9664c5f8636329436d/library/std/src/sys_common/backtrace.rs:65:5
[INFO] [stdout]    3:     0x55f7c3db00ea - <std::sys_common::backtrace::_print::DisplayBacktrace as core::fmt::Display>::fmt::h20f75df5ab0c0792
[INFO] [stdout]                                at /rustc/1b7dd2252b99671ce5d1cb9664c5f8636329436d/library/std/src/sys_common/backtrace.rs:44:22
[INFO] [stdout]    4:     0x55f7c3dd55df - core::fmt::write::h78109e6f466b3af6
[INFO] [stdout]                                at /rustc/1b7dd2252b99671ce5d1cb9664c5f8636329436d/library/core/src/fmt/mod.rs:1254:17
[INFO] [stdout]    5:     0x55f7c3dacda5 - std::io::Write::write_fmt::hd24bfb68a1b35a25
[INFO] [stdout]                                at /rustc/1b7dd2252b99671ce5d1cb9664c5f8636329436d/library/std/src/io/mod.rs:1698:15
[INFO] [stdout]    6:     0x55f7c3dafeb5 - std::sys_common::backtrace::_print::h8dac57a9f8fbf9a5
[INFO] [stdout]                                at /rustc/1b7dd2252b99671ce5d1cb9664c5f8636329436d/library/std/src/sys_common/backtrace.rs:47:5
[INFO] [stdout]    7:     0x55f7c3dafeb5 - std::sys_common::backtrace::print::hf9ecbf41d1aa712f
[INFO] [stdout]                                at /rustc/1b7dd2252b99671ce5d1cb9664c5f8636329436d/library/std/src/sys_common/backtrace.rs:34:9
[INFO] [stdout]    8:     0x55f7c3db1bee - std::panicking::default_hook::{{closure}}::h04c07acfc84ca028
[INFO] [stdout]                                at /rustc/1b7dd2252b99671ce5d1cb9664c5f8636329436d/library/std/src/panicking.rs:269:22
[INFO] [stdout]    9:     0x55f7c3db1921 - std::panicking::default_hook::h01f6bb23e1eceb2c
[INFO] [stdout]                                at /rustc/1b7dd2252b99671ce5d1cb9664c5f8636329436d/library/std/src/panicking.rs:285:9
[INFO] [stdout]   10:     0x55f7c3d07fab - <alloc::boxed::Box<F,A> as core::ops::function::Fn<Args>>::call::h87fe9f7b2fd49e4c
[INFO] [stdout]                                at /rustc/1b7dd2252b99671ce5d1cb9664c5f8636329436d/library/alloc/src/boxed.rs:1987:9
[INFO] [stdout]   11:     0x55f7c3d07fab - test::test_main::{{closure}}::he94d679243a7531b
[INFO] [stdout]                                at /rustc/1b7dd2252b99671ce5d1cb9664c5f8636329436d/library/test/src/lib.rs:134:21
[INFO] [stdout]   12:     0x55f7c3db22d4 - <alloc::boxed::Box<F,A> as core::ops::function::Fn<Args>>::call::h3f2d6d8b14c4769f
[INFO] [stdout]                                at /rustc/1b7dd2252b99671ce5d1cb9664c5f8636329436d/library/alloc/src/boxed.rs:1987:9
[INFO] [stdout]   13:     0x55f7c3db22d4 - std::panicking::rust_panic_with_hook::h2bb3722bbaf2f6df
[INFO] [stdout]                                at /rustc/1b7dd2252b99671ce5d1cb9664c5f8636329436d/library/std/src/panicking.rs:695:13
[INFO] [stdout]   14:     0x55f7c3db2049 - std::panicking::begin_panic_handler::{{closure}}::h91bc7f36a4be011b
[INFO] [stdout]                                at /rustc/1b7dd2252b99671ce5d1cb9664c5f8636329436d/library/std/src/panicking.rs:582:13
[INFO] [stdout]   15:     0x55f7c3db0556 - std::sys_common::backtrace::__rust_end_short_backtrace::h8b3d3717114f9e59
[INFO] [stdout]                                at /rustc/1b7dd2252b99671ce5d1cb9664c5f8636329436d/library/std/src/sys_common/backtrace.rs:150:18
[INFO] [stdout]   16:     0x55f7c3db1da2 - rust_begin_unwind
[INFO] [stdout]                                at /rustc/1b7dd2252b99671ce5d1cb9664c5f8636329436d/library/std/src/panicking.rs:578:5
[INFO] [stdout]   17:     0x55f7c3cb2393 - core::panicking::panic_fmt::hfd368e3fbdabea26
[INFO] [stdout]                                at /rustc/1b7dd2252b99671ce5d1cb9664c5f8636329436d/library/core/src/panicking.rs:67:14
[INFO] [stdout]   18:     0x55f7c3d59fef - core::panicking::panic_display::h982cd91f3cb2e7ea
[INFO] [stdout]                                at /rustc/1b7dd2252b99671ce5d1cb9664c5f8636329436d/library/core/src/panicking.rs:150:5
[INFO] [stdout]   19:     0x55f7c3d53e97 - assert_cmd::assert::AssertError::panic::h94f22ef3321068d6
[INFO] [stdout]                                at /opt/rustwide/cargo-home/registry/src/index.crates.io-6f17d22bba15001f/assert_cmd-2.0.2/src/assert.rs:1036:9
[INFO] [stdout]   20:     0x55f7c3d54577 - core::ops::function::FnOnce::call_once::h1761df732078768c
[INFO] [stdout]                                at /rustc/1b7dd2252b99671ce5d1cb9664c5f8636329436d/library/core/src/ops/function.rs:250:5
[INFO] [stdout]   21:     0x55f7c3d51f20 - core::result::Result<T,E>::unwrap_or_else::hc6054b815f76dd96
[INFO] [stdout]                                at /rustc/1b7dd2252b99671ce5d1cb9664c5f8636329436d/library/core/src/result.rs:1464:23
[INFO] [stdout]   22:     0x55f7c3d532fa - assert_cmd::assert::Assert::success::hbccec6d2b60dd426
[INFO] [stdout]                                at /opt/rustwide/cargo-home/registry/src/index.crates.io-6f17d22bba15001f/assert_cmd-2.0.2/src/assert.rs:156:9
[INFO] [stdout]   23:     0x55f7c3cb85cc - main::commands::connection::read::can_read_connection::hde694059d9e325cb
[INFO] [stdout]                                at /opt/rustwide/workdir/tests/commands/connection/read.rs:59:5
[INFO] [stdout]   24:     0x55f7c3cb83e7 - main::commands::connection::read::can_read_connection::{{closure}}::he96ecbf29d8b2b2b
[INFO] [stdout]                                at /opt/rustwide/workdir/tests/commands/connection/read.rs:51:26
[INFO] [stdout]   25:     0x55f7c3cbfcc5 - core::ops::function::FnOnce::call_once::h3032edccfd7f7a86
[INFO] [stdout]                                at /rustc/1b7dd2252b99671ce5d1cb9664c5f8636329436d/library/core/src/ops/function.rs:250:5
[INFO] [stdout]   26:     0x55f7c3d0ce7f - core::ops::function::FnOnce::call_once::ha6a70e79f7481a7e
[INFO] [stdout]                                at /rustc/1b7dd2252b99671ce5d1cb9664c5f8636329436d/library/core/src/ops/function.rs:250:5
[INFO] [stdout]   27:     0x55f7c3d0ce7f - test::__rust_begin_short_backtrace::hce33033019b61e69
[INFO] [stdout]                                at /rustc/1b7dd2252b99671ce5d1cb9664c5f8636329436d/library/test/src/lib.rs:655:18
[INFO] [stdout]   28:     0x55f7c3cda66c - test::run_test::{{closure}}::h858d3528838ae3e5
[INFO] [stdout]                                at /rustc/1b7dd2252b99671ce5d1cb9664c5f8636329436d/library/test/src/lib.rs:646:30
[INFO] [stdout]   29:     0x55f7c3cda66c - core::ops::function::FnOnce::call_once{{vtable.shim}}::he8ac2b00f01ae79e
[INFO] [stdout]                                at /rustc/1b7dd2252b99671ce5d1cb9664c5f8636329436d/library/core/src/ops/function.rs:250:5
[INFO] [stdout]   30:     0x55f7c3d0bf56 - <alloc::boxed::Box<F,A> as core::ops::function::FnOnce<Args>>::call_once::h8093d25b522725ef
[INFO] [stdout]                                at /rustc/1b7dd2252b99671ce5d1cb9664c5f8636329436d/library/alloc/src/boxed.rs:1973:9
[INFO] [stdout]   31:     0x55f7c3d0bf56 - <core::panic::unwind_safe::AssertUnwindSafe<F> as core::ops::function::FnOnce<()>>::call_once::h5c334c204e4a3913
[INFO] [stdout]                                at /rustc/1b7dd2252b99671ce5d1cb9664c5f8636329436d/library/core/src/panic/unwind_safe.rs:271:9
[INFO] [stdout]   32:     0x55f7c3d0bf56 - std::panicking::try::do_call::ha8b740c7b9478074
[INFO] [stdout]                                at /rustc/1b7dd2252b99671ce5d1cb9664c5f8636329436d/library/std/src/panicking.rs:485:40
[INFO] [stdout]   33:     0x55f7c3d0bf56 - std::panicking::try::h5d34f63d0e41b64e
[INFO] [stdout]                                at /rustc/1b7dd2252b99671ce5d1cb9664c5f8636329436d/library/std/src/panicking.rs:449:19
[INFO] [stdout]   34:     0x55f7c3d0bf56 - std::panic::catch_unwind::hcfbb511e1aa7fc67
[INFO] [stdout]                                at /rustc/1b7dd2252b99671ce5d1cb9664c5f8636329436d/library/std/src/panic.rs:140:14
[INFO] [stdout]   35:     0x55f7c3d0bf56 - test::run_test_in_process::h9abda90f802eaf21
[INFO] [stdout]                                at /rustc/1b7dd2252b99671ce5d1cb9664c5f8636329436d/library/test/src/lib.rs:678:27
[INFO] [stdout]   36:     0x55f7c3d0bf56 - test::run_test::run_test_inner::{{closure}}::h0f058de91f6c6edf
[INFO] [stdout]                                at /rustc/1b7dd2252b99671ce5d1cb9664c5f8636329436d/library/test/src/lib.rs:572:39
[INFO] [stdout]   37:     0x55f7c3cd4e75 - test::run_test::run_test_inner::{{closure}}::h5ca48a4c59c6c1fb
[INFO] [stdout]                                at /rustc/1b7dd2252b99671ce5d1cb9664c5f8636329436d/library/test/src/lib.rs:599:37
[INFO] [stdout]   38:     0x55f7c3cd4e75 - std::sys_common::backtrace::__rust_begin_short_backtrace::h32bd51e1495d4a33
[INFO] [stdout]                                at /rustc/1b7dd2252b99671ce5d1cb9664c5f8636329436d/library/std/src/sys_common/backtrace.rs:134:18
[INFO] [stdout]   39:     0x55f7c3cda3b1 - std::thread::Builder::spawn_unchecked_::{{closure}}::{{closure}}::hc086fae9b128b2db
[INFO] [stdout]                                at /rustc/1b7dd2252b99671ce5d1cb9664c5f8636329436d/library/std/src/thread/mod.rs:526:17
[INFO] [stdout]   40:     0x55f7c3cda3b1 - <core::panic::unwind_safe::AssertUnwindSafe<F> as core::ops::function::FnOnce<()>>::call_once::hb66571888d270d43
[INFO] [stdout]                                at /rustc/1b7dd2252b99671ce5d1cb9664c5f8636329436d/library/core/src/panic/unwind_safe.rs:271:9
[INFO] [stdout]   41:     0x55f7c3cda3b1 - std::panicking::try::do_call::h4fa2ef4f6e51fecf
[INFO] [stdout]                                at /rustc/1b7dd2252b99671ce5d1cb9664c5f8636329436d/library/std/src/panicking.rs:485:40
[INFO] [stdout]   42:     0x55f7c3cda3b1 - std::panicking::try::h1e9e22b8584489b5
[INFO] [stdout]                                at /rustc/1b7dd2252b99671ce5d1cb9664c5f8636329436d/library/std/src/panicking.rs:449:19
[INFO] [stdout]   43:     0x55f7c3cda3b1 - std::panic::catch_unwind::h44698a3de0e0769e
[INFO] [stdout]                                at /rustc/1b7dd2252b99671ce5d1cb9664c5f8636329436d/library/std/src/panic.rs:140:14
[INFO] [stdout]   44:     0x55f7c3cda3b1 - std::thread::Builder::spawn_unchecked_::{{closure}}::h50153abde3fe239e
[INFO] [stdout]                                at /rustc/1b7dd2252b99671ce5d1cb9664c5f8636329436d/library/std/src/thread/mod.rs:525:30
[INFO] [stdout]   45:     0x55f7c3cda3b1 - core::ops::function::FnOnce::call_once{{vtable.shim}}::hbe5bbf6f38394364
[INFO] [stdout]                                at /rustc/1b7dd2252b99671ce5d1cb9664c5f8636329436d/library/core/src/ops/function.rs:250:5
[INFO] [stdout]   46:     0x55f7c3db7945 - <alloc::boxed::Box<F,A> as core::ops::function::FnOnce<Args>>::call_once::h0d83cb2920a49046
[INFO] [stdout]                                at /rustc/1b7dd2252b99671ce5d1cb9664c5f8636329436d/library/alloc/src/boxed.rs:1973:9
[INFO] [stdout]   47:     0x55f7c3db7945 - <alloc::boxed::Box<F,A> as core::ops::function::FnOnce<Args>>::call_once::hbe0a008aa7d9ef59
[INFO] [stdout]                                at /rustc/1b7dd2252b99671ce5d1cb9664c5f8636329436d/library/alloc/src/boxed.rs:1973:9
[INFO] [stdout]   48:     0x55f7c3db7945 - std::sys::unix::thread::Thread::new::thread_start::h3a466996bdf6b1f9
[INFO] [stdout]                                at /rustc/1b7dd2252b99671ce5d1cb9664c5f8636329436d/library/std/src/sys/unix/thread.rs:108:17
[INFO] [stdout]   49:     0x7f78cfe8bb43 - <unknown>
[INFO] [stdout]   50:     0x7f78cff1cbb4 - __clone
[INFO] [stdout]   51:                0x0 - <unknown>
[INFO] [stdout] 
[INFO] [stdout] ---- commands::connection::update::can_update_connection stdout ----
[INFO] [stdout] thread 'commands::connection::update::can_update_connection' panicked at 'Unexpected failure.
[INFO] [stdout] code-<interrupted>
[INFO] [stdout] stderr=```""```
[INFO] [stdout] command=`cd "/tmp/.tmpYNkp1l" && "/opt/rustwide/target/debug/holium" "connection" "read" "source:source\xe2\x86\x92transformation:import_transformation"`
[INFO] [stdout] code=<interrupted>
[INFO] [stdout] stdout=""
[INFO] [stdout] stderr=""
[INFO] [stdout] ', /rustc/1b7dd2252b99671ce5d1cb9664c5f8636329436d/library/core/src/ops/function.rs:250:5
[INFO] [stdout] stack backtrace:
[INFO] [stdout]    0:     0x55f7c3db00ea - std::backtrace_rs::backtrace::libunwind::trace::h2f05d0192276a8f6
[INFO] [stdout]                                at /rustc/1b7dd2252b99671ce5d1cb9664c5f8636329436d/library/std/src/../../backtrace/src/backtrace/libunwind.rs:93:5
[INFO] [stdout]    1:     0x55f7c3db00ea - std::backtrace_rs::backtrace::trace_unsynchronized::hedc23dff7a1af150
[INFO] [stdout]                                at /rustc/1b7dd2252b99671ce5d1cb9664c5f8636329436d/library/std/src/../../backtrace/src/backtrace/mod.rs:66:5
[INFO] [stdout]    2:     0x55f7c3db00ea - std::sys_common::backtrace::_print_fmt::h17541ef7592f3ce2
[INFO] [stdout]                                at /rustc/1b7dd2252b99671ce5d1cb9664c5f8636329436d/library/std/src/sys_common/backtrace.rs:65:5
[INFO] [stdout]    3:     0x55f7c3db00ea - <std::sys_common::backtrace::_print::DisplayBacktrace as core::fmt::Display>::fmt::h20f75df5ab0c0792
[INFO] [stdout]                                at /rustc/1b7dd2252b99671ce5d1cb9664c5f8636329436d/library/std/src/sys_common/backtrace.rs:44:22
[INFO] [stdout]    4:     0x55f7c3dd55df - core::fmt::write::h78109e6f466b3af6
[INFO] [stdout]                                at /rustc/1b7dd2252b99671ce5d1cb9664c5f8636329436d/library/core/src/fmt/mod.rs:1254:17
[INFO] [stdout]    5:     0x55f7c3dacda5 - std::io::Write::write_fmt::hd24bfb68a1b35a25
[INFO] [stdout]                                at /rustc/1b7dd2252b99671ce5d1cb9664c5f8636329436d/library/std/src/io/mod.rs:1698:15
[INFO] [stdout]    6:     0x55f7c3dafeb5 - std::sys_common::backtrace::_print::h8dac57a9f8fbf9a5
[INFO] [stdout]                                at /rustc/1b7dd2252b99671ce5d1cb9664c5f8636329436d/library/std/src/sys_common/backtrace.rs:47:5
[INFO] [stdout]    7:     0x55f7c3dafeb5 - std::sys_common::backtrace::print::hf9ecbf41d1aa712f
[INFO] [stdout]                                at /rustc/1b7dd2252b99671ce5d1cb9664c5f8636329436d/library/std/src/sys_common/backtrace.rs:34:9
[INFO] [stdout]    8:     0x55f7c3db1bee - std::panicking::default_hook::{{closure}}::h04c07acfc84ca028
[INFO] [stdout]                                at /rustc/1b7dd2252b99671ce5d1cb9664c5f8636329436d/library/std/src/panicking.rs:269:22
[INFO] [stdout]    9:     0x55f7c3db1921 - std::panicking::default_hook::h01f6bb23e1eceb2c
[INFO] [stdout]                                at /rustc/1b7dd2252b99671ce5d1cb9664c5f8636329436d/library/std/src/panicking.rs:285:9
[INFO] [stdout]   10:     0x55f7c3d07fab - <alloc::boxed::Box<F,A> as core::ops::function::Fn<Args>>::call::h87fe9f7b2fd49e4c
[INFO] [stdout]                                at /rustc/1b7dd2252b99671ce5d1cb9664c5f8636329436d/library/alloc/src/boxed.rs:1987:9
[INFO] [stdout]   11:     0x55f7c3d07fab - test::test_main::{{closure}}::he94d679243a7531b
[INFO] [stdout]                                at /rustc/1b7dd2252b99671ce5d1cb9664c5f8636329436d/library/test/src/lib.rs:134:21
[INFO] [stdout]   12:     0x55f7c3db22d4 - <alloc::boxed::Box<F,A> as core::ops::function::Fn<Args>>::call::h3f2d6d8b14c4769f
[INFO] [stdout]                                at /rustc/1b7dd2252b99671ce5d1cb9664c5f8636329436d/library/alloc/src/boxed.rs:1987:9
[INFO] [stdout]   13:     0x55f7c3db22d4 - std::panicking::rust_panic_with_hook::h2bb3722bbaf2f6df
[INFO] [stdout]                                at /rustc/1b7dd2252b99671ce5d1cb9664c5f8636329436d/library/std/src/panicking.rs:695:13
[INFO] [stdout]   14:     0x55f7c3db2049 - std::panicking::begin_panic_handler::{{closure}}::h91bc7f36a4be011b
[INFO] [stdout]                                at /rustc/1b7dd2252b99671ce5d1cb9664c5f8636329436d/library/std/src/panicking.rs:582:13
[INFO] [stdout]   15:     0x55f7c3db0556 - std::sys_common::backtrace::__rust_end_short_backtrace::h8b3d3717114f9e59
[INFO] [stdout]                                at /rustc/1b7dd2252b99671ce5d1cb9664c5f8636329436d/library/std/src/sys_common/backtrace.rs:150:18
[INFO] [stdout]   16:     0x55f7c3db1da2 - rust_begin_unwind
[INFO] [stdout]                                at /rustc/1b7dd2252b99671ce5d1cb9664c5f8636329436d/library/std/src/panicking.rs:578:5
[INFO] [stdout]   17:     0x55f7c3cb2393 - core::panicking::panic_fmt::hfd368e3fbdabea26
[INFO] [stdout]                                at /rustc/1b7dd2252b99671ce5d1cb9664c5f8636329436d/library/core/src/panicking.rs:67:14
[INFO] [stdout]   18:     0x55f7c3d59fef - core::panicking::panic_display::h982cd91f3cb2e7ea
[INFO] [stdout]                                at /rustc/1b7dd2252b99671ce5d1cb9664c5f8636329436d/library/core/src/panicking.rs:150:5
[INFO] [stdout]   19:     0x55f7c3d53e97 - assert_cmd::assert::AssertError::panic::h94f22ef3321068d6
[INFO] [stdout]                                at /opt/rustwide/cargo-home/registry/src/index.crates.io-6f17d22bba15001f/assert_cmd-2.0.2/src/assert.rs:1036:9
[INFO] [stdout]   20:     0x55f7c3d54577 - core::ops::function::FnOnce::call_once::h1761df732078768c
[INFO] [stdout]                                at /rustc/1b7dd2252b99671ce5d1cb9664c5f8636329436d/library/core/src/ops/function.rs:250:5
[INFO] [stdout]   21:     0x55f7c3d51f20 - core::result::Result<T,E>::unwrap_or_else::hc6054b815f76dd96
[INFO] [stdout]                                at /rustc/1b7dd2252b99671ce5d1cb9664c5f8636329436d/library/core/src/result.rs:1464:23
[INFO] [stdout]   22:     0x55f7c3d532fa - assert_cmd::assert::Assert::success::hbccec6d2b60dd426
[INFO] [stdout]                                at /opt/rustwide/cargo-home/registry/src/index.crates.io-6f17d22bba15001f/assert_cmd-2.0.2/src/assert.rs:156:9
[INFO] [stdout]   23:     0x55f7c3ccf72b - main::commands::connection::update::can_update_connection::hc3beec69a7d090b6
[INFO] [stdout]                                at /opt/rustwide/workdir/tests/commands/connection/update.rs:182:5
[INFO] [stdout]   24:     0x55f7c3ccf0b7 - main::commands::connection::update::can_update_connection::{{closure}}::heeb479000e25efa5
[INFO] [stdout]                                at /opt/rustwide/workdir/tests/commands/connection/update.rs:155:28
[INFO] [stdout]   25:     0x55f7c3cbff05 - core::ops::function::FnOnce::call_once::h3f91ffbbcd509509
[INFO] [stdout]                                at /rustc/1b7dd2252b99671ce5d1cb9664c5f8636329436d/library/core/src/ops/function.rs:250:5
[INFO] [stdout]   26:     0x55f7c3d0ce7f - core::ops::function::FnOnce::call_once::ha6a70e79f7481a7e
[INFO] [stdout]                                at /rustc/1b7dd2252b99671ce5d1cb9664c5f8636329436d/library/core/src/ops/function.rs:250:5
[INFO] [stdout]   27:     0x55f7c3d0ce7f - test::__rust_begin_short_backtrace::hce33033019b61e69
[INFO] [stdout]                                at /rustc/1b7dd2252b99671ce5d1cb9664c5f8636329436d/library/test/src/lib.rs:655:18
[INFO] [stdout]   28:     0x55f7c3cda66c - test::run_test::{{closure}}::h858d3528838ae3e5
[INFO] [stdout]                                at /rustc/1b7dd2252b99671ce5d1cb9664c5f8636329436d/library/test/src/lib.rs:646:30
[INFO] [stdout]   29:     0x55f7c3cda66c - core::ops::function::FnOnce::call_once{{vtable.shim}}::he8ac2b00f01ae79e
[INFO] [stdout]                                at /rustc/1b7dd2252b99671ce5d1cb9664c5f8636329436d/library/core/src/ops/function.rs:250:5
[INFO] [stdout]   30:     0x55f7c3d0bf56 - <alloc::boxed::Box<F,A> as core::ops::function::FnOnce<Args>>::call_once::h8093d25b522725ef
[INFO] [stdout]                                at /rustc/1b7dd2252b99671ce5d1cb9664c5f8636329436d/library/alloc/src/boxed.rs:1973:9
[INFO] [stdout]   31:     0x55f7c3d0bf56 - <core::panic::unwind_safe::AssertUnwindSafe<F> as core::ops::function::FnOnce<()>>::call_once::h5c334c204e4a3913
[INFO] [stdout]                                at /rustc/1b7dd2252b99671ce5d1cb9664c5f8636329436d/library/core/src/panic/unwind_safe.rs:271:9
[INFO] [stdout]   32:     0x55f7c3d0bf56 - std::panicking::try::do_call::ha8b740c7b9478074
[INFO] [stdout]                                at /rustc/1b7dd2252b99671ce5d1cb9664c5f8636329436d/library/std/src/panicking.rs:485:40
[INFO] [stdout]   33:     0x55f7c3d0bf56 - std::panicking::try::h5d34f63d0e41b64e
[INFO] [stdout]                                at /rustc/1b7dd2252b99671ce5d1cb9664c5f8636329436d/library/std/src/panicking.rs:449:19
[INFO] [stdout]   34:     0x55f7c3d0bf56 - std::panic::catch_unwind::hcfbb511e1aa7fc67
[INFO] [stdout]                                at /rustc/1b7dd2252b99671ce5d1cb9664c5f8636329436d/library/std/src/panic.rs:140:14
[INFO] [stdout]   35:     0x55f7c3d0bf56 - test::run_test_in_process::h9abda90f802eaf21
[INFO] [stdout]                                at /rustc/1b7dd2252b99671ce5d1cb9664c5f8636329436d/library/test/src/lib.rs:678:27
[INFO] [stdout]   36:     0x55f7c3d0bf56 - test::run_test::run_test_inner::{{closure}}::h0f058de91f6c6edf
[INFO] [stdout]                                at /rustc/1b7dd2252b99671ce5d1cb9664c5f8636329436d/library/test/src/lib.rs:572:39
[INFO] [stdout]   37:     0x55f7c3cd4e75 - test::run_test::run_test_inner::{{closure}}::h5ca48a4c59c6c1fb
[INFO] [stdout]                                at /rustc/1b7dd2252b99671ce5d1cb9664c5f8636329436d/library/test/src/lib.rs:599:37
[INFO] [stdout]   38:     0x55f7c3cd4e75 - std::sys_common::backtrace::__rust_begin_short_backtrace::h32bd51e1495d4a33
[INFO] [stdout]                                at /rustc/1b7dd2252b99671ce5d1cb9664c5f8636329436d/library/std/src/sys_common/backtrace.rs:134:18
[INFO] [stdout]   39:     0x55f7c3cda3b1 - std::thread::Builder::spawn_unchecked_::{{closure}}::{{closure}}::hc086fae9b128b2db
[INFO] [stdout]                                at /rustc/1b7dd2252b99671ce5d1cb9664c5f8636329436d/library/std/src/thread/mod.rs:526:17
[INFO] [stdout]   40:     0x55f7c3cda3b1 - <core::panic::unwind_safe::AssertUnwindSafe<F> as core::ops::function::FnOnce<()>>::call_once::hb66571888d270d43
[INFO] [stdout]                                at /rustc/1b7dd2252b99671ce5d1cb9664c5f8636329436d/library/core/src/panic/unwind_safe.rs:271:9
[INFO] [stdout]   41:     0x55f7c3cda3b1 - std::panicking::try::do_call::h4fa2ef4f6e51fecf
[INFO] [stdout]                                at /rustc/1b7dd2252b99671ce5d1cb9664c5f8636329436d/library/std/src/panicking.rs:485:40
[INFO] [stdout]   42:     0x55f7c3cda3b1 - std::panicking::try::h1e9e22b8584489b5
[INFO] [stdout]                                at /rustc/1b7dd2252b99671ce5d1cb9664c5f8636329436d/library/std/src/panicking.rs:449:19
[INFO] [stdout]   43:     0x55f7c3cda3b1 - std::panic::catch_unwind::h44698a3de0e0769e
[INFO] [stdout]                                at /rustc/1b7dd2252b99671ce5d1cb9664c5f8636329436d/library/std/src/panic.rs:140:14
[INFO] [stdout]   44:     0x55f7c3cda3b1 - std::thread::Builder::spawn_unchecked_::{{closure}}::h50153abde3fe239e
[INFO] [stdout]                                at /rustc/1b7dd2252b99671ce5d1cb9664c5f8636329436d/library/std/src/thread/mod.rs:525:30
[INFO] [stdout]   45:     0x55f7c3cda3b1 - core::ops::function::FnOnce::call_once{{vtable.shim}}::hbe5bbf6f38394364
[INFO] [stdout]                                at /rustc/1b7dd2252b99671ce5d1cb9664c5f8636329436d/library/core/src/ops/function.rs:250:5
[INFO] [stdout]   46:     0x55f7c3db7945 - <alloc::boxed::Box<F,A> as core::ops::function::FnOnce<Args>>::call_once::h0d83cb2920a49046
[INFO] [stdout]                                at /rustc/1b7dd2252b99671ce5d1cb9664c5f8636329436d/library/alloc/src/boxed.rs:1973:9
[INFO] [stdout]   47:     0x55f7c3db7945 - <alloc::boxed::Box<F,A> as core::ops::function::FnOnce<Args>>::call_once::hbe0a008aa7d9ef59
[INFO] [stdout]                                at /rustc/1b7dd2252b99671ce5d1cb9664c5f8636329436d/library/alloc/src/boxed.rs:1973:9
[INFO] [stdout]   48:     0x55f7c3db7945 - std::sys::unix::thread::Thread::new::thread_start::h3a466996bdf6b1f9
[INFO] [stdout]                                at /rustc/1b7dd2252b99671ce5d1cb9664c5f8636329436d/library/std/src/sys/unix/thread.rs:108:17
[INFO] [stdout]   49:     0x7f78cfe8bb43 - <unknown>
[INFO] [stdout]   50:     0x7f78cff1cbb4 - __clone
[INFO] [stdout]   51:                0x0 - <unknown>
[INFO] [stdout] 
[INFO] [stdout] ---- commands::shaper::create::cannot_create_shaper stdout ----
[INFO] [stdout] thread 'commands::shaper::create::cannot_create_shaper' panicked at 'Unexpected failure.
[INFO] [stdout] code-<interrupted>
[INFO] [stdout] stderr=```""```
[INFO] [stdout] command=`cd "/tmp/.tmpn06WJT" && "/opt/rustwide/target/debug/holium" "shaper" "read" "shaper"`
[INFO] [stdout] code=<interrupted>
[INFO] [stdout] stdout=""
[INFO] [stdout] stderr=""
[INFO] [stdout] ', /rustc/1b7dd2252b99671ce5d1cb9664c5f8636329436d/library/core/src/ops/function.rs:250:5
[INFO] [stdout] stack backtrace:
[INFO] [stdout]    0:     0x55f7c3db00ea - std::backtrace_rs::backtrace::libunwind::trace::h2f05d0192276a8f6
[INFO] [stdout]                                at /rustc/1b7dd2252b99671ce5d1cb9664c5f8636329436d/library/std/src/../../backtrace/src/backtrace/libunwind.rs:93:5
[INFO] [stdout]    1:     0x55f7c3db00ea - std::backtrace_rs::backtrace::trace_unsynchronized::hedc23dff7a1af150
[INFO] [stdout]                                at /rustc/1b7dd2252b99671ce5d1cb9664c5f8636329436d/library/std/src/../../backtrace/src/backtrace/mod.rs:66:5
[INFO] [stdout]    2:     0x55f7c3db00ea - std::sys_common::backtrace::_print_fmt::h17541ef7592f3ce2
[INFO] [stdout]                                at /rustc/1b7dd2252b99671ce5d1cb9664c5f8636329436d/library/std/src/sys_common/backtrace.rs:65:5
[INFO] [stdout]    3:     0x55f7c3db00ea - <std::sys_common::backtrace::_print::DisplayBacktrace as core::fmt::Display>::fmt::h20f75df5ab0c0792
[INFO] [stdout]                                at /rustc/1b7dd2252b99671ce5d1cb9664c5f8636329436d/library/std/src/sys_common/backtrace.rs:44:22
[INFO] [stdout]    4:     0x55f7c3dd55df - core::fmt::write::h78109e6f466b3af6
[INFO] [stdout]                                at /rustc/1b7dd2252b99671ce5d1cb9664c5f8636329436d/library/core/src/fmt/mod.rs:1254:17
[INFO] [stdout]    5:     0x55f7c3dacda5 - std::io::Write::write_fmt::hd24bfb68a1b35a25
[INFO] [stdout]                                at /rustc/1b7dd2252b99671ce5d1cb9664c5f8636329436d/library/std/src/io/mod.rs:1698:15
[INFO] [stdout]    6:     0x55f7c3dafeb5 - std::sys_common::backtrace::_print::h8dac57a9f8fbf9a5
[INFO] [stdout]                                at /rustc/1b7dd2252b99671ce5d1cb9664c5f8636329436d/library/std/src/sys_common/backtrace.rs:47:5
[INFO] [stdout]    7:     0x55f7c3dafeb5 - std::sys_common::backtrace::print::hf9ecbf41d1aa712f
[INFO] [stdout]                                at /rustc/1b7dd2252b99671ce5d1cb9664c5f8636329436d/library/std/src/sys_common/backtrace.rs:34:9
[INFO] [stdout]    8:     0x55f7c3db1bee - std::panicking::default_hook::{{closure}}::h04c07acfc84ca028
[INFO] [stdout]                                at /rustc/1b7dd2252b99671ce5d1cb9664c5f8636329436d/library/std/src/panicking.rs:269:22
[INFO] [stdout]    9:     0x55f7c3db1921 - std::panicking::default_hook::h01f6bb23e1eceb2c
[INFO] [stdout]                                at /rustc/1b7dd2252b99671ce5d1cb9664c5f8636329436d/library/std/src/panicking.rs:285:9
[INFO] [stdout]   10:     0x55f7c3d07fab - <alloc::boxed::Box<F,A> as core::ops::function::Fn<Args>>::call::h87fe9f7b2fd49e4c
[INFO] [stdout]                                at /rustc/1b7dd2252b99671ce5d1cb9664c5f8636329436d/library/alloc/src/boxed.rs:1987:9
[INFO] [stdout]   11:     0x55f7c3d07fab - test::test_main::{{closure}}::he94d679243a7531b
[INFO] [stdout]                                at /rustc/1b7dd2252b99671ce5d1cb9664c5f8636329436d/library/test/src/lib.rs:134:21
[INFO] [stdout]   12:     0x55f7c3db22d4 - <alloc::boxed::Box<F,A> as core::ops::function::Fn<Args>>::call::h3f2d6d8b14c4769f
[INFO] [stdout]                                at /rustc/1b7dd2252b99671ce5d1cb9664c5f8636329436d/library/alloc/src/boxed.rs:1987:9
[INFO] [stdout]   13:     0x55f7c3db22d4 - std::panicking::rust_panic_with_hook::h2bb3722bbaf2f6df
[INFO] [stdout]                                at /rustc/1b7dd2252b99671ce5d1cb9664c5f8636329436d/library/std/src/panicking.rs:695:13
[INFO] [stdout]   14:     0x55f7c3db2049 - std::panicking::begin_panic_handler::{{closure}}::h91bc7f36a4be011b
[INFO] [stdout]                                at /rustc/1b7dd2252b99671ce5d1cb9664c5f8636329436d/library/std/src/panicking.rs:582:13
[INFO] [stdout]   15:     0x55f7c3db0556 - std::sys_common::backtrace::__rust_end_short_backtrace::h8b3d3717114f9e59
[INFO] [stdout]                                at /rustc/1b7dd2252b99671ce5d1cb9664c5f8636329436d/library/std/src/sys_common/backtrace.rs:150:18
[INFO] [stdout]   16:     0x55f7c3db1da2 - rust_begin_unwind
[INFO] [stdout]                                at /rustc/1b7dd2252b99671ce5d1cb9664c5f8636329436d/library/std/src/panicking.rs:578:5
[INFO] [stdout]   17:     0x55f7c3cb2393 - core::panicking::panic_fmt::hfd368e3fbdabea26
[INFO] [stdout]                                at /rustc/1b7dd2252b99671ce5d1cb9664c5f8636329436d/library/core/src/panicking.rs:67:14
[INFO] [stdout]   18:     0x55f7c3d59fef - core::panicking::panic_display::h982cd91f3cb2e7ea
[INFO] [stdout]                                at /rustc/1b7dd2252b99671ce5d1cb9664c5f8636329436d/library/core/src/panicking.rs:150:5
[INFO] [stdout]   19:     0x55f7c3d53e97 - assert_cmd::assert::AssertError::panic::h94f22ef3321068d6
[INFO] [stdout]                                at /opt/rustwide/cargo-home/registry/src/index.crates.io-6f17d22bba15001f/assert_cmd-2.0.2/src/assert.rs:1036:9
[INFO] [stdout]   20:     0x55f7c3d54577 - core::ops::function::FnOnce::call_once::h1761df732078768c
[INFO] [stdout]                                at /rustc/1b7dd2252b99671ce5d1cb9664c5f8636329436d/library/core/src/ops/function.rs:250:5
[INFO] [stdout]   21:     0x55f7c3d51f20 - core::result::Result<T,E>::unwrap_or_else::hc6054b815f76dd96
[INFO] [stdout]                                at /rustc/1b7dd2252b99671ce5d1cb9664c5f8636329436d/library/core/src/result.rs:1464:23
[INFO] [stdout]   22:     0x55f7c3d532fa - assert_cmd::assert::Assert::success::hbccec6d2b60dd426
[INFO] [stdout]                                at /opt/rustwide/cargo-home/registry/src/index.crates.io-6f17d22bba15001f/assert_cmd-2.0.2/src/assert.rs:156:9
[INFO] [stdout]   23:     0x55f7c3cc8342 - main::commands::shaper::create::cannot_create_shaper::hf3f1920ade5ab8ef
[INFO] [stdout]                                at /opt/rustwide/workdir/tests/commands/shaper/create.rs:138:5
[INFO] [stdout]   24:     0x55f7c3cc80b7 - main::commands::shaper::create::cannot_create_shaper::{{closure}}::hccc532b4fabe8361
[INFO] [stdout]                                at /opt/rustwide/workdir/tests/commands/shaper/create.rs:122:27
[INFO] [stdout]   25:     0x55f7c3cc0f55 - core::ops::function::FnOnce::call_once::hbbd2b55d6cec0520
[INFO] [stdout]                                at /rustc/1b7dd2252b99671ce5d1cb9664c5f8636329436d/library/core/src/ops/function.rs:250:5
[INFO] [stdout]   26:     0x55f7c3d0ce7f - core::ops::function::FnOnce::call_once::ha6a70e79f7481a7e
[INFO] [stdout]                                at /rustc/1b7dd2252b99671ce5d1cb9664c5f8636329436d/library/core/src/ops/function.rs:250:5
[INFO] [stdout]   27:     0x55f7c3d0ce7f - test::__rust_begin_short_backtrace::hce33033019b61e69
[INFO] [stdout]                                at /rustc/1b7dd2252b99671ce5d1cb9664c5f8636329436d/library/test/src/lib.rs:655:18
[INFO] [stdout]   28:     0x55f7c3cda66c - test::run_test::{{closure}}::h858d3528838ae3e5
[INFO] [stdout]                                at /rustc/1b7dd2252b99671ce5d1cb9664c5f8636329436d/library/test/src/lib.rs:646:30
[INFO] [stdout]   29:     0x55f7c3cda66c - core::ops::function::FnOnce::call_once{{vtable.shim}}::he8ac2b00f01ae79e
[INFO] [stdout]                                at /rustc/1b7dd2252b99671ce5d1cb9664c5f8636329436d/library/core/src/ops/function.rs:250:5
[INFO] [stdout]   30:     0x55f7c3d0bf56 - <alloc::boxed::Box<F,A> as core::ops::function::FnOnce<Args>>::call_once::h8093d25b522725ef
[INFO] [stdout]                                at /rustc/1b7dd2252b99671ce5d1cb9664c5f8636329436d/library/alloc/src/boxed.rs:1973:9
[INFO] [stdout]   31:     0x55f7c3d0bf56 - <core::panic::unwind_safe::AssertUnwindSafe<F> as core::ops::function::FnOnce<()>>::call_once::h5c334c204e4a3913
[INFO] [stdout]                                at /rustc/1b7dd2252b99671ce5d1cb9664c5f8636329436d/library/core/src/panic/unwind_safe.rs:271:9
[INFO] [stdout]   32:     0x55f7c3d0bf56 - std::panicking::try::do_call::ha8b740c7b9478074
[INFO] [stdout]                                at /rustc/1b7dd2252b99671ce5d1cb9664c5f8636329436d/library/std/src/panicking.rs:485:40
[INFO] [stdout]   33:     0x55f7c3d0bf56 - std::panicking::try::h5d34f63d0e41b64e
[INFO] [stdout]                                at /rustc/1b7dd2252b99671ce5d1cb9664c5f8636329436d/library/std/src/panicking.rs:449:19
[INFO] [stdout]   34:     0x55f7c3d0bf56 - std::panic::catch_unwind::hcfbb511e1aa7fc67
[INFO] [stdout]                                at /rustc/1b7dd2252b99671ce5d1cb9664c5f8636329436d/library/std/src/panic.rs:140:14
[INFO] [stdout]   35:     0x55f7c3d0bf56 - test::run_test_in_process::h9abda90f802eaf21
[INFO] [stdout]                                at /rustc/1b7dd2252b99671ce5d1cb9664c5f8636329436d/library/test/src/lib.rs:678:27
[INFO] [stdout]   36:     0x55f7c3d0bf56 - test::run_test::run_test_inner::{{closure}}::h0f058de91f6c6edf
[INFO] [stdout]                                at /rustc/1b7dd2252b99671ce5d1cb9664c5f8636329436d/library/test/src/lib.rs:572:39
[INFO] [stdout]   37:     0x55f7c3cd4e75 - test::run_test::run_test_inner::{{closure}}::h5ca48a4c59c6c1fb
[INFO] [stdout]                                at /rustc/1b7dd2252b99671ce5d1cb9664c5f8636329436d/library/test/src/lib.rs:599:37
[INFO] [stdout]   38:     0x55f7c3cd4e75 - std::sys_common::backtrace::__rust_begin_short_backtrace::h32bd51e1495d4a33
[INFO] [stdout]                                at /rustc/1b7dd2252b99671ce5d1cb9664c5f8636329436d/library/std/src/sys_common/backtrace.rs:134:18
[INFO] [stdout]   39:     0x55f7c3cda3b1 - std::thread::Builder::spawn_unchecked_::{{closure}}::{{closure}}::hc086fae9b128b2db
[INFO] [stdout]                                at /rustc/1b7dd2252b99671ce5d1cb9664c5f8636329436d/library/std/src/thread/mod.rs:526:17
[INFO] [stdout]   40:     0x55f7c3cda3b1 - <core::panic::unwind_safe::AssertUnwindSafe<F> as core::ops::function::FnOnce<()>>::call_once::hb66571888d270d43
[INFO] [stdout]                                at /rustc/1b7dd2252b99671ce5d1cb9664c5f8636329436d/library/core/src/panic/unwind_safe.rs:271:9
[INFO] [stdout]   41:     0x55f7c3cda3b1 - std::panicking::try::do_call::h4fa2ef4f6e51fecf
[INFO] [stdout]                                at /rustc/1b7dd2252b99671ce5d1cb9664c5f8636329436d/library/std/src/panicking.rs:485:40
[INFO] [stdout]   42:     0x55f7c3cda3b1 - std::panicking::try::h1e9e22b8584489b5
[INFO] [stdout]                                at /rustc/1b7dd2252b99671ce5d1cb9664c5f8636329436d/library/std/src/panicking.rs:449:19
[INFO] [stdout]   43:     0x55f7c3cda3b1 - std::panic::catch_unwind::h44698a3de0e0769e
[INFO] [stdout]                                at /rustc/1b7dd2252b99671ce5d1cb9664c5f8636329436d/library/std/src/panic.rs:140:14
[INFO] [stdout]   44:     0x55f7c3cda3b1 - std::thread::Builder::spawn_unchecked_::{{closure}}::h50153abde3fe239e
[INFO] [stdout]                                at /rustc/1b7dd2252b99671ce5d1cb9664c5f8636329436d/library/std/src/thread/mod.rs:525:30
[INFO] [stdout]   45:     0x55f7c3cda3b1 - core::ops::function::FnOnce::call_once{{vtable.shim}}::hbe5bbf6f38394364
[INFO] [stdout]                                at /rustc/1b7dd2252b99671ce5d1cb9664c5f8636329436d/library/core/src/ops/function.rs:250:5
[INFO] [stdout]   46:     0x55f7c3db7945 - <alloc::boxed::Box<F,A> as core::ops::function::FnOnce<Args>>::call_once::h0d83cb2920a49046
[INFO] [stdout]                                at /rustc/1b7dd2252b99671ce5d1cb9664c5f8636329436d/library/alloc/src/boxed.rs:1973:9
[INFO] [stdout]   47:     0x55f7c3db7945 - <alloc::boxed::Box<F,A> as core::ops::function::FnOnce<Args>>::call_once::hbe0a008aa7d9ef59
[INFO] [stdout]                                at /rustc/1b7dd2252b99671ce5d1cb9664c5f8636329436d/library/alloc/src/boxed.rs:1973:9
[INFO] [stdout]   48:     0x55f7c3db7945 - std::sys::unix::thread::Thread::new::thread_start::h3a466996bdf6b1f9
[INFO] [stdout]                                at /rustc/1b7dd2252b99671ce5d1cb9664c5f8636329436d/library/std/src/sys/unix/thread.rs:108:17
[INFO] [stdout]   49:     0x7f78cfe8bb43 - <unknown>
[INFO] [stdout]   50:     0x7f78cff1cbb4 - __clone
[INFO] [stdout]   51:                0x0 - <unknown>
[INFO] [stdout] 
[INFO] [stdout] ---- commands::shaper::list::can_list_with_shaper stdout ----
[INFO] [stdout] thread 'commands::shaper::list::can_list_with_shaper' panicked at 'Unexpected failure.
[INFO] [stdout] code-<interrupted>
[INFO] [stdout] stderr=```""```
[INFO] [stdout] command=`cd "/tmp/.tmptYQgPZ" && "/opt/rustwide/target/debug/holium" "shaper" "list"`
[INFO] [stdout] code=<interrupted>
[INFO] [stdout] stdout=""
[INFO] [stdout] stderr=""
[INFO] [stdout] ', /rustc/1b7dd2252b99671ce5d1cb9664c5f8636329436d/library/core/src/ops/function.rs:250:5
[INFO] [stdout] stack backtrace:
[INFO] [stdout]    0:     0x55f7c3db00ea - std::backtrace_rs::backtrace::libunwind::trace::h2f05d0192276a8f6
[INFO] [stdout]                                at /rustc/1b7dd2252b99671ce5d1cb9664c5f8636329436d/library/std/src/../../backtrace/src/backtrace/libunwind.rs:93:5
[INFO] [stdout]    1:     0x55f7c3db00ea - std::backtrace_rs::backtrace::trace_unsynchronized::hedc23dff7a1af150
[INFO] [stdout]                                at /rustc/1b7dd2252b99671ce5d1cb9664c5f8636329436d/library/std/src/../../backtrace/src/backtrace/mod.rs:66:5
[INFO] [stdout]    2:     0x55f7c3db00ea - std::sys_common::backtrace::_print_fmt::h17541ef7592f3ce2
[INFO] [stdout]                                at /rustc/1b7dd2252b99671ce5d1cb9664c5f8636329436d/library/std/src/sys_common/backtrace.rs:65:5
[INFO] [stdout]    3:     0x55f7c3db00ea - <std::sys_common::backtrace::_print::DisplayBacktrace as core::fmt::Display>::fmt::h20f75df5ab0c0792
[INFO] [stdout]                                at /rustc/1b7dd2252b99671ce5d1cb9664c5f8636329436d/library/std/src/sys_common/backtrace.rs:44:22
[INFO] [stdout]    4:     0x55f7c3dd55df - core::fmt::write::h78109e6f466b3af6
[INFO] [stdout]                                at /rustc/1b7dd2252b99671ce5d1cb9664c5f8636329436d/library/core/src/fmt/mod.rs:1254:17
[INFO] [stdout]    5:     0x55f7c3dacda5 - std::io::Write::write_fmt::hd24bfb68a1b35a25
[INFO] [stdout]                                at /rustc/1b7dd2252b99671ce5d1cb9664c5f8636329436d/library/std/src/io/mod.rs:1698:15
[INFO] [stdout]    6:     0x55f7c3dafeb5 - std::sys_common::backtrace::_print::h8dac57a9f8fbf9a5
[INFO] [stdout]                                at /rustc/1b7dd2252b99671ce5d1cb9664c5f8636329436d/library/std/src/sys_common/backtrace.rs:47:5
[INFO] [stdout]    7:     0x55f7c3dafeb5 - std::sys_common::backtrace::print::hf9ecbf41d1aa712f
[INFO] [stdout]                                at /rustc/1b7dd2252b99671ce5d1cb9664c5f8636329436d/library/std/src/sys_common/backtrace.rs:34:9
[INFO] [stdout]    8:     0x55f7c3db1bee - std::panicking::default_hook::{{closure}}::h04c07acfc84ca028
[INFO] [stdout]                                at /rustc/1b7dd2252b99671ce5d1cb9664c5f8636329436d/library/std/src/panicking.rs:269:22
[INFO] [stdout]    9:     0x55f7c3db1921 - std::panicking::default_hook::h01f6bb23e1eceb2c
[INFO] [stdout]                                at /rustc/1b7dd2252b99671ce5d1cb9664c5f8636329436d/library/std/src/panicking.rs:285:9
[INFO] [stdout]   10:     0x55f7c3d07fab - <alloc::boxed::Box<F,A> as core::ops::function::Fn<Args>>::call::h87fe9f7b2fd49e4c
[INFO] [stdout]                                at /rustc/1b7dd2252b99671ce5d1cb9664c5f8636329436d/library/alloc/src/boxed.rs:1987:9
[INFO] [stdout]   11:     0x55f7c3d07fab - test::test_main::{{closure}}::he94d679243a7531b
[INFO] [stdout]                                at /rustc/1b7dd2252b99671ce5d1cb9664c5f8636329436d/library/test/src/lib.rs:134:21
[INFO] [stdout]   12:     0x55f7c3db22d4 - <alloc::boxed::Box<F,A> as core::ops::function::Fn<Args>>::call::h3f2d6d8b14c4769f
[INFO] [stdout]                                at /rustc/1b7dd2252b99671ce5d1cb9664c5f8636329436d/library/alloc/src/boxed.rs:1987:9
[INFO] [stdout]   13:     0x55f7c3db22d4 - std::panicking::rust_panic_with_hook::h2bb3722bbaf2f6df
[INFO] [stdout]                                at /rustc/1b7dd2252b99671ce5d1cb9664c5f8636329436d/library/std/src/panicking.rs:695:13
[INFO] [stdout]   14:     0x55f7c3db2049 - std::panicking::begin_panic_handler::{{closure}}::h91bc7f36a4be011b
[INFO] [stdout]                                at /rustc/1b7dd2252b99671ce5d1cb9664c5f8636329436d/library/std/src/panicking.rs:582:13
[INFO] [stdout]   15:     0x55f7c3db0556 - std::sys_common::backtrace::__rust_end_short_backtrace::h8b3d3717114f9e59
[INFO] [stdout]                                at /rustc/1b7dd2252b99671ce5d1cb9664c5f8636329436d/library/std/src/sys_common/backtrace.rs:150:18
[INFO] [stdout]   16:     0x55f7c3db1da2 - rust_begin_unwind
[INFO] [stdout]                                at /rustc/1b7dd2252b99671ce5d1cb9664c5f8636329436d/library/std/src/panicking.rs:578:5
[INFO] [stdout]   17:     0x55f7c3cb2393 - core::panicking::panic_fmt::hfd368e3fbdabea26
[INFO] [stdout]                                at /rustc/1b7dd2252b99671ce5d1cb9664c5f8636329436d/library/core/src/panicking.rs:67:14
[INFO] [stdout]   18:     0x55f7c3d59fef - core::panicking::panic_display::h982cd91f3cb2e7ea
[INFO] [stdout]                                at /rustc/1b7dd2252b99671ce5d1cb9664c5f8636329436d/library/core/src/panicking.rs:150:5
[INFO] [stdout]   19:     0x55f7c3d53e97 - assert_cmd::assert::AssertError::panic::h94f22ef3321068d6
[INFO] [stdout]                                at /opt/rustwide/cargo-home/registry/src/index.crates.io-6f17d22bba15001f/assert_cmd-2.0.2/src/assert.rs:1036:9
[INFO] [stdout]   20:     0x55f7c3d54577 - core::ops::function::FnOnce::call_once::h1761df732078768c
[INFO] [stdout]                                at /rustc/1b7dd2252b99671ce5d1cb9664c5f8636329436d/library/core/src/ops/function.rs:250:5
[INFO] [stdout]   21:     0x55f7c3d51f20 - core::result::Result<T,E>::unwrap_or_else::hc6054b815f76dd96
[INFO] [stdout]                                at /rustc/1b7dd2252b99671ce5d1cb9664c5f8636329436d/library/core/src/result.rs:1464:23
[INFO] [stdout]   22:     0x55f7c3d532fa - assert_cmd::assert::Assert::success::hbccec6d2b60dd426
[INFO] [stdout]                                at /opt/rustwide/cargo-home/registry/src/index.crates.io-6f17d22bba15001f/assert_cmd-2.0.2/src/assert.rs:156:9
[INFO] [stdout]   23:     0x55f7c3cd21ad - main::commands::shaper::list::can_list_with_shaper::h2a5578c37cc70857
[INFO] [stdout]                                at /opt/rustwide/workdir/tests/commands/shaper/list.rs:47:5
[INFO] [stdout]   24:     0x55f7c3cd1fc7 - main::commands::shaper::list::can_list_with_shaper::{{closure}}::h0494dc5e15547760
[INFO] [stdout]                                at /opt/rustwide/workdir/tests/commands/shaper/list.rs:34:27
[INFO] [stdout]   25:     0x55f7c3cbf785 - core::ops::function::FnOnce::call_once::h08987306dc411ae2
[INFO] [stdout]                                at /rustc/1b7dd2252b99671ce5d1cb9664c5f8636329436d/library/core/src/ops/function.rs:250:5
[INFO] [stdout]   26:     0x55f7c3d0ce7f - core::ops::function::FnOnce::call_once::ha6a70e79f7481a7e
[INFO] [stdout]                                at /rustc/1b7dd2252b99671ce5d1cb9664c5f8636329436d/library/core/src/ops/function.rs:250:5
[INFO] [stdout]   27:     0x55f7c3d0ce7f - test::__rust_begin_short_backtrace::hce33033019b61e69
[INFO] [stdout]                                at /rustc/1b7dd2252b99671ce5d1cb9664c5f8636329436d/library/test/src/lib.rs:655:18
[INFO] [stdout]   28:     0x55f7c3cda66c - test::run_test::{{closure}}::h858d3528838ae3e5
[INFO] [stdout]                                at /rustc/1b7dd2252b99671ce5d1cb9664c5f8636329436d/library/test/src/lib.rs:646:30
[INFO] [stdout]   29:     0x55f7c3cda66c - core::ops::function::FnOnce::call_once{{vtable.shim}}::he8ac2b00f01ae79e
[INFO] [stdout]                                at /rustc/1b7dd2252b99671ce5d1cb9664c5f8636329436d/library/core/src/ops/function.rs:250:5
[INFO] [stdout]   30:     0x55f7c3d0bf56 - <alloc::boxed::Box<F,A> as core::ops::function::FnOnce<Args>>::call_once::h8093d25b522725ef
[INFO] [stdout]                                at /rustc/1b7dd2252b99671ce5d1cb9664c5f8636329436d/library/alloc/src/boxed.rs:1973:9
[INFO] [stdout]   31:     0x55f7c3d0bf56 - <core::panic::unwind_safe::AssertUnwindSafe<F> as core::ops::function::FnOnce<()>>::call_once::h5c334c204e4a3913
[INFO] [stdout]                                at /rustc/1b7dd2252b99671ce5d1cb9664c5f8636329436d/library/core/src/panic/unwind_safe.rs:271:9
[INFO] [stdout]   32:     0x55f7c3d0bf56 - std::panicking::try::do_call::ha8b740c7b9478074
[INFO] [stdout]                                at /rustc/1b7dd2252b99671ce5d1cb9664c5f8636329436d/library/std/src/panicking.rs:485:40
[INFO] [stdout]   33:     0x55f7c3d0bf56 - std::panicking::try::h5d34f63d0e41b64e
[INFO] [stdout]                                at /rustc/1b7dd2252b99671ce5d1cb9664c5f8636329436d/library/std/src/panicking.rs:449:19
[INFO] [stdout]   34:     0x55f7c3d0bf56 - std::panic::catch_unwind::hcfbb511e1aa7fc67
[INFO] [stdout]                                at /rustc/1b7dd2252b99671ce5d1cb9664c5f8636329436d/library/std/src/panic.rs:140:14
[INFO] [stdout]   35:     0x55f7c3d0bf56 - test::run_test_in_process::h9abda90f802eaf21
[INFO] [stdout]                                at /rustc/1b7dd2252b99671ce5d1cb9664c5f8636329436d/library/test/src/lib.rs:678:27
[INFO] [stdout]   36:     0x55f7c3d0bf56 - test::run_test::run_test_inner::{{closure}}::h0f058de91f6c6edf
[INFO] [stdout]                                at /rustc/1b7dd2252b99671ce5d1cb9664c5f8636329436d/library/test/src/lib.rs:572:39
[INFO] [stdout]   37:     0x55f7c3cd4e75 - test::run_test::run_test_inner::{{closure}}::h5ca48a4c59c6c1fb
[INFO] [stdout]                                at /rustc/1b7dd2252b99671ce5d1cb9664c5f8636329436d/library/test/src/lib.rs:599:37
[INFO] [stdout]   38:     0x55f7c3cd4e75 - std::sys_common::backtrace::__rust_begin_short_backtrace::h32bd51e1495d4a33
[INFO] [stdout]                                at /rustc/1b7dd2252b99671ce5d1cb9664c5f8636329436d/library/std/src/sys_common/backtrace.rs:134:18
[INFO] [stdout]   39:     0x55f7c3cda3b1 - std::thread::Builder::spawn_unchecked_::{{closure}}::{{closure}}::hc086fae9b128b2db
[INFO] [stdout]                                at /rustc/1b7dd2252b99671ce5d1cb9664c5f8636329436d/library/std/src/thread/mod.rs:526:17
[INFO] [stdout]   40:     0x55f7c3cda3b1 - <core::panic::unwind_safe::AssertUnwindSafe<F> as core::ops::function::FnOnce<()>>::call_once::hb66571888d270d43
[INFO] [stdout]                                at /rustc/1b7dd2252b99671ce5d1cb9664c5f8636329436d/library/core/src/panic/unwind_safe.rs:271:9
[INFO] [stdout]   41:     0x55f7c3cda3b1 - std::panicking::try::do_call::h4fa2ef4f6e51fecf
[INFO] [stdout]                                at /rustc/1b7dd2252b99671ce5d1cb9664c5f8636329436d/library/std/src/panicking.rs:485:40
[INFO] [stdout]   42:     0x55f7c3cda3b1 - std::panicking::try::h1e9e22b8584489b5
[INFO] [stdout]                                at /rustc/1b7dd2252b99671ce5d1cb9664c5f8636329436d/library/std/src/panicking.rs:449:19
[INFO] [stdout]   43:     0x55f7c3cda3b1 - std::panic::catch_unwind::h44698a3de0e0769e
[INFO] [stdout]                                at /rustc/1b7dd2252b99671ce5d1cb9664c5f8636329436d/library/std/src/panic.rs:140:14
[INFO] [stdout]   44:     0x55f7c3cda3b1 - std::thread::Builder::spawn_unchecked_::{{closure}}::h50153abde3fe239e
[INFO] [stdout]                                at /rustc/1b7dd2252b99671ce5d1cb9664c5f8636329436d/library/std/src/thread/mod.rs:525:30
[INFO] [stdout]   45:     0x55f7c3cda3b1 - core::ops::function::FnOnce::call_once{{vtable.shim}}::hbe5bbf6f38394364
[INFO] [stdout]                                at /rustc/1b7dd2252b99671ce5d1cb9664c5f8636329436d/library/core/src/ops/function.rs:250:5
[INFO] [stdout]   46:     0x55f7c3db7945 - <alloc::boxed::Box<F,A> as core::ops::function::FnOnce<Args>>::call_once::h0d83cb2920a49046
[INFO] [stdout]                                at /rustc/1b7dd2252b99671ce5d1cb9664c5f8636329436d/library/alloc/src/boxed.rs:1973:9
[INFO] [stdout]   47:     0x55f7c3db7945 - <alloc::boxed::Box<F,A> as core::ops::function::FnOnce<Args>>::call_once::hbe0a008aa7d9ef59
[INFO] [stdout]                                at /rustc/1b7dd2252b99671ce5d1cb9664c5f8636329436d/library/alloc/src/boxed.rs:1973:9
[INFO] [stdout]   48:     0x55f7c3db7945 - std::sys::unix::thread::Thread::new::thread_start::h3a466996bdf6b1f9
[INFO] [stdout]                                at /rustc/1b7dd2252b99671ce5d1cb9664c5f8636329436d/library/std/src/sys/unix/thread.rs:108:17
[INFO] [stdout]   49:     0x7f78cfe8bb43 - <unknown>
[INFO] [stdout]   50:     0x7f78cff1cbb4 - __clone
[INFO] [stdout]   51:                0x0 - <unknown>
[INFO] [stdout] 
[INFO] [stdout] ---- commands::shaper::read::can_read_shaper stdout ----
[INFO] [stdout] thread 'commands::shaper::read::can_read_shaper' panicked at 'Unexpected failure.
[INFO] [stdout] code-<interrupted>
[INFO] [stdout] stderr=```""```
[INFO] [stdout] command=`cd "/tmp/.tmpivuAVQ" && "/opt/rustwide/target/debug/holium" "shaper" "read" "shaper"`
[INFO] [stdout] code=<interrupted>
[INFO] [stdout] stdout=""
[INFO] [stdout] stderr=""
[INFO] [stdout] ', /rustc/1b7dd2252b99671ce5d1cb9664c5f8636329436d/library/core/src/ops/function.rs:250:5
[INFO] [stdout] stack backtrace:
[INFO] [stdout]    0:     0x55f7c3db00ea - std::backtrace_rs::backtrace::libunwind::trace::h2f05d0192276a8f6
[INFO] [stdout]                                at /rustc/1b7dd2252b99671ce5d1cb9664c5f8636329436d/library/std/src/../../backtrace/src/backtrace/libunwind.rs:93:5
[INFO] [stdout]    1:     0x55f7c3db00ea - std::backtrace_rs::backtrace::trace_unsynchronized::hedc23dff7a1af150
[INFO] [stdout]                                at /rustc/1b7dd2252b99671ce5d1cb9664c5f8636329436d/library/std/src/../../backtrace/src/backtrace/mod.rs:66:5
[INFO] [stdout]    2:     0x55f7c3db00ea - std::sys_common::backtrace::_print_fmt::h17541ef7592f3ce2
[INFO] [stdout]                                at /rustc/1b7dd2252b99671ce5d1cb9664c5f8636329436d/library/std/src/sys_common/backtrace.rs:65:5
[INFO] [stdout]    3:     0x55f7c3db00ea - <std::sys_common::backtrace::_print::DisplayBacktrace as core::fmt::Display>::fmt::h20f75df5ab0c0792
[INFO] [stdout]                                at /rustc/1b7dd2252b99671ce5d1cb9664c5f8636329436d/library/std/src/sys_common/backtrace.rs:44:22
[INFO] [stdout]    4:     0x55f7c3dd55df - core::fmt::write::h78109e6f466b3af6
[INFO] [stdout]                                at /rustc/1b7dd2252b99671ce5d1cb9664c5f8636329436d/library/core/src/fmt/mod.rs:1254:17
[INFO] [stdout]    5:     0x55f7c3dacda5 - std::io::Write::write_fmt::hd24bfb68a1b35a25
[INFO] [stdout]                                at /rustc/1b7dd2252b99671ce5d1cb9664c5f8636329436d/library/std/src/io/mod.rs:1698:15
[INFO] [stdout]    6:     0x55f7c3dafeb5 - std::sys_common::backtrace::_print::h8dac57a9f8fbf9a5
[INFO] [stdout]                                at /rustc/1b7dd2252b99671ce5d1cb9664c5f8636329436d/library/std/src/sys_common/backtrace.rs:47:5
[INFO] [stdout]    7:     0x55f7c3dafeb5 - std::sys_common::backtrace::print::hf9ecbf41d1aa712f
[INFO] [stdout]                                at /rustc/1b7dd2252b99671ce5d1cb9664c5f8636329436d/library/std/src/sys_common/backtrace.rs:34:9
[INFO] [stdout]    8:     0x55f7c3db1bee - std::panicking::default_hook::{{closure}}::h04c07acfc84ca028
[INFO] [stdout]                                at /rustc/1b7dd2252b99671ce5d1cb9664c5f8636329436d/library/std/src/panicking.rs:269:22
[INFO] [stdout]    9:     0x55f7c3db1921 - std::panicking::default_hook::h01f6bb23e1eceb2c
[INFO] [stdout]                                at /rustc/1b7dd2252b99671ce5d1cb9664c5f8636329436d/library/std/src/panicking.rs:285:9
[INFO] [stdout]   10:     0x55f7c3d07fab - <alloc::boxed::Box<F,A> as core::ops::function::Fn<Args>>::call::h87fe9f7b2fd49e4c
[INFO] [stdout]                                at /rustc/1b7dd2252b99671ce5d1cb9664c5f8636329436d/library/alloc/src/boxed.rs:1987:9
[INFO] [stdout]   11:     0x55f7c3d07fab - test::test_main::{{closure}}::he94d679243a7531b
[INFO] [stdout]                                at /rustc/1b7dd2252b99671ce5d1cb9664c5f8636329436d/library/test/src/lib.rs:134:21
[INFO] [stdout]   12:     0x55f7c3db22d4 - <alloc::boxed::Box<F,A> as core::ops::function::Fn<Args>>::call::h3f2d6d8b14c4769f
[INFO] [stdout]                                at /rustc/1b7dd2252b99671ce5d1cb9664c5f8636329436d/library/alloc/src/boxed.rs:1987:9
[INFO] [stdout]   13:     0x55f7c3db22d4 - std::panicking::rust_panic_with_hook::h2bb3722bbaf2f6df
[INFO] [stdout]                                at /rustc/1b7dd2252b99671ce5d1cb9664c5f8636329436d/library/std/src/panicking.rs:695:13
[INFO] [stdout]   14:     0x55f7c3db2049 - std::panicking::begin_panic_handler::{{closure}}::h91bc7f36a4be011b
[INFO] [stdout]                                at /rustc/1b7dd2252b99671ce5d1cb9664c5f8636329436d/library/std/src/panicking.rs:582:13
[INFO] [stdout]   15:     0x55f7c3db0556 - std::sys_common::backtrace::__rust_end_short_backtrace::h8b3d3717114f9e59
[INFO] [stdout]                                at /rustc/1b7dd2252b99671ce5d1cb9664c5f8636329436d/library/std/src/sys_common/backtrace.rs:150:18
[INFO] [stdout]   16:     0x55f7c3db1da2 - rust_begin_unwind
[INFO] [stdout]                                at /rustc/1b7dd2252b99671ce5d1cb9664c5f8636329436d/library/std/src/panicking.rs:578:5
[INFO] [stdout]   17:     0x55f7c3cb2393 - core::panicking::panic_fmt::hfd368e3fbdabea26
[INFO] [stdout]                                at /rustc/1b7dd2252b99671ce5d1cb9664c5f8636329436d/library/core/src/panicking.rs:67:14
[INFO] [stdout]   18:     0x55f7c3d59fef - core::panicking::panic_display::h982cd91f3cb2e7ea
[INFO] [stdout]                                at /rustc/1b7dd2252b99671ce5d1cb9664c5f8636329436d/library/core/src/panicking.rs:150:5
[INFO] [stdout]   19:     0x55f7c3d53e97 - assert_cmd::assert::AssertError::panic::h94f22ef3321068d6
[INFO] [stdout]                                at /opt/rustwide/cargo-home/registry/src/index.crates.io-6f17d22bba15001f/assert_cmd-2.0.2/src/assert.rs:1036:9
[INFO] [stdout]   20:     0x55f7c3d54577 - core::ops::function::FnOnce::call_once::h1761df732078768c
[INFO] [stdout]                                at /rustc/1b7dd2252b99671ce5d1cb9664c5f8636329436d/library/core/src/ops/function.rs:250:5
[INFO] [stdout]   21:     0x55f7c3d51f20 - core::result::Result<T,E>::unwrap_or_else::hc6054b815f76dd96
[INFO] [stdout]                                at /rustc/1b7dd2252b99671ce5d1cb9664c5f8636329436d/library/core/src/result.rs:1464:23
[INFO] [stdout]   22:     0x55f7c3d532fa - assert_cmd::assert::Assert::success::hbccec6d2b60dd426
[INFO] [stdout]                                at /opt/rustwide/cargo-home/registry/src/index.crates.io-6f17d22bba15001f/assert_cmd-2.0.2/src/assert.rs:156:9
[INFO] [stdout]   23:     0x55f7c3cd049c - main::commands::shaper::read::can_read_shaper::hc0ec4665ef98f704
[INFO] [stdout]                                at /opt/rustwide/workdir/tests/commands/shaper/read.rs:52:5
[INFO] [stdout]   24:     0x55f7c3cd0387 - main::commands::shaper::read::can_read_shaper::{{closure}}::h9f970b0cf5ef326b
[INFO] [stdout]                                at /opt/rustwide/workdir/tests/commands/shaper/read.rs:44:22
[INFO] [stdout]   25:     0x55f7c3cc1215 - core::ops::function::FnOnce::call_once::hd7a9383cb4c73e6f
[INFO] [stdout]                                at /rustc/1b7dd2252b99671ce5d1cb9664c5f8636329436d/library/core/src/ops/function.rs:250:5
[INFO] [stdout]   26:     0x55f7c3d0ce7f - core::ops::function::FnOnce::call_once::ha6a70e79f7481a7e
[INFO] [stdout]                                at /rustc/1b7dd2252b99671ce5d1cb9664c5f8636329436d/library/core/src/ops/function.rs:250:5
[INFO] [stdout]   27:     0x55f7c3d0ce7f - test::__rust_begin_short_backtrace::hce33033019b61e69
[INFO] [stdout]                                at /rustc/1b7dd2252b99671ce5d1cb9664c5f8636329436d/library/test/src/lib.rs:655:18
[INFO] [stdout]   28:     0x55f7c3cda66c - test::run_test::{{closure}}::h858d3528838ae3e5
[INFO] [stdout]                                at /rustc/1b7dd2252b99671ce5d1cb9664c5f8636329436d/library/test/src/lib.rs:646:30
[INFO] [stdout]   29:     0x55f7c3cda66c - core::ops::function::FnOnce::call_once{{vtable.shim}}::he8ac2b00f01ae79e
[INFO] [stdout]                                at /rustc/1b7dd2252b99671ce5d1cb9664c5f8636329436d/library/core/src/ops/function.rs:250:5
[INFO] [stdout]   30:     0x55f7c3d0bf56 - <alloc::boxed::Box<F,A> as core::ops::function::FnOnce<Args>>::call_once::h8093d25b522725ef
[INFO] [stdout]                                at /rustc/1b7dd2252b99671ce5d1cb9664c5f8636329436d/library/alloc/src/boxed.rs:1973:9
[INFO] [stdout]   31:     0x55f7c3d0bf56 - <core::panic::unwind_safe::AssertUnwindSafe<F> as core::ops::function::FnOnce<()>>::call_once::h5c334c204e4a3913
[INFO] [stdout]                                at /rustc/1b7dd2252b99671ce5d1cb9664c5f8636329436d/library/core/src/panic/unwind_safe.rs:271:9
[INFO] [stdout]   32:     0x55f7c3d0bf56 - std::panicking::try::do_call::ha8b740c7b9478074
[INFO] [stdout]                                at /rustc/1b7dd2252b99671ce5d1cb9664c5f8636329436d/library/std/src/panicking.rs:485:40
[INFO] [stdout]   33:     0x55f7c3d0bf56 - std::panicking::try::h5d34f63d0e41b64e
[INFO] [stdout]                                at /rustc/1b7dd2252b99671ce5d1cb9664c5f8636329436d/library/std/src/panicking.rs:449:19
[INFO] [stdout]   34:     0x55f7c3d0bf56 - std::panic::catch_unwind::hcfbb511e1aa7fc67
[INFO] [stdout]                                at /rustc/1b7dd2252b99671ce5d1cb9664c5f8636329436d/library/std/src/panic.rs:140:14
[INFO] [stdout]   35:     0x55f7c3d0bf56 - test::run_test_in_process::h9abda90f802eaf21
[INFO] [stdout]                                at /rustc/1b7dd2252b99671ce5d1cb9664c5f8636329436d/library/test/src/lib.rs:678:27
[INFO] [stdout]   36:     0x55f7c3d0bf56 - test::run_test::run_test_inner::{{closure}}::h0f058de91f6c6edf
[INFO] [stdout]                                at /rustc/1b7dd2252b99671ce5d1cb9664c5f8636329436d/library/test/src/lib.rs:572:39
[INFO] [stderr] error: test failed, to rerun pass `--test main`
[INFO] [stdout]   37:     0x55f7c3cd4e75 - test::run_test::run_test_inner::{{closure}}::h5ca48a4c59c6c1fb
[INFO] [stdout]                                at /rustc/1b7dd2252b99671ce5d1cb9664c5f8636329436d/library/test/src/lib.rs:599:37
[INFO] [stdout]   38:     0x55f7c3cd4e75 - std::sys_common::backtrace::__rust_begin_short_backtrace::h32bd51e1495d4a33
[INFO] [stdout]                                at /rustc/1b7dd2252b99671ce5d1cb9664c5f8636329436d/library/std/src/sys_common/backtrace.rs:134:18
[INFO] [stdout]   39:     0x55f7c3cda3b1 - std::thread::Builder::spawn_unchecked_::{{closure}}::{{closure}}::hc086fae9b128b2db
[INFO] [stdout]                                at /rustc/1b7dd2252b99671ce5d1cb9664c5f8636329436d/library/std/src/thread/mod.rs:526:17
[INFO] [stdout]   40:     0x55f7c3cda3b1 - <core::panic::unwind_safe::AssertUnwindSafe<F> as core::ops::function::FnOnce<()>>::call_once::hb66571888d270d43
[INFO] [stdout]                                at /rustc/1b7dd2252b99671ce5d1cb9664c5f8636329436d/library/core/src/panic/unwind_safe.rs:271:9
[INFO] [stdout]   41:     0x55f7c3cda3b1 - std::panicking::try::do_call::h4fa2ef4f6e51fecf
[INFO] [stdout]                                at /rustc/1b7dd2252b99671ce5d1cb9664c5f8636329436d/library/std/src/panicking.rs:485:40
[INFO] [stdout]   42:     0x55f7c3cda3b1 - std::panicking::try::h1e9e22b8584489b5
[INFO] [stdout]                                at /rustc/1b7dd2252b99671ce5d1cb9664c5f8636329436d/library/std/src/panicking.rs:449:19
[INFO] [stdout]   43:     0x55f7c3cda3b1 - std::panic::catch_unwind::h44698a3de0e0769e
[INFO] [stdout]                                at /rustc/1b7dd2252b99671ce5d1cb9664c5f8636329436d/library/std/src/panic.rs:140:14
[INFO] [stdout]   44:     0x55f7c3cda3b1 - std::thread::Builder::spawn_unchecked_::{{closure}}::h50153abde3fe239e
[INFO] [stdout]                                at /rustc/1b7dd2252b99671ce5d1cb9664c5f8636329436d/library/std/src/thread/mod.rs:525:30
[INFO] [stdout]   45:     0x55f7c3cda3b1 - core::ops::function::FnOnce::call_once{{vtable.shim}}::hbe5bbf6f38394364
[INFO] [stdout]                                at /rustc/1b7dd2252b99671ce5d1cb9664c5f8636329436d/library/core/src/ops/function.rs:250:5
[INFO] [stdout]   46:     0x55f7c3db7945 - <alloc::boxed::Box<F,A> as core::ops::function::FnOnce<Args>>::call_once::h0d83cb2920a49046
[INFO] [stdout]                                at /rustc/1b7dd2252b99671ce5d1cb9664c5f8636329436d/library/alloc/src/boxed.rs:1973:9
[INFO] [stdout]   47:     0x55f7c3db7945 - <alloc::boxed::Box<F,A> as core::ops::function::FnOnce<Args>>::call_once::hbe0a008aa7d9ef59
[INFO] [stdout]                                at /rustc/1b7dd2252b99671ce5d1cb9664c5f8636329436d/library/alloc/src/boxed.rs:1973:9
[INFO] [stdout]   48:     0x55f7c3db7945 - std::sys::unix::thread::Thread::new::thread_start::h3a466996bdf6b1f9
[INFO] [stdout]                                at /rustc/1b7dd2252b99671ce5d1cb9664c5f8636329436d/library/std/src/sys/unix/thread.rs:108:17
[INFO] [stdout]   49:     0x7f78cfe8bb43 - <unknown>
[INFO] [stdout]   50:     0x7f78cff1cbb4 - __clone
[INFO] [stdout]   51:                0x0 - <unknown>
[INFO] [stdout] 
[INFO] [stdout] ---- commands::source::commands::create::cannot_create_source stdout ----
[INFO] [stdout] thread 'commands::source::commands::create::cannot_create_source' panicked at 'Unexpected failure.
[INFO] [stdout] code-<interrupted>
[INFO] [stdout] stderr=```""```
[INFO] [stdout] command=`cd "/tmp/.tmpLxB2G8" && "/opt/rustwide/target/debug/holium" "source" "read" "source"`
[INFO] [stdout] code=<interrupted>
[INFO] [stdout] stdout=""
[INFO] [stdout] stderr=""
[INFO] [stdout] ', /rustc/1b7dd2252b99671ce5d1cb9664c5f8636329436d/library/core/src/ops/function.rs:250:5
[INFO] [stdout] stack backtrace:
[INFO] [stdout]    0:     0x55f7c3db00ea - std::backtrace_rs::backtrace::libunwind::trace::h2f05d0192276a8f6
[INFO] [stdout]                                at /rustc/1b7dd2252b99671ce5d1cb9664c5f8636329436d/library/std/src/../../backtrace/src/backtrace/libunwind.rs:93:5
[INFO] [stdout]    1:     0x55f7c3db00ea - std::backtrace_rs::backtrace::trace_unsynchronized::hedc23dff7a1af150
[INFO] [stdout]                                at /rustc/1b7dd2252b99671ce5d1cb9664c5f8636329436d/library/std/src/../../backtrace/src/backtrace/mod.rs:66:5
[INFO] [stdout]    2:     0x55f7c3db00ea - std::sys_common::backtrace::_print_fmt::h17541ef7592f3ce2
[INFO] [stdout]                                at /rustc/1b7dd2252b99671ce5d1cb9664c5f8636329436d/library/std/src/sys_common/backtrace.rs:65:5
[INFO] [stdout]    3:     0x55f7c3db00ea - <std::sys_common::backtrace::_print::DisplayBacktrace as core::fmt::Display>::fmt::h20f75df5ab0c0792
[INFO] [stdout]                                at /rustc/1b7dd2252b99671ce5d1cb9664c5f8636329436d/library/std/src/sys_common/backtrace.rs:44:22
[INFO] [stdout]    4:     0x55f7c3dd55df - core::fmt::write::h78109e6f466b3af6
[INFO] [stdout]                                at /rustc/1b7dd2252b99671ce5d1cb9664c5f8636329436d/library/core/src/fmt/mod.rs:1254:17
[INFO] [stdout]    5:     0x55f7c3dacda5 - std::io::Write::write_fmt::hd24bfb68a1b35a25
[INFO] [stdout]                                at /rustc/1b7dd2252b99671ce5d1cb9664c5f8636329436d/library/std/src/io/mod.rs:1698:15
[INFO] [stdout]    6:     0x55f7c3dafeb5 - std::sys_common::backtrace::_print::h8dac57a9f8fbf9a5
[INFO] [stdout]                                at /rustc/1b7dd2252b99671ce5d1cb9664c5f8636329436d/library/std/src/sys_common/backtrace.rs:47:5
[INFO] [stdout]    7:     0x55f7c3dafeb5 - std::sys_common::backtrace::print::hf9ecbf41d1aa712f
[INFO] [stdout]                                at /rustc/1b7dd2252b99671ce5d1cb9664c5f8636329436d/library/std/src/sys_common/backtrace.rs:34:9
[INFO] [stdout]    8:     0x55f7c3db1bee - std::panicking::default_hook::{{closure}}::h04c07acfc84ca028
[INFO] [stdout]                                at /rustc/1b7dd2252b99671ce5d1cb9664c5f8636329436d/library/std/src/panicking.rs:269:22
[INFO] [stdout]    9:     0x55f7c3db1921 - std::panicking::default_hook::h01f6bb23e1eceb2c
[INFO] [stdout]                                at /rustc/1b7dd2252b99671ce5d1cb9664c5f8636329436d/library/std/src/panicking.rs:285:9
[INFO] [stdout]   10:     0x55f7c3d07fab - <alloc::boxed::Box<F,A> as core::ops::function::Fn<Args>>::call::h87fe9f7b2fd49e4c
[INFO] [stdout]                                at /rustc/1b7dd2252b99671ce5d1cb9664c5f8636329436d/library/alloc/src/boxed.rs:1987:9
[INFO] [stdout]   11:     0x55f7c3d07fab - test::test_main::{{closure}}::he94d679243a7531b
[INFO] [stdout]                                at /rustc/1b7dd2252b99671ce5d1cb9664c5f8636329436d/library/test/src/lib.rs:134:21
[INFO] [stdout]   12:     0x55f7c3db22d4 - <alloc::boxed::Box<F,A> as core::ops::function::Fn<Args>>::call::h3f2d6d8b14c4769f
[INFO] [stdout]                                at /rustc/1b7dd2252b99671ce5d1cb9664c5f8636329436d/library/alloc/src/boxed.rs:1987:9
[INFO] [stdout]   13:     0x55f7c3db22d4 - std::panicking::rust_panic_with_hook::h2bb3722bbaf2f6df
[INFO] [stdout]                                at /rustc/1b7dd2252b99671ce5d1cb9664c5f8636329436d/library/std/src/panicking.rs:695:13
[INFO] [stdout]   14:     0x55f7c3db2049 - std::panicking::begin_panic_handler::{{closure}}::h91bc7f36a4be011b
[INFO] [stdout]                                at /rustc/1b7dd2252b99671ce5d1cb9664c5f8636329436d/library/std/src/panicking.rs:582:13
[INFO] [stdout]   15:     0x55f7c3db0556 - std::sys_common::backtrace::__rust_end_short_backtrace::h8b3d3717114f9e59
[INFO] [stdout]                                at /rustc/1b7dd2252b99671ce5d1cb9664c5f8636329436d/library/std/src/sys_common/backtrace.rs:150:18
[INFO] [stdout]   16:     0x55f7c3db1da2 - rust_begin_unwind
[INFO] [stdout]                                at /rustc/1b7dd2252b99671ce5d1cb9664c5f8636329436d/library/std/src/panicking.rs:578:5
[INFO] [stdout]   17:     0x55f7c3cb2393 - core::panicking::panic_fmt::hfd368e3fbdabea26
[INFO] [stdout]                                at /rustc/1b7dd2252b99671ce5d1cb9664c5f8636329436d/library/core/src/panicking.rs:67:14
[INFO] [stdout]   18:     0x55f7c3d59fef - core::panicking::panic_display::h982cd91f3cb2e7ea
[INFO] [stdout]                                at /rustc/1b7dd2252b99671ce5d1cb9664c5f8636329436d/library/core/src/panicking.rs:150:5
[INFO] [stdout]   19:     0x55f7c3d53e97 - assert_cmd::assert::AssertError::panic::h94f22ef3321068d6
[INFO] [stdout]                                at /opt/rustwide/cargo-home/registry/src/index.crates.io-6f17d22bba15001f/assert_cmd-2.0.2/src/assert.rs:1036:9
[INFO] [stdout]   20:     0x55f7c3d54577 - core::ops::function::FnOnce::call_once::h1761df732078768c
[INFO] [stdout]                                at /rustc/1b7dd2252b99671ce5d1cb9664c5f8636329436d/library/core/src/ops/function.rs:250:5
[INFO] [stdout]   21:     0x55f7c3d51f20 - core::result::Result<T,E>::unwrap_or_else::hc6054b815f76dd96
[INFO] [stdout]                                at /rustc/1b7dd2252b99671ce5d1cb9664c5f8636329436d/library/core/src/result.rs:1464:23
[INFO] [stdout]   22:     0x55f7c3d532fa - assert_cmd::assert::Assert::success::hbccec6d2b60dd426
[INFO] [stdout]                                at /opt/rustwide/cargo-home/registry/src/index.crates.io-6f17d22bba15001f/assert_cmd-2.0.2/src/assert.rs:156:9
[INFO] [stdout]   23:     0x55f7c3cc9aa2 - main::commands::source::commands::create::cannot_create_source::h555d49692700a466
[INFO] [stdout]                                at /opt/rustwide/workdir/tests/commands/source/commands/create.rs:138:5
[INFO] [stdout]   24:     0x55f7c3cc9817 - main::commands::source::commands::create::cannot_create_source::{{closure}}::ha4dbe734ad1b66e5
[INFO] [stdout]                                at /opt/rustwide/workdir/tests/commands/source/commands/create.rs:122:27
[INFO] [stdout]   25:     0x55f7c3cc1295 - core::ops::function::FnOnce::call_once::hd958ba286f70ae83
[INFO] [stdout]                                at /rustc/1b7dd2252b99671ce5d1cb9664c5f8636329436d/library/core/src/ops/function.rs:250:5
[INFO] [stdout]   26:     0x55f7c3d0ce7f - core::ops::function::FnOnce::call_once::ha6a70e79f7481a7e
[INFO] [stdout]                                at /rustc/1b7dd2252b99671ce5d1cb9664c5f8636329436d/library/core/src/ops/function.rs:250:5
[INFO] [stdout]   27:     0x55f7c3d0ce7f - test::__rust_begin_short_backtrace::hce33033019b61e69
[INFO] [stdout]                                at /rustc/1b7dd2252b99671ce5d1cb9664c5f8636329436d/library/test/src/lib.rs:655:18
[INFO] [stdout]   28:     0x55f7c3cda66c - test::run_test::{{closure}}::h858d3528838ae3e5
[INFO] [stdout]                                at /rustc/1b7dd2252b99671ce5d1cb9664c5f8636329436d/library/test/src/lib.rs:646:30
[INFO] [stdout]   29:     0x55f7c3cda66c - core::ops::function::FnOnce::call_once{{vtable.shim}}::he8ac2b00f01ae79e
[INFO] [stdout]                                at /rustc/1b7dd2252b99671ce5d1cb9664c5f8636329436d/library/core/src/ops/function.rs:250:5
[INFO] [stdout]   30:     0x55f7c3d0bf56 - <alloc::boxed::Box<F,A> as core::ops::function::FnOnce<Args>>::call_once::h8093d25b522725ef
[INFO] [stdout]                                at /rustc/1b7dd2252b99671ce5d1cb9664c5f8636329436d/library/alloc/src/boxed.rs:1973:9
[INFO] [stdout]   31:     0x55f7c3d0bf56 - <core::panic::unwind_safe::AssertUnwindSafe<F> as core::ops::function::FnOnce<()>>::call_once::h5c334c204e4a3913
[INFO] [stdout]                                at /rustc/1b7dd2252b99671ce5d1cb9664c5f8636329436d/library/core/src/panic/unwind_safe.rs:271:9
[INFO] [stdout]   32:     0x55f7c3d0bf56 - std::panicking::try::do_call::ha8b740c7b9478074
[INFO] [stdout]                                at /rustc/1b7dd2252b99671ce5d1cb9664c5f8636329436d/library/std/src/panicking.rs:485:40
[INFO] [stdout]   33:     0x55f7c3d0bf56 - std::panicking::try::h5d34f63d0e41b64e
[INFO] [stdout]                                at /rustc/1b7dd2252b99671ce5d1cb9664c5f8636329436d/library/std/src/panicking.rs:449:19
[INFO] [stdout]   34:     0x55f7c3d0bf56 - std::panic::catch_unwind::hcfbb511e1aa7fc67
[INFO] [stdout]                                at /rustc/1b7dd2252b99671ce5d1cb9664c5f8636329436d/library/std/src/panic.rs:140:14
[INFO] [stdout]   35:     0x55f7c3d0bf56 - test::run_test_in_process::h9abda90f802eaf21
[INFO] [stdout]                                at /rustc/1b7dd2252b99671ce5d1cb9664c5f8636329436d/library/test/src/lib.rs:678:27
[INFO] [stdout]   36:     0x55f7c3d0bf56 - test::run_test::run_test_inner::{{closure}}::h0f058de91f6c6edf
[INFO] [stdout]                                at /rustc/1b7dd2252b99671ce5d1cb9664c5f8636329436d/library/test/src/lib.rs:572:39
[INFO] [stdout]   37:     0x55f7c3cd4e75 - test::run_test::run_test_inner::{{closure}}::h5ca48a4c59c6c1fb
[INFO] [stdout]                                at /rustc/1b7dd2252b99671ce5d1cb9664c5f8636329436d/library/test/src/lib.rs:599:37
[INFO] [stdout]   38:     0x55f7c3cd4e75 - std::sys_common::backtrace::__rust_begin_short_backtrace::h32bd51e1495d4a33
[INFO] [stdout]                                at /rustc/1b7dd2252b99671ce5d1cb9664c5f8636329436d/library/std/src/sys_common/backtrace.rs:134:18
[INFO] [stdout]   39:     0x55f7c3cda3b1 - std::thread::Builder::spawn_unchecked_::{{closure}}::{{closure}}::hc086fae9b128b2db
[INFO] [stdout]                                at /rustc/1b7dd2252b99671ce5d1cb9664c5f8636329436d/library/std/src/thread/mod.rs:526:17
[INFO] [stdout]   40:     0x55f7c3cda3b1 - <core::panic::unwind_safe::AssertUnwindSafe<F> as core::ops::function::FnOnce<()>>::call_once::hb66571888d270d43
[INFO] [stdout]                                at /rustc/1b7dd2252b99671ce5d1cb9664c5f8636329436d/library/core/src/panic/unwind_safe.rs:271:9
[INFO] [stdout]   41:     0x55f7c3cda3b1 - std::panicking::try::do_call::h4fa2ef4f6e51fecf
[INFO] [stdout]                                at /rustc/1b7dd2252b99671ce5d1cb9664c5f8636329436d/library/std/src/panicking.rs:485:40
[INFO] [stdout]   42:     0x55f7c3cda3b1 - std::panicking::try::h1e9e22b8584489b5
[INFO] [stdout]                                at /rustc/1b7dd2252b99671ce5d1cb9664c5f8636329436d/library/std/src/panicking.rs:449:19
[INFO] [stdout]   43:     0x55f7c3cda3b1 - std::panic::catch_unwind::h44698a3de0e0769e
[INFO] [stdout]                                at /rustc/1b7dd2252b99671ce5d1cb9664c5f8636329436d/library/std/src/panic.rs:140:14
[INFO] [stdout]   44:     0x55f7c3cda3b1 - std::thread::Builder::spawn_unchecked_::{{closure}}::h50153abde3fe239e
[INFO] [stdout]                                at /rustc/1b7dd2252b99671ce5d1cb9664c5f8636329436d/library/std/src/thread/mod.rs:525:30
[INFO] [stdout]   45:     0x55f7c3cda3b1 - core::ops::function::FnOnce::call_once{{vtable.shim}}::hbe5bbf6f38394364
[INFO] [stdout]                                at /rustc/1b7dd2252b99671ce5d1cb9664c5f8636329436d/library/core/src/ops/function.rs:250:5
[INFO] [stdout]   46:     0x55f7c3db7945 - <alloc::boxed::Box<F,A> as core::ops::function::FnOnce<Args>>::call_once::h0d83cb2920a49046
[INFO] [stdout]                                at /rustc/1b7dd2252b99671ce5d1cb9664c5f8636329436d/library/alloc/src/boxed.rs:1973:9
[INFO] [stdout]   47:     0x55f7c3db7945 - <alloc::boxed::Box<F,A> as core::ops::function::FnOnce<Args>>::call_once::hbe0a008aa7d9ef59
[INFO] [stdout]                                at /rustc/1b7dd2252b99671ce5d1cb9664c5f8636329436d/library/alloc/src/boxed.rs:1973:9
[INFO] [stdout]   48:     0x55f7c3db7945 - std::sys::unix::thread::Thread::new::thread_start::h3a466996bdf6b1f9
[INFO] [stdout]                                at /rustc/1b7dd2252b99671ce5d1cb9664c5f8636329436d/library/std/src/sys/unix/thread.rs:108:17
[INFO] [stdout]   49:     0x7f78cfe8bb43 - <unknown>
[INFO] [stdout]   50:     0x7f78cff1cbb4 - __clone
[INFO] [stdout]   51:                0x0 - <unknown>
[INFO] [stdout] 
[INFO] [stdout] ---- commands::shaper::update::can_update_shaper stdout ----
[INFO] [stdout] thread 'commands::shaper::update::can_update_shaper' panicked at 'Unexpected failure.
[INFO] [stdout] code-<interrupted>
[INFO] [stdout] stderr=```""```
[INFO] [stdout] command=`cd "/tmp/.tmp15XrpT" && "/opt/rustwide/target/debug/holium" "shaper" "read" "shaper"`
[INFO] [stdout] code=<interrupted>
[INFO] [stdout] stdout=""
[INFO] [stdout] stderr=""
[INFO] [stdout] ', /rustc/1b7dd2252b99671ce5d1cb9664c5f8636329436d/library/core/src/ops/function.rs:250:5
[INFO] [stdout] stack backtrace:
[INFO] [stdout]    0:     0x55f7c3db00ea - std::backtrace_rs::backtrace::libunwind::trace::h2f05d0192276a8f6
[INFO] [stdout]                                at /rustc/1b7dd2252b99671ce5d1cb9664c5f8636329436d/library/std/src/../../backtrace/src/backtrace/libunwind.rs:93:5
[INFO] [stdout]    1:     0x55f7c3db00ea - std::backtrace_rs::backtrace::trace_unsynchronized::hedc23dff7a1af150
[INFO] [stdout]                                at /rustc/1b7dd2252b99671ce5d1cb9664c5f8636329436d/library/std/src/../../backtrace/src/backtrace/mod.rs:66:5
[INFO] [stdout]    2:     0x55f7c3db00ea - std::sys_common::backtrace::_print_fmt::h17541ef7592f3ce2
[INFO] [stdout]                                at /rustc/1b7dd2252b99671ce5d1cb9664c5f8636329436d/library/std/src/sys_common/backtrace.rs:65:5
[INFO] [stdout]    3:     0x55f7c3db00ea - <std::sys_common::backtrace::_print::DisplayBacktrace as core::fmt::Display>::fmt::h20f75df5ab0c0792
[INFO] [stdout]                                at /rustc/1b7dd2252b99671ce5d1cb9664c5f8636329436d/library/std/src/sys_common/backtrace.rs:44:22
[INFO] [stdout]    4:     0x55f7c3dd55df - core::fmt::write::h78109e6f466b3af6
[INFO] [stdout]                                at /rustc/1b7dd2252b99671ce5d1cb9664c5f8636329436d/library/core/src/fmt/mod.rs:1254:17
[INFO] [stdout]    5:     0x55f7c3dacda5 - std::io::Write::write_fmt::hd24bfb68a1b35a25
[INFO] [stdout]                                at /rustc/1b7dd2252b99671ce5d1cb9664c5f8636329436d/library/std/src/io/mod.rs:1698:15
[INFO] [stdout]    6:     0x55f7c3dafeb5 - std::sys_common::backtrace::_print::h8dac57a9f8fbf9a5
[INFO] [stdout]                                at /rustc/1b7dd2252b99671ce5d1cb9664c5f8636329436d/library/std/src/sys_common/backtrace.rs:47:5
[INFO] [stdout]    7:     0x55f7c3dafeb5 - std::sys_common::backtrace::print::hf9ecbf41d1aa712f
[INFO] [stdout]                                at /rustc/1b7dd2252b99671ce5d1cb9664c5f8636329436d/library/std/src/sys_common/backtrace.rs:34:9
[INFO] [stdout]    8:     0x55f7c3db1bee - std::panicking::default_hook::{{closure}}::h04c07acfc84ca028
[INFO] [stdout]                                at /rustc/1b7dd2252b99671ce5d1cb9664c5f8636329436d/library/std/src/panicking.rs:269:22
[INFO] [stdout]    9:     0x55f7c3db1921 - std::panicking::default_hook::h01f6bb23e1eceb2c
[INFO] [stdout]                                at /rustc/1b7dd2252b99671ce5d1cb9664c5f8636329436d/library/std/src/panicking.rs:285:9
[INFO] [stdout]   10:     0x55f7c3d07fab - <alloc::boxed::Box<F,A> as core::ops::function::Fn<Args>>::call::h87fe9f7b2fd49e4c
[INFO] [stdout]                                at /rustc/1b7dd2252b99671ce5d1cb9664c5f8636329436d/library/alloc/src/boxed.rs:1987:9
[INFO] [stdout]   11:     0x55f7c3d07fab - test::test_main::{{closure}}::he94d679243a7531b
[INFO] [stdout]                                at /rustc/1b7dd2252b99671ce5d1cb9664c5f8636329436d/library/test/src/lib.rs:134:21
[INFO] [stdout]   12:     0x55f7c3db22d4 - <alloc::boxed::Box<F,A> as core::ops::function::Fn<Args>>::call::h3f2d6d8b14c4769f
[INFO] [stdout]                                at /rustc/1b7dd2252b99671ce5d1cb9664c5f8636329436d/library/alloc/src/boxed.rs:1987:9
[INFO] [stdout]   13:     0x55f7c3db22d4 - std::panicking::rust_panic_with_hook::h2bb3722bbaf2f6df
[INFO] [stdout]                                at /rustc/1b7dd2252b99671ce5d1cb9664c5f8636329436d/library/std/src/panicking.rs:695:13
[INFO] [stdout]   14:     0x55f7c3db2049 - std::panicking::begin_panic_handler::{{closure}}::h91bc7f36a4be011b
[INFO] [stdout]                                at /rustc/1b7dd2252b99671ce5d1cb9664c5f8636329436d/library/std/src/panicking.rs:582:13
[INFO] [stdout]   15:     0x55f7c3db0556 - std::sys_common::backtrace::__rust_end_short_backtrace::h8b3d3717114f9e59
[INFO] [stdout]                                at /rustc/1b7dd2252b99671ce5d1cb9664c5f8636329436d/library/std/src/sys_common/backtrace.rs:150:18
[INFO] [stdout]   16:     0x55f7c3db1da2 - rust_begin_unwind
[INFO] [stdout]                                at /rustc/1b7dd2252b99671ce5d1cb9664c5f8636329436d/library/std/src/panicking.rs:578:5
[INFO] [stdout]   17:     0x55f7c3cb2393 - core::panicking::panic_fmt::hfd368e3fbdabea26
[INFO] [stdout]                                at /rustc/1b7dd2252b99671ce5d1cb9664c5f8636329436d/library/core/src/panicking.rs:67:14
[INFO] [stdout]   18:     0x55f7c3d59fef - core::panicking::panic_display::h982cd91f3cb2e7ea
[INFO] [stdout]                                at /rustc/1b7dd2252b99671ce5d1cb9664c5f8636329436d/library/core/src/panicking.rs:150:5
[INFO] [stdout]   19:     0x55f7c3d53e97 - assert_cmd::assert::AssertError::panic::h94f22ef3321068d6
[INFO] [stdout]                                at /opt/rustwide/cargo-home/registry/src/index.crates.io-6f17d22bba15001f/assert_cmd-2.0.2/src/assert.rs:1036:9
[INFO] [stdout]   20:     0x55f7c3d54577 - core::ops::function::FnOnce::call_once::h1761df732078768c
[INFO] [stdout]                                at /rustc/1b7dd2252b99671ce5d1cb9664c5f8636329436d/library/core/src/ops/function.rs:250:5
[INFO] [stdout]   21:     0x55f7c3d51f20 - core::result::Result<T,E>::unwrap_or_else::hc6054b815f76dd96
[INFO] [stdout]                                at /rustc/1b7dd2252b99671ce5d1cb9664c5f8636329436d/library/core/src/result.rs:1464:23
[INFO] [stdout]   22:     0x55f7c3d532fa - assert_cmd::assert::Assert::success::hbccec6d2b60dd426
[INFO] [stdout]                                at /opt/rustwide/cargo-home/registry/src/index.crates.io-6f17d22bba15001f/assert_cmd-2.0.2/src/assert.rs:156:9
[INFO] [stdout]   23:     0x55f7c3cccaa2 - main::commands::shaper::update::can_update_shaper::h2f27de9a0d35fedb
[INFO] [stdout]                                at /opt/rustwide/workdir/tests/commands/shaper/update.rs:120:5
[INFO] [stdout]   24:     0x55f7c3ccc7b7 - main::commands::shaper::update::can_update_shaper::{{closure}}::h8264ad4c7956fd4f
[INFO] [stdout]                                at /opt/rustwide/workdir/tests/commands/shaper/update.rs:98:24
[INFO] [stdout]   25:     0x55f7c3cc0445 - core::ops::function::FnOnce::call_once::h6f1ec10b855d86ab
[INFO] [stdout]                                at /rustc/1b7dd2252b99671ce5d1cb9664c5f8636329436d/library/core/src/ops/function.rs:250:5
[INFO] [stdout]   26:     0x55f7c3d0ce7f - core::ops::function::FnOnce::call_once::ha6a70e79f7481a7e
[INFO] [stdout]                                at /rustc/1b7dd2252b99671ce5d1cb9664c5f8636329436d/library/core/src/ops/function.rs:250:5
[INFO] [stdout]   27:     0x55f7c3d0ce7f - test::__rust_begin_short_backtrace::hce33033019b61e69
[INFO] [stdout]                                at /rustc/1b7dd2252b99671ce5d1cb9664c5f8636329436d/library/test/src/lib.rs:655:18
[INFO] [stdout]   28:     0x55f7c3cda66c - test::run_test::{{closure}}::h858d3528838ae3e5
[INFO] [stdout]                                at /rustc/1b7dd2252b99671ce5d1cb9664c5f8636329436d/library/test/src/lib.rs:646:30
[INFO] [stdout]   29:     0x55f7c3cda66c - core::ops::function::FnOnce::call_once{{vtable.shim}}::he8ac2b00f01ae79e
[INFO] [stdout]                                at /rustc/1b7dd2252b99671ce5d1cb9664c5f8636329436d/library/core/src/ops/function.rs:250:5
[INFO] [stdout]   30:     0x55f7c3d0bf56 - <alloc::boxed::Box<F,A> as core::ops::function::FnOnce<Args>>::call_once::h8093d25b522725ef
[INFO] [stdout]                                at /rustc/1b7dd2252b99671ce5d1cb9664c5f8636329436d/library/alloc/src/boxed.rs:1973:9
[INFO] [stdout]   31:     0x55f7c3d0bf56 - <core::panic::unwind_safe::AssertUnwindSafe<F> as core::ops::function::FnOnce<()>>::call_once::h5c334c204e4a3913
[INFO] [stdout]                                at /rustc/1b7dd2252b99671ce5d1cb9664c5f8636329436d/library/core/src/panic/unwind_safe.rs:271:9
[INFO] [stdout]   32:     0x55f7c3d0bf56 - std::panicking::try::do_call::ha8b740c7b9478074
[INFO] [stdout]                                at /rustc/1b7dd2252b99671ce5d1cb9664c5f8636329436d/library/std/src/panicking.rs:485:40
[INFO] [stdout]   33:     0x55f7c3d0bf56 - std::panicking::try::h5d34f63d0e41b64e
[INFO] [stdout]                                at /rustc/1b7dd2252b99671ce5d1cb9664c5f8636329436d/library/std/src/panicking.rs:449:19
[INFO] [stdout]   34:     0x55f7c3d0bf56 - std::panic::catch_unwind::hcfbb511e1aa7fc67
[INFO] [stdout]                                at /rustc/1b7dd2252b99671ce5d1cb9664c5f8636329436d/library/std/src/panic.rs:140:14
[INFO] [stdout]   35:     0x55f7c3d0bf56 - test::run_test_in_process::h9abda90f802eaf21
[INFO] [stdout]                                at /rustc/1b7dd2252b99671ce5d1cb9664c5f8636329436d/library/test/src/lib.rs:678:27
[INFO] [stdout]   36:     0x55f7c3d0bf56 - test::run_test::run_test_inner::{{closure}}::h0f058de91f6c6edf
[INFO] [stdout]                                at /rustc/1b7dd2252b99671ce5d1cb9664c5f8636329436d/library/test/src/lib.rs:572:39
[INFO] [stdout]   37:     0x55f7c3cd4e75 - test::run_test::run_test_inner::{{closure}}::h5ca48a4c59c6c1fb
[INFO] [stdout]                                at /rustc/1b7dd2252b99671ce5d1cb9664c5f8636329436d/library/test/src/lib.rs:599:37
[INFO] [stdout]   38:     0x55f7c3cd4e75 - std::sys_common::backtrace::__rust_begin_short_backtrace::h32bd51e1495d4a33
[INFO] [stdout]                                at /rustc/1b7dd2252b99671ce5d1cb9664c5f8636329436d/library/std/src/sys_common/backtrace.rs:134:18
[INFO] [stdout]   39:     0x55f7c3cda3b1 - std::thread::Builder::spawn_unchecked_::{{closure}}::{{closure}}::hc086fae9b128b2db
[INFO] [stdout]                                at /rustc/1b7dd2252b99671ce5d1cb9664c5f8636329436d/library/std/src/thread/mod.rs:526:17
[INFO] [stdout]   40:     0x55f7c3cda3b1 - <core::panic::unwind_safe::AssertUnwindSafe<F> as core::ops::function::FnOnce<()>>::call_once::hb66571888d270d43
[INFO] [stdout]                                at /rustc/1b7dd2252b99671ce5d1cb9664c5f8636329436d/library/core/src/panic/unwind_safe.rs:271:9
[INFO] [stdout]   41:     0x55f7c3cda3b1 - std::panicking::try::do_call::h4fa2ef4f6e51fecf
[INFO] [stdout]                                at /rustc/1b7dd2252b99671ce5d1cb9664c5f8636329436d/library/std/src/panicking.rs:485:40
[INFO] [stdout]   42:     0x55f7c3cda3b1 - std::panicking::try::h1e9e22b8584489b5
[INFO] [stdout]                                at /rustc/1b7dd2252b99671ce5d1cb9664c5f8636329436d/library/std/src/panicking.rs:449:19
[INFO] [stdout]   43:     0x55f7c3cda3b1 - std::panic::catch_unwind::h44698a3de0e0769e
[INFO] [stdout]                                at /rustc/1b7dd2252b99671ce5d1cb9664c5f8636329436d/library/std/src/panic.rs:140:14
[INFO] [stdout]   44:     0x55f7c3cda3b1 - std::thread::Builder::spawn_unchecked_::{{closure}}::h50153abde3fe239e
[INFO] [stdout]                                at /rustc/1b7dd2252b99671ce5d1cb9664c5f8636329436d/library/std/src/thread/mod.rs:525:30
[INFO] [stdout]   45:     0x55f7c3cda3b1 - core::ops::function::FnOnce::call_once{{vtable.shim}}::hbe5bbf6f38394364
[INFO] [stdout]                                at /rustc/1b7dd2252b99671ce5d1cb9664c5f8636329436d/library/core/src/ops/function.rs:250:5
[INFO] [stdout]   46:     0x55f7c3db7945 - <alloc::boxed::Box<F,A> as core::ops::function::FnOnce<Args>>::call_once::h0d83cb2920a49046
[INFO] [stdout]                                at /rustc/1b7dd2252b99671ce5d1cb9664c5f8636329436d/library/alloc/src/boxed.rs:1973:9
[INFO] [stdout]   47:     0x55f7c3db7945 - <alloc::boxed::Box<F,A> as core::ops::function::FnOnce<Args>>::call_once::hbe0a008aa7d9ef59
[INFO] [stdout]                                at /rustc/1b7dd2252b99671ce5d1cb9664c5f8636329436d/library/alloc/src/boxed.rs:1973:9
[INFO] [stdout]   48:     0x55f7c3db7945 - std::sys::unix::thread::Thread::new::thread_start::h3a466996bdf6b1f9
[INFO] [stdout]                                at /rustc/1b7dd2252b99671ce5d1cb9664c5f8636329436d/library/std/src/sys/unix/thread.rs:108:17
[INFO] [stdout]   49:     0x7f78cfe8bb43 - <unknown>
[INFO] [stdout]   50:     0x7f78cff1cbb4 - __clone
[INFO] [stdout]   51:                0x0 - <unknown>
[INFO] [stdout] 
[INFO] [stdout] ---- commands::source::commands::list::can_list_with_source stdout ----
[INFO] [stdout] thread 'commands::source::commands::list::can_list_with_source' panicked at 'Unexpected failure.
[INFO] [stdout] code-<interrupted>
[INFO] [stdout] stderr=```""```
[INFO] [stdout] command=`cd "/tmp/.tmpd57poh" && "/opt/rustwide/target/debug/holium" "source" "list"`
[INFO] [stdout] code=<interrupted>
[INFO] [stdout] stdout=""
[INFO] [stdout] stderr=""
[INFO] [stdout] ', /rustc/1b7dd2252b99671ce5d1cb9664c5f8636329436d/library/core/src/ops/function.rs:250:5
[INFO] [stdout] stack backtrace:
[INFO] [stdout]    0:     0x55f7c3db00ea - std::backtrace_rs::backtrace::libunwind::trace::h2f05d0192276a8f6
[INFO] [stdout]                                at /rustc/1b7dd2252b99671ce5d1cb9664c5f8636329436d/library/std/src/../../backtrace/src/backtrace/libunwind.rs:93:5
[INFO] [stdout]    1:     0x55f7c3db00ea - std::backtrace_rs::backtrace::trace_unsynchronized::hedc23dff7a1af150
[INFO] [stdout]                                at /rustc/1b7dd2252b99671ce5d1cb9664c5f8636329436d/library/std/src/../../backtrace/src/backtrace/mod.rs:66:5
[INFO] [stdout]    2:     0x55f7c3db00ea - std::sys_common::backtrace::_print_fmt::h17541ef7592f3ce2
[INFO] [stdout]                                at /rustc/1b7dd2252b99671ce5d1cb9664c5f8636329436d/library/std/src/sys_common/backtrace.rs:65:5
[INFO] [stdout]    3:     0x55f7c3db00ea - <std::sys_common::backtrace::_print::DisplayBacktrace as core::fmt::Display>::fmt::h20f75df5ab0c0792
[INFO] [stdout]                                at /rustc/1b7dd2252b99671ce5d1cb9664c5f8636329436d/library/std/src/sys_common/backtrace.rs:44:22
[INFO] [stdout]    4:     0x55f7c3dd55df - core::fmt::write::h78109e6f466b3af6
[INFO] [stdout]                                at /rustc/1b7dd2252b99671ce5d1cb9664c5f8636329436d/library/core/src/fmt/mod.rs:1254:17
[INFO] [stdout]    5:     0x55f7c3dacda5 - std::io::Write::write_fmt::hd24bfb68a1b35a25
[INFO] [stdout]                                at /rustc/1b7dd2252b99671ce5d1cb9664c5f8636329436d/library/std/src/io/mod.rs:1698:15
[INFO] [stdout]    6:     0x55f7c3dafeb5 - std::sys_common::backtrace::_print::h8dac57a9f8fbf9a5
[INFO] [stdout]                                at /rustc/1b7dd2252b99671ce5d1cb9664c5f8636329436d/library/std/src/sys_common/backtrace.rs:47:5
[INFO] [stdout]    7:     0x55f7c3dafeb5 - std::sys_common::backtrace::print::hf9ecbf41d1aa712f
[INFO] [stdout]                                at /rustc/1b7dd2252b99671ce5d1cb9664c5f8636329436d/library/std/src/sys_common/backtrace.rs:34:9
[INFO] [stdout]    8:     0x55f7c3db1bee - std::panicking::default_hook::{{closure}}::h04c07acfc84ca028
[INFO] [stdout]                                at /rustc/1b7dd2252b99671ce5d1cb9664c5f8636329436d/library/std/src/panicking.rs:269:22
[INFO] [stdout]    9:     0x55f7c3db1921 - std::panicking::default_hook::h01f6bb23e1eceb2c
[INFO] [stdout]                                at /rustc/1b7dd2252b99671ce5d1cb9664c5f8636329436d/library/std/src/panicking.rs:285:9
[INFO] [stdout]   10:     0x55f7c3d07fab - <alloc::boxed::Box<F,A> as core::ops::function::Fn<Args>>::call::h87fe9f7b2fd49e4c
[INFO] [stdout]                                at /rustc/1b7dd2252b99671ce5d1cb9664c5f8636329436d/library/alloc/src/boxed.rs:1987:9
[INFO] [stdout]   11:     0x55f7c3d07fab - test::test_main::{{closure}}::he94d679243a7531b
[INFO] [stdout]                                at /rustc/1b7dd2252b99671ce5d1cb9664c5f8636329436d/library/test/src/lib.rs:134:21
[INFO] [stdout]   12:     0x55f7c3db22d4 - <alloc::boxed::Box<F,A> as core::ops::function::Fn<Args>>::call::h3f2d6d8b14c4769f
[INFO] [stdout]                                at /rustc/1b7dd2252b99671ce5d1cb9664c5f8636329436d/library/alloc/src/boxed.rs:1987:9
[INFO] [stdout]   13:     0x55f7c3db22d4 - std::panicking::rust_panic_with_hook::h2bb3722bbaf2f6df
[INFO] [stdout]                                at /rustc/1b7dd2252b99671ce5d1cb9664c5f8636329436d/library/std/src/panicking.rs:695:13
[INFO] [stdout]   14:     0x55f7c3db2049 - std::panicking::begin_panic_handler::{{closure}}::h91bc7f36a4be011b
[INFO] [stdout]                                at /rustc/1b7dd2252b99671ce5d1cb9664c5f8636329436d/library/std/src/panicking.rs:582:13
[INFO] [stdout]   15:     0x55f7c3db0556 - std::sys_common::backtrace::__rust_end_short_backtrace::h8b3d3717114f9e59
[INFO] [stdout]                                at /rustc/1b7dd2252b99671ce5d1cb9664c5f8636329436d/library/std/src/sys_common/backtrace.rs:150:18
[INFO] [stdout]   16:     0x55f7c3db1da2 - rust_begin_unwind
[INFO] [stdout]                                at /rustc/1b7dd2252b99671ce5d1cb9664c5f8636329436d/library/std/src/panicking.rs:578:5
[INFO] [stdout]   17:     0x55f7c3cb2393 - core::panicking::panic_fmt::hfd368e3fbdabea26
[INFO] [stdout]                                at /rustc/1b7dd2252b99671ce5d1cb9664c5f8636329436d/library/core/src/panicking.rs:67:14
[INFO] [stdout]   18:     0x55f7c3d59fef - core::panicking::panic_display::h982cd91f3cb2e7ea
[INFO] [stdout]                                at /rustc/1b7dd2252b99671ce5d1cb9664c5f8636329436d/library/core/src/panicking.rs:150:5
[INFO] [stdout]   19:     0x55f7c3d53e97 - assert_cmd::assert::AssertError::panic::h94f22ef3321068d6
[INFO] [stdout]                                at /opt/rustwide/cargo-home/registry/src/index.crates.io-6f17d22bba15001f/assert_cmd-2.0.2/src/assert.rs:1036:9
[INFO] [stdout]   20:     0x55f7c3d54577 - core::ops::function::FnOnce::call_once::h1761df732078768c
[INFO] [stdout]                                at /rustc/1b7dd2252b99671ce5d1cb9664c5f8636329436d/library/core/src/ops/function.rs:250:5
[INFO] [stdout]   21:     0x55f7c3d51f20 - core::result::Result<T,E>::unwrap_or_else::hc6054b815f76dd96
[INFO] [stdout]                                at /rustc/1b7dd2252b99671ce5d1cb9664c5f8636329436d/library/core/src/result.rs:1464:23
[INFO] [stdout]   22:     0x55f7c3d532fa - assert_cmd::assert::Assert::success::hbccec6d2b60dd426
[INFO] [stdout]                                at /opt/rustwide/cargo-home/registry/src/index.crates.io-6f17d22bba15001f/assert_cmd-2.0.2/src/assert.rs:156:9
[INFO] [stdout]   23:     0x55f7c3cd2afd - main::commands::source::commands::list::can_list_with_source::h7136dff7141bcae3
[INFO] [stdout]                                at /opt/rustwide/workdir/tests/commands/source/commands/list.rs:47:5
[INFO] [stdout]   24:     0x55f7c3cd2917 - main::commands::source::commands::list::can_list_with_source::{{closure}}::h5f04fd904d5d8319
[INFO] [stdout]                                at /opt/rustwide/workdir/tests/commands/source/commands/list.rs:34:27
[INFO] [stdout]   25:     0x55f7c3cc08d5 - core::ops::function::FnOnce::call_once::h93859230ef47aac4
[INFO] [stdout]                                at /rustc/1b7dd2252b99671ce5d1cb9664c5f8636329436d/library/core/src/ops/function.rs:250:5
[INFO] [stdout]   26:     0x55f7c3d0ce7f - core::ops::function::FnOnce::call_once::ha6a70e79f7481a7e
[INFO] [stdout]                                at /rustc/1b7dd2252b99671ce5d1cb9664c5f8636329436d/library/core/src/ops/function.rs:250:5
[INFO] [stdout]   27:     0x55f7c3d0ce7f - test::__rust_begin_short_backtrace::hce33033019b61e69
[INFO] [stdout]                                at /rustc/1b7dd2252b99671ce5d1cb9664c5f8636329436d/library/test/src/lib.rs:655:18
[INFO] [stdout]   28:     0x55f7c3cda66c - test::run_test::{{closure}}::h858d3528838ae3e5
[INFO] [stdout]                                at /rustc/1b7dd2252b99671ce5d1cb9664c5f8636329436d/library/test/src/lib.rs:646:30
[INFO] [stdout]   29:     0x55f7c3cda66c - core::ops::function::FnOnce::call_once{{vtable.shim}}::he8ac2b00f01ae79e
[INFO] [stdout]                                at /rustc/1b7dd2252b99671ce5d1cb9664c5f8636329436d/library/core/src/ops/function.rs:250:5
[INFO] [stdout]   30:     0x55f7c3d0bf56 - <alloc::boxed::Box<F,A> as core::ops::function::FnOnce<Args>>::call_once::h8093d25b522725ef
[INFO] [stdout]                                at /rustc/1b7dd2252b99671ce5d1cb9664c5f8636329436d/library/alloc/src/boxed.rs:1973:9
[INFO] [stdout]   31:     0x55f7c3d0bf56 - <core::panic::unwind_safe::AssertUnwindSafe<F> as core::ops::function::FnOnce<()>>::call_once::h5c334c204e4a3913
[INFO] [stdout]                                at /rustc/1b7dd2252b99671ce5d1cb9664c5f8636329436d/library/core/src/panic/unwind_safe.rs:271:9
[INFO] [stdout]   32:     0x55f7c3d0bf56 - std::panicking::try::do_call::ha8b740c7b9478074
[INFO] [stdout]                                at /rustc/1b7dd2252b99671ce5d1cb9664c5f8636329436d/library/std/src/panicking.rs:485:40
[INFO] [stdout]   33:     0x55f7c3d0bf56 - std::panicking::try::h5d34f63d0e41b64e
[INFO] [stdout]                                at /rustc/1b7dd2252b99671ce5d1cb9664c5f8636329436d/library/std/src/panicking.rs:449:19
[INFO] [stdout]   34:     0x55f7c3d0bf56 - std::panic::catch_unwind::hcfbb511e1aa7fc67
[INFO] [stdout]                                at /rustc/1b7dd2252b99671ce5d1cb9664c5f8636329436d/library/std/src/panic.rs:140:14
[INFO] [stdout]   35:     0x55f7c3d0bf56 - test::run_test_in_process::h9abda90f802eaf21
[INFO] [stdout]                                at /rustc/1b7dd2252b99671ce5d1cb9664c5f8636329436d/library/test/src/lib.rs:678:27
[INFO] [stdout]   36:     0x55f7c3d0bf56 - test::run_test::run_test_inner::{{closure}}::h0f058de91f6c6edf
[INFO] [stdout]                                at /rustc/1b7dd2252b99671ce5d1cb9664c5f8636329436d/library/test/src/lib.rs:572:39
[INFO] [stdout]   37:     0x55f7c3cd4e75 - test::run_test::run_test_inner::{{closure}}::h5ca48a4c59c6c1fb
[INFO] [stdout]                                at /rustc/1b7dd2252b99671ce5d1cb9664c5f8636329436d/library/test/src/lib.rs:599:37
[INFO] [stdout]   38:     0x55f7c3cd4e75 - std::sys_common::backtrace::__rust_begin_short_backtrace::h32bd51e1495d4a33
[INFO] [stdout]                                at /rustc/1b7dd2252b99671ce5d1cb9664c5f8636329436d/library/std/src/sys_common/backtrace.rs:134:18
[INFO] [stdout]   39:     0x55f7c3cda3b1 - std::thread::Builder::spawn_unchecked_::{{closure}}::{{closure}}::hc086fae9b128b2db
[INFO] [stdout]                                at /rustc/1b7dd2252b99671ce5d1cb9664c5f8636329436d/library/std/src/thread/mod.rs:526:17
[INFO] [stdout]   40:     0x55f7c3cda3b1 - <core::panic::unwind_safe::AssertUnwindSafe<F> as core::ops::function::FnOnce<()>>::call_once::hb66571888d270d43
[INFO] [stdout]                                at /rustc/1b7dd2252b99671ce5d1cb9664c5f8636329436d/library/core/src/panic/unwind_safe.rs:271:9
[INFO] [stdout]   41:     0x55f7c3cda3b1 - std::panicking::try::do_call::h4fa2ef4f6e51fecf
[INFO] [stdout]                                at /rustc/1b7dd2252b99671ce5d1cb9664c5f8636329436d/library/std/src/panicking.rs:485:40
[INFO] [stdout]   42:     0x55f7c3cda3b1 - std::panicking::try::h1e9e22b8584489b5
[INFO] [stdout]                                at /rustc/1b7dd2252b99671ce5d1cb9664c5f8636329436d/library/std/src/panicking.rs:449:19
[INFO] [stdout]   43:     0x55f7c3cda3b1 - std::panic::catch_unwind::h44698a3de0e0769e
[INFO] [stdout]                                at /rustc/1b7dd2252b99671ce5d1cb9664c5f8636329436d/library/std/src/panic.rs:140:14
[INFO] [stdout]   44:     0x55f7c3cda3b1 - std::thread::Builder::spawn_unchecked_::{{closure}}::h50153abde3fe239e
[INFO] [stdout]                                at /rustc/1b7dd2252b99671ce5d1cb9664c5f8636329436d/library/std/src/thread/mod.rs:525:30
[INFO] [stdout]   45:     0x55f7c3cda3b1 - core::ops::function::FnOnce::call_once{{vtable.shim}}::hbe5bbf6f38394364
[INFO] [stdout]                                at /rustc/1b7dd2252b99671ce5d1cb9664c5f8636329436d/library/core/src/ops/function.rs:250:5
[INFO] [stdout]   46:     0x55f7c3db7945 - <alloc::boxed::Box<F,A> as core::ops::function::FnOnce<Args>>::call_once::h0d83cb2920a49046
[INFO] [stdout]                                at /rustc/1b7dd2252b99671ce5d1cb9664c5f8636329436d/library/alloc/src/boxed.rs:1973:9
[INFO] [stdout]   47:     0x55f7c3db7945 - <alloc::boxed::Box<F,A> as core::ops::function::FnOnce<Args>>::call_once::hbe0a008aa7d9ef59
[INFO] [stdout]                                at /rustc/1b7dd2252b99671ce5d1cb9664c5f8636329436d/library/alloc/src/boxed.rs:1973:9
[INFO] [stdout]   48:     0x55f7c3db7945 - std::sys::unix::thread::Thread::new::thread_start::h3a466996bdf6b1f9
[INFO] [stdout]                                at /rustc/1b7dd2252b99671ce5d1cb9664c5f8636329436d/library/std/src/sys/unix/thread.rs:108:17
[INFO] [stdout]   49:     0x7f78cfe8bb43 - <unknown>
[INFO] [stdout]   50:     0x7f78cff1cbb4 - __clone
[INFO] [stdout]   51:                0x0 - <unknown>
[INFO] [stdout] 
[INFO] [stdout] ---- commands::source::commands::update::can_update_source stdout ----
[INFO] [stdout] thread 'commands::source::commands::update::can_update_source' panicked at 'Unexpected failure.
[INFO] [stdout] code-<interrupted>
[INFO] [stdout] stderr=```""```
[INFO] [stdout] command=`cd "/tmp/.tmpXYvpO5" && "/opt/rustwide/target/debug/holium" "source" "read" "source"`
[INFO] [stdout] code=<interrupted>
[INFO] [stdout] stdout=""
[INFO] [stdout] stderr=""
[INFO] [stdout] ', /rustc/1b7dd2252b99671ce5d1cb9664c5f8636329436d/library/core/src/ops/function.rs:250:5
[INFO] [stdout] stack backtrace:
[INFO] [stdout]    0:     0x55f7c3db00ea - std::backtrace_rs::backtrace::libunwind::trace::h2f05d0192276a8f6
[INFO] [stdout]                                at /rustc/1b7dd2252b99671ce5d1cb9664c5f8636329436d/library/std/src/../../backtrace/src/backtrace/libunwind.rs:93:5
[INFO] [stdout]    1:     0x55f7c3db00ea - std::backtrace_rs::backtrace::trace_unsynchronized::hedc23dff7a1af150
[INFO] [stdout]                                at /rustc/1b7dd2252b99671ce5d1cb9664c5f8636329436d/library/std/src/../../backtrace/src/backtrace/mod.rs:66:5
[INFO] [stdout]    2:     0x55f7c3db00ea - std::sys_common::backtrace::_print_fmt::h17541ef7592f3ce2
[INFO] [stdout]                                at /rustc/1b7dd2252b99671ce5d1cb9664c5f8636329436d/library/std/src/sys_common/backtrace.rs:65:5
[INFO] [stdout]    3:     0x55f7c3db00ea - <std::sys_common::backtrace::_print::DisplayBacktrace as core::fmt::Display>::fmt::h20f75df5ab0c0792
[INFO] [stdout]                                at /rustc/1b7dd2252b99671ce5d1cb9664c5f8636329436d/library/std/src/sys_common/backtrace.rs:44:22
[INFO] [stdout]    4:     0x55f7c3dd55df - core::fmt::write::h78109e6f466b3af6
[INFO] [stdout]                                at /rustc/1b7dd2252b99671ce5d1cb9664c5f8636329436d/library/core/src/fmt/mod.rs:1254:17
[INFO] [stdout]    5:     0x55f7c3dacda5 - std::io::Write::write_fmt::hd24bfb68a1b35a25
[INFO] [stdout]                                at /rustc/1b7dd2252b99671ce5d1cb9664c5f8636329436d/library/std/src/io/mod.rs:1698:15
[INFO] [stdout]    6:     0x55f7c3dafeb5 - std::sys_common::backtrace::_print::h8dac57a9f8fbf9a5
[INFO] [stdout]                                at /rustc/1b7dd2252b99671ce5d1cb9664c5f8636329436d/library/std/src/sys_common/backtrace.rs:47:5
[INFO] [stdout]    7:     0x55f7c3dafeb5 - std::sys_common::backtrace::print::hf9ecbf41d1aa712f
[INFO] [stdout]                                at /rustc/1b7dd2252b99671ce5d1cb9664c5f8636329436d/library/std/src/sys_common/backtrace.rs:34:9
[INFO] [stdout]    8:     0x55f7c3db1bee - std::panicking::default_hook::{{closure}}::h04c07acfc84ca028
[INFO] [stdout]                                at /rustc/1b7dd2252b99671ce5d1cb9664c5f8636329436d/library/std/src/panicking.rs:269:22
[INFO] [stdout]    9:     0x55f7c3db1921 - std::panicking::default_hook::h01f6bb23e1eceb2c
[INFO] [stdout]                                at /rustc/1b7dd2252b99671ce5d1cb9664c5f8636329436d/library/std/src/panicking.rs:285:9
[INFO] [stdout]   10:     0x55f7c3d07fab - <alloc::boxed::Box<F,A> as core::ops::function::Fn<Args>>::call::h87fe9f7b2fd49e4c
[INFO] [stdout]                                at /rustc/1b7dd2252b99671ce5d1cb9664c5f8636329436d/library/alloc/src/boxed.rs:1987:9
[INFO] [stdout]   11:     0x55f7c3d07fab - test::test_main::{{closure}}::he94d679243a7531b
[INFO] [stdout]                                at /rustc/1b7dd2252b99671ce5d1cb9664c5f8636329436d/library/test/src/lib.rs:134:21
[INFO] [stdout]   12:     0x55f7c3db22d4 - <alloc::boxed::Box<F,A> as core::ops::function::Fn<Args>>::call::h3f2d6d8b14c4769f
[INFO] [stdout]                                at /rustc/1b7dd2252b99671ce5d1cb9664c5f8636329436d/library/alloc/src/boxed.rs:1987:9
[INFO] [stdout]   13:     0x55f7c3db22d4 - std::panicking::rust_panic_with_hook::h2bb3722bbaf2f6df
[INFO] [stdout]                                at /rustc/1b7dd2252b99671ce5d1cb9664c5f8636329436d/library/std/src/panicking.rs:695:13
[INFO] [stdout]   14:     0x55f7c3db2049 - std::panicking::begin_panic_handler::{{closure}}::h91bc7f36a4be011b
[INFO] [stdout]                                at /rustc/1b7dd2252b99671ce5d1cb9664c5f8636329436d/library/std/src/panicking.rs:582:13
[INFO] [stdout]   15:     0x55f7c3db0556 - std::sys_common::backtrace::__rust_end_short_backtrace::h8b3d3717114f9e59
[INFO] [stdout]                                at /rustc/1b7dd2252b99671ce5d1cb9664c5f8636329436d/library/std/src/sys_common/backtrace.rs:150:18
[INFO] [stdout]   16:     0x55f7c3db1da2 - rust_begin_unwind
[INFO] [stdout]                                at /rustc/1b7dd2252b99671ce5d1cb9664c5f8636329436d/library/std/src/panicking.rs:578:5
[INFO] [stdout]   17:     0x55f7c3cb2393 - core::panicking::panic_fmt::hfd368e3fbdabea26
[INFO] [stdout]                                at /rustc/1b7dd2252b99671ce5d1cb9664c5f8636329436d/library/core/src/panicking.rs:67:14
[INFO] [stdout]   18:     0x55f7c3d59fef - core::panicking::panic_display::h982cd91f3cb2e7ea
[INFO] [stdout]                                at /rustc/1b7dd2252b99671ce5d1cb9664c5f8636329436d/library/core/src/panicking.rs:150:5
[INFO] [stdout]   19:     0x55f7c3d53e97 - assert_cmd::assert::AssertError::panic::h94f22ef3321068d6
[INFO] [stdout]                                at /opt/rustwide/cargo-home/registry/src/index.crates.io-6f17d22bba15001f/assert_cmd-2.0.2/src/assert.rs:1036:9
[INFO] [stdout]   20:     0x55f7c3d54577 - core::ops::function::FnOnce::call_once::h1761df732078768c
[INFO] [stdout]                                at /rustc/1b7dd2252b99671ce5d1cb9664c5f8636329436d/library/core/src/ops/function.rs:250:5
[INFO] [stdout]   21:     0x55f7c3d51f20 - core::result::Result<T,E>::unwrap_or_else::hc6054b815f76dd96
[INFO] [stdout]                                at /rustc/1b7dd2252b99671ce5d1cb9664c5f8636329436d/library/core/src/result.rs:1464:23
[INFO] [stdout]   22:     0x55f7c3d532fa - assert_cmd::assert::Assert::success::hbccec6d2b60dd426
[INFO] [stdout]                                at /opt/rustwide/cargo-home/registry/src/index.crates.io-6f17d22bba15001f/assert_cmd-2.0.2/src/assert.rs:156:9
[INFO] [stdout]   23:     0x55f7c3cd1712 - main::commands::source::commands::update::can_update_source::h301d7225653f1c6c
[INFO] [stdout]                                at /opt/rustwide/workdir/tests/commands/source/commands/update.rs:120:5
[INFO] [stdout]   24:     0x55f7c3cd1427 - main::commands::source::commands::update::can_update_source::{{closure}}::hcb644000b889546b
[INFO] [stdout]                                at /opt/rustwide/workdir/tests/commands/source/commands/update.rs:98:24
[INFO] [stdout]   25:     0x55f7c3cbfec5 - core::ops::function::FnOnce::call_once::h3f40d22523d81382
[INFO] [stdout]                                at /rustc/1b7dd2252b99671ce5d1cb9664c5f8636329436d/library/core/src/ops/function.rs:250:5
[INFO] [stdout]   26:     0x55f7c3d0ce7f - core::ops::function::FnOnce::call_once::ha6a70e79f7481a7e
[INFO] [stdout]                                at /rustc/1b7dd2252b99671ce5d1cb9664c5f8636329436d/library/core/src/ops/function.rs:250:5
[INFO] [stdout]   27:     0x55f7c3d0ce7f - test::__rust_begin_short_backtrace::hce33033019b61e69
[INFO] [stdout]                                at /rustc/1b7dd2252b99671ce5d1cb9664c5f8636329436d/library/test/src/lib.rs:655:18
[INFO] [stdout]   28:     0x55f7c3cda66c - test::run_test::{{closure}}::h858d3528838ae3e5
[INFO] [stdout]                                at /rustc/1b7dd2252b99671ce5d1cb9664c5f8636329436d/library/test/src/lib.rs:646:30
[INFO] [stdout]   29:     0x55f7c3cda66c - core::ops::function::FnOnce::call_once{{vtable.shim}}::he8ac2b00f01ae79e
[INFO] [stdout]                                at /rustc/1b7dd2252b99671ce5d1cb9664c5f8636329436d/library/core/src/ops/function.rs:250:5
[INFO] [stdout]   30:     0x55f7c3d0bf56 - <alloc::boxed::Box<F,A> as core::ops::function::FnOnce<Args>>::call_once::h8093d25b522725ef
[INFO] [stdout]                                at /rustc/1b7dd2252b99671ce5d1cb9664c5f8636329436d/library/alloc/src/boxed.rs:1973:9
[INFO] [stdout]   31:     0x55f7c3d0bf56 - <core::panic::unwind_safe::AssertUnwindSafe<F> as core::ops::function::FnOnce<()>>::call_once::h5c334c204e4a3913
[INFO] [stdout]                                at /rustc/1b7dd2252b99671ce5d1cb9664c5f8636329436d/library/core/src/panic/unwind_safe.rs:271:9
[INFO] [stdout]   32:     0x55f7c3d0bf56 - std::panicking::try::do_call::ha8b740c7b9478074
[INFO] [stdout]                                at /rustc/1b7dd2252b99671ce5d1cb9664c5f8636329436d/library/std/src/panicking.rs:485:40
[INFO] [stdout]   33:     0x55f7c3d0bf56 - std::panicking::try::h5d34f63d0e41b64e
[INFO] [stdout]                                at /rustc/1b7dd2252b99671ce5d1cb9664c5f8636329436d/library/std/src/panicking.rs:449:19
[INFO] [stdout]   34:     0x55f7c3d0bf56 - std::panic::catch_unwind::hcfbb511e1aa7fc67
[INFO] [stdout]                                at /rustc/1b7dd2252b99671ce5d1cb9664c5f8636329436d/library/std/src/panic.rs:140:14
[INFO] [stdout]   35:     0x55f7c3d0bf56 - test::run_test_in_process::h9abda90f802eaf21
[INFO] [stdout]                                at /rustc/1b7dd2252b99671ce5d1cb9664c5f8636329436d/library/test/src/lib.rs:678:27
[INFO] [stdout]   36:     0x55f7c3d0bf56 - test::run_test::run_test_inner::{{closure}}::h0f058de91f6c6edf
[INFO] [stdout]                                at /rustc/1b7dd2252b99671ce5d1cb9664c5f8636329436d/library/test/src/lib.rs:572:39
[INFO] [stdout]   37:     0x55f7c3cd4e75 - test::run_test::run_test_inner::{{closure}}::h5ca48a4c59c6c1fb
[INFO] [stdout]                                at /rustc/1b7dd2252b99671ce5d1cb9664c5f8636329436d/library/test/src/lib.rs:599:37
[INFO] [stdout]   38:     0x55f7c3cd4e75 - std::sys_common::backtrace::__rust_begin_short_backtrace::h32bd51e1495d4a33
[INFO] [stdout]                                at /rustc/1b7dd2252b99671ce5d1cb9664c5f8636329436d/library/std/src/sys_common/backtrace.rs:134:18
[INFO] [stdout]   39:     0x55f7c3cda3b1 - std::thread::Builder::spawn_unchecked_::{{closure}}::{{closure}}::hc086fae9b128b2db
[INFO] [stdout]                                at /rustc/1b7dd2252b99671ce5d1cb9664c5f8636329436d/library/std/src/thread/mod.rs:526:17
[INFO] [stdout]   40:     0x55f7c3cda3b1 - <core::panic::unwind_safe::AssertUnwindSafe<F> as core::ops::function::FnOnce<()>>::call_once::hb66571888d270d43
[INFO] [stdout]                                at /rustc/1b7dd2252b99671ce5d1cb9664c5f8636329436d/library/core/src/panic/unwind_safe.rs:271:9
[INFO] [stdout]   41:     0x55f7c3cda3b1 - std::panicking::try::do_call::h4fa2ef4f6e51fecf
[INFO] [stdout]                                at /rustc/1b7dd2252b99671ce5d1cb9664c5f8636329436d/library/std/src/panicking.rs:485:40
[INFO] [stdout]   42:     0x55f7c3cda3b1 - std::panicking::try::h1e9e22b8584489b5
[INFO] [stdout]                                at /rustc/1b7dd2252b99671ce5d1cb9664c5f8636329436d/library/std/src/panicking.rs:449:19
[INFO] [stdout]   43:     0x55f7c3cda3b1 - std::panic::catch_unwind::h44698a3de0e0769e
[INFO] [stdout]                                at /rustc/1b7dd2252b99671ce5d1cb9664c5f8636329436d/library/std/src/panic.rs:140:14
[INFO] [stdout]   44:     0x55f7c3cda3b1 - std::thread::Builder::spawn_unchecked_::{{closure}}::h50153abde3fe239e
[INFO] [stdout]                                at /rustc/1b7dd2252b99671ce5d1cb9664c5f8636329436d/library/std/src/thread/mod.rs:525:30
[INFO] [stdout]   45:     0x55f7c3cda3b1 - core::ops::function::FnOnce::call_once{{vtable.shim}}::hbe5bbf6f38394364
[INFO] [stdout]                                at /rustc/1b7dd2252b99671ce5d1cb9664c5f8636329436d/library/core/src/ops/function.rs:250:5
[INFO] [stdout]   46:     0x55f7c3db7945 - <alloc::boxed::Box<F,A> as core::ops::function::FnOnce<Args>>::call_once::h0d83cb2920a49046
[INFO] [stdout]                                at /rustc/1b7dd2252b99671ce5d1cb9664c5f8636329436d/library/alloc/src/boxed.rs:1973:9
[INFO] [stdout]   47:     0x55f7c3db7945 - <alloc::boxed::Box<F,A> as core::ops::function::FnOnce<Args>>::call_once::hbe0a008aa7d9ef59
[INFO] [stdout]                                at /rustc/1b7dd2252b99671ce5d1cb9664c5f8636329436d/library/alloc/src/boxed.rs:1973:9
[INFO] [stdout]   48:     0x55f7c3db7945 - std::sys::unix::thread::Thread::new::thread_start::h3a466996bdf6b1f9
[INFO] [stdout]                                at /rustc/1b7dd2252b99671ce5d1cb9664c5f8636329436d/library/std/src/sys/unix/thread.rs:108:17
[INFO] [stdout]   49:     0x7f78cfe8bb43 - <unknown>
[INFO] [stdout]   50:     0x7f78cff1cbb4 - __clone
[INFO] [stdout]   51:                0x0 - <unknown>
[INFO] [stdout] 
[INFO] [stdout] ---- commands::transformation::commands::create::can_create_transformation stdout ----
[INFO] [stdout] thread 'commands::transformation::commands::create::can_create_transformation' panicked at 'Unexpected failure.
[INFO] [stdout] code-<interrupted>
[INFO] [stdout] stderr=```""```
[INFO] [stdout] command=`cd "/tmp/.tmp1k5QMT" && "/opt/rustwide/target/debug/holium" "transformation" "read" "import_transformation"`
[INFO] [stdout] code=<interrupted>
[INFO] [stdout] stdout=""
[INFO] [stdout] stderr=""
[INFO] [stdout] ', /rustc/1b7dd2252b99671ce5d1cb9664c5f8636329436d/library/core/src/ops/function.rs:250:5
[INFO] [stdout] stack backtrace:
[INFO] [stdout]    0:     0x55f7c3db00ea - std::backtrace_rs::backtrace::libunwind::trace::h2f05d0192276a8f6
[INFO] [stdout]                                at /rustc/1b7dd2252b99671ce5d1cb9664c5f8636329436d/library/std/src/../../backtrace/src/backtrace/libunwind.rs:93:5
[INFO] [stdout]    1:     0x55f7c3db00ea - std::backtrace_rs::backtrace::trace_unsynchronized::hedc23dff7a1af150
[INFO] [stdout]                                at /rustc/1b7dd2252b99671ce5d1cb9664c5f8636329436d/library/std/src/../../backtrace/src/backtrace/mod.rs:66:5
[INFO] [stdout]    2:     0x55f7c3db00ea - std::sys_common::backtrace::_print_fmt::h17541ef7592f3ce2
[INFO] [stdout]                                at /rustc/1b7dd2252b99671ce5d1cb9664c5f8636329436d/library/std/src/sys_common/backtrace.rs:65:5
[INFO] [stdout]    3:     0x55f7c3db00ea - <std::sys_common::backtrace::_print::DisplayBacktrace as core::fmt::Display>::fmt::h20f75df5ab0c0792
[INFO] [stdout]                                at /rustc/1b7dd2252b99671ce5d1cb9664c5f8636329436d/library/std/src/sys_common/backtrace.rs:44:22
[INFO] [stdout]    4:     0x55f7c3dd55df - core::fmt::write::h78109e6f466b3af6
[INFO] [stdout]                                at /rustc/1b7dd2252b99671ce5d1cb9664c5f8636329436d/library/core/src/fmt/mod.rs:1254:17
[INFO] [stdout]    5:     0x55f7c3dacda5 - std::io::Write::write_fmt::hd24bfb68a1b35a25
[INFO] [stdout]                                at /rustc/1b7dd2252b99671ce5d1cb9664c5f8636329436d/library/std/src/io/mod.rs:1698:15
[INFO] [stdout]    6:     0x55f7c3dafeb5 - std::sys_common::backtrace::_print::h8dac57a9f8fbf9a5
[INFO] [stdout]                                at /rustc/1b7dd2252b99671ce5d1cb9664c5f8636329436d/library/std/src/sys_common/backtrace.rs:47:5
[INFO] [stdout]    7:     0x55f7c3dafeb5 - std::sys_common::backtrace::print::hf9ecbf41d1aa712f
[INFO] [stdout]                                at /rustc/1b7dd2252b99671ce5d1cb9664c5f8636329436d/library/std/src/sys_common/backtrace.rs:34:9
[INFO] [stdout]    8:     0x55f7c3db1bee - std::panicking::default_hook::{{closure}}::h04c07acfc84ca028
[INFO] [stdout]                                at /rustc/1b7dd2252b99671ce5d1cb9664c5f8636329436d/library/std/src/panicking.rs:269:22
[INFO] [stdout]    9:     0x55f7c3db1921 - std::panicking::default_hook::h01f6bb23e1eceb2c
[INFO] [stdout]                                at /rustc/1b7dd2252b99671ce5d1cb9664c5f8636329436d/library/std/src/panicking.rs:285:9
[INFO] [stdout]   10:     0x55f7c3d07fab - <alloc::boxed::Box<F,A> as core::ops::function::Fn<Args>>::call::h87fe9f7b2fd49e4c
[INFO] [stdout]                                at /rustc/1b7dd2252b99671ce5d1cb9664c5f8636329436d/library/alloc/src/boxed.rs:1987:9
[INFO] [stdout]   11:     0x55f7c3d07fab - test::test_main::{{closure}}::he94d679243a7531b
[INFO] [stdout]                                at /rustc/1b7dd2252b99671ce5d1cb9664c5f8636329436d/library/test/src/lib.rs:134:21
[INFO] [stdout]   12:     0x55f7c3db22d4 - <alloc::boxed::Box<F,A> as core::ops::function::Fn<Args>>::call::h3f2d6d8b14c4769f
[INFO] [stdout]                                at /rustc/1b7dd2252b99671ce5d1cb9664c5f8636329436d/library/alloc/src/boxed.rs:1987:9
[INFO] [stdout]   13:     0x55f7c3db22d4 - std::panicking::rust_panic_with_hook::h2bb3722bbaf2f6df
[INFO] [stdout]                                at /rustc/1b7dd2252b99671ce5d1cb9664c5f8636329436d/library/std/src/panicking.rs:695:13
[INFO] [stdout]   14:     0x55f7c3db2049 - std::panicking::begin_panic_handler::{{closure}}::h91bc7f36a4be011b
[INFO] [stdout]                                at /rustc/1b7dd2252b99671ce5d1cb9664c5f8636329436d/library/std/src/panicking.rs:582:13
[INFO] [stdout]   15:     0x55f7c3db0556 - std::sys_common::backtrace::__rust_end_short_backtrace::h8b3d3717114f9e59
[INFO] [stdout]                                at /rustc/1b7dd2252b99671ce5d1cb9664c5f8636329436d/library/std/src/sys_common/backtrace.rs:150:18
[INFO] [stdout]   16:     0x55f7c3db1da2 - rust_begin_unwind
[INFO] [stdout]                                at /rustc/1b7dd2252b99671ce5d1cb9664c5f8636329436d/library/std/src/panicking.rs:578:5
[INFO] [stdout]   17:     0x55f7c3cb2393 - core::panicking::panic_fmt::hfd368e3fbdabea26
[INFO] [stdout]                                at /rustc/1b7dd2252b99671ce5d1cb9664c5f8636329436d/library/core/src/panicking.rs:67:14
[INFO] [stdout]   18:     0x55f7c3d59fef - core::panicking::panic_display::h982cd91f3cb2e7ea
[INFO] [stdout]                                at /rustc/1b7dd2252b99671ce5d1cb9664c5f8636329436d/library/core/src/panicking.rs:150:5
[INFO] [stdout]   19:     0x55f7c3d53e97 - assert_cmd::assert::AssertError::panic::h94f22ef3321068d6
[INFO] [stdout]                                at /opt/rustwide/cargo-home/registry/src/index.crates.io-6f17d22bba15001f/assert_cmd-2.0.2/src/assert.rs:1036:9
[INFO] [stdout]   20:     0x55f7c3d54577 - core::ops::function::FnOnce::call_once::h1761df732078768c
[INFO] [stdout]                                at /rustc/1b7dd2252b99671ce5d1cb9664c5f8636329436d/library/core/src/ops/function.rs:250:5
[INFO] [stdout]   21:     0x55f7c3d51f20 - core::result::Result<T,E>::unwrap_or_else::hc6054b815f76dd96
[INFO] [stdout]                                at /rustc/1b7dd2252b99671ce5d1cb9664c5f8636329436d/library/core/src/result.rs:1464:23
[INFO] [stdout]   22:     0x55f7c3d532fa - assert_cmd::assert::Assert::success::hbccec6d2b60dd426
[INFO] [stdout]                                at /opt/rustwide/cargo-home/registry/src/index.crates.io-6f17d22bba15001f/assert_cmd-2.0.2/src/assert.rs:156:9
[INFO] [stdout]   23:     0x55f7c3cc6891 - main::commands::transformation::commands::create::can_create_transformation::h764d6366fa17dd0e
[INFO] [stdout]                                at /opt/rustwide/workdir/tests/commands/transformation/commands/create.rs:308:5
[INFO] [stdout]   24:     0x55f7c3cc6667 - main::commands::transformation::commands::create::can_create_transformation::{{closure}}::hfc9aeeb18d789b78
[INFO] [stdout]                                at /opt/rustwide/workdir/tests/commands/transformation/commands/create.rs:289:32
[INFO] [stdout]   25:     0x55f7c3cc0cd5 - core::ops::function::FnOnce::call_once::hadc6656e571ffa86
[INFO] [stdout]                                at /rustc/1b7dd2252b99671ce5d1cb9664c5f8636329436d/library/core/src/ops/function.rs:250:5
[INFO] [stdout]   26:     0x55f7c3d0ce7f - core::ops::function::FnOnce::call_once::ha6a70e79f7481a7e
[INFO] [stdout]                                at /rustc/1b7dd2252b99671ce5d1cb9664c5f8636329436d/library/core/src/ops/function.rs:250:5
[INFO] [stdout]   27:     0x55f7c3d0ce7f - test::__rust_begin_short_backtrace::hce33033019b61e69
[INFO] [stdout]                                at /rustc/1b7dd2252b99671ce5d1cb9664c5f8636329436d/library/test/src/lib.rs:655:18
[INFO] [stdout]   28:     0x55f7c3cda66c - test::run_test::{{closure}}::h858d3528838ae3e5
[INFO] [stdout]                                at /rustc/1b7dd2252b99671ce5d1cb9664c5f8636329436d/library/test/src/lib.rs:646:30
[INFO] [stdout]   29:     0x55f7c3cda66c - core::ops::function::FnOnce::call_once{{vtable.shim}}::he8ac2b00f01ae79e
[INFO] [stdout]                                at /rustc/1b7dd2252b99671ce5d1cb9664c5f8636329436d/library/core/src/ops/function.rs:250:5
[INFO] [stdout]   30:     0x55f7c3d0bf56 - <alloc::boxed::Box<F,A> as core::ops::function::FnOnce<Args>>::call_once::h8093d25b522725ef
[INFO] [stdout]                                at /rustc/1b7dd2252b99671ce5d1cb9664c5f8636329436d/library/alloc/src/boxed.rs:1973:9
[INFO] [stdout]   31:     0x55f7c3d0bf56 - <core::panic::unwind_safe::AssertUnwindSafe<F> as core::ops::function::FnOnce<()>>::call_once::h5c334c204e4a3913
[INFO] [stdout]                                at /rustc/1b7dd2252b99671ce5d1cb9664c5f8636329436d/library/core/src/panic/unwind_safe.rs:271:9
[INFO] [stdout]   32:     0x55f7c3d0bf56 - std::panicking::try::do_call::ha8b740c7b9478074
[INFO] [stdout]                                at /rustc/1b7dd2252b99671ce5d1cb9664c5f8636329436d/library/std/src/panicking.rs:485:40
[INFO] [stdout]   33:     0x55f7c3d0bf56 - std::panicking::try::h5d34f63d0e41b64e
[INFO] [stdout]                                at /rustc/1b7dd2252b99671ce5d1cb9664c5f8636329436d/library/std/src/panicking.rs:449:19
[INFO] [stdout]   34:     0x55f7c3d0bf56 - std::panic::catch_unwind::hcfbb511e1aa7fc67
[INFO] [stdout]                                at /rustc/1b7dd2252b99671ce5d1cb9664c5f8636329436d/library/std/src/panic.rs:140:14
[INFO] [stdout]   35:     0x55f7c3d0bf56 - test::run_test_in_process::h9abda90f802eaf21
[INFO] [stdout]                                at /rustc/1b7dd2252b99671ce5d1cb9664c5f8636329436d/library/test/src/lib.rs:678:27
[INFO] [stdout]   36:     0x55f7c3d0bf56 - test::run_test::run_test_inner::{{closure}}::h0f058de91f6c6edf
[INFO] [stdout]                                at /rustc/1b7dd2252b99671ce5d1cb9664c5f8636329436d/library/test/src/lib.rs:572:39
[INFO] [stdout]   37:     0x55f7c3cd4e75 - test::run_test::run_test_inner::{{closure}}::h5ca48a4c59c6c1fb
[INFO] [stdout]                                at /rustc/1b7dd2252b99671ce5d1cb9664c5f8636329436d/library/test/src/lib.rs:599:37
[INFO] [stdout]   38:     0x55f7c3cd4e75 - std::sys_common::backtrace::__rust_begin_short_backtrace::h32bd51e1495d4a33
[INFO] [stdout]                                at /rustc/1b7dd2252b99671ce5d1cb9664c5f8636329436d/library/std/src/sys_common/backtrace.rs:134:18
[INFO] [stdout]   39:     0x55f7c3cda3b1 - std::thread::Builder::spawn_unchecked_::{{closure}}::{{closure}}::hc086fae9b128b2db
[INFO] [stdout]                                at /rustc/1b7dd2252b99671ce5d1cb9664c5f8636329436d/library/std/src/thread/mod.rs:526:17
[INFO] [stdout]   40:     0x55f7c3cda3b1 - <core::panic::unwind_safe::AssertUnwindSafe<F> as core::ops::function::FnOnce<()>>::call_once::hb66571888d270d43
[INFO] [stdout]                                at /rustc/1b7dd2252b99671ce5d1cb9664c5f8636329436d/library/core/src/panic/unwind_safe.rs:271:9
[INFO] [stdout]   41:     0x55f7c3cda3b1 - std::panicking::try::do_call::h4fa2ef4f6e51fecf
[INFO] [stdout]                                at /rustc/1b7dd2252b99671ce5d1cb9664c5f8636329436d/library/std/src/panicking.rs:485:40
[INFO] [stdout]   42:     0x55f7c3cda3b1 - std::panicking::try::h1e9e22b8584489b5
[INFO] [stdout]                                at /rustc/1b7dd2252b99671ce5d1cb9664c5f8636329436d/library/std/src/panicking.rs:449:19
[INFO] [stdout]   43:     0x55f7c3cda3b1 - std::panic::catch_unwind::h44698a3de0e0769e
[INFO] [stdout]                                at /rustc/1b7dd2252b99671ce5d1cb9664c5f8636329436d/library/std/src/panic.rs:140:14
[INFO] [stdout]   44:     0x55f7c3cda3b1 - std::thread::Builder::spawn_unchecked_::{{closure}}::h50153abde3fe239e
[INFO] [stdout]                                at /rustc/1b7dd2252b99671ce5d1cb9664c5f8636329436d/library/std/src/thread/mod.rs:525:30
[INFO] [stdout]   45:     0x55f7c3cda3b1 - core::ops::function::FnOnce::call_once{{vtable.shim}}::hbe5bbf6f38394364
[INFO] [stdout]                                at /rustc/1b7dd2252b99671ce5d1cb9664c5f8636329436d/library/core/src/ops/function.rs:250:5
[INFO] [stdout]   46:     0x55f7c3db7945 - <alloc::boxed::Box<F,A> as core::ops::function::FnOnce<Args>>::call_once::h0d83cb2920a49046
[INFO] [stdout]                                at /rustc/1b7dd2252b99671ce5d1cb9664c5f8636329436d/library/alloc/src/boxed.rs:1973:9
[INFO] [stdout]   47:     0x55f7c3db7945 - <alloc::boxed::Box<F,A> as core::ops::function::FnOnce<Args>>::call_once::hbe0a008aa7d9ef59
[INFO] [stdout]                                at /rustc/1b7dd2252b99671ce5d1cb9664c5f8636329436d/library/alloc/src/boxed.rs:1973:9
[INFO] [stdout]   48:     0x55f7c3db7945 - std::sys::unix::thread::Thread::new::thread_start::h3a466996bdf6b1f9
[INFO] [stdout]                                at /rustc/1b7dd2252b99671ce5d1cb9664c5f8636329436d/library/std/src/sys/unix/thread.rs:108:17
[INFO] [stdout]   49:     0x7f78cfe8bb43 - <unknown>
[INFO] [stdout]   50:     0x7f78cff1cbb4 - __clone
[INFO] [stdout]   51:                0x0 - <unknown>
[INFO] [stdout] 
[INFO] [stdout] ---- commands::transformation::commands::read::can_read_transformation stdout ----
[INFO] [stdout] thread 'commands::transformation::commands::read::can_read_transformation' panicked at 'Unexpected failure.
[INFO] [stdout] code-<interrupted>
[INFO] [stdout] stderr=```""```
[INFO] [stdout] command=`cd "/tmp/.tmp7Jn6eR" && "/opt/rustwide/target/debug/holium" "transformation" "read" "import_transformation"`
[INFO] [stdout] code=<interrupted>
[INFO] [stdout] stdout=""
[INFO] [stdout] stderr=""
[INFO] [stdout] ', /rustc/1b7dd2252b99671ce5d1cb9664c5f8636329436d/library/core/src/ops/function.rs:250:5
[INFO] [stdout] stack backtrace:
[INFO] [stdout]    0:     0x55f7c3db00ea - std::backtrace_rs::backtrace::libunwind::trace::h2f05d0192276a8f6
[INFO] [stdout]                                at /rustc/1b7dd2252b99671ce5d1cb9664c5f8636329436d/library/std/src/../../backtrace/src/backtrace/libunwind.rs:93:5
[INFO] [stdout]    1:     0x55f7c3db00ea - std::backtrace_rs::backtrace::trace_unsynchronized::hedc23dff7a1af150
[INFO] [stdout]                                at /rustc/1b7dd2252b99671ce5d1cb9664c5f8636329436d/library/std/src/../../backtrace/src/backtrace/mod.rs:66:5
[INFO] [stdout]    2:     0x55f7c3db00ea - std::sys_common::backtrace::_print_fmt::h17541ef7592f3ce2
[INFO] [stdout]                                at /rustc/1b7dd2252b99671ce5d1cb9664c5f8636329436d/library/std/src/sys_common/backtrace.rs:65:5
[INFO] [stdout]    3:     0x55f7c3db00ea - <std::sys_common::backtrace::_print::DisplayBacktrace as core::fmt::Display>::fmt::h20f75df5ab0c0792
[INFO] [stdout]                                at /rustc/1b7dd2252b99671ce5d1cb9664c5f8636329436d/library/std/src/sys_common/backtrace.rs:44:22
[INFO] [stdout]    4:     0x55f7c3dd55df - core::fmt::write::h78109e6f466b3af6
[INFO] [stdout]                                at /rustc/1b7dd2252b99671ce5d1cb9664c5f8636329436d/library/core/src/fmt/mod.rs:1254:17
[INFO] [stdout]    5:     0x55f7c3dacda5 - std::io::Write::write_fmt::hd24bfb68a1b35a25
[INFO] [stdout]                                at /rustc/1b7dd2252b99671ce5d1cb9664c5f8636329436d/library/std/src/io/mod.rs:1698:15
[INFO] [stdout]    6:     0x55f7c3dafeb5 - std::sys_common::backtrace::_print::h8dac57a9f8fbf9a5
[INFO] [stdout]                                at /rustc/1b7dd2252b99671ce5d1cb9664c5f8636329436d/library/std/src/sys_common/backtrace.rs:47:5
[INFO] [stdout]    7:     0x55f7c3dafeb5 - std::sys_common::backtrace::print::hf9ecbf41d1aa712f
[INFO] [stdout]                                at /rustc/1b7dd2252b99671ce5d1cb9664c5f8636329436d/library/std/src/sys_common/backtrace.rs:34:9
[INFO] [stdout]    8:     0x55f7c3db1bee - std::panicking::default_hook::{{closure}}::h04c07acfc84ca028
[INFO] [stdout]                                at /rustc/1b7dd2252b99671ce5d1cb9664c5f8636329436d/library/std/src/panicking.rs:269:22
[INFO] [stdout]    9:     0x55f7c3db1921 - std::panicking::default_hook::h01f6bb23e1eceb2c
[INFO] [stdout]                                at /rustc/1b7dd2252b99671ce5d1cb9664c5f8636329436d/library/std/src/panicking.rs:285:9
[INFO] [stdout]   10:     0x55f7c3d07fab - <alloc::boxed::Box<F,A> as core::ops::function::Fn<Args>>::call::h87fe9f7b2fd49e4c
[INFO] [stdout]                                at /rustc/1b7dd2252b99671ce5d1cb9664c5f8636329436d/library/alloc/src/boxed.rs:1987:9
[INFO] [stdout]   11:     0x55f7c3d07fab - test::test_main::{{closure}}::he94d679243a7531b
[INFO] [stdout]                                at /rustc/1b7dd2252b99671ce5d1cb9664c5f8636329436d/library/test/src/lib.rs:134:21
[INFO] [stdout]   12:     0x55f7c3db22d4 - <alloc::boxed::Box<F,A> as core::ops::function::Fn<Args>>::call::h3f2d6d8b14c4769f
[INFO] [stdout]                                at /rustc/1b7dd2252b99671ce5d1cb9664c5f8636329436d/library/alloc/src/boxed.rs:1987:9
[INFO] [stdout]   13:     0x55f7c3db22d4 - std::panicking::rust_panic_with_hook::h2bb3722bbaf2f6df
[INFO] [stdout]                                at /rustc/1b7dd2252b99671ce5d1cb9664c5f8636329436d/library/std/src/panicking.rs:695:13
[INFO] [stdout]   14:     0x55f7c3db2049 - std::panicking::begin_panic_handler::{{closure}}::h91bc7f36a4be011b
[INFO] [stdout]                                at /rustc/1b7dd2252b99671ce5d1cb9664c5f8636329436d/library/std/src/panicking.rs:582:13
[INFO] [stdout]   15:     0x55f7c3db0556 - std::sys_common::backtrace::__rust_end_short_backtrace::h8b3d3717114f9e59
[INFO] [stdout]                                at /rustc/1b7dd2252b99671ce5d1cb9664c5f8636329436d/library/std/src/sys_common/backtrace.rs:150:18
[INFO] [stdout]   16:     0x55f7c3db1da2 - rust_begin_unwind
[INFO] [stdout]                                at /rustc/1b7dd2252b99671ce5d1cb9664c5f8636329436d/library/std/src/panicking.rs:578:5
[INFO] [stdout]   17:     0x55f7c3cb2393 - core::panicking::panic_fmt::hfd368e3fbdabea26
[INFO] [stdout]                                at /rustc/1b7dd2252b99671ce5d1cb9664c5f8636329436d/library/core/src/panicking.rs:67:14
[INFO] [stdout]   18:     0x55f7c3d59fef - core::panicking::panic_display::h982cd91f3cb2e7ea
[INFO] [stdout]                                at /rustc/1b7dd2252b99671ce5d1cb9664c5f8636329436d/library/core/src/panicking.rs:150:5
[INFO] [stdout]   19:     0x55f7c3d53e97 - assert_cmd::assert::AssertError::panic::h94f22ef3321068d6
[INFO] [stdout]                                at /opt/rustwide/cargo-home/registry/src/index.crates.io-6f17d22bba15001f/assert_cmd-2.0.2/src/assert.rs:1036:9
[INFO] [stdout]   20:     0x55f7c3d54577 - core::ops::function::FnOnce::call_once::h1761df732078768c
[INFO] [stdout]                                at /rustc/1b7dd2252b99671ce5d1cb9664c5f8636329436d/library/core/src/ops/function.rs:250:5
[INFO] [stdout]   21:     0x55f7c3d51f20 - core::result::Result<T,E>::unwrap_or_else::hc6054b815f76dd96
[INFO] [stdout]                                at /rustc/1b7dd2252b99671ce5d1cb9664c5f8636329436d/library/core/src/result.rs:1464:23
[INFO] [stdout]   22:     0x55f7c3d532fa - assert_cmd::assert::Assert::success::hbccec6d2b60dd426
[INFO] [stdout]                                at /opt/rustwide/cargo-home/registry/src/index.crates.io-6f17d22bba15001f/assert_cmd-2.0.2/src/assert.rs:156:9
[INFO] [stdout]   23:     0x55f7c3cba06c - main::commands::transformation::commands::read::can_read_transformation::had5bf3916a45dac1
[INFO] [stdout]                                at /opt/rustwide/workdir/tests/commands/transformation/commands/read.rs:53:5
[INFO] [stdout]   24:     0x55f7c3cb9f67 - main::commands::transformation::commands::read::can_read_transformation::{{closure}}::h0308a00d54156f16
[INFO] [stdout]                                at /opt/rustwide/workdir/tests/commands/transformation/commands/read.rs:45:30
[INFO] [stdout]   25:     0x55f7c3cc1355 - core::ops::function::FnOnce::call_once::he319e140cfdd45d1
[INFO] [stdout]                                at /rustc/1b7dd2252b99671ce5d1cb9664c5f8636329436d/library/core/src/ops/function.rs:250:5
[INFO] [stdout]   26:     0x55f7c3d0ce7f - core::ops::function::FnOnce::call_once::ha6a70e79f7481a7e
[INFO] [stdout]                                at /rustc/1b7dd2252b99671ce5d1cb9664c5f8636329436d/library/core/src/ops/function.rs:250:5
[INFO] [stdout]   27:     0x55f7c3d0ce7f - test::__rust_begin_short_backtrace::hce33033019b61e69
[INFO] [stdout]                                at /rustc/1b7dd2252b99671ce5d1cb9664c5f8636329436d/library/test/src/lib.rs:655:18
[INFO] [stdout]   28:     0x55f7c3cda66c - test::run_test::{{closure}}::h858d3528838ae3e5
[INFO] [stdout]                                at /rustc/1b7dd2252b99671ce5d1cb9664c5f8636329436d/library/test/src/lib.rs:646:30
[INFO] [stdout]   29:     0x55f7c3cda66c - core::ops::function::FnOnce::call_once{{vtable.shim}}::he8ac2b00f01ae79e
[INFO] [stdout]                                at /rustc/1b7dd2252b99671ce5d1cb9664c5f8636329436d/library/core/src/ops/function.rs:250:5
[INFO] [stdout]   30:     0x55f7c3d0bf56 - <alloc::boxed::Box<F,A> as core::ops::function::FnOnce<Args>>::call_once::h8093d25b522725ef
[INFO] [stdout]                                at /rustc/1b7dd2252b99671ce5d1cb9664c5f8636329436d/library/alloc/src/boxed.rs:1973:9
[INFO] [stdout]   31:     0x55f7c3d0bf56 - <core::panic::unwind_safe::AssertUnwindSafe<F> as core::ops::function::FnOnce<()>>::call_once::h5c334c204e4a3913
[INFO] [stdout]                                at /rustc/1b7dd2252b99671ce5d1cb9664c5f8636329436d/library/core/src/panic/unwind_safe.rs:271:9
[INFO] [stdout]   32:     0x55f7c3d0bf56 - std::panicking::try::do_call::ha8b740c7b9478074
[INFO] [stdout]                                at /rustc/1b7dd2252b99671ce5d1cb9664c5f8636329436d/library/std/src/panicking.rs:485:40
[INFO] [stdout]   33:     0x55f7c3d0bf56 - std::panicking::try::h5d34f63d0e41b64e
[INFO] [stdout]                                at /rustc/1b7dd2252b99671ce5d1cb9664c5f8636329436d/library/std/src/panicking.rs:449:19
[INFO] [stdout]   34:     0x55f7c3d0bf56 - std::panic::catch_unwind::hcfbb511e1aa7fc67
[INFO] [stdout]                                at /rustc/1b7dd2252b99671ce5d1cb9664c5f8636329436d/library/std/src/panic.rs:140:14
[INFO] [stdout]   35:     0x55f7c3d0bf56 - test::run_test_in_process::h9abda90f802eaf21
[INFO] [stdout]                                at /rustc/1b7dd2252b99671ce5d1cb9664c5f8636329436d/library/test/src/lib.rs:678:27
[INFO] [stdout]   36:     0x55f7c3d0bf56 - test::run_test::run_test_inner::{{closure}}::h0f058de91f6c6edf
[INFO] [stdout]                                at /rustc/1b7dd2252b99671ce5d1cb9664c5f8636329436d/library/test/src/lib.rs:572:39
[INFO] [stdout]   37:     0x55f7c3cd4e75 - test::run_test::run_test_inner::{{closure}}::h5ca48a4c59c6c1fb
[INFO] [stdout]                                at /rustc/1b7dd2252b99671ce5d1cb9664c5f8636329436d/library/test/src/lib.rs:599:37
[INFO] [stdout]   38:     0x55f7c3cd4e75 - std::sys_common::backtrace::__rust_begin_short_backtrace::h32bd51e1495d4a33
[INFO] [stdout]                                at /rustc/1b7dd2252b99671ce5d1cb9664c5f8636329436d/library/std/src/sys_common/backtrace.rs:134:18
[INFO] [stdout]   39:     0x55f7c3cda3b1 - std::thread::Builder::spawn_unchecked_::{{closure}}::{{closure}}::hc086fae9b128b2db
[INFO] [stdout]                                at /rustc/1b7dd2252b99671ce5d1cb9664c5f8636329436d/library/std/src/thread/mod.rs:526:17
[INFO] [stdout]   40:     0x55f7c3cda3b1 - <core::panic::unwind_safe::AssertUnwindSafe<F> as core::ops::function::FnOnce<()>>::call_once::hb66571888d270d43
[INFO] [stdout]                                at /rustc/1b7dd2252b99671ce5d1cb9664c5f8636329436d/library/core/src/panic/unwind_safe.rs:271:9
[INFO] [stdout]   41:     0x55f7c3cda3b1 - std::panicking::try::do_call::h4fa2ef4f6e51fecf
[INFO] [stdout]                                at /rustc/1b7dd2252b99671ce5d1cb9664c5f8636329436d/library/std/src/panicking.rs:485:40
[INFO] [stdout]   42:     0x55f7c3cda3b1 - std::panicking::try::h1e9e22b8584489b5
[INFO] [stdout]                                at /rustc/1b7dd2252b99671ce5d1cb9664c5f8636329436d/library/std/src/panicking.rs:449:19
[INFO] [stdout]   43:     0x55f7c3cda3b1 - std::panic::catch_unwind::h44698a3de0e0769e
[INFO] [stdout]                                at /rustc/1b7dd2252b99671ce5d1cb9664c5f8636329436d/library/std/src/panic.rs:140:14
[INFO] [stdout]   44:     0x55f7c3cda3b1 - std::thread::Builder::spawn_unchecked_::{{closure}}::h50153abde3fe239e
[INFO] [stdout]                                at /rustc/1b7dd2252b99671ce5d1cb9664c5f8636329436d/library/std/src/thread/mod.rs:525:30
[INFO] [stdout]   45:     0x55f7c3cda3b1 - core::ops::function::FnOnce::call_once{{vtable.shim}}::hbe5bbf6f38394364
[INFO] [stdout]                                at /rustc/1b7dd2252b99671ce5d1cb9664c5f8636329436d/library/core/src/ops/function.rs:250:5
[INFO] [stdout]   46:     0x55f7c3db7945 - <alloc::boxed::Box<F,A> as core::ops::function::FnOnce<Args>>::call_once::h0d83cb2920a49046
[INFO] [stdout]                                at /rustc/1b7dd2252b99671ce5d1cb9664c5f8636329436d/library/alloc/src/boxed.rs:1973:9
[INFO] [stdout]   47:     0x55f7c3db7945 - <alloc::boxed::Box<F,A> as core::ops::function::FnOnce<Args>>::call_once::hbe0a008aa7d9ef59
[INFO] [stdout]                                at /rustc/1b7dd2252b99671ce5d1cb9664c5f8636329436d/library/alloc/src/boxed.rs:1973:9
[INFO] [stdout]   48:     0x55f7c3db7945 - std::sys::unix::thread::Thread::new::thread_start::h3a466996bdf6b1f9
[INFO] [stdout]                                at /rustc/1b7dd2252b99671ce5d1cb9664c5f8636329436d/library/std/src/sys/unix/thread.rs:108:17
[INFO] [stdout]   49:     0x7f78cfe8bb43 - <unknown>
[INFO] [stdout]   50:     0x7f78cff1cbb4 - __clone
[INFO] [stdout]   51:                0x0 - <unknown>
[INFO] [stdout] 
[INFO] [stdout] ---- commands::transformation::commands::list::can_list_with_transformation stdout ----
[INFO] [stdout] thread 'commands::transformation::commands::list::can_list_with_transformation' panicked at 'Unexpected failure.
[INFO] [stdout] code-<interrupted>
[INFO] [stdout] stderr=```""```
[INFO] [stdout] command=`cd "/tmp/.tmpesD7Lk" && "/opt/rustwide/target/debug/holium" "transformation" "list"`
[INFO] [stdout] code=<interrupted>
[INFO] [stdout] stdout=""
[INFO] [stdout] stderr=""
[INFO] [stdout] ', /rustc/1b7dd2252b99671ce5d1cb9664c5f8636329436d/library/core/src/ops/function.rs:250:5
[INFO] [stdout] stack backtrace:
[INFO] [stdout]    0:     0x55f7c3db00ea - std::backtrace_rs::backtrace::libunwind::trace::h2f05d0192276a8f6
[INFO] [stdout]                                at /rustc/1b7dd2252b99671ce5d1cb9664c5f8636329436d/library/std/src/../../backtrace/src/backtrace/libunwind.rs:93:5
[INFO] [stdout]    1:     0x55f7c3db00ea - std::backtrace_rs::backtrace::trace_unsynchronized::hedc23dff7a1af150
[INFO] [stdout]                                at /rustc/1b7dd2252b99671ce5d1cb9664c5f8636329436d/library/std/src/../../backtrace/src/backtrace/mod.rs:66:5
[INFO] [stdout]    2:     0x55f7c3db00ea - std::sys_common::backtrace::_print_fmt::h17541ef7592f3ce2
[INFO] [stdout]                                at /rustc/1b7dd2252b99671ce5d1cb9664c5f8636329436d/library/std/src/sys_common/backtrace.rs:65:5
[INFO] [stdout]    3:     0x55f7c3db00ea - <std::sys_common::backtrace::_print::DisplayBacktrace as core::fmt::Display>::fmt::h20f75df5ab0c0792
[INFO] [stdout]                                at /rustc/1b7dd2252b99671ce5d1cb9664c5f8636329436d/library/std/src/sys_common/backtrace.rs:44:22
[INFO] [stdout]    4:     0x55f7c3dd55df - core::fmt::write::h78109e6f466b3af6
[INFO] [stdout]                                at /rustc/1b7dd2252b99671ce5d1cb9664c5f8636329436d/library/core/src/fmt/mod.rs:1254:17
[INFO] [stdout]    5:     0x55f7c3dacda5 - std::io::Write::write_fmt::hd24bfb68a1b35a25
[INFO] [stdout]                                at /rustc/1b7dd2252b99671ce5d1cb9664c5f8636329436d/library/std/src/io/mod.rs:1698:15
[INFO] [stdout]    6:     0x55f7c3dafeb5 - std::sys_common::backtrace::_print::h8dac57a9f8fbf9a5
[INFO] [stdout]                                at /rustc/1b7dd2252b99671ce5d1cb9664c5f8636329436d/library/std/src/sys_common/backtrace.rs:47:5
[INFO] [stdout]    7:     0x55f7c3dafeb5 - std::sys_common::backtrace::print::hf9ecbf41d1aa712f
[INFO] [stdout]                                at /rustc/1b7dd2252b99671ce5d1cb9664c5f8636329436d/library/std/src/sys_common/backtrace.rs:34:9
[INFO] [stdout]    8:     0x55f7c3db1bee - std::panicking::default_hook::{{closure}}::h04c07acfc84ca028
[INFO] [stdout]                                at /rustc/1b7dd2252b99671ce5d1cb9664c5f8636329436d/library/std/src/panicking.rs:269:22
[INFO] [stdout]    9:     0x55f7c3db1921 - std::panicking::default_hook::h01f6bb23e1eceb2c
[INFO] [stdout]                                at /rustc/1b7dd2252b99671ce5d1cb9664c5f8636329436d/library/std/src/panicking.rs:285:9
[INFO] [stdout]   10:     0x55f7c3d07fab - <alloc::boxed::Box<F,A> as core::ops::function::Fn<Args>>::call::h87fe9f7b2fd49e4c
[INFO] [stdout]                                at /rustc/1b7dd2252b99671ce5d1cb9664c5f8636329436d/library/alloc/src/boxed.rs:1987:9
[INFO] [stdout]   11:     0x55f7c3d07fab - test::test_main::{{closure}}::he94d679243a7531b
[INFO] [stdout]                                at /rustc/1b7dd2252b99671ce5d1cb9664c5f8636329436d/library/test/src/lib.rs:134:21
[INFO] [stdout]   12:     0x55f7c3db22d4 - <alloc::boxed::Box<F,A> as core::ops::function::Fn<Args>>::call::h3f2d6d8b14c4769f
[INFO] [stdout]                                at /rustc/1b7dd2252b99671ce5d1cb9664c5f8636329436d/library/alloc/src/boxed.rs:1987:9
[INFO] [stdout]   13:     0x55f7c3db22d4 - std::panicking::rust_panic_with_hook::h2bb3722bbaf2f6df
[INFO] [stdout]                                at /rustc/1b7dd2252b99671ce5d1cb9664c5f8636329436d/library/std/src/panicking.rs:695:13
[INFO] [stdout]   14:     0x55f7c3db2049 - std::panicking::begin_panic_handler::{{closure}}::h91bc7f36a4be011b
[INFO] [stdout]                                at /rustc/1b7dd2252b99671ce5d1cb9664c5f8636329436d/library/std/src/panicking.rs:582:13
[INFO] [stdout]   15:     0x55f7c3db0556 - std::sys_common::backtrace::__rust_end_short_backtrace::h8b3d3717114f9e59
[INFO] [stdout]                                at /rustc/1b7dd2252b99671ce5d1cb9664c5f8636329436d/library/std/src/sys_common/backtrace.rs:150:18
[INFO] [stdout]   16:     0x55f7c3db1da2 - rust_begin_unwind
[INFO] [stdout]                                at /rustc/1b7dd2252b99671ce5d1cb9664c5f8636329436d/library/std/src/panicking.rs:578:5
[INFO] [stdout]   17:     0x55f7c3cb2393 - core::panicking::panic_fmt::hfd368e3fbdabea26
[INFO] [stdout]                                at /rustc/1b7dd2252b99671ce5d1cb9664c5f8636329436d/library/core/src/panicking.rs:67:14
[INFO] [stdout]   18:     0x55f7c3d59fef - core::panicking::panic_display::h982cd91f3cb2e7ea
[INFO] [stdout]                                at /rustc/1b7dd2252b99671ce5d1cb9664c5f8636329436d/library/core/src/panicking.rs:150:5
[INFO] [stdout]   19:     0x55f7c3d53e97 - assert_cmd::assert::AssertError::panic::h94f22ef3321068d6
[INFO] [stdout]                                at /opt/rustwide/cargo-home/registry/src/index.crates.io-6f17d22bba15001f/assert_cmd-2.0.2/src/assert.rs:1036:9
[INFO] [stdout]   20:     0x55f7c3d54577 - core::ops::function::FnOnce::call_once::h1761df732078768c
[INFO] [stdout]                                at /rustc/1b7dd2252b99671ce5d1cb9664c5f8636329436d/library/core/src/ops/function.rs:250:5
[INFO] [stdout]   21:     0x55f7c3d51f20 - core::result::Result<T,E>::unwrap_or_else::hc6054b815f76dd96
[INFO] [stdout]                                at /rustc/1b7dd2252b99671ce5d1cb9664c5f8636329436d/library/core/src/result.rs:1464:23
[INFO] [stdout]   22:     0x55f7c3d532fa - assert_cmd::assert::Assert::success::hbccec6d2b60dd426
[INFO] [stdout]                                at /opt/rustwide/cargo-home/registry/src/index.crates.io-6f17d22bba15001f/assert_cmd-2.0.2/src/assert.rs:156:9
[INFO] [stdout]   23:     0x55f7c3ccd2b5 - main::commands::transformation::commands::list::can_list_with_transformation::h747ab2d66b42f831
[INFO] [stdout]                                at /opt/rustwide/workdir/tests/commands/transformation/commands/list.rs:47:5
[INFO] [stdout]   24:     0x55f7c3ccd0c7 - main::commands::transformation::commands::list::can_list_with_transformation::{{closure}}::h5cedcaab28500f62
[INFO] [stdout]                                at /opt/rustwide/workdir/tests/commands/transformation/commands/list.rs:34:35
[INFO] [stdout]   25:     0x55f7c3cc09d5 - core::ops::function::FnOnce::call_once::h9873bfb2ef20a227
[INFO] [stdout]                                at /rustc/1b7dd2252b99671ce5d1cb9664c5f8636329436d/library/core/src/ops/function.rs:250:5
[INFO] [stdout]   26:     0x55f7c3d0ce7f - core::ops::function::FnOnce::call_once::ha6a70e79f7481a7e
[INFO] [stdout]                                at /rustc/1b7dd2252b99671ce5d1cb9664c5f8636329436d/library/core/src/ops/function.rs:250:5
[INFO] [stdout]   27:     0x55f7c3d0ce7f - test::__rust_begin_short_backtrace::hce33033019b61e69
[INFO] [stdout]                                at /rustc/1b7dd2252b99671ce5d1cb9664c5f8636329436d/library/test/src/lib.rs:655:18
[INFO] [stdout]   28:     0x55f7c3cda66c - test::run_test::{{closure}}::h858d3528838ae3e5
[INFO] [stdout]                                at /rustc/1b7dd2252b99671ce5d1cb9664c5f8636329436d/library/test/src/lib.rs:646:30
[INFO] [stdout]   29:     0x55f7c3cda66c - core::ops::function::FnOnce::call_once{{vtable.shim}}::he8ac2b00f01ae79e
[INFO] [stdout]                                at /rustc/1b7dd2252b99671ce5d1cb9664c5f8636329436d/library/core/src/ops/function.rs:250:5
[INFO] [stdout]   30:     0x55f7c3d0bf56 - <alloc::boxed::Box<F,A> as core::ops::function::FnOnce<Args>>::call_once::h8093d25b522725ef
[INFO] [stdout]                                at /rustc/1b7dd2252b99671ce5d1cb9664c5f8636329436d/library/alloc/src/boxed.rs:1973:9
[INFO] [stdout]   31:     0x55f7c3d0bf56 - <core::panic::unwind_safe::AssertUnwindSafe<F> as core::ops::function::FnOnce<()>>::call_once::h5c334c204e4a3913
[INFO] [stdout]                                at /rustc/1b7dd2252b99671ce5d1cb9664c5f8636329436d/library/core/src/panic/unwind_safe.rs:271:9
[INFO] [stdout]   32:     0x55f7c3d0bf56 - std::panicking::try::do_call::ha8b740c7b9478074
[INFO] [stdout]                                at /rustc/1b7dd2252b99671ce5d1cb9664c5f8636329436d/library/std/src/panicking.rs:485:40
[INFO] [stdout]   33:     0x55f7c3d0bf56 - std::panicking::try::h5d34f63d0e41b64e
[INFO] [stdout]                                at /rustc/1b7dd2252b99671ce5d1cb9664c5f8636329436d/library/std/src/panicking.rs:449:19
[INFO] [stdout]   34:     0x55f7c3d0bf56 - std::panic::catch_unwind::hcfbb511e1aa7fc67
[INFO] [stdout]                                at /rustc/1b7dd2252b99671ce5d1cb9664c5f8636329436d/library/std/src/panic.rs:140:14
[INFO] [stdout]   35:     0x55f7c3d0bf56 - test::run_test_in_process::h9abda90f802eaf21
[INFO] [stdout]                                at /rustc/1b7dd2252b99671ce5d1cb9664c5f8636329436d/library/test/src/lib.rs:678:27
[INFO] [stdout]   36:     0x55f7c3d0bf56 - test::run_test::run_test_inner::{{closure}}::h0f058de91f6c6edf
[INFO] [stdout]                                at /rustc/1b7dd2252b99671ce5d1cb9664c5f8636329436d/library/test/src/lib.rs:572:39
[INFO] [stdout]   37:     0x55f7c3cd4e75 - test::run_test::run_test_inner::{{closure}}::h5ca48a4c59c6c1fb
[INFO] [stdout]                                at /rustc/1b7dd2252b99671ce5d1cb9664c5f8636329436d/library/test/src/lib.rs:599:37
[INFO] [stdout]   38:     0x55f7c3cd4e75 - std::sys_common::backtrace::__rust_begin_short_backtrace::h32bd51e1495d4a33
[INFO] [stdout]                                at /rustc/1b7dd2252b99671ce5d1cb9664c5f8636329436d/library/std/src/sys_common/backtrace.rs:134:18
[INFO] [stdout]   39:     0x55f7c3cda3b1 - std::thread::Builder::spawn_unchecked_::{{closure}}::{{closure}}::hc086fae9b128b2db
[INFO] [stdout]                                at /rustc/1b7dd2252b99671ce5d1cb9664c5f8636329436d/library/std/src/thread/mod.rs:526:17
[INFO] [stdout]   40:     0x55f7c3cda3b1 - <core::panic::unwind_safe::AssertUnwindSafe<F> as core::ops::function::FnOnce<()>>::call_once::hb66571888d270d43
[INFO] [stdout]                                at /rustc/1b7dd2252b99671ce5d1cb9664c5f8636329436d/library/core/src/panic/unwind_safe.rs:271:9
[INFO] [stdout]   41:     0x55f7c3cda3b1 - std::panicking::try::do_call::h4fa2ef4f6e51fecf
[INFO] [stdout]                                at /rustc/1b7dd2252b99671ce5d1cb9664c5f8636329436d/library/std/src/panicking.rs:485:40
[INFO] [stdout]   42:     0x55f7c3cda3b1 - std::panicking::try::h1e9e22b8584489b5
[INFO] [stdout]                                at /rustc/1b7dd2252b99671ce5d1cb9664c5f8636329436d/library/std/src/panicking.rs:449:19
[INFO] [stdout]   43:     0x55f7c3cda3b1 - std::panic::catch_unwind::h44698a3de0e0769e
[INFO] [stdout]                                at /rustc/1b7dd2252b99671ce5d1cb9664c5f8636329436d/library/std/src/panic.rs:140:14
[INFO] [stdout]   44:     0x55f7c3cda3b1 - std::thread::Builder::spawn_unchecked_::{{closure}}::h50153abde3fe239e
[INFO] [stdout]                                at /rustc/1b7dd2252b99671ce5d1cb9664c5f8636329436d/library/std/src/thread/mod.rs:525:30
[INFO] [stdout]   45:     0x55f7c3cda3b1 - core::ops::function::FnOnce::call_once{{vtable.shim}}::hbe5bbf6f38394364
[INFO] [stdout]                                at /rustc/1b7dd2252b99671ce5d1cb9664c5f8636329436d/library/core/src/ops/function.rs:250:5
[INFO] [stdout]   46:     0x55f7c3db7945 - <alloc::boxed::Box<F,A> as core::ops::function::FnOnce<Args>>::call_once::h0d83cb2920a49046
[INFO] [stdout]                                at /rustc/1b7dd2252b99671ce5d1cb9664c5f8636329436d/library/alloc/src/boxed.rs:1973:9
[INFO] [stdout]   47:     0x55f7c3db7945 - <alloc::boxed::Box<F,A> as core::ops::function::FnOnce<Args>>::call_once::hbe0a008aa7d9ef59
[INFO] [stdout]                                at /rustc/1b7dd2252b99671ce5d1cb9664c5f8636329436d/library/alloc/src/boxed.rs:1973:9
[INFO] [stdout]   48:     0x55f7c3db7945 - std::sys::unix::thread::Thread::new::thread_start::h3a466996bdf6b1f9
[INFO] [stdout]                                at /rustc/1b7dd2252b99671ce5d1cb9664c5f8636329436d/library/std/src/sys/unix/thread.rs:108:17
[INFO] [stdout]   49:     0x7f78cfe8bb43 - <unknown>
[INFO] [stdout]   50:     0x7f78cff1cbb4 - __clone
[INFO] [stdout]   51:                0x0 - <unknown>
[INFO] [stdout] 
[INFO] [stdout] ---- commands::transformation::commands::update::can_update_transformation stdout ----
[INFO] [stdout] thread 'commands::transformation::commands::update::can_update_transformation' panicked at 'Unexpected failure.
[INFO] [stdout] code-<interrupted>
[INFO] [stdout] stderr=```""```
[INFO] [stdout] command=`cd "/tmp/.tmpY5AsSH" && "/opt/rustwide/target/debug/holium" "transformation" "read" "import_transformation"`
[INFO] [stdout] code=<interrupted>
[INFO] [stdout] stdout=""
[INFO] [stdout] stderr=""
[INFO] [stdout] ', /rustc/1b7dd2252b99671ce5d1cb9664c5f8636329436d/library/core/src/ops/function.rs:250:5
[INFO] [stdout] stack backtrace:
[INFO] [stdout]    0:     0x55f7c3db00ea - std::backtrace_rs::backtrace::libunwind::trace::h2f05d0192276a8f6
[INFO] [stdout]                                at /rustc/1b7dd2252b99671ce5d1cb9664c5f8636329436d/library/std/src/../../backtrace/src/backtrace/libunwind.rs:93:5
[INFO] [stdout]    1:     0x55f7c3db00ea - std::backtrace_rs::backtrace::trace_unsynchronized::hedc23dff7a1af150
[INFO] [stdout]                                at /rustc/1b7dd2252b99671ce5d1cb9664c5f8636329436d/library/std/src/../../backtrace/src/backtrace/mod.rs:66:5
[INFO] [stdout]    2:     0x55f7c3db00ea - std::sys_common::backtrace::_print_fmt::h17541ef7592f3ce2
[INFO] [stdout]                                at /rustc/1b7dd2252b99671ce5d1cb9664c5f8636329436d/library/std/src/sys_common/backtrace.rs:65:5
[INFO] [stdout]    3:     0x55f7c3db00ea - <std::sys_common::backtrace::_print::DisplayBacktrace as core::fmt::Display>::fmt::h20f75df5ab0c0792
[INFO] [stdout]                                at /rustc/1b7dd2252b99671ce5d1cb9664c5f8636329436d/library/std/src/sys_common/backtrace.rs:44:22
[INFO] [stdout]    4:     0x55f7c3dd55df - core::fmt::write::h78109e6f466b3af6
[INFO] [stdout]                                at /rustc/1b7dd2252b99671ce5d1cb9664c5f8636329436d/library/core/src/fmt/mod.rs:1254:17
[INFO] [stdout]    5:     0x55f7c3dacda5 - std::io::Write::write_fmt::hd24bfb68a1b35a25
[INFO] [stdout]                                at /rustc/1b7dd2252b99671ce5d1cb9664c5f8636329436d/library/std/src/io/mod.rs:1698:15
[INFO] [stdout]    6:     0x55f7c3dafeb5 - std::sys_common::backtrace::_print::h8dac57a9f8fbf9a5
[INFO] [stdout]                                at /rustc/1b7dd2252b99671ce5d1cb9664c5f8636329436d/library/std/src/sys_common/backtrace.rs:47:5
[INFO] [stdout]    7:     0x55f7c3dafeb5 - std::sys_common::backtrace::print::hf9ecbf41d1aa712f
[INFO] [stdout]                                at /rustc/1b7dd2252b99671ce5d1cb9664c5f8636329436d/library/std/src/sys_common/backtrace.rs:34:9
[INFO] [stdout]    8:     0x55f7c3db1bee - std::panicking::default_hook::{{closure}}::h04c07acfc84ca028
[INFO] [stdout]                                at /rustc/1b7dd2252b99671ce5d1cb9664c5f8636329436d/library/std/src/panicking.rs:269:22
[INFO] [stdout]    9:     0x55f7c3db1921 - std::panicking::default_hook::h01f6bb23e1eceb2c
[INFO] [stdout]                                at /rustc/1b7dd2252b99671ce5d1cb9664c5f8636329436d/library/std/src/panicking.rs:285:9
[INFO] [stdout]   10:     0x55f7c3d07fab - <alloc::boxed::Box<F,A> as core::ops::function::Fn<Args>>::call::h87fe9f7b2fd49e4c
[INFO] [stdout]                                at /rustc/1b7dd2252b99671ce5d1cb9664c5f8636329436d/library/alloc/src/boxed.rs:1987:9
[INFO] [stdout]   11:     0x55f7c3d07fab - test::test_main::{{closure}}::he94d679243a7531b
[INFO] [stdout]                                at /rustc/1b7dd2252b99671ce5d1cb9664c5f8636329436d/library/test/src/lib.rs:134:21
[INFO] [stdout]   12:     0x55f7c3db22d4 - <alloc::boxed::Box<F,A> as core::ops::function::Fn<Args>>::call::h3f2d6d8b14c4769f
[INFO] [stdout]                                at /rustc/1b7dd2252b99671ce5d1cb9664c5f8636329436d/library/alloc/src/boxed.rs:1987:9
[INFO] [stdout]   13:     0x55f7c3db22d4 - std::panicking::rust_panic_with_hook::h2bb3722bbaf2f6df
[INFO] [stdout]                                at /rustc/1b7dd2252b99671ce5d1cb9664c5f8636329436d/library/std/src/panicking.rs:695:13
[INFO] [stdout]   14:     0x55f7c3db2049 - std::panicking::begin_panic_handler::{{closure}}::h91bc7f36a4be011b
[INFO] [stdout]                                at /rustc/1b7dd2252b99671ce5d1cb9664c5f8636329436d/library/std/src/panicking.rs:582:13
[INFO] [stdout]   15:     0x55f7c3db0556 - std::sys_common::backtrace::__rust_end_short_backtrace::h8b3d3717114f9e59
[INFO] [stdout]                                at /rustc/1b7dd2252b99671ce5d1cb9664c5f8636329436d/library/std/src/sys_common/backtrace.rs:150:18
[INFO] [stdout]   16:     0x55f7c3db1da2 - rust_begin_unwind
[INFO] [stdout]                                at /rustc/1b7dd2252b99671ce5d1cb9664c5f8636329436d/library/std/src/panicking.rs:578:5
[INFO] [stdout]   17:     0x55f7c3cb2393 - core::panicking::panic_fmt::hfd368e3fbdabea26
[INFO] [stdout]                                at /rustc/1b7dd2252b99671ce5d1cb9664c5f8636329436d/library/core/src/panicking.rs:67:14
[INFO] [stdout]   18:     0x55f7c3d59fef - core::panicking::panic_display::h982cd91f3cb2e7ea
[INFO] [stdout]                                at /rustc/1b7dd2252b99671ce5d1cb9664c5f8636329436d/library/core/src/panicking.rs:150:5
[INFO] [stdout]   19:     0x55f7c3d53e97 - assert_cmd::assert::AssertError::panic::h94f22ef3321068d6
[INFO] [stdout]                                at /opt/rustwide/cargo-home/registry/src/index.crates.io-6f17d22bba15001f/assert_cmd-2.0.2/src/assert.rs:1036:9
[INFO] [stdout]   20:     0x55f7c3d54577 - core::ops::function::FnOnce::call_once::h1761df732078768c
[INFO] [stdout]                                at /rustc/1b7dd2252b99671ce5d1cb9664c5f8636329436d/library/core/src/ops/function.rs:250:5
[INFO] [stdout]   21:     0x55f7c3d51f20 - core::result::Result<T,E>::unwrap_or_else::hc6054b815f76dd96
[INFO] [stdout]                                at /rustc/1b7dd2252b99671ce5d1cb9664c5f8636329436d/library/core/src/result.rs:1464:23
[INFO] [stdout]   22:     0x55f7c3d532fa - assert_cmd::assert::Assert::success::hbccec6d2b60dd426
[INFO] [stdout]                                at /opt/rustwide/cargo-home/registry/src/index.crates.io-6f17d22bba15001f/assert_cmd-2.0.2/src/assert.rs:156:9
[INFO] [stdout]   23:     0x55f7c3cbbe5e - main::commands::transformation::commands::update::can_update_transformation::h2aac43d02e6d5b48
[INFO] [stdout]                                at /opt/rustwide/workdir/tests/commands/transformation/commands/update.rs:196:5
[INFO] [stdout]   24:     0x55f7c3cbb997 - main::commands::transformation::commands::update::can_update_transformation::{{closure}}::h1fe5ed6afa92141e
[INFO] [stdout]                                at /opt/rustwide/workdir/tests/commands/transformation/commands/update.rs:166:32
[INFO] [stdout]   25:     0x55f7c3cc10d5 - core::ops::function::FnOnce::call_once::hc83ecccb669f4f65
[INFO] [stdout]                                at /rustc/1b7dd2252b99671ce5d1cb9664c5f8636329436d/library/core/src/ops/function.rs:250:5
[INFO] [stdout]   26:     0x55f7c3d0ce7f - core::ops::function::FnOnce::call_once::ha6a70e79f7481a7e
[INFO] [stdout]                                at /rustc/1b7dd2252b99671ce5d1cb9664c5f8636329436d/library/core/src/ops/function.rs:250:5
[INFO] [stdout]   27:     0x55f7c3d0ce7f - test::__rust_begin_short_backtrace::hce33033019b61e69
[INFO] [stdout]                                at /rustc/1b7dd2252b99671ce5d1cb9664c5f8636329436d/library/test/src/lib.rs:655:18
[INFO] [stdout]   28:     0x55f7c3cda66c - test::run_test::{{closure}}::h858d3528838ae3e5
[INFO] [stdout]                                at /rustc/1b7dd2252b99671ce5d1cb9664c5f8636329436d/library/test/src/lib.rs:646:30
[INFO] [stdout]   29:     0x55f7c3cda66c - core::ops::function::FnOnce::call_once{{vtable.shim}}::he8ac2b00f01ae79e
[INFO] [stdout]                                at /rustc/1b7dd2252b99671ce5d1cb9664c5f8636329436d/library/core/src/ops/function.rs:250:5
[INFO] [stdout]   30:     0x55f7c3d0bf56 - <alloc::boxed::Box<F,A> as core::ops::function::FnOnce<Args>>::call_once::h8093d25b522725ef
[INFO] [stdout]                                at /rustc/1b7dd2252b99671ce5d1cb9664c5f8636329436d/library/alloc/src/boxed.rs:1973:9
[INFO] [stdout]   31:     0x55f7c3d0bf56 - <core::panic::unwind_safe::AssertUnwindSafe<F> as core::ops::function::FnOnce<()>>::call_once::h5c334c204e4a3913
[INFO] [stdout]                                at /rustc/1b7dd2252b99671ce5d1cb9664c5f8636329436d/library/core/src/panic/unwind_safe.rs:271:9
[INFO] [stdout]   32:     0x55f7c3d0bf56 - std::panicking::try::do_call::ha8b740c7b9478074
[INFO] [stdout]                                at /rustc/1b7dd2252b99671ce5d1cb9664c5f8636329436d/library/std/src/panicking.rs:485:40
[INFO] [stdout]   33:     0x55f7c3d0bf56 - std::panicking::try::h5d34f63d0e41b64e
[INFO] [stdout]                                at /rustc/1b7dd2252b99671ce5d1cb9664c5f8636329436d/library/std/src/panicking.rs:449:19
[INFO] [stdout]   34:     0x55f7c3d0bf56 - std::panic::catch_unwind::hcfbb511e1aa7fc67
[INFO] [stdout]                                at /rustc/1b7dd2252b99671ce5d1cb9664c5f8636329436d/library/std/src/panic.rs:140:14
[INFO] [stdout]   35:     0x55f7c3d0bf56 - test::run_test_in_process::h9abda90f802eaf21
[INFO] [stdout]                                at /rustc/1b7dd2252b99671ce5d1cb9664c5f8636329436d/library/test/src/lib.rs:678:27
[INFO] [stdout]   36:     0x55f7c3d0bf56 - test::run_test::run_test_inner::{{closure}}::h0f058de91f6c6edf
[INFO] [stdout]                                at /rustc/1b7dd2252b99671ce5d1cb9664c5f8636329436d/library/test/src/lib.rs:572:39
[INFO] [stdout]   37:     0x55f7c3cd4e75 - test::run_test::run_test_inner::{{closure}}::h5ca48a4c59c6c1fb
[INFO] [stdout]                                at /rustc/1b7dd2252b99671ce5d1cb9664c5f8636329436d/library/test/src/lib.rs:599:37
[INFO] [stdout]   38:     0x55f7c3cd4e75 - std::sys_common::backtrace::__rust_begin_short_backtrace::h32bd51e1495d4a33
[INFO] [stdout]                                at /rustc/1b7dd2252b99671ce5d1cb9664c5f8636329436d/library/std/src/sys_common/backtrace.rs:134:18
[INFO] [stdout]   39:     0x55f7c3cda3b1 - std::thread::Builder::spawn_unchecked_::{{closure}}::{{closure}}::hc086fae9b128b2db
[INFO] [stdout]                                at /rustc/1b7dd2252b99671ce5d1cb9664c5f8636329436d/library/std/src/thread/mod.rs:526:17
[INFO] [stdout]   40:     0x55f7c3cda3b1 - <core::panic::unwind_safe::AssertUnwindSafe<F> as core::ops::function::FnOnce<()>>::call_once::hb66571888d270d43
[INFO] [stdout]                                at /rustc/1b7dd2252b99671ce5d1cb9664c5f8636329436d/library/core/src/panic/unwind_safe.rs:271:9
[INFO] [stdout]   41:     0x55f7c3cda3b1 - std::panicking::try::do_call::h4fa2ef4f6e51fecf
[INFO] [stdout]                                at /rustc/1b7dd2252b99671ce5d1cb9664c5f8636329436d/library/std/src/panicking.rs:485:40
[INFO] [stdout]   42:     0x55f7c3cda3b1 - std::panicking::try::h1e9e22b8584489b5
[INFO] [stdout]                                at /rustc/1b7dd2252b99671ce5d1cb9664c5f8636329436d/library/std/src/panicking.rs:449:19
[INFO] [stdout]   43:     0x55f7c3cda3b1 - std::panic::catch_unwind::h44698a3de0e0769e
[INFO] [stdout]                                at /rustc/1b7dd2252b99671ce5d1cb9664c5f8636329436d/library/std/src/panic.rs:140:14
[INFO] [stdout]   44:     0x55f7c3cda3b1 - std::thread::Builder::spawn_unchecked_::{{closure}}::h50153abde3fe239e
[INFO] [stdout]                                at /rustc/1b7dd2252b99671ce5d1cb9664c5f8636329436d/library/std/src/thread/mod.rs:525:30
[INFO] [stdout]   45:     0x55f7c3cda3b1 - core::ops::function::FnOnce::call_once{{vtable.shim}}::hbe5bbf6f38394364
[INFO] [stdout]                                at /rustc/1b7dd2252b99671ce5d1cb9664c5f8636329436d/library/core/src/ops/function.rs:250:5
[INFO] [stdout]   46:     0x55f7c3db7945 - <alloc::boxed::Box<F,A> as core::ops::function::FnOnce<Args>>::call_once::h0d83cb2920a49046
[INFO] [stdout]                                at /rustc/1b7dd2252b99671ce5d1cb9664c5f8636329436d/library/alloc/src/boxed.rs:1973:9
[INFO] [stdout]   47:     0x55f7c3db7945 - <alloc::boxed::Box<F,A> as core::ops::function::FnOnce<Args>>::call_once::hbe0a008aa7d9ef59
[INFO] [stdout]                                at /rustc/1b7dd2252b99671ce5d1cb9664c5f8636329436d/library/alloc/src/boxed.rs:1973:9
[INFO] [stdout]   48:     0x55f7c3db7945 - std::sys::unix::thread::Thread::new::thread_start::h3a466996bdf6b1f9
[INFO] [stdout]                                at /rustc/1b7dd2252b99671ce5d1cb9664c5f8636329436d/library/std/src/sys/unix/thread.rs:108:17
[INFO] [stdout]   49:     0x7f78cfe8bb43 - <unknown>
[INFO] [stdout]   50:     0x7f78cff1cbb4 - __clone
[INFO] [stdout]   51:                0x0 - <unknown>
[INFO] [stdout] 
[INFO] [stdout] 
[INFO] [stdout] failures:
[INFO] [stdout]     commands::connection::list::can_list_with_connection
[INFO] [stdout]     commands::connection::read::can_read_connection
[INFO] [stdout]     commands::connection::update::can_update_connection
[INFO] [stdout]     commands::shaper::create::cannot_create_shaper
[INFO] [stdout]     commands::shaper::list::can_list_with_shaper
[INFO] [stdout]     commands::shaper::read::can_read_shaper
[INFO] [stdout]     commands::shaper::update::can_update_shaper
[INFO] [stdout]     commands::source::commands::create::cannot_create_source
[INFO] [stdout]     commands::source::commands::list::can_list_with_source
[INFO] [stdout]     commands::source::commands::update::can_update_source
[INFO] [stdout]     commands::transformation::commands::create::can_create_transformation
[INFO] [stdout]     commands::transformation::commands::list::can_list_with_transformation
[INFO] [stdout]     commands::transformation::commands::read::can_read_transformation
[INFO] [stdout]     commands::transformation::commands::update::can_update_transformation
[INFO] [stdout] 
[INFO] [stdout] test result: FAILED. 115 passed; 14 failed; 0 ignored; 0 measured; 0 filtered out; finished in 12.67s
[INFO] [stdout] 
[INFO] running `Command { std: "docker" "inspect" "9f615d1c019c72bc9469608ad7176375cd1262e9e14d3306def2e73ea7a73657", kill_on_drop: false }`
[INFO] running `Command { std: "docker" "rm" "-f" "9f615d1c019c72bc9469608ad7176375cd1262e9e14d3306def2e73ea7a73657", kill_on_drop: false }`
[INFO] [stdout] 9f615d1c019c72bc9469608ad7176375cd1262e9e14d3306def2e73ea7a73657
