[INFO] fetching crate hkalbasi-rustc-ap-rustc_graphviz 0.0.20221221...
[INFO] testing hkalbasi-rustc-ap-rustc_graphviz-0.0.20221221 against beta-2023-04-20 for beta-1.70-1
[INFO] extracting crate hkalbasi-rustc-ap-rustc_graphviz 0.0.20221221 into /workspace/builds/worker-7-tc2/source
[INFO] validating manifest of crates.io crate hkalbasi-rustc-ap-rustc_graphviz 0.0.20221221 on toolchain beta-2023-04-20
[INFO] running `Command { std: CARGO_HOME="/workspace/cargo-home" RUSTUP_HOME="/workspace/rustup-home" "/workspace/cargo-home/bin/cargo" "+beta-2023-04-20" "metadata" "--manifest-path" "Cargo.toml" "--no-deps", kill_on_drop: false }`
[INFO] started tweaking crates.io crate hkalbasi-rustc-ap-rustc_graphviz 0.0.20221221
[INFO] finished tweaking crates.io crate hkalbasi-rustc-ap-rustc_graphviz 0.0.20221221
[INFO] tweaked toml for crates.io crate hkalbasi-rustc-ap-rustc_graphviz 0.0.20221221 written to /workspace/builds/worker-7-tc2/source/Cargo.toml
[INFO] running `Command { std: CARGO_HOME="/workspace/cargo-home" RUSTUP_HOME="/workspace/rustup-home" __CARGO_TEST_CHANNEL_OVERRIDE_DO_NOT_USE_THIS="nightly" "/workspace/cargo-home/bin/cargo" "+beta-2023-04-20" "generate-lockfile" "--manifest-path" "Cargo.toml" "-Zno-index-update", kill_on_drop: false }`
[INFO] running `Command { std: CARGO_HOME="/workspace/cargo-home" RUSTUP_HOME="/workspace/rustup-home" "/workspace/cargo-home/bin/cargo" "+beta-2023-04-20" "fetch" "--manifest-path" "Cargo.toml", kill_on_drop: false }`
[INFO] running `Command { std: "docker" "create" "-v" "/var/lib/crater-agent-workspace/builds/worker-7-tc2/target:/opt/rustwide/target:rw,Z" "-v" "/var/lib/crater-agent-workspace/builds/worker-7-tc2/source:/opt/rustwide/workdir:ro,Z" "-v" "/var/lib/crater-agent-workspace/cargo-home:/opt/rustwide/cargo-home:ro,Z" "-v" "/var/lib/crater-agent-workspace/rustup-home:/opt/rustwide/rustup-home:ro,Z" "-e" "SOURCE_DIR=/opt/rustwide/workdir" "-e" "CARGO_TARGET_DIR=/opt/rustwide/target" "-e" "CARGO_HOME=/opt/rustwide/cargo-home" "-e" "RUSTUP_HOME=/opt/rustwide/rustup-home" "-w" "/opt/rustwide/workdir" "-m" "1610612736" "--user" "0:0" "--network" "none" "ghcr.io/rust-lang/crates-build-env/linux@sha256:5ff2268d62e97bff2cde7d5815dd6ed5b47097566f13b8d0ca110b04b60e07ed" "/opt/rustwide/cargo-home/bin/cargo" "+beta-2023-04-20" "metadata" "--no-deps" "--format-version=1", kill_on_drop: false }`
[INFO] [stdout] 03e2b17e8a8bd8e4f1f1b30107cdf6334a6fd71670a7201dc843013f7cbb83dc
[INFO] running `Command { std: "docker" "start" "-a" "03e2b17e8a8bd8e4f1f1b30107cdf6334a6fd71670a7201dc843013f7cbb83dc", kill_on_drop: false }`
[INFO] running `Command { std: "docker" "inspect" "03e2b17e8a8bd8e4f1f1b30107cdf6334a6fd71670a7201dc843013f7cbb83dc", kill_on_drop: false }`
[INFO] running `Command { std: "docker" "rm" "-f" "03e2b17e8a8bd8e4f1f1b30107cdf6334a6fd71670a7201dc843013f7cbb83dc", kill_on_drop: false }`
[INFO] [stdout] 03e2b17e8a8bd8e4f1f1b30107cdf6334a6fd71670a7201dc843013f7cbb83dc
[INFO] running `Command { std: "docker" "create" "-v" "/var/lib/crater-agent-workspace/builds/worker-7-tc2/target:/opt/rustwide/target:rw,Z" "-v" "/var/lib/crater-agent-workspace/builds/worker-7-tc2/source:/opt/rustwide/workdir:ro,Z" "-v" "/var/lib/crater-agent-workspace/cargo-home:/opt/rustwide/cargo-home:ro,Z" "-v" "/var/lib/crater-agent-workspace/rustup-home:/opt/rustwide/rustup-home:ro,Z" "-e" "SOURCE_DIR=/opt/rustwide/workdir" "-e" "CARGO_TARGET_DIR=/opt/rustwide/target" "-e" "CARGO_INCREMENTAL=0" "-e" "RUST_BACKTRACE=full" "-e" "RUSTFLAGS=--cap-lints=warn" "-e" "RUSTDOCFLAGS=--cap-lints=warn" "-e" "CARGO_HOME=/opt/rustwide/cargo-home" "-e" "RUSTUP_HOME=/opt/rustwide/rustup-home" "-w" "/opt/rustwide/workdir" "-m" "1610612736" "--user" "0:0" "--network" "none" "ghcr.io/rust-lang/crates-build-env/linux@sha256:5ff2268d62e97bff2cde7d5815dd6ed5b47097566f13b8d0ca110b04b60e07ed" "/opt/rustwide/cargo-home/bin/cargo" "+beta-2023-04-20" "build" "--frozen" "--message-format=json", kill_on_drop: false }`
[INFO] [stdout] c2cd9aa55c9947939688b6c49c3dd942fda00f4994d7296a48594d46063af8c2
[INFO] running `Command { std: "docker" "start" "-a" "c2cd9aa55c9947939688b6c49c3dd942fda00f4994d7296a48594d46063af8c2", kill_on_drop: false }`
[INFO] [stderr]    Compiling hkalbasi-rustc-ap-rustc_graphviz v0.0.20221221 (/opt/rustwide/workdir)
[INFO] [stderr]     Finished dev [unoptimized + debuginfo] target(s) in 0.19s
[INFO] running `Command { std: "docker" "inspect" "c2cd9aa55c9947939688b6c49c3dd942fda00f4994d7296a48594d46063af8c2", kill_on_drop: false }`
[INFO] running `Command { std: "docker" "rm" "-f" "c2cd9aa55c9947939688b6c49c3dd942fda00f4994d7296a48594d46063af8c2", kill_on_drop: false }`
[INFO] [stdout] c2cd9aa55c9947939688b6c49c3dd942fda00f4994d7296a48594d46063af8c2
[INFO] running `Command { std: "docker" "create" "-v" "/var/lib/crater-agent-workspace/builds/worker-7-tc2/target:/opt/rustwide/target:rw,Z" "-v" "/var/lib/crater-agent-workspace/builds/worker-7-tc2/source:/opt/rustwide/workdir:ro,Z" "-v" "/var/lib/crater-agent-workspace/cargo-home:/opt/rustwide/cargo-home:ro,Z" "-v" "/var/lib/crater-agent-workspace/rustup-home:/opt/rustwide/rustup-home:ro,Z" "-e" "SOURCE_DIR=/opt/rustwide/workdir" "-e" "CARGO_TARGET_DIR=/opt/rustwide/target" "-e" "CARGO_INCREMENTAL=0" "-e" "RUST_BACKTRACE=full" "-e" "RUSTFLAGS=--cap-lints=warn" "-e" "RUSTDOCFLAGS=--cap-lints=warn" "-e" "CARGO_HOME=/opt/rustwide/cargo-home" "-e" "RUSTUP_HOME=/opt/rustwide/rustup-home" "-w" "/opt/rustwide/workdir" "-m" "1610612736" "--user" "0:0" "--network" "none" "ghcr.io/rust-lang/crates-build-env/linux@sha256:5ff2268d62e97bff2cde7d5815dd6ed5b47097566f13b8d0ca110b04b60e07ed" "/opt/rustwide/cargo-home/bin/cargo" "+beta-2023-04-20" "test" "--frozen" "--no-run" "--message-format=json", kill_on_drop: false }`
[INFO] [stdout] 9c388eb98ecfbd0643846554530a94952e6a8924b6121e30a7ea1bf676825651
[INFO] running `Command { std: "docker" "start" "-a" "9c388eb98ecfbd0643846554530a94952e6a8924b6121e30a7ea1bf676825651", kill_on_drop: false }`
[INFO] [stderr]     Blocking waiting for file lock on package cache
[INFO] [stderr]    Compiling hkalbasi-rustc-ap-rustc_graphviz v0.0.20221221 (/opt/rustwide/workdir)
[INFO] [stderr]     Finished test [unoptimized + debuginfo] target(s) in 0.73s
[INFO] running `Command { std: "docker" "inspect" "9c388eb98ecfbd0643846554530a94952e6a8924b6121e30a7ea1bf676825651", kill_on_drop: false }`
[INFO] running `Command { std: "docker" "rm" "-f" "9c388eb98ecfbd0643846554530a94952e6a8924b6121e30a7ea1bf676825651", kill_on_drop: false }`
[INFO] [stdout] 9c388eb98ecfbd0643846554530a94952e6a8924b6121e30a7ea1bf676825651
[INFO] running `Command { std: "docker" "create" "-v" "/var/lib/crater-agent-workspace/builds/worker-7-tc2/target:/opt/rustwide/target:rw,Z" "-v" "/var/lib/crater-agent-workspace/builds/worker-7-tc2/source:/opt/rustwide/workdir:ro,Z" "-v" "/var/lib/crater-agent-workspace/cargo-home:/opt/rustwide/cargo-home:ro,Z" "-v" "/var/lib/crater-agent-workspace/rustup-home:/opt/rustwide/rustup-home:ro,Z" "-e" "SOURCE_DIR=/opt/rustwide/workdir" "-e" "CARGO_TARGET_DIR=/opt/rustwide/target" "-e" "CARGO_INCREMENTAL=0" "-e" "RUST_BACKTRACE=full" "-e" "RUSTFLAGS=--cap-lints=warn" "-e" "RUSTDOCFLAGS=--cap-lints=warn" "-e" "CARGO_HOME=/opt/rustwide/cargo-home" "-e" "RUSTUP_HOME=/opt/rustwide/rustup-home" "-w" "/opt/rustwide/workdir" "-m" "1610612736" "--user" "0:0" "--network" "none" "ghcr.io/rust-lang/crates-build-env/linux@sha256:5ff2268d62e97bff2cde7d5815dd6ed5b47097566f13b8d0ca110b04b60e07ed" "/opt/rustwide/cargo-home/bin/cargo" "+beta-2023-04-20" "test" "--frozen", kill_on_drop: false }`
[INFO] [stdout] 0b7495ba6dec57fec4b8718f20be8b947247941f553991647a0096b6b5ef3c0e
[INFO] running `Command { std: "docker" "start" "-a" "0b7495ba6dec57fec4b8718f20be8b947247941f553991647a0096b6b5ef3c0e", kill_on_drop: false }`
[INFO] [stderr]     Finished test [unoptimized + debuginfo] target(s) in 0.09s
[INFO] [stderr]      Running unittests src/lib.rs (/opt/rustwide/target/debug/deps/hkalbasi_rustc_ap_rustc_graphviz-5759a180e9d0ad3d)
[INFO] [stdout] 
[INFO] [stdout] running 11 tests
[INFO] [stdout] test tests::badly_formatted_id ... ok
[INFO] [stdout] test tests::empty_graph ... ok
[INFO] [stdout] test tests::left_aligned_text ... ok
[INFO] [stdout] test tests::simple_id_construction ... ok
[INFO] [stdout] test tests::single_cyclic_node ... ok
[INFO] [stdout] test tests::hasse_diagram ... ok
[INFO] [stdout] test tests::single_edge ... ok
[INFO] [stdout] test tests::single_edge_with_style ... ok
[INFO] [stdout] test tests::single_node ... ok
[INFO] [stdout] test tests::single_node_with_style ... ok
[INFO] [stdout] test tests::test_some_labelled ... ok
[INFO] [stdout] 
[INFO] [stdout] test result: ok. 11 passed; 0 failed; 0 ignored; 0 measured; 0 filtered out; finished in 0.00s
[INFO] [stdout] 
[INFO] [stderr]    Doc-tests hkalbasi-rustc-ap-rustc_graphviz
[INFO] [stdout] 
[INFO] [stdout] running 6 tests
[INFO] [stdout] test src/lib.rs - (line 142) ... FAILED
[INFO] [stdout] test src/lib.rs - (line 187) - compile ... ok
[INFO] [stdout] test src/lib.rs - (line 204) ... FAILED
[INFO] [stdout] test src/lib.rs - (line 257) - compile ... ok
[INFO] [stdout] test src/lib.rs - (line 90) - compile ... ok
[INFO] [stderr] error: doctest failed, to rerun pass `--doc`
[INFO] [stdout] test src/lib.rs - (line 37) ... FAILED
[INFO] [stdout] 
[INFO] [stdout] failures:
[INFO] [stdout] 
[INFO] [stdout] ---- src/lib.rs - (line 142) stdout ----
[INFO] [stdout] error[E0432]: unresolved import `rustc_graphviz`
[INFO] [stdout]  --> src/lib.rs:146:5
[INFO] [stdout]   |
[INFO] [stdout] 6 | use rustc_graphviz as dot;
[INFO] [stdout]   |     ^^^^^^^^^^^^^^^^^^^^^ no external crate `rustc_graphviz`
[INFO] [stdout] 
[INFO] [stdout] error[E0554]: `#![feature]` may not be used on the beta release channel
[INFO] [stdout]  --> src/lib.rs:143:1
[INFO] [stdout]   |
[INFO] [stdout] 3 | #![feature(rustc_private)]
[INFO] [stdout]   | ^^^^^^^^^^^^^^^^^^^^^^^^^^
[INFO] [stdout] 
[INFO] [stdout] error: aborting due to 2 previous errors
[INFO] [stdout] 
[INFO] [stdout] Some errors have detailed explanations: E0432, E0554.
[INFO] [stdout] For more information about an error, try `rustc --explain E0432`.
[INFO] [stdout] Couldn't compile the test.
[INFO] [stdout] ---- src/lib.rs - (line 204) stdout ----
[INFO] [stdout] error[E0432]: unresolved import `rustc_graphviz`
[INFO] [stdout]  --> src/lib.rs:208:5
[INFO] [stdout]   |
[INFO] [stdout] 6 | use rustc_graphviz as dot;
[INFO] [stdout]   |     ^^^^^^^^^^^^^^^^^^^^^ no external crate `rustc_graphviz`
[INFO] [stdout] 
[INFO] [stdout] error[E0554]: `#![feature]` may not be used on the beta release channel
[INFO] [stdout]  --> src/lib.rs:205:1
[INFO] [stdout]   |
[INFO] [stdout] 3 | #![feature(rustc_private)]
[INFO] [stdout]   | ^^^^^^^^^^^^^^^^^^^^^^^^^^
[INFO] [stdout] 
[INFO] [stdout] error: aborting due to 2 previous errors
[INFO] [stdout] 
[INFO] [stdout] Some errors have detailed explanations: E0432, E0554.
[INFO] [stdout] For more information about an error, try `rustc --explain E0432`.
[INFO] [stdout] Couldn't compile the test.
[INFO] [stdout] ---- src/lib.rs - (line 37) stdout ----
[INFO] [stdout] error[E0432]: unresolved import `rustc_graphviz`
[INFO] [stdout]  --> src/lib.rs:41:5
[INFO] [stdout]   |
[INFO] [stdout] 6 | use rustc_graphviz as dot;
[INFO] [stdout]   |     ^^^^^^^^^^^^^^^^^^^^^ no external crate `rustc_graphviz`
[INFO] [stdout] 
[INFO] [stdout] error[E0554]: `#![feature]` may not be used on the beta release channel
[INFO] [stdout]  --> src/lib.rs:38:1
[INFO] [stdout]   |
[INFO] [stdout] 3 | #![feature(rustc_private)]
[INFO] [stdout]   | ^^^^^^^^^^^^^^^^^^^^^^^^^^
[INFO] [stdout] 
[INFO] [stdout] error: aborting due to 2 previous errors
[INFO] [stdout] 
[INFO] [stdout] Some errors have detailed explanations: E0432, E0554.
[INFO] [stdout] For more information about an error, try `rustc --explain E0432`.
[INFO] [stdout] Couldn't compile the test.
[INFO] [stdout] 
[INFO] [stdout] failures:
[INFO] [stdout]     src/lib.rs - (line 142)
[INFO] [stdout]     src/lib.rs - (line 204)
[INFO] [stdout]     src/lib.rs - (line 37)
[INFO] [stdout] 
[INFO] [stdout] test result: FAILED. 3 passed; 3 failed; 0 ignored; 0 measured; 0 filtered out; finished in 0.09s
[INFO] [stdout] 
[INFO] running `Command { std: "docker" "inspect" "0b7495ba6dec57fec4b8718f20be8b947247941f553991647a0096b6b5ef3c0e", kill_on_drop: false }`
[INFO] running `Command { std: "docker" "rm" "-f" "0b7495ba6dec57fec4b8718f20be8b947247941f553991647a0096b6b5ef3c0e", kill_on_drop: false }`
[INFO] [stdout] 0b7495ba6dec57fec4b8718f20be8b947247941f553991647a0096b6b5ef3c0e
