[INFO] fetching crate hieu_dummy_rust_lib 0.7.0...
[INFO] testing hieu_dummy_rust_lib-0.7.0 against 1.69.0 for beta-1.70-1
[INFO] extracting crate hieu_dummy_rust_lib 0.7.0 into /workspace/builds/worker-3-tc1/source
[INFO] validating manifest of crates.io crate hieu_dummy_rust_lib 0.7.0 on toolchain 1.69.0
[INFO] running `Command { std: CARGO_HOME="/workspace/cargo-home" RUSTUP_HOME="/workspace/rustup-home" "/workspace/cargo-home/bin/cargo" "+1.69.0" "metadata" "--manifest-path" "Cargo.toml" "--no-deps", kill_on_drop: false }`
[INFO] started tweaking crates.io crate hieu_dummy_rust_lib 0.7.0
[INFO] finished tweaking crates.io crate hieu_dummy_rust_lib 0.7.0
[INFO] tweaked toml for crates.io crate hieu_dummy_rust_lib 0.7.0 written to /workspace/builds/worker-3-tc1/source/Cargo.toml
[INFO] crate crates.io crate hieu_dummy_rust_lib 0.7.0 already has a lockfile, it will not be regenerated
[INFO] running `Command { std: CARGO_HOME="/workspace/cargo-home" RUSTUP_HOME="/workspace/rustup-home" "/workspace/cargo-home/bin/cargo" "+1.69.0" "fetch" "--manifest-path" "Cargo.toml", kill_on_drop: false }`
[INFO] running `Command { std: "docker" "create" "-v" "/var/lib/crater-agent-workspace/builds/worker-3-tc1/target:/opt/rustwide/target:rw,Z" "-v" "/var/lib/crater-agent-workspace/builds/worker-3-tc1/source:/opt/rustwide/workdir:ro,Z" "-v" "/var/lib/crater-agent-workspace/cargo-home:/opt/rustwide/cargo-home:ro,Z" "-v" "/var/lib/crater-agent-workspace/rustup-home:/opt/rustwide/rustup-home:ro,Z" "-e" "SOURCE_DIR=/opt/rustwide/workdir" "-e" "CARGO_TARGET_DIR=/opt/rustwide/target" "-e" "CARGO_HOME=/opt/rustwide/cargo-home" "-e" "RUSTUP_HOME=/opt/rustwide/rustup-home" "-w" "/opt/rustwide/workdir" "-m" "1610612736" "--user" "0:0" "--network" "none" "ghcr.io/rust-lang/crates-build-env/linux@sha256:5ff2268d62e97bff2cde7d5815dd6ed5b47097566f13b8d0ca110b04b60e07ed" "/opt/rustwide/cargo-home/bin/cargo" "+1.69.0" "metadata" "--no-deps" "--format-version=1", kill_on_drop: false }`
[INFO] [stdout] 07f434f72cc633f460f41315d2af207dc71ab3b2ace7fb67a20042a7523867c6
[INFO] running `Command { std: "docker" "start" "-a" "07f434f72cc633f460f41315d2af207dc71ab3b2ace7fb67a20042a7523867c6", kill_on_drop: false }`
[INFO] running `Command { std: "docker" "inspect" "07f434f72cc633f460f41315d2af207dc71ab3b2ace7fb67a20042a7523867c6", kill_on_drop: false }`
[INFO] running `Command { std: "docker" "rm" "-f" "07f434f72cc633f460f41315d2af207dc71ab3b2ace7fb67a20042a7523867c6", kill_on_drop: false }`
[INFO] [stdout] 07f434f72cc633f460f41315d2af207dc71ab3b2ace7fb67a20042a7523867c6
[INFO] running `Command { std: "docker" "create" "-v" "/var/lib/crater-agent-workspace/builds/worker-3-tc1/target:/opt/rustwide/target:rw,Z" "-v" "/var/lib/crater-agent-workspace/builds/worker-3-tc1/source:/opt/rustwide/workdir:ro,Z" "-v" "/var/lib/crater-agent-workspace/cargo-home:/opt/rustwide/cargo-home:ro,Z" "-v" "/var/lib/crater-agent-workspace/rustup-home:/opt/rustwide/rustup-home:ro,Z" "-e" "SOURCE_DIR=/opt/rustwide/workdir" "-e" "CARGO_TARGET_DIR=/opt/rustwide/target" "-e" "CARGO_INCREMENTAL=0" "-e" "RUST_BACKTRACE=full" "-e" "RUSTFLAGS=--cap-lints=warn" "-e" "RUSTDOCFLAGS=--cap-lints=warn" "-e" "CARGO_HOME=/opt/rustwide/cargo-home" "-e" "RUSTUP_HOME=/opt/rustwide/rustup-home" "-w" "/opt/rustwide/workdir" "-m" "1610612736" "--user" "0:0" "--network" "none" "ghcr.io/rust-lang/crates-build-env/linux@sha256:5ff2268d62e97bff2cde7d5815dd6ed5b47097566f13b8d0ca110b04b60e07ed" "/opt/rustwide/cargo-home/bin/cargo" "+1.69.0" "build" "--frozen" "--message-format=json", kill_on_drop: false }`
[INFO] [stdout] 84770fb32fd7579818bd7cc40d653e129568e5770e832d385b4d9b42ce848192
[INFO] running `Command { std: "docker" "start" "-a" "84770fb32fd7579818bd7cc40d653e129568e5770e832d385b4d9b42ce848192", kill_on_drop: false }`
[INFO] [stderr]    Compiling hieu_dummy_rust_lib v0.7.0 (/opt/rustwide/workdir)
[INFO] [stderr]     Finished dev [unoptimized + debuginfo] target(s) in 0.09s
[INFO] running `Command { std: "docker" "inspect" "84770fb32fd7579818bd7cc40d653e129568e5770e832d385b4d9b42ce848192", kill_on_drop: false }`
[INFO] running `Command { std: "docker" "rm" "-f" "84770fb32fd7579818bd7cc40d653e129568e5770e832d385b4d9b42ce848192", kill_on_drop: false }`
[INFO] [stdout] 84770fb32fd7579818bd7cc40d653e129568e5770e832d385b4d9b42ce848192
[INFO] running `Command { std: "docker" "create" "-v" "/var/lib/crater-agent-workspace/builds/worker-3-tc1/target:/opt/rustwide/target:rw,Z" "-v" "/var/lib/crater-agent-workspace/builds/worker-3-tc1/source:/opt/rustwide/workdir:ro,Z" "-v" "/var/lib/crater-agent-workspace/cargo-home:/opt/rustwide/cargo-home:ro,Z" "-v" "/var/lib/crater-agent-workspace/rustup-home:/opt/rustwide/rustup-home:ro,Z" "-e" "SOURCE_DIR=/opt/rustwide/workdir" "-e" "CARGO_TARGET_DIR=/opt/rustwide/target" "-e" "CARGO_INCREMENTAL=0" "-e" "RUST_BACKTRACE=full" "-e" "RUSTFLAGS=--cap-lints=warn" "-e" "RUSTDOCFLAGS=--cap-lints=warn" "-e" "CARGO_HOME=/opt/rustwide/cargo-home" "-e" "RUSTUP_HOME=/opt/rustwide/rustup-home" "-w" "/opt/rustwide/workdir" "-m" "1610612736" "--user" "0:0" "--network" "none" "ghcr.io/rust-lang/crates-build-env/linux@sha256:5ff2268d62e97bff2cde7d5815dd6ed5b47097566f13b8d0ca110b04b60e07ed" "/opt/rustwide/cargo-home/bin/cargo" "+1.69.0" "test" "--frozen" "--no-run" "--message-format=json", kill_on_drop: false }`
[INFO] [stdout] f240d916d9e74b24b1ed2aa42a72e74a4b55eeddb535a9588f45a7ff4658ae32
[INFO] running `Command { std: "docker" "start" "-a" "f240d916d9e74b24b1ed2aa42a72e74a4b55eeddb535a9588f45a7ff4658ae32", kill_on_drop: false }`
[INFO] [stderr]    Compiling hieu_dummy_rust_lib v0.7.0 (/opt/rustwide/workdir)
[INFO] [stderr]     Finished test [unoptimized + debuginfo] target(s) in 0.32s
[INFO] running `Command { std: "docker" "inspect" "f240d916d9e74b24b1ed2aa42a72e74a4b55eeddb535a9588f45a7ff4658ae32", kill_on_drop: false }`
[INFO] running `Command { std: "docker" "rm" "-f" "f240d916d9e74b24b1ed2aa42a72e74a4b55eeddb535a9588f45a7ff4658ae32", kill_on_drop: false }`
[INFO] [stdout] f240d916d9e74b24b1ed2aa42a72e74a4b55eeddb535a9588f45a7ff4658ae32
[INFO] running `Command { std: "docker" "create" "-v" "/var/lib/crater-agent-workspace/builds/worker-3-tc1/target:/opt/rustwide/target:rw,Z" "-v" "/var/lib/crater-agent-workspace/builds/worker-3-tc1/source:/opt/rustwide/workdir:ro,Z" "-v" "/var/lib/crater-agent-workspace/cargo-home:/opt/rustwide/cargo-home:ro,Z" "-v" "/var/lib/crater-agent-workspace/rustup-home:/opt/rustwide/rustup-home:ro,Z" "-e" "SOURCE_DIR=/opt/rustwide/workdir" "-e" "CARGO_TARGET_DIR=/opt/rustwide/target" "-e" "CARGO_INCREMENTAL=0" "-e" "RUST_BACKTRACE=full" "-e" "RUSTFLAGS=--cap-lints=warn" "-e" "RUSTDOCFLAGS=--cap-lints=warn" "-e" "CARGO_HOME=/opt/rustwide/cargo-home" "-e" "RUSTUP_HOME=/opt/rustwide/rustup-home" "-w" "/opt/rustwide/workdir" "-m" "1610612736" "--user" "0:0" "--network" "none" "ghcr.io/rust-lang/crates-build-env/linux@sha256:5ff2268d62e97bff2cde7d5815dd6ed5b47097566f13b8d0ca110b04b60e07ed" "/opt/rustwide/cargo-home/bin/cargo" "+1.69.0" "test" "--frozen", kill_on_drop: false }`
[INFO] [stdout] d0d2952c12ae9892a27379b37ff1abfdc2099d71a82cec3d7ca22c7d6c5eb2a3
[INFO] running `Command { std: "docker" "start" "-a" "d0d2952c12ae9892a27379b37ff1abfdc2099d71a82cec3d7ca22c7d6c5eb2a3", kill_on_drop: false }`
[INFO] [stderr]     Finished test [unoptimized + debuginfo] target(s) in 0.00s
[INFO] [stderr]      Running unittests src/lib.rs (/opt/rustwide/target/debug/deps/hieu_dummy_rust_lib-1e3931ae4fb27931)
[INFO] [stdout] 
[INFO] [stdout] running 0 tests
[INFO] [stdout] 
[INFO] [stdout] test result: ok. 0 passed; 0 failed; 0 ignored; 0 measured; 0 filtered out; finished in 0.00s
[INFO] [stdout] 
[INFO] [stderr]    Doc-tests hieu_dummy_rust_lib
[INFO] [stdout] 
[INFO] [stdout] running 1 test
[INFO] [stdout] test src/lib.rs - add_one (line 10) ... FAILED
[INFO] [stdout] 
[INFO] [stdout] failures:
[INFO] [stdout] 
[INFO] [stdout] ---- src/lib.rs - add_one (line 10) stdout ----
[INFO] [stdout] error[E0433]: failed to resolve: use of undeclared crate or module `dummy_rust`
[INFO] [stdout]  --> src/lib.rs:12:14
[INFO] [stdout]   |
[INFO] [stdout] 4 | let answer = dummy_rust::add_one(arg);
[INFO] [stdout]   |              ^^^^^^^^^^ use of undeclared crate or module `dummy_rust`
[INFO] [stdout] 
[INFO] [stdout] error: aborting due to previous error
[INFO] [stdout] 
[INFO] [stdout] For more information about this error, try `rustc --explain E0433`.
[INFO] [stdout] Couldn't compile the test.
[INFO] [stdout] 
[INFO] [stdout] failures:
[INFO] [stdout]     src/lib.rs - add_one (line 10)
[INFO] [stdout] 
[INFO] [stdout] test result: FAILED. 0 passed; 1 failed; 0 ignored; 0 measured; 0 filtered out; finished in 0.03s
[INFO] [stdout] 
[INFO] [stderr] error: doctest failed, to rerun pass `--doc`
[INFO] running `Command { std: "docker" "inspect" "d0d2952c12ae9892a27379b37ff1abfdc2099d71a82cec3d7ca22c7d6c5eb2a3", kill_on_drop: false }`
[INFO] running `Command { std: "docker" "rm" "-f" "d0d2952c12ae9892a27379b37ff1abfdc2099d71a82cec3d7ca22c7d6c5eb2a3", kill_on_drop: false }`
[INFO] [stdout] d0d2952c12ae9892a27379b37ff1abfdc2099d71a82cec3d7ca22c7d6c5eb2a3
