[INFO] fetching crate hi-hyper-multipart 0.0.2...
[INFO] testing hi-hyper-multipart-0.0.2 against beta-2023-04-20 for beta-1.70-1
[INFO] extracting crate hi-hyper-multipart 0.0.2 into /workspace/builds/worker-3-tc2/source
[INFO] validating manifest of crates.io crate hi-hyper-multipart 0.0.2 on toolchain beta-2023-04-20
[INFO] running `Command { std: CARGO_HOME="/workspace/cargo-home" RUSTUP_HOME="/workspace/rustup-home" "/workspace/cargo-home/bin/cargo" "+beta-2023-04-20" "metadata" "--manifest-path" "Cargo.toml" "--no-deps", kill_on_drop: false }`
[INFO] started tweaking crates.io crate hi-hyper-multipart 0.0.2
[INFO] finished tweaking crates.io crate hi-hyper-multipart 0.0.2
[INFO] tweaked toml for crates.io crate hi-hyper-multipart 0.0.2 written to /workspace/builds/worker-3-tc2/source/Cargo.toml
[INFO] running `Command { std: CARGO_HOME="/workspace/cargo-home" RUSTUP_HOME="/workspace/rustup-home" __CARGO_TEST_CHANNEL_OVERRIDE_DO_NOT_USE_THIS="nightly" "/workspace/cargo-home/bin/cargo" "+beta-2023-04-20" "generate-lockfile" "--manifest-path" "Cargo.toml" "-Zno-index-update", kill_on_drop: false }`
[INFO] running `Command { std: CARGO_HOME="/workspace/cargo-home" RUSTUP_HOME="/workspace/rustup-home" "/workspace/cargo-home/bin/cargo" "+beta-2023-04-20" "fetch" "--manifest-path" "Cargo.toml", kill_on_drop: false }`
[INFO] running `Command { std: "docker" "create" "-v" "/var/lib/crater-agent-workspace/builds/worker-3-tc2/target:/opt/rustwide/target:rw,Z" "-v" "/var/lib/crater-agent-workspace/builds/worker-3-tc2/source:/opt/rustwide/workdir:ro,Z" "-v" "/var/lib/crater-agent-workspace/cargo-home:/opt/rustwide/cargo-home:ro,Z" "-v" "/var/lib/crater-agent-workspace/rustup-home:/opt/rustwide/rustup-home:ro,Z" "-e" "SOURCE_DIR=/opt/rustwide/workdir" "-e" "CARGO_TARGET_DIR=/opt/rustwide/target" "-e" "CARGO_HOME=/opt/rustwide/cargo-home" "-e" "RUSTUP_HOME=/opt/rustwide/rustup-home" "-w" "/opt/rustwide/workdir" "-m" "1610612736" "--user" "0:0" "--network" "none" "ghcr.io/rust-lang/crates-build-env/linux@sha256:5ff2268d62e97bff2cde7d5815dd6ed5b47097566f13b8d0ca110b04b60e07ed" "/opt/rustwide/cargo-home/bin/cargo" "+beta-2023-04-20" "metadata" "--no-deps" "--format-version=1", kill_on_drop: false }`
[INFO] [stdout] 09ddb190da4be396b8b821497facbff5abc172a5b0d95f91b64a70c471d3dc4d
[INFO] running `Command { std: "docker" "start" "-a" "09ddb190da4be396b8b821497facbff5abc172a5b0d95f91b64a70c471d3dc4d", kill_on_drop: false }`
[INFO] running `Command { std: "docker" "inspect" "09ddb190da4be396b8b821497facbff5abc172a5b0d95f91b64a70c471d3dc4d", kill_on_drop: false }`
[INFO] running `Command { std: "docker" "rm" "-f" "09ddb190da4be396b8b821497facbff5abc172a5b0d95f91b64a70c471d3dc4d", kill_on_drop: false }`
[INFO] [stdout] 09ddb190da4be396b8b821497facbff5abc172a5b0d95f91b64a70c471d3dc4d
[INFO] running `Command { std: "docker" "create" "-v" "/var/lib/crater-agent-workspace/builds/worker-3-tc2/target:/opt/rustwide/target:rw,Z" "-v" "/var/lib/crater-agent-workspace/builds/worker-3-tc2/source:/opt/rustwide/workdir:ro,Z" "-v" "/var/lib/crater-agent-workspace/cargo-home:/opt/rustwide/cargo-home:ro,Z" "-v" "/var/lib/crater-agent-workspace/rustup-home:/opt/rustwide/rustup-home:ro,Z" "-e" "SOURCE_DIR=/opt/rustwide/workdir" "-e" "CARGO_TARGET_DIR=/opt/rustwide/target" "-e" "CARGO_INCREMENTAL=0" "-e" "RUST_BACKTRACE=full" "-e" "RUSTFLAGS=--cap-lints=warn" "-e" "RUSTDOCFLAGS=--cap-lints=warn" "-e" "CARGO_HOME=/opt/rustwide/cargo-home" "-e" "RUSTUP_HOME=/opt/rustwide/rustup-home" "-w" "/opt/rustwide/workdir" "-m" "1610612736" "--user" "0:0" "--network" "none" "ghcr.io/rust-lang/crates-build-env/linux@sha256:5ff2268d62e97bff2cde7d5815dd6ed5b47097566f13b8d0ca110b04b60e07ed" "/opt/rustwide/cargo-home/bin/cargo" "+beta-2023-04-20" "build" "--frozen" "--message-format=json", kill_on_drop: false }`
[INFO] [stdout] 71adb6dc60f4dc44231500e6b5f3fd1ee24a8a8afa6cdbe0cb242836e1d02dd6
[INFO] running `Command { std: "docker" "start" "-a" "71adb6dc60f4dc44231500e6b5f3fd1ee24a8a8afa6cdbe0cb242836e1d02dd6", kill_on_drop: false }`
[INFO] [stderr]    Compiling cfg-if v1.0.0
[INFO] [stderr]    Compiling autocfg v1.1.0
[INFO] [stderr]    Compiling libc v0.2.142
[INFO] [stderr]    Compiling proc-macro2 v1.0.56
[INFO] [stderr]    Compiling unicode-ident v1.0.8
[INFO] [stderr]    Compiling version_check v0.9.4
[INFO] [stderr]    Compiling quote v1.0.26
[INFO] [stderr]    Compiling log v0.4.17
[INFO] [stderr]    Compiling pin-project-lite v0.2.9
[INFO] [stderr]    Compiling futures-core v0.3.28
[INFO] [stderr]    Compiling futures-task v0.3.28
[INFO] [stderr]    Compiling httparse v1.8.0
[INFO] [stderr]    Compiling futures-channel v0.3.28
[INFO] [stderr]    Compiling bytes v1.4.0
[INFO] [stderr]    Compiling itoa v1.0.6
[INFO] [stderr]    Compiling futures-util v0.3.28
[INFO] [stderr]    Compiling once_cell v1.17.1
[INFO] [stderr]    Compiling fnv v1.0.7
[INFO] [stderr]    Compiling pin-utils v0.1.0
[INFO] [stderr]    Compiling try-lock v0.2.4
[INFO] [stderr]    Compiling tower-service v0.3.2
[INFO] [stderr]    Compiling httpdate v1.0.2
[INFO] [stderr]    Compiling mime v0.3.17
[INFO] [stderr]    Compiling tracing-core v0.1.30
[INFO] [stderr]    Compiling percent-encoding v2.2.0
[INFO] [stderr]    Compiling unicase v2.6.0
[INFO] [stderr]    Compiling slab v0.4.8
[INFO] [stderr]    Compiling tokio v1.28.0
[INFO] [stderr]    Compiling http v0.2.9
[INFO] [stderr]    Compiling want v0.3.0
[INFO] [stderr]    Compiling tracing v0.1.37
[INFO] [stderr]    Compiling syn v2.0.15
[INFO] [stderr]    Compiling socket2 v0.4.9
[INFO] [stderr]    Compiling mio v0.8.6
[INFO] [stderr]    Compiling getrandom v0.2.9
[INFO] [stderr]    Compiling mime_guess v2.0.4
[INFO] [stderr]    Compiling uuid v1.3.2
[INFO] [stderr]    Compiling http-body v0.4.5
[INFO] [stderr]    Compiling futures-macro v0.3.28
[INFO] [stderr]    Compiling hyper v0.14.26
[INFO] [stderr]    Compiling hi-hyper-multipart v0.0.2 (/opt/rustwide/workdir)
[INFO] [stdout] warning: unused variable: `e`
[INFO] [stdout]    --> src/lib.rs:171:54
[INFO] [stdout]     |
[INFO] [stdout] 171 |             .chain(part.value.into_stream().map_err(|e| Error("".to_string())))
[INFO] [stdout]     |                                                      ^ help: if this is intentional, prefix it with an underscore: `_e`
[INFO] [stdout]     |
[INFO] [stdout]     = note: `#[warn(unused_variables)]` on by default
[INFO] [stdout] 
[INFO] [stdout] 
[INFO] [stdout] warning: unused variable: `e`
[INFO] [stdout]    --> src/lib.rs:247:44
[INFO] [stdout]     |
[INFO] [stdout] 247 |         Ok(self.mime(mime.parse().map_err(|e| crate::Error("e".to_string()))?))
[INFO] [stdout]     |                                            ^ help: if this is intentional, prefix it with an underscore: `_e`
[INFO] [stdout] 
[INFO] [stdout] 
[INFO] [stdout] warning: field `computed_headers` is never read
[INFO] [stdout]   --> src/lib.rs:43:16
[INFO] [stdout]    |
[INFO] [stdout] 41 | pub(crate) struct FormParts<P> {
[INFO] [stdout]    |                   --------- field in this struct
[INFO] [stdout] 42 |     pub(crate) boundary: String,
[INFO] [stdout] 43 |     pub(crate) computed_headers: Vec<Vec<u8>>,
[INFO] [stdout]    |                ^^^^^^^^^^^^^^^^
[INFO] [stdout]    |
[INFO] [stdout]    = note: `#[warn(dead_code)]` on by default
[INFO] [stdout] 
[INFO] [stdout] 
[INFO] [stdout] warning: method `compute_length` is never used
[INFO] [stdout]    --> src/lib.rs:175:19
[INFO] [stdout]     |
[INFO] [stdout] 67  | impl Form {
[INFO] [stdout]     | --------- method in this implementation
[INFO] [stdout] ...
[INFO] [stdout] 175 |     pub(crate) fn compute_length(&mut self) -> Option<u64> {
[INFO] [stdout]     |                   ^^^^^^^^^^^^^^
[INFO] [stdout] 
[INFO] [stdout] 
[INFO] [stdout] warning: method `compute_length` is never used
[INFO] [stdout]    --> src/lib.rs:353:19
[INFO] [stdout]     |
[INFO] [stdout] 309 | impl<P: PartProps> FormParts<P> {
[INFO] [stdout]     | ------------------------------- method in this implementation
[INFO] [stdout] ...
[INFO] [stdout] 353 |     pub(crate) fn compute_length(&mut self) -> Option<u64> {
[INFO] [stdout]     |                   ^^^^^^^^^^^^^^
[INFO] [stdout] 
[INFO] [stdout] 
[INFO] [stdout] warning: 5 warnings emitted
[INFO] [stdout] 
[INFO] [stdout] 
[INFO] [stderr]     Finished dev [unoptimized + debuginfo] target(s) in 8.12s
[INFO] running `Command { std: "docker" "inspect" "71adb6dc60f4dc44231500e6b5f3fd1ee24a8a8afa6cdbe0cb242836e1d02dd6", kill_on_drop: false }`
[INFO] running `Command { std: "docker" "rm" "-f" "71adb6dc60f4dc44231500e6b5f3fd1ee24a8a8afa6cdbe0cb242836e1d02dd6", kill_on_drop: false }`
[INFO] [stdout] 71adb6dc60f4dc44231500e6b5f3fd1ee24a8a8afa6cdbe0cb242836e1d02dd6
[INFO] running `Command { std: "docker" "create" "-v" "/var/lib/crater-agent-workspace/builds/worker-3-tc2/target:/opt/rustwide/target:rw,Z" "-v" "/var/lib/crater-agent-workspace/builds/worker-3-tc2/source:/opt/rustwide/workdir:ro,Z" "-v" "/var/lib/crater-agent-workspace/cargo-home:/opt/rustwide/cargo-home:ro,Z" "-v" "/var/lib/crater-agent-workspace/rustup-home:/opt/rustwide/rustup-home:ro,Z" "-e" "SOURCE_DIR=/opt/rustwide/workdir" "-e" "CARGO_TARGET_DIR=/opt/rustwide/target" "-e" "CARGO_INCREMENTAL=0" "-e" "RUST_BACKTRACE=full" "-e" "RUSTFLAGS=--cap-lints=warn" "-e" "RUSTDOCFLAGS=--cap-lints=warn" "-e" "CARGO_HOME=/opt/rustwide/cargo-home" "-e" "RUSTUP_HOME=/opt/rustwide/rustup-home" "-w" "/opt/rustwide/workdir" "-m" "1610612736" "--user" "0:0" "--network" "none" "ghcr.io/rust-lang/crates-build-env/linux@sha256:5ff2268d62e97bff2cde7d5815dd6ed5b47097566f13b8d0ca110b04b60e07ed" "/opt/rustwide/cargo-home/bin/cargo" "+beta-2023-04-20" "test" "--frozen" "--no-run" "--message-format=json", kill_on_drop: false }`
[INFO] [stdout] 63c0642b52181a664dbe440a3a49b342acb2dd1a3b65889e491dce4eebc7369d
[INFO] running `Command { std: "docker" "start" "-a" "63c0642b52181a664dbe440a3a49b342acb2dd1a3b65889e491dce4eebc7369d", kill_on_drop: false }`
[INFO] [stderr]    Compiling lock_api v0.4.9
[INFO] [stderr]    Compiling parking_lot_core v0.9.7
[INFO] [stderr]    Compiling smallvec v1.10.0
[INFO] [stderr]    Compiling cc v1.0.79
[INFO] [stderr]    Compiling scopeguard v1.1.0
[INFO] [stderr]    Compiling pkg-config v0.3.26
[INFO] [stderr]    Compiling tokio v1.28.0
[INFO] [stderr]    Compiling indexmap v1.9.3
[INFO] [stderr]    Compiling signal-hook-registry v1.4.1
[INFO] [stderr]    Compiling num_cpus v1.15.0
[INFO] [stderr]    Compiling foreign-types-shared v0.1.1
[INFO] [stderr]    Compiling tokio-macros v2.1.0
[INFO] [stderr]    Compiling futures-sink v0.3.28
[INFO] [stderr]    Compiling openssl v0.10.52
[INFO] [stderr]    Compiling hashbrown v0.12.3
[INFO] [stderr]    Compiling openssl-macros v0.1.1
[INFO] [stderr]    Compiling bitflags v1.3.2
[INFO] [stderr]    Compiling foreign-types v0.3.2
[INFO] [stderr]    Compiling native-tls v0.2.11
[INFO] [stderr]    Compiling tinyvec_macros v0.1.1
[INFO] [stderr]    Compiling openssl-probe v0.1.5
[INFO] [stderr]    Compiling serde v1.0.160
[INFO] [stderr]    Compiling tinyvec v1.6.0
[INFO] [stderr]    Compiling form_urlencoded v1.1.0
[INFO] [stderr]    Compiling unicode-bidi v0.3.13
[INFO] [stderr]    Compiling ryu v1.0.13
[INFO] [stderr]    Compiling encoding_rs v0.8.32
[INFO] [stderr]    Compiling base64 v0.21.0
[INFO] [stderr]    Compiling ipnet v2.7.2
[INFO] [stderr]    Compiling parking_lot v0.12.1
[INFO] [stderr]    Compiling openssl-sys v0.9.87
[INFO] [stderr]    Compiling unicode-normalization v0.1.22
[INFO] [stderr]    Compiling idna v0.3.0
[INFO] [stderr]    Compiling url v2.3.1
[INFO] [stderr]    Compiling serde_urlencoded v0.7.1
[INFO] [stderr]    Compiling tokio-util v0.7.8
[INFO] [stderr]    Compiling tokio-native-tls v0.3.1
[INFO] [stderr]    Compiling h2 v0.3.18
[INFO] [stderr]    Compiling hyper v0.14.26
[INFO] [stderr]    Compiling hyper-tls v0.5.0
[INFO] [stderr]    Compiling hi-hyper-multipart v0.0.2 (/opt/rustwide/workdir)
[INFO] [stdout] warning: unused variable: `e`
[INFO] [stdout]    --> src/lib.rs:171:54
[INFO] [stdout]     |
[INFO] [stdout] 171 |             .chain(part.value.into_stream().map_err(|e| Error("".to_string())))
[INFO] [stdout]     |                                                      ^ help: if this is intentional, prefix it with an underscore: `_e`
[INFO] [stdout]     |
[INFO] [stdout]     = note: `#[warn(unused_variables)]` on by default
[INFO] [stdout] 
[INFO] [stdout] 
[INFO] [stdout] warning: unused variable: `e`
[INFO] [stdout]    --> src/lib.rs:247:44
[INFO] [stdout]     |
[INFO] [stdout] 247 |         Ok(self.mime(mime.parse().map_err(|e| crate::Error("e".to_string()))?))
[INFO] [stdout]     |                                            ^ help: if this is intentional, prefix it with an underscore: `_e`
[INFO] [stdout] 
[INFO] [stdout] 
[INFO] [stdout] warning: field `computed_headers` is never read
[INFO] [stdout]   --> src/lib.rs:43:16
[INFO] [stdout]    |
[INFO] [stdout] 41 | pub(crate) struct FormParts<P> {
[INFO] [stdout]    |                   --------- field in this struct
[INFO] [stdout] 42 |     pub(crate) boundary: String,
[INFO] [stdout] 43 |     pub(crate) computed_headers: Vec<Vec<u8>>,
[INFO] [stdout]    |                ^^^^^^^^^^^^^^^^
[INFO] [stdout]    |
[INFO] [stdout]    = note: `#[warn(dead_code)]` on by default
[INFO] [stdout] 
[INFO] [stdout] 
[INFO] [stdout] warning: method `compute_length` is never used
[INFO] [stdout]    --> src/lib.rs:175:19
[INFO] [stdout]     |
[INFO] [stdout] 67  | impl Form {
[INFO] [stdout]     | --------- method in this implementation
[INFO] [stdout] ...
[INFO] [stdout] 175 |     pub(crate) fn compute_length(&mut self) -> Option<u64> {
[INFO] [stdout]     |                   ^^^^^^^^^^^^^^
[INFO] [stdout] 
[INFO] [stdout] 
[INFO] [stdout] warning: method `compute_length` is never used
[INFO] [stdout]    --> src/lib.rs:353:19
[INFO] [stdout]     |
[INFO] [stdout] 309 | impl<P: PartProps> FormParts<P> {
[INFO] [stdout]     | ------------------------------- method in this implementation
[INFO] [stdout] ...
[INFO] [stdout] 353 |     pub(crate) fn compute_length(&mut self) -> Option<u64> {
[INFO] [stdout]     |                   ^^^^^^^^^^^^^^
[INFO] [stdout] 
[INFO] [stdout] 
[INFO] [stderr]    Compiling reqwest v0.11.17
[INFO] [stdout] warning: 5 warnings emitted
[INFO] [stdout] 
[INFO] [stdout] 
[INFO] [stdout] warning: unused variable: `e`
[INFO] [stdout]    --> src/lib.rs:171:54
[INFO] [stdout]     |
[INFO] [stdout] 171 |             .chain(part.value.into_stream().map_err(|e| Error("".to_string())))
[INFO] [stdout]     |                                                      ^ help: if this is intentional, prefix it with an underscore: `_e`
[INFO] [stdout]     |
[INFO] [stdout]     = note: `#[warn(unused_variables)]` on by default
[INFO] [stdout] 
[INFO] [stdout] 
[INFO] [stdout] warning: unused variable: `e`
[INFO] [stdout]    --> src/lib.rs:247:44
[INFO] [stdout]     |
[INFO] [stdout] 247 |         Ok(self.mime(mime.parse().map_err(|e| crate::Error("e".to_string()))?))
[INFO] [stdout]     |                                            ^ help: if this is intentional, prefix it with an underscore: `_e`
[INFO] [stdout] 
[INFO] [stdout] 
[INFO] [stdout] warning: field `computed_headers` is never read
[INFO] [stdout]   --> src/lib.rs:43:16
[INFO] [stdout]    |
[INFO] [stdout] 41 | pub(crate) struct FormParts<P> {
[INFO] [stdout]    |                   --------- field in this struct
[INFO] [stdout] 42 |     pub(crate) boundary: String,
[INFO] [stdout] 43 |     pub(crate) computed_headers: Vec<Vec<u8>>,
[INFO] [stdout]    |                ^^^^^^^^^^^^^^^^
[INFO] [stdout]    |
[INFO] [stdout]    = note: `#[warn(dead_code)]` on by default
[INFO] [stdout] 
[INFO] [stdout] 
[INFO] [stdout] warning: method `compute_length` is never used
[INFO] [stdout]    --> src/lib.rs:175:19
[INFO] [stdout]     |
[INFO] [stdout] 67  | impl Form {
[INFO] [stdout]     | --------- method in this implementation
[INFO] [stdout] ...
[INFO] [stdout] 175 |     pub(crate) fn compute_length(&mut self) -> Option<u64> {
[INFO] [stdout]     |                   ^^^^^^^^^^^^^^
[INFO] [stdout] 
[INFO] [stdout] 
[INFO] [stdout] warning: method `compute_length` is never used
[INFO] [stdout]    --> src/lib.rs:353:19
[INFO] [stdout]     |
[INFO] [stdout] 309 | impl<P: PartProps> FormParts<P> {
[INFO] [stdout]     | ------------------------------- method in this implementation
[INFO] [stdout] ...
[INFO] [stdout] 353 |     pub(crate) fn compute_length(&mut self) -> Option<u64> {
[INFO] [stdout]     |                   ^^^^^^^^^^^^^^
[INFO] [stdout] 
[INFO] [stdout] 
[INFO] [stdout] warning: 5 warnings emitted
[INFO] [stdout] 
[INFO] [stdout] 
[INFO] [stderr]     Finished test [unoptimized + debuginfo] target(s) in 25.46s
[INFO] running `Command { std: "docker" "inspect" "63c0642b52181a664dbe440a3a49b342acb2dd1a3b65889e491dce4eebc7369d", kill_on_drop: false }`
[INFO] running `Command { std: "docker" "rm" "-f" "63c0642b52181a664dbe440a3a49b342acb2dd1a3b65889e491dce4eebc7369d", kill_on_drop: false }`
[INFO] [stdout] 63c0642b52181a664dbe440a3a49b342acb2dd1a3b65889e491dce4eebc7369d
[INFO] running `Command { std: "docker" "create" "-v" "/var/lib/crater-agent-workspace/builds/worker-3-tc2/target:/opt/rustwide/target:rw,Z" "-v" "/var/lib/crater-agent-workspace/builds/worker-3-tc2/source:/opt/rustwide/workdir:ro,Z" "-v" "/var/lib/crater-agent-workspace/cargo-home:/opt/rustwide/cargo-home:ro,Z" "-v" "/var/lib/crater-agent-workspace/rustup-home:/opt/rustwide/rustup-home:ro,Z" "-e" "SOURCE_DIR=/opt/rustwide/workdir" "-e" "CARGO_TARGET_DIR=/opt/rustwide/target" "-e" "CARGO_INCREMENTAL=0" "-e" "RUST_BACKTRACE=full" "-e" "RUSTFLAGS=--cap-lints=warn" "-e" "RUSTDOCFLAGS=--cap-lints=warn" "-e" "CARGO_HOME=/opt/rustwide/cargo-home" "-e" "RUSTUP_HOME=/opt/rustwide/rustup-home" "-w" "/opt/rustwide/workdir" "-m" "1610612736" "--user" "0:0" "--network" "none" "ghcr.io/rust-lang/crates-build-env/linux@sha256:5ff2268d62e97bff2cde7d5815dd6ed5b47097566f13b8d0ca110b04b60e07ed" "/opt/rustwide/cargo-home/bin/cargo" "+beta-2023-04-20" "test" "--frozen", kill_on_drop: false }`
[INFO] [stdout] e0de87a5bc96830b71773a2ecb86c252fb480c9a61d1239c45ab0ec2d6987d84
[INFO] running `Command { std: "docker" "start" "-a" "e0de87a5bc96830b71773a2ecb86c252fb480c9a61d1239c45ab0ec2d6987d84", kill_on_drop: false }`
[INFO] [stderr] warning: unused variable: `e`
[INFO] [stderr]    --> src/lib.rs:171:54
[INFO] [stderr]     |
[INFO] [stderr] 171 |             .chain(part.value.into_stream().map_err(|e| Error("".to_string())))
[INFO] [stderr]     |                                                      ^ help: if this is intentional, prefix it with an underscore: `_e`
[INFO] [stderr]     |
[INFO] [stderr]     = note: `#[warn(unused_variables)]` on by default
[INFO] [stderr] 
[INFO] [stderr] warning: unused variable: `e`
[INFO] [stderr]    --> src/lib.rs:247:44
[INFO] [stderr]     |
[INFO] [stderr] 247 |         Ok(self.mime(mime.parse().map_err(|e| crate::Error("e".to_string()))?))
[INFO] [stderr]     |                                            ^ help: if this is intentional, prefix it with an underscore: `_e`
[INFO] [stderr] 
[INFO] [stderr] warning: field `computed_headers` is never read
[INFO] [stderr]   --> src/lib.rs:43:16
[INFO] [stderr]    |
[INFO] [stderr] 41 | pub(crate) struct FormParts<P> {
[INFO] [stderr]    |                   --------- field in this struct
[INFO] [stderr] 42 |     pub(crate) boundary: String,
[INFO] [stderr] 43 |     pub(crate) computed_headers: Vec<Vec<u8>>,
[INFO] [stderr]    |                ^^^^^^^^^^^^^^^^
[INFO] [stderr]    |
[INFO] [stderr]    = note: `#[warn(dead_code)]` on by default
[INFO] [stderr] 
[INFO] [stderr] warning: method `compute_length` is never used
[INFO] [stderr]    --> src/lib.rs:175:19
[INFO] [stderr]     |
[INFO] [stderr] 67  | impl Form {
[INFO] [stderr]     | --------- method in this implementation
[INFO] [stderr] ...
[INFO] [stderr] 175 |     pub(crate) fn compute_length(&mut self) -> Option<u64> {
[INFO] [stderr]     |                   ^^^^^^^^^^^^^^
[INFO] [stderr] 
[INFO] [stderr] warning: method `compute_length` is never used
[INFO] [stderr]    --> src/lib.rs:353:19
[INFO] [stderr]     |
[INFO] [stderr] 309 | impl<P: PartProps> FormParts<P> {
[INFO] [stderr]     | ------------------------------- method in this implementation
[INFO] [stderr] ...
[INFO] [stderr] 353 |     pub(crate) fn compute_length(&mut self) -> Option<u64> {
[INFO] [stderr]     |                   ^^^^^^^^^^^^^^
[INFO] [stderr] 
[INFO] [stderr] warning: `hi-hyper-multipart` (lib) generated 5 warnings (run `cargo fix --lib -p hi-hyper-multipart` to apply 2 suggestions)
[INFO] [stderr] warning: `hi-hyper-multipart` (lib test) generated 5 warnings (5 duplicates)
[INFO] [stderr]     Finished test [unoptimized + debuginfo] target(s) in 0.07s
[INFO] [stderr]      Running unittests src/lib.rs (/opt/rustwide/target/debug/deps/hi_hyper_multipart-6e1481e9a4db458d)
[INFO] [stdout] 
[INFO] [stdout] running 6 tests
[INFO] [stdout] test tests::correct_content_length ... ok
[INFO] [stdout] test tests::header_percent_encoding ... ok
[INFO] [stdout] test tests::form_empty ... ok
[INFO] [stdout] test tests::stream_to_end_with_header ... ok
[INFO] [stdout] test tests::stream_to_end ... ok
[INFO] [stdout] test tests::reqwest ... ok
[INFO] [stdout] 
[INFO] [stdout] test result: ok. 6 passed; 0 failed; 0 ignored; 0 measured; 0 filtered out; finished in 0.07s
[INFO] [stdout] 
[INFO] [stderr]    Doc-tests hi-hyper-multipart
[INFO] [stdout] 
[INFO] [stdout] running 1 test
[INFO] [stdout] test src/lib.rs - Form::text (line 85) ... FAILED
[INFO] [stdout] 
[INFO] [stdout] failures:
[INFO] [stdout] 
[INFO] [stdout] ---- src/lib.rs - Form::text (line 85) stdout ----
[INFO] [stdout] error[E0433]: failed to resolve: could not find `multipart` in `reqwest`
[INFO] [stdout]  --> src/lib.rs:86:21
[INFO] [stdout]   |
[INFO] [stdout] 3 | let form = reqwest::multipart::Form::new()
[INFO] [stdout]   |                     ^^^^^^^^^ could not find `multipart` in `reqwest`
[INFO] [stdout]   |
[INFO] [stdout] help: consider importing this struct
[INFO] [stdout]   |
[INFO] [stdout] 2 + use hi_hyper_multipart::Form;
[INFO] [stdout]   |
[INFO] [stdout] help: if you import `Form`, refer to it directly
[INFO] [stdout]   |
[INFO] [stdout] 3 - let form = reqwest::multipart::Form::new()
[INFO] [stdout] 3 + let form = Form::new()
[INFO] [stdout]   |
[INFO] [stdout] 
[INFO] [stdout] error: aborting due to previous error
[INFO] [stdout] 
[INFO] [stdout] For more information about this error, try `rustc --explain E0433`.
[INFO] [stdout] Couldn't compile the test.
[INFO] [stdout] 
[INFO] [stdout] failures:
[INFO] [stdout]     src/lib.rs - Form::text (line 85)
[INFO] [stdout] 
[INFO] [stdout] test result: FAILED. 0 passed; 1 failed; 0 ignored; 0 measured; 0 filtered out; finished in 0.05s
[INFO] [stdout] 
[INFO] [stderr] error: doctest failed, to rerun pass `--doc`
[INFO] running `Command { std: "docker" "inspect" "e0de87a5bc96830b71773a2ecb86c252fb480c9a61d1239c45ab0ec2d6987d84", kill_on_drop: false }`
[INFO] running `Command { std: "docker" "rm" "-f" "e0de87a5bc96830b71773a2ecb86c252fb480c9a61d1239c45ab0ec2d6987d84", kill_on_drop: false }`
[INFO] [stdout] e0de87a5bc96830b71773a2ecb86c252fb480c9a61d1239c45ab0ec2d6987d84
