[INFO] fetching crate hex-wrapper 1.4.0...
[INFO] testing hex-wrapper-1.4.0 against 1.69.0 for beta-1.70-1
[INFO] extracting crate hex-wrapper 1.4.0 into /workspace/builds/worker-4-tc1/source
[INFO] validating manifest of crates.io crate hex-wrapper 1.4.0 on toolchain 1.69.0
[INFO] running `Command { std: CARGO_HOME="/workspace/cargo-home" RUSTUP_HOME="/workspace/rustup-home" "/workspace/cargo-home/bin/cargo" "+1.69.0" "metadata" "--manifest-path" "Cargo.toml" "--no-deps", kill_on_drop: false }`
[INFO] started tweaking crates.io crate hex-wrapper 1.4.0
[INFO] finished tweaking crates.io crate hex-wrapper 1.4.0
[INFO] tweaked toml for crates.io crate hex-wrapper 1.4.0 written to /workspace/builds/worker-4-tc1/source/Cargo.toml
[INFO] running `Command { std: CARGO_HOME="/workspace/cargo-home" RUSTUP_HOME="/workspace/rustup-home" __CARGO_TEST_CHANNEL_OVERRIDE_DO_NOT_USE_THIS="nightly" "/workspace/cargo-home/bin/cargo" "+1.69.0" "generate-lockfile" "--manifest-path" "Cargo.toml" "-Zno-index-update", kill_on_drop: false }`
[INFO] running `Command { std: CARGO_HOME="/workspace/cargo-home" RUSTUP_HOME="/workspace/rustup-home" "/workspace/cargo-home/bin/cargo" "+1.69.0" "fetch" "--manifest-path" "Cargo.toml", kill_on_drop: false }`
[INFO] running `Command { std: "docker" "create" "-v" "/var/lib/crater-agent-workspace/builds/worker-4-tc1/target:/opt/rustwide/target:rw,Z" "-v" "/var/lib/crater-agent-workspace/builds/worker-4-tc1/source:/opt/rustwide/workdir:ro,Z" "-v" "/var/lib/crater-agent-workspace/cargo-home:/opt/rustwide/cargo-home:ro,Z" "-v" "/var/lib/crater-agent-workspace/rustup-home:/opt/rustwide/rustup-home:ro,Z" "-e" "SOURCE_DIR=/opt/rustwide/workdir" "-e" "CARGO_TARGET_DIR=/opt/rustwide/target" "-e" "CARGO_HOME=/opt/rustwide/cargo-home" "-e" "RUSTUP_HOME=/opt/rustwide/rustup-home" "-w" "/opt/rustwide/workdir" "-m" "1610612736" "--user" "0:0" "--network" "none" "ghcr.io/rust-lang/crates-build-env/linux@sha256:97d61d7686bf65f8ecb15491ab51835e82dc9176a96a831f143a431b191fc501" "/opt/rustwide/cargo-home/bin/cargo" "+1.69.0" "metadata" "--no-deps" "--format-version=1", kill_on_drop: false }`
[INFO] [stdout] 49f185009e99de72b34710aa12ae028f5c714f9dab82d190c4a7a2536d7a33de
[INFO] running `Command { std: "docker" "start" "-a" "49f185009e99de72b34710aa12ae028f5c714f9dab82d190c4a7a2536d7a33de", kill_on_drop: false }`
[INFO] running `Command { std: "docker" "inspect" "49f185009e99de72b34710aa12ae028f5c714f9dab82d190c4a7a2536d7a33de", kill_on_drop: false }`
[INFO] running `Command { std: "docker" "rm" "-f" "49f185009e99de72b34710aa12ae028f5c714f9dab82d190c4a7a2536d7a33de", kill_on_drop: false }`
[INFO] [stdout] 49f185009e99de72b34710aa12ae028f5c714f9dab82d190c4a7a2536d7a33de
[INFO] running `Command { std: "docker" "create" "-v" "/var/lib/crater-agent-workspace/builds/worker-4-tc1/target:/opt/rustwide/target:rw,Z" "-v" "/var/lib/crater-agent-workspace/builds/worker-4-tc1/source:/opt/rustwide/workdir:ro,Z" "-v" "/var/lib/crater-agent-workspace/cargo-home:/opt/rustwide/cargo-home:ro,Z" "-v" "/var/lib/crater-agent-workspace/rustup-home:/opt/rustwide/rustup-home:ro,Z" "-e" "SOURCE_DIR=/opt/rustwide/workdir" "-e" "CARGO_TARGET_DIR=/opt/rustwide/target" "-e" "CARGO_INCREMENTAL=0" "-e" "RUST_BACKTRACE=full" "-e" "RUSTFLAGS=--cap-lints=warn" "-e" "RUSTDOCFLAGS=--cap-lints=warn" "-e" "CARGO_HOME=/opt/rustwide/cargo-home" "-e" "RUSTUP_HOME=/opt/rustwide/rustup-home" "-w" "/opt/rustwide/workdir" "-m" "1610612736" "--user" "0:0" "--network" "none" "ghcr.io/rust-lang/crates-build-env/linux@sha256:97d61d7686bf65f8ecb15491ab51835e82dc9176a96a831f143a431b191fc501" "/opt/rustwide/cargo-home/bin/cargo" "+1.69.0" "build" "--frozen" "--message-format=json", kill_on_drop: false }`
[INFO] [stdout] 358937b012822c108806d05ee170b4a6fd799c1823a8aa5505ed05445705eb56
[INFO] running `Command { std: "docker" "start" "-a" "358937b012822c108806d05ee170b4a6fd799c1823a8aa5505ed05445705eb56", kill_on_drop: false }`
[INFO] [stderr]    Compiling hex-wrapper v1.4.0 (/opt/rustwide/workdir)
[INFO] [stderr]     Finished dev [unoptimized + debuginfo] target(s) in 0.27s
[INFO] running `Command { std: "docker" "inspect" "358937b012822c108806d05ee170b4a6fd799c1823a8aa5505ed05445705eb56", kill_on_drop: false }`
[INFO] running `Command { std: "docker" "rm" "-f" "358937b012822c108806d05ee170b4a6fd799c1823a8aa5505ed05445705eb56", kill_on_drop: false }`
[INFO] [stdout] 358937b012822c108806d05ee170b4a6fd799c1823a8aa5505ed05445705eb56
[INFO] running `Command { std: "docker" "create" "-v" "/var/lib/crater-agent-workspace/builds/worker-4-tc1/target:/opt/rustwide/target:rw,Z" "-v" "/var/lib/crater-agent-workspace/builds/worker-4-tc1/source:/opt/rustwide/workdir:ro,Z" "-v" "/var/lib/crater-agent-workspace/cargo-home:/opt/rustwide/cargo-home:ro,Z" "-v" "/var/lib/crater-agent-workspace/rustup-home:/opt/rustwide/rustup-home:ro,Z" "-e" "SOURCE_DIR=/opt/rustwide/workdir" "-e" "CARGO_TARGET_DIR=/opt/rustwide/target" "-e" "CARGO_INCREMENTAL=0" "-e" "RUST_BACKTRACE=full" "-e" "RUSTFLAGS=--cap-lints=warn" "-e" "RUSTDOCFLAGS=--cap-lints=warn" "-e" "CARGO_HOME=/opt/rustwide/cargo-home" "-e" "RUSTUP_HOME=/opt/rustwide/rustup-home" "-w" "/opt/rustwide/workdir" "-m" "1610612736" "--user" "0:0" "--network" "none" "ghcr.io/rust-lang/crates-build-env/linux@sha256:97d61d7686bf65f8ecb15491ab51835e82dc9176a96a831f143a431b191fc501" "/opt/rustwide/cargo-home/bin/cargo" "+1.69.0" "test" "--frozen" "--no-run" "--message-format=json", kill_on_drop: false }`
[INFO] [stdout] 69f8b9429f405c3e91c88d48ecdf97c690e8e72afffd0f6d62fbdb42240820df
[INFO] running `Command { std: "docker" "start" "-a" "69f8b9429f405c3e91c88d48ecdf97c690e8e72afffd0f6d62fbdb42240820df", kill_on_drop: false }`
[INFO] [stderr]    Compiling hex-wrapper v1.4.0 (/opt/rustwide/workdir)
[INFO] [stderr]     Finished test [unoptimized + debuginfo] target(s) in 0.29s
[INFO] running `Command { std: "docker" "inspect" "69f8b9429f405c3e91c88d48ecdf97c690e8e72afffd0f6d62fbdb42240820df", kill_on_drop: false }`
[INFO] running `Command { std: "docker" "rm" "-f" "69f8b9429f405c3e91c88d48ecdf97c690e8e72afffd0f6d62fbdb42240820df", kill_on_drop: false }`
[INFO] [stdout] 69f8b9429f405c3e91c88d48ecdf97c690e8e72afffd0f6d62fbdb42240820df
[INFO] running `Command { std: "docker" "create" "-v" "/var/lib/crater-agent-workspace/builds/worker-4-tc1/target:/opt/rustwide/target:rw,Z" "-v" "/var/lib/crater-agent-workspace/builds/worker-4-tc1/source:/opt/rustwide/workdir:ro,Z" "-v" "/var/lib/crater-agent-workspace/cargo-home:/opt/rustwide/cargo-home:ro,Z" "-v" "/var/lib/crater-agent-workspace/rustup-home:/opt/rustwide/rustup-home:ro,Z" "-e" "SOURCE_DIR=/opt/rustwide/workdir" "-e" "CARGO_TARGET_DIR=/opt/rustwide/target" "-e" "CARGO_INCREMENTAL=0" "-e" "RUST_BACKTRACE=full" "-e" "RUSTFLAGS=--cap-lints=warn" "-e" "RUSTDOCFLAGS=--cap-lints=warn" "-e" "CARGO_HOME=/opt/rustwide/cargo-home" "-e" "RUSTUP_HOME=/opt/rustwide/rustup-home" "-w" "/opt/rustwide/workdir" "-m" "1610612736" "--user" "0:0" "--network" "none" "ghcr.io/rust-lang/crates-build-env/linux@sha256:97d61d7686bf65f8ecb15491ab51835e82dc9176a96a831f143a431b191fc501" "/opt/rustwide/cargo-home/bin/cargo" "+1.69.0" "test" "--frozen", kill_on_drop: false }`
[INFO] [stdout] 419551edd37cc73452926ace862d04f6e6b54ba80642e3db2eceed5df086ad18
[INFO] running `Command { std: "docker" "start" "-a" "419551edd37cc73452926ace862d04f6e6b54ba80642e3db2eceed5df086ad18", kill_on_drop: false }`
[INFO] [stderr]     Finished test [unoptimized + debuginfo] target(s) in 0.01s
[INFO] [stderr]      Running unittests src/lib.rs (/opt/rustwide/target/debug/deps/hex_wrapper-2be6e76651067b90)
[INFO] [stdout] 
[INFO] [stdout] running 2 tests
[INFO] [stdout] test macros::test::hex_from_str ... ok
[INFO] [stdout] test macros::test::hex_to_str ... ok
[INFO] [stdout] 
[INFO] [stdout] test result: ok. 2 passed; 0 failed; 0 ignored; 0 measured; 0 filtered out; finished in 0.00s
[INFO] [stdout] 
[INFO] [stderr]    Doc-tests hex-wrapper
[INFO] [stdout] 
[INFO] [stdout] running 12 tests
[INFO] [stdout] test src/zeroable.rs - zeroable::HexUsize (line 5) ... FAILED
[INFO] [stdout] test src/nonzero.rs - nonzero::NonZeroHex8 (line 115) ... FAILED
[INFO] [stdout] test src/zeroable.rs - zeroable::Hex32 (line 71) ... FAILED
[INFO] [stdout] test src/zeroable.rs - zeroable::Hex64 (line 49) ... FAILED
[INFO] [stdout] test src/zeroable.rs - zeroable::Hex128 (line 27) ... FAILED
[INFO] [stdout] test src/zeroable.rs - zeroable::Hex16 (line 93) ... FAILED
[INFO] [stdout] test src/nonzero.rs - nonzero::NonZeroHexUsize (line 5) ... FAILED
[INFO] [stdout] test src/nonzero.rs - nonzero::NonZeroHex128 (line 27) ... FAILED
[INFO] [stdout] test src/nonzero.rs - nonzero::NonZeroHex16 (line 93) ... FAILED
[INFO] [stdout] test src/nonzero.rs - nonzero::NonZeroHex32 (line 71) ... FAILED
[INFO] [stdout] test src/nonzero.rs - nonzero::NonZeroHex64 (line 49) ... FAILED
[INFO] [stdout] test src/zeroable.rs - zeroable::Hex8 (line 115) ... FAILED
[INFO] [stdout] 
[INFO] [stdout] failures:
[INFO] [stdout] 
[INFO] [stdout] ---- src/zeroable.rs - zeroable::HexUsize (line 5) stdout ----
[INFO] [stdout] error[E0599]: no function or associated item named `rand` found for struct `HexUsize` in the current scope
[INFO] [stdout]  --> src/zeroable.rs:9:22
[INFO] [stdout]   |
[INFO] [stdout] 7 | let rand = HexUsize::rand();
[INFO] [stdout]   |                      ^^^^ function or associated item not found in `HexUsize`
[INFO] [stdout] 
[INFO] [stdout] error: aborting due to previous error
[INFO] [stdout] 
[INFO] [stdout] For more information about this error, try `rustc --explain E0599`.
[INFO] [stdout] Couldn't compile the test.
[INFO] [stdout] ---- src/nonzero.rs - nonzero::NonZeroHex8 (line 115) stdout ----
[INFO] [stdout] error[E0599]: no function or associated item named `rand` found for struct `NonZeroHex8` in the current scope
[INFO] [stdout]  --> src/nonzero.rs:119:25
[INFO] [stdout]   |
[INFO] [stdout] 7 | let rand = NonZeroHex8::rand();
[INFO] [stdout]   |                         ^^^^ function or associated item not found in `NonZeroHex8`
[INFO] [stdout] 
[INFO] [stdout] error: aborting due to previous error
[INFO] [stdout] 
[INFO] [stdout] For more information about this error, try `rustc --explain E0599`.
[INFO] [stdout] Couldn't compile the test.
[INFO] [stdout] ---- src/zeroable.rs - zeroable::Hex32 (line 71) stdout ----
[INFO] [stdout] error[E0599]: no function or associated item named `rand` found for struct `Hex32` in the current scope
[INFO] [stdout]  --> src/zeroable.rs:75:19
[INFO] [stdout]   |
[INFO] [stdout] 7 | let rand = Hex32::rand();
[INFO] [stdout]   |                   ^^^^ function or associated item not found in `Hex32`
[INFO] [stdout] 
[INFO] [stdout] error: aborting due to previous error
[INFO] [stdout] 
[INFO] [stdout] For more information about this error, try `rustc --explain E0599`.
[INFO] [stdout] Couldn't compile the test.
[INFO] [stdout] ---- src/zeroable.rs - zeroable::Hex64 (line 49) stdout ----
[INFO] [stdout] error[E0599]: no function or associated item named `rand` found for struct `Hex64` in the current scope
[INFO] [stdout]  --> src/zeroable.rs:53:19
[INFO] [stdout]   |
[INFO] [stdout] 7 | let rand = Hex64::rand();
[INFO] [stdout]   |                   ^^^^ function or associated item not found in `Hex64`
[INFO] [stdout] 
[INFO] [stdout] error: aborting due to previous error
[INFO] [stdout] 
[INFO] [stdout] For more information about this error, try `rustc --explain E0599`.
[INFO] [stdout] Couldn't compile the test.
[INFO] [stdout] ---- src/zeroable.rs - zeroable::Hex128 (line 27) stdout ----
[INFO] [stdout] error[E0599]: no function or associated item named `rand` found for struct `Hex128` in the current scope
[INFO] [stdout]  --> src/zeroable.rs:31:20
[INFO] [stdout]   |
[INFO] [stdout] 7 | let rand = Hex128::rand();
[INFO] [stdout]   |                    ^^^^ function or associated item not found in `Hex128`
[INFO] [stdout] 
[INFO] [stdout] error: aborting due to previous error
[INFO] [stdout] 
[INFO] [stdout] For more information about this error, try `rustc --explain E0599`.
[INFO] [stdout] Couldn't compile the test.
[INFO] [stdout] ---- src/zeroable.rs - zeroable::Hex16 (line 93) stdout ----
[INFO] [stdout] error[E0599]: no function or associated item named `rand` found for struct `Hex16` in the current scope
[INFO] [stdout]  --> src/zeroable.rs:97:19
[INFO] [stdout]   |
[INFO] [stdout] 7 | let rand = Hex16::rand();
[INFO] [stdout]   |                   ^^^^ function or associated item not found in `Hex16`
[INFO] [stdout] 
[INFO] [stdout] error: aborting due to previous error
[INFO] [stdout] 
[INFO] [stdout] For more information about this error, try `rustc --explain E0599`.
[INFO] [stdout] Couldn't compile the test.
[INFO] [stdout] ---- src/nonzero.rs - nonzero::NonZeroHexUsize (line 5) stdout ----
[INFO] [stdout] error[E0599]: no function or associated item named `rand` found for struct `NonZeroHexUsize` in the current scope
[INFO] [stdout]  --> src/nonzero.rs:9:29
[INFO] [stdout]   |
[INFO] [stdout] 7 | let rand = NonZeroHexUsize::rand();
[INFO] [stdout]   |                             ^^^^ function or associated item not found in `NonZeroHexUsize`
[INFO] [stdout] 
[INFO] [stdout] error: aborting due to previous error
[INFO] [stdout] 
[INFO] [stdout] For more information about this error, try `rustc --explain E0599`.
[INFO] [stdout] Couldn't compile the test.
[INFO] [stdout] ---- src/nonzero.rs - nonzero::NonZeroHex128 (line 27) stdout ----
[INFO] [stdout] error[E0599]: no function or associated item named `rand` found for struct `NonZeroHex128` in the current scope
[INFO] [stdout]  --> src/nonzero.rs:31:27
[INFO] [stdout]   |
[INFO] [stdout] 7 | let rand = NonZeroHex128::rand();
[INFO] [stdout]   |                           ^^^^ function or associated item not found in `NonZeroHex128`
[INFO] [stdout] 
[INFO] [stdout] error: aborting due to previous error
[INFO] [stdout] 
[INFO] [stdout] For more information about this error, try `rustc --explain E0599`.
[INFO] [stdout] Couldn't compile the test.
[INFO] [stdout] ---- src/nonzero.rs - nonzero::NonZeroHex16 (line 93) stdout ----
[INFO] [stdout] error[E0599]: no function or associated item named `rand` found for struct `NonZeroHex16` in the current scope
[INFO] [stdout]  --> src/nonzero.rs:97:26
[INFO] [stdout]   |
[INFO] [stdout] 7 | let rand = NonZeroHex16::rand();
[INFO] [stdout]   |                          ^^^^ function or associated item not found in `NonZeroHex16`
[INFO] [stdout] 
[INFO] [stdout] error: aborting due to previous error
[INFO] [stdout] 
[INFO] [stdout] For more information about this error, try `rustc --explain E0599`.
[INFO] [stdout] Couldn't compile the test.
[INFO] [stdout] ---- src/nonzero.rs - nonzero::NonZeroHex32 (line 71) stdout ----
[INFO] [stdout] error[E0599]: no function or associated item named `rand` found for struct `NonZeroHex32` in the current scope
[INFO] [stdout]  --> src/nonzero.rs:75:26
[INFO] [stdout]   |
[INFO] [stdout] 7 | let rand = NonZeroHex32::rand();
[INFO] [stdout]   |                          ^^^^ function or associated item not found in `NonZeroHex32`
[INFO] [stdout] 
[INFO] [stdout] error: aborting due to previous error
[INFO] [stdout] 
[INFO] [stdout] For more information about this error, try `rustc --explain E0599`.
[INFO] [stdout] Couldn't compile the test.
[INFO] [stdout] ---- src/nonzero.rs - nonzero::NonZeroHex64 (line 49) stdout ----
[INFO] [stdout] error[E0599]: no function or associated item named `rand` found for struct `NonZeroHex64` in the current scope
[INFO] [stdout]  --> src/nonzero.rs:53:26
[INFO] [stdout]   |
[INFO] [stdout] 7 | let rand = NonZeroHex64::rand();
[INFO] [stdout]   |                          ^^^^ function or associated item not found in `NonZeroHex64`
[INFO] [stdout] 
[INFO] [stdout] error: aborting due to previous error
[INFO] [stdout] 
[INFO] [stdout] For more information about this error, try `rustc --explain E0599`.
[INFO] [stdout] Couldn't compile the test.
[INFO] [stdout] ---- src/zeroable.rs - zeroable::Hex8 (line 115) stdout ----
[INFO] [stdout] error[E0599]: no function or associated item named `rand` found for struct `Hex8` in the current scope
[INFO] [stdout]  --> src/zeroable.rs:119:18
[INFO] [stdout]   |
[INFO] [stdout] 7 | let rand = Hex8::rand();
[INFO] [stdout]   |                  ^^^^ function or associated item not found in `Hex8`
[INFO] [stdout] 
[INFO] [stdout] error: aborting due to previous error
[INFO] [stdout] 
[INFO] [stdout] For more information about this error, try `rustc --explain E0599`.
[INFO] [stdout] Couldn't compile the test.
[INFO] [stdout] 
[INFO] [stdout] failures:
[INFO] [stdout]     src/nonzero.rs - nonzero::NonZeroHex128 (line 27)
[INFO] [stdout]     src/nonzero.rs - nonzero::NonZeroHex16 (line 93)
[INFO] [stdout]     src/nonzero.rs - nonzero::NonZeroHex32 (line 71)
[INFO] [stdout]     src/nonzero.rs - nonzero::NonZeroHex64 (line 49)
[INFO] [stdout]     src/nonzero.rs - nonzero::NonZeroHex8 (line 115)
[INFO] [stdout]     src/nonzero.rs - nonzero::NonZeroHexUsize (line 5)
[INFO] [stdout]     src/zeroable.rs - zeroable::Hex128 (line 27)
[INFO] [stdout]     src/zeroable.rs - zeroable::Hex16 (line 93)
[INFO] [stdout]     src/zeroable.rs - zeroable::Hex32 (line 71)
[INFO] [stdout]     src/zeroable.rs - zeroable::Hex64 (line 49)
[INFO] [stdout]     src/zeroable.rs - zeroable::Hex8 (line 115)
[INFO] [stdout]     src/zeroable.rs - zeroable::HexUsize (line 5)
[INFO] [stdout] 
[INFO] [stdout] test result: FAILED. 0 passed; 12 failed; 0 ignored; 0 measured; 0 filtered out; finished in 0.05s
[INFO] [stdout] 
[INFO] [stderr] error: doctest failed, to rerun pass `--doc`
[INFO] running `Command { std: "docker" "inspect" "419551edd37cc73452926ace862d04f6e6b54ba80642e3db2eceed5df086ad18", kill_on_drop: false }`
[INFO] running `Command { std: "docker" "rm" "-f" "419551edd37cc73452926ace862d04f6e6b54ba80642e3db2eceed5df086ad18", kill_on_drop: false }`
[INFO] [stdout] 419551edd37cc73452926ace862d04f6e6b54ba80642e3db2eceed5df086ad18
