[INFO] fetching crate hello-foo-rs 0.1.0...
[INFO] testing hello-foo-rs-0.1.0 against beta-2023-04-20 for beta-1.70-1
[INFO] extracting crate hello-foo-rs 0.1.0 into /workspace/builds/worker-6-tc2/source
[INFO] validating manifest of crates.io crate hello-foo-rs 0.1.0 on toolchain beta-2023-04-20
[INFO] running `Command { std: CARGO_HOME="/workspace/cargo-home" RUSTUP_HOME="/workspace/rustup-home" "/workspace/cargo-home/bin/cargo" "+beta-2023-04-20" "metadata" "--manifest-path" "Cargo.toml" "--no-deps", kill_on_drop: false }`
[INFO] started tweaking crates.io crate hello-foo-rs 0.1.0
[INFO] finished tweaking crates.io crate hello-foo-rs 0.1.0
[INFO] tweaked toml for crates.io crate hello-foo-rs 0.1.0 written to /workspace/builds/worker-6-tc2/source/Cargo.toml
[INFO] crate crates.io crate hello-foo-rs 0.1.0 already has a lockfile, it will not be regenerated
[INFO] running `Command { std: CARGO_HOME="/workspace/cargo-home" RUSTUP_HOME="/workspace/rustup-home" "/workspace/cargo-home/bin/cargo" "+beta-2023-04-20" "fetch" "--manifest-path" "Cargo.toml", kill_on_drop: false }`
[INFO] running `Command { std: "docker" "create" "-v" "/var/lib/crater-agent-workspace/builds/worker-6-tc2/target:/opt/rustwide/target:rw,Z" "-v" "/var/lib/crater-agent-workspace/builds/worker-6-tc2/source:/opt/rustwide/workdir:ro,Z" "-v" "/var/lib/crater-agent-workspace/cargo-home:/opt/rustwide/cargo-home:ro,Z" "-v" "/var/lib/crater-agent-workspace/rustup-home:/opt/rustwide/rustup-home:ro,Z" "-e" "SOURCE_DIR=/opt/rustwide/workdir" "-e" "CARGO_TARGET_DIR=/opt/rustwide/target" "-e" "CARGO_HOME=/opt/rustwide/cargo-home" "-e" "RUSTUP_HOME=/opt/rustwide/rustup-home" "-w" "/opt/rustwide/workdir" "-m" "1610612736" "--user" "0:0" "--network" "none" "ghcr.io/rust-lang/crates-build-env/linux@sha256:5ff2268d62e97bff2cde7d5815dd6ed5b47097566f13b8d0ca110b04b60e07ed" "/opt/rustwide/cargo-home/bin/cargo" "+beta-2023-04-20" "metadata" "--no-deps" "--format-version=1", kill_on_drop: false }`
[INFO] [stdout] 4f45c94348912fd8c4515d47ceadd01ea9e2a67a2fa527a81fc26bfd91babcd8
[INFO] running `Command { std: "docker" "start" "-a" "4f45c94348912fd8c4515d47ceadd01ea9e2a67a2fa527a81fc26bfd91babcd8", kill_on_drop: false }`
[INFO] running `Command { std: "docker" "inspect" "4f45c94348912fd8c4515d47ceadd01ea9e2a67a2fa527a81fc26bfd91babcd8", kill_on_drop: false }`
[INFO] running `Command { std: "docker" "rm" "-f" "4f45c94348912fd8c4515d47ceadd01ea9e2a67a2fa527a81fc26bfd91babcd8", kill_on_drop: false }`
[INFO] [stdout] 4f45c94348912fd8c4515d47ceadd01ea9e2a67a2fa527a81fc26bfd91babcd8
[INFO] running `Command { std: "docker" "create" "-v" "/var/lib/crater-agent-workspace/builds/worker-6-tc2/target:/opt/rustwide/target:rw,Z" "-v" "/var/lib/crater-agent-workspace/builds/worker-6-tc2/source:/opt/rustwide/workdir:ro,Z" "-v" "/var/lib/crater-agent-workspace/cargo-home:/opt/rustwide/cargo-home:ro,Z" "-v" "/var/lib/crater-agent-workspace/rustup-home:/opt/rustwide/rustup-home:ro,Z" "-e" "SOURCE_DIR=/opt/rustwide/workdir" "-e" "CARGO_TARGET_DIR=/opt/rustwide/target" "-e" "CARGO_INCREMENTAL=0" "-e" "RUST_BACKTRACE=full" "-e" "RUSTFLAGS=--cap-lints=warn" "-e" "RUSTDOCFLAGS=--cap-lints=warn" "-e" "CARGO_HOME=/opt/rustwide/cargo-home" "-e" "RUSTUP_HOME=/opt/rustwide/rustup-home" "-w" "/opt/rustwide/workdir" "-m" "1610612736" "--user" "0:0" "--network" "none" "ghcr.io/rust-lang/crates-build-env/linux@sha256:5ff2268d62e97bff2cde7d5815dd6ed5b47097566f13b8d0ca110b04b60e07ed" "/opt/rustwide/cargo-home/bin/cargo" "+beta-2023-04-20" "build" "--frozen" "--message-format=json", kill_on_drop: false }`
[INFO] [stdout] 5f733a1b6db32dab3045d47b8ec1c024a0c7f2d3f58beaf0629a7ea30e1d2bb2
[INFO] running `Command { std: "docker" "start" "-a" "5f733a1b6db32dab3045d47b8ec1c024a0c7f2d3f58beaf0629a7ea30e1d2bb2", kill_on_drop: false }`
[INFO] [stderr]    Compiling hello-foo-rs v0.1.0 (/opt/rustwide/workdir)
[INFO] [stderr]     Finished dev [unoptimized + debuginfo] target(s) in 0.23s
[INFO] running `Command { std: "docker" "inspect" "5f733a1b6db32dab3045d47b8ec1c024a0c7f2d3f58beaf0629a7ea30e1d2bb2", kill_on_drop: false }`
[INFO] running `Command { std: "docker" "rm" "-f" "5f733a1b6db32dab3045d47b8ec1c024a0c7f2d3f58beaf0629a7ea30e1d2bb2", kill_on_drop: false }`
[INFO] [stdout] 5f733a1b6db32dab3045d47b8ec1c024a0c7f2d3f58beaf0629a7ea30e1d2bb2
[INFO] running `Command { std: "docker" "create" "-v" "/var/lib/crater-agent-workspace/builds/worker-6-tc2/target:/opt/rustwide/target:rw,Z" "-v" "/var/lib/crater-agent-workspace/builds/worker-6-tc2/source:/opt/rustwide/workdir:ro,Z" "-v" "/var/lib/crater-agent-workspace/cargo-home:/opt/rustwide/cargo-home:ro,Z" "-v" "/var/lib/crater-agent-workspace/rustup-home:/opt/rustwide/rustup-home:ro,Z" "-e" "SOURCE_DIR=/opt/rustwide/workdir" "-e" "CARGO_TARGET_DIR=/opt/rustwide/target" "-e" "CARGO_INCREMENTAL=0" "-e" "RUST_BACKTRACE=full" "-e" "RUSTFLAGS=--cap-lints=warn" "-e" "RUSTDOCFLAGS=--cap-lints=warn" "-e" "CARGO_HOME=/opt/rustwide/cargo-home" "-e" "RUSTUP_HOME=/opt/rustwide/rustup-home" "-w" "/opt/rustwide/workdir" "-m" "1610612736" "--user" "0:0" "--network" "none" "ghcr.io/rust-lang/crates-build-env/linux@sha256:5ff2268d62e97bff2cde7d5815dd6ed5b47097566f13b8d0ca110b04b60e07ed" "/opt/rustwide/cargo-home/bin/cargo" "+beta-2023-04-20" "test" "--frozen" "--no-run" "--message-format=json", kill_on_drop: false }`
[INFO] [stdout] 735a0b387ba15feadec5b2ebabd34e04fa6763a6667c68af6bdecdaa99df2492
[INFO] running `Command { std: "docker" "start" "-a" "735a0b387ba15feadec5b2ebabd34e04fa6763a6667c68af6bdecdaa99df2492", kill_on_drop: false }`
[INFO] [stderr]    Compiling hello-foo-rs v0.1.0 (/opt/rustwide/workdir)
[INFO] [stderr]     Finished test [unoptimized + debuginfo] target(s) in 0.22s
[INFO] running `Command { std: "docker" "inspect" "735a0b387ba15feadec5b2ebabd34e04fa6763a6667c68af6bdecdaa99df2492", kill_on_drop: false }`
[INFO] running `Command { std: "docker" "rm" "-f" "735a0b387ba15feadec5b2ebabd34e04fa6763a6667c68af6bdecdaa99df2492", kill_on_drop: false }`
[INFO] [stdout] 735a0b387ba15feadec5b2ebabd34e04fa6763a6667c68af6bdecdaa99df2492
[INFO] running `Command { std: "docker" "create" "-v" "/var/lib/crater-agent-workspace/builds/worker-6-tc2/target:/opt/rustwide/target:rw,Z" "-v" "/var/lib/crater-agent-workspace/builds/worker-6-tc2/source:/opt/rustwide/workdir:ro,Z" "-v" "/var/lib/crater-agent-workspace/cargo-home:/opt/rustwide/cargo-home:ro,Z" "-v" "/var/lib/crater-agent-workspace/rustup-home:/opt/rustwide/rustup-home:ro,Z" "-e" "SOURCE_DIR=/opt/rustwide/workdir" "-e" "CARGO_TARGET_DIR=/opt/rustwide/target" "-e" "CARGO_INCREMENTAL=0" "-e" "RUST_BACKTRACE=full" "-e" "RUSTFLAGS=--cap-lints=warn" "-e" "RUSTDOCFLAGS=--cap-lints=warn" "-e" "CARGO_HOME=/opt/rustwide/cargo-home" "-e" "RUSTUP_HOME=/opt/rustwide/rustup-home" "-w" "/opt/rustwide/workdir" "-m" "1610612736" "--user" "0:0" "--network" "none" "ghcr.io/rust-lang/crates-build-env/linux@sha256:5ff2268d62e97bff2cde7d5815dd6ed5b47097566f13b8d0ca110b04b60e07ed" "/opt/rustwide/cargo-home/bin/cargo" "+beta-2023-04-20" "test" "--frozen", kill_on_drop: false }`
[INFO] [stdout] af0653817901bdd29bfb7ae86c1a3b9b8e59b0afd7c56829125831d51b05f924
[INFO] running `Command { std: "docker" "start" "-a" "af0653817901bdd29bfb7ae86c1a3b9b8e59b0afd7c56829125831d51b05f924", kill_on_drop: false }`
[INFO] [stderr]     Finished test [unoptimized + debuginfo] target(s) in 0.01s
[INFO] [stderr]      Running unittests src/lib.rs (/opt/rustwide/target/debug/deps/hello_foo_rs-1f845b61b4b02a8a)
[INFO] [stdout] 
[INFO] [stdout] running 0 tests
[INFO] [stdout] 
[INFO] [stdout] test result: ok. 0 passed; 0 failed; 0 ignored; 0 measured; 0 filtered out; finished in 0.00s
[INFO] [stdout] 
[INFO] [stderr]      Running unittests src/main.rs (/opt/rustwide/target/debug/deps/hello_foo_rs-8107eb18aa355646)
[INFO] [stdout] 
[INFO] [stdout] running 0 tests
[INFO] [stdout] 
[INFO] [stdout] test result: ok. 0 passed; 0 failed; 0 ignored; 0 measured; 0 filtered out; finished in 0.00s
[INFO] [stdout] 
[INFO] [stderr]    Doc-tests hello-foo-rs
[INFO] [stdout] 
[INFO] [stdout] running 1 test
[INFO] [stdout] test src/lib.rs - plus (line 7) ... FAILED
[INFO] [stdout] 
[INFO] [stdout] failures:
[INFO] [stdout] 
[INFO] [stdout] ---- src/lib.rs - plus (line 7) stdout ----
[INFO] [stdout] error[E0433]: failed to resolve: use of undeclared crate or module `foo`
[INFO] [stdout]  --> src/lib.rs:8:12
[INFO] [stdout]   |
[INFO] [stdout] 3 | assert_eq!(foo::plus(2, 3), 5);
[INFO] [stdout]   |            ^^^ use of undeclared crate or module `foo`
[INFO] [stdout] 
[INFO] [stdout] error: aborting due to previous error
[INFO] [stdout] 
[INFO] [stdout] For more information about this error, try `rustc --explain E0433`.
[INFO] [stdout] Couldn't compile the test.
[INFO] [stdout] 
[INFO] [stdout] failures:
[INFO] [stdout]     src/lib.rs - plus (line 7)
[INFO] [stdout] 
[INFO] [stdout] test result: FAILED. 0 passed; 1 failed; 0 ignored; 0 measured; 0 filtered out; finished in 0.06s
[INFO] [stdout] 
[INFO] [stderr] error: doctest failed, to rerun pass `--doc`
[INFO] running `Command { std: "docker" "inspect" "af0653817901bdd29bfb7ae86c1a3b9b8e59b0afd7c56829125831d51b05f924", kill_on_drop: false }`
[INFO] running `Command { std: "docker" "rm" "-f" "af0653817901bdd29bfb7ae86c1a3b9b8e59b0afd7c56829125831d51b05f924", kill_on_drop: false }`
[INFO] [stdout] af0653817901bdd29bfb7ae86c1a3b9b8e59b0afd7c56829125831d51b05f924
