[INFO] fetching crate hectorl_logger 0.1.1...
[INFO] testing hectorl_logger-0.1.1 against beta-2023-04-20 for beta-1.70-1
[INFO] extracting crate hectorl_logger 0.1.1 into /workspace/builds/worker-1-tc2/source
[INFO] validating manifest of crates.io crate hectorl_logger 0.1.1 on toolchain beta-2023-04-20
[INFO] running `Command { std: CARGO_HOME="/workspace/cargo-home" RUSTUP_HOME="/workspace/rustup-home" "/workspace/cargo-home/bin/cargo" "+beta-2023-04-20" "metadata" "--manifest-path" "Cargo.toml" "--no-deps", kill_on_drop: false }`
[INFO] started tweaking crates.io crate hectorl_logger 0.1.1
[INFO] finished tweaking crates.io crate hectorl_logger 0.1.1
[INFO] tweaked toml for crates.io crate hectorl_logger 0.1.1 written to /workspace/builds/worker-1-tc2/source/Cargo.toml
[INFO] running `Command { std: CARGO_HOME="/workspace/cargo-home" RUSTUP_HOME="/workspace/rustup-home" __CARGO_TEST_CHANNEL_OVERRIDE_DO_NOT_USE_THIS="nightly" "/workspace/cargo-home/bin/cargo" "+beta-2023-04-20" "generate-lockfile" "--manifest-path" "Cargo.toml" "-Zno-index-update", kill_on_drop: false }`
[INFO] running `Command { std: CARGO_HOME="/workspace/cargo-home" RUSTUP_HOME="/workspace/rustup-home" "/workspace/cargo-home/bin/cargo" "+beta-2023-04-20" "fetch" "--manifest-path" "Cargo.toml", kill_on_drop: false }`
[INFO] [stderr]     Blocking waiting for file lock on package cache
[INFO] running `Command { std: "docker" "create" "-v" "/var/lib/crater-agent-workspace/builds/worker-1-tc2/target:/opt/rustwide/target:rw,Z" "-v" "/var/lib/crater-agent-workspace/builds/worker-1-tc2/source:/opt/rustwide/workdir:ro,Z" "-v" "/var/lib/crater-agent-workspace/cargo-home:/opt/rustwide/cargo-home:ro,Z" "-v" "/var/lib/crater-agent-workspace/rustup-home:/opt/rustwide/rustup-home:ro,Z" "-e" "SOURCE_DIR=/opt/rustwide/workdir" "-e" "CARGO_TARGET_DIR=/opt/rustwide/target" "-e" "CARGO_HOME=/opt/rustwide/cargo-home" "-e" "RUSTUP_HOME=/opt/rustwide/rustup-home" "-w" "/opt/rustwide/workdir" "-m" "1610612736" "--user" "0:0" "--network" "none" "ghcr.io/rust-lang/crates-build-env/linux@sha256:5ff2268d62e97bff2cde7d5815dd6ed5b47097566f13b8d0ca110b04b60e07ed" "/opt/rustwide/cargo-home/bin/cargo" "+beta-2023-04-20" "metadata" "--no-deps" "--format-version=1", kill_on_drop: false }`
[INFO] [stdout] af464e9bed71cc55667cbf8369fd1da41d24dacc38252d1ce679608de31bc224
[INFO] running `Command { std: "docker" "start" "-a" "af464e9bed71cc55667cbf8369fd1da41d24dacc38252d1ce679608de31bc224", kill_on_drop: false }`
[INFO] running `Command { std: "docker" "inspect" "af464e9bed71cc55667cbf8369fd1da41d24dacc38252d1ce679608de31bc224", kill_on_drop: false }`
[INFO] running `Command { std: "docker" "rm" "-f" "af464e9bed71cc55667cbf8369fd1da41d24dacc38252d1ce679608de31bc224", kill_on_drop: false }`
[INFO] [stdout] af464e9bed71cc55667cbf8369fd1da41d24dacc38252d1ce679608de31bc224
[INFO] running `Command { std: "docker" "create" "-v" "/var/lib/crater-agent-workspace/builds/worker-1-tc2/target:/opt/rustwide/target:rw,Z" "-v" "/var/lib/crater-agent-workspace/builds/worker-1-tc2/source:/opt/rustwide/workdir:ro,Z" "-v" "/var/lib/crater-agent-workspace/cargo-home:/opt/rustwide/cargo-home:ro,Z" "-v" "/var/lib/crater-agent-workspace/rustup-home:/opt/rustwide/rustup-home:ro,Z" "-e" "SOURCE_DIR=/opt/rustwide/workdir" "-e" "CARGO_TARGET_DIR=/opt/rustwide/target" "-e" "CARGO_INCREMENTAL=0" "-e" "RUST_BACKTRACE=full" "-e" "RUSTFLAGS=--cap-lints=warn" "-e" "RUSTDOCFLAGS=--cap-lints=warn" "-e" "CARGO_HOME=/opt/rustwide/cargo-home" "-e" "RUSTUP_HOME=/opt/rustwide/rustup-home" "-w" "/opt/rustwide/workdir" "-m" "1610612736" "--user" "0:0" "--network" "none" "ghcr.io/rust-lang/crates-build-env/linux@sha256:5ff2268d62e97bff2cde7d5815dd6ed5b47097566f13b8d0ca110b04b60e07ed" "/opt/rustwide/cargo-home/bin/cargo" "+beta-2023-04-20" "build" "--frozen" "--message-format=json", kill_on_drop: false }`
[INFO] [stdout] ba17bbb0ddaff017bbc98d4741eb037b9f1c5f79ae8ed622f51d09ce964e8cc6
[INFO] running `Command { std: "docker" "start" "-a" "ba17bbb0ddaff017bbc98d4741eb037b9f1c5f79ae8ed622f51d09ce964e8cc6", kill_on_drop: false }`
[INFO] [stderr]    Compiling hectorl_logger v0.1.1 (/opt/rustwide/workdir)
[INFO] [stderr]     Finished dev [unoptimized + debuginfo] target(s) in 0.20s
[INFO] running `Command { std: "docker" "inspect" "ba17bbb0ddaff017bbc98d4741eb037b9f1c5f79ae8ed622f51d09ce964e8cc6", kill_on_drop: false }`
[INFO] running `Command { std: "docker" "rm" "-f" "ba17bbb0ddaff017bbc98d4741eb037b9f1c5f79ae8ed622f51d09ce964e8cc6", kill_on_drop: false }`
[INFO] [stdout] ba17bbb0ddaff017bbc98d4741eb037b9f1c5f79ae8ed622f51d09ce964e8cc6
[INFO] running `Command { std: "docker" "create" "-v" "/var/lib/crater-agent-workspace/builds/worker-1-tc2/target:/opt/rustwide/target:rw,Z" "-v" "/var/lib/crater-agent-workspace/builds/worker-1-tc2/source:/opt/rustwide/workdir:ro,Z" "-v" "/var/lib/crater-agent-workspace/cargo-home:/opt/rustwide/cargo-home:ro,Z" "-v" "/var/lib/crater-agent-workspace/rustup-home:/opt/rustwide/rustup-home:ro,Z" "-e" "SOURCE_DIR=/opt/rustwide/workdir" "-e" "CARGO_TARGET_DIR=/opt/rustwide/target" "-e" "CARGO_INCREMENTAL=0" "-e" "RUST_BACKTRACE=full" "-e" "RUSTFLAGS=--cap-lints=warn" "-e" "RUSTDOCFLAGS=--cap-lints=warn" "-e" "CARGO_HOME=/opt/rustwide/cargo-home" "-e" "RUSTUP_HOME=/opt/rustwide/rustup-home" "-w" "/opt/rustwide/workdir" "-m" "1610612736" "--user" "0:0" "--network" "none" "ghcr.io/rust-lang/crates-build-env/linux@sha256:5ff2268d62e97bff2cde7d5815dd6ed5b47097566f13b8d0ca110b04b60e07ed" "/opt/rustwide/cargo-home/bin/cargo" "+beta-2023-04-20" "test" "--frozen" "--no-run" "--message-format=json", kill_on_drop: false }`
[INFO] [stdout] 002b6722ab1b59adb8c4ada71ec4bd0aa0dfd3efd1f065291cec974ce28952b8
[INFO] running `Command { std: "docker" "start" "-a" "002b6722ab1b59adb8c4ada71ec4bd0aa0dfd3efd1f065291cec974ce28952b8", kill_on_drop: false }`
[INFO] [stderr]    Compiling hectorl_logger v0.1.1 (/opt/rustwide/workdir)
[INFO] [stderr]     Finished test [unoptimized + debuginfo] target(s) in 0.37s
[INFO] running `Command { std: "docker" "inspect" "002b6722ab1b59adb8c4ada71ec4bd0aa0dfd3efd1f065291cec974ce28952b8", kill_on_drop: false }`
[INFO] running `Command { std: "docker" "rm" "-f" "002b6722ab1b59adb8c4ada71ec4bd0aa0dfd3efd1f065291cec974ce28952b8", kill_on_drop: false }`
[INFO] [stdout] 002b6722ab1b59adb8c4ada71ec4bd0aa0dfd3efd1f065291cec974ce28952b8
[INFO] running `Command { std: "docker" "create" "-v" "/var/lib/crater-agent-workspace/builds/worker-1-tc2/target:/opt/rustwide/target:rw,Z" "-v" "/var/lib/crater-agent-workspace/builds/worker-1-tc2/source:/opt/rustwide/workdir:ro,Z" "-v" "/var/lib/crater-agent-workspace/cargo-home:/opt/rustwide/cargo-home:ro,Z" "-v" "/var/lib/crater-agent-workspace/rustup-home:/opt/rustwide/rustup-home:ro,Z" "-e" "SOURCE_DIR=/opt/rustwide/workdir" "-e" "CARGO_TARGET_DIR=/opt/rustwide/target" "-e" "CARGO_INCREMENTAL=0" "-e" "RUST_BACKTRACE=full" "-e" "RUSTFLAGS=--cap-lints=warn" "-e" "RUSTDOCFLAGS=--cap-lints=warn" "-e" "CARGO_HOME=/opt/rustwide/cargo-home" "-e" "RUSTUP_HOME=/opt/rustwide/rustup-home" "-w" "/opt/rustwide/workdir" "-m" "1610612736" "--user" "0:0" "--network" "none" "ghcr.io/rust-lang/crates-build-env/linux@sha256:5ff2268d62e97bff2cde7d5815dd6ed5b47097566f13b8d0ca110b04b60e07ed" "/opt/rustwide/cargo-home/bin/cargo" "+beta-2023-04-20" "test" "--frozen", kill_on_drop: false }`
[INFO] [stdout] 00020f219b856f9abcbb51a4469ad6dc689ebc9b8cd86a1e3a43898fd37efd12
[INFO] running `Command { std: "docker" "start" "-a" "00020f219b856f9abcbb51a4469ad6dc689ebc9b8cd86a1e3a43898fd37efd12", kill_on_drop: false }`
[INFO] [stderr]     Finished test [unoptimized + debuginfo] target(s) in 0.00s
[INFO] [stderr]      Running unittests src/lib.rs (/opt/rustwide/target/debug/deps/hectorl_logger-e38878382df3d20e)
[INFO] [stdout] 
[INFO] [stdout] running 1 test
[INFO] [stdout] test tests::get_logger_level ... ok
[INFO] [stdout] 
[INFO] [stdout] test result: ok. 1 passed; 0 failed; 0 ignored; 0 measured; 0 filtered out; finished in 0.00s
[INFO] [stdout] 
[INFO] [stderr]    Doc-tests hectorl_logger
[INFO] [stdout] 
[INFO] [stdout] running 2 tests
[INFO] [stdout] test src/lib.rs - (line 86) ... FAILED
[INFO] [stdout] test src/lib.rs - (line 75) ... FAILED
[INFO] [stdout] 
[INFO] [stdout] failures:
[INFO] [stdout] 
[INFO] [stdout] ---- src/lib.rs - (line 86) stdout ----
[INFO] [stdout] error: expected one of `.`, `;`, `?`, `}`, or an operator, found `Some`
[INFO] [stdout]  --> src/lib.rs:87:10
[INFO] [stdout]   |
[INFO] [stdout] 3 | [ INFO ] Some undefined strings to print // At level info just INFO, WARN, ERROR logs are printed
[INFO] [stdout]   |          ^^^^ expected one of `.`, `;`, `?`, `}`, or an operator
[INFO] [stdout] 
[INFO] [stdout] error: aborting due to previous error
[INFO] [stdout] 
[INFO] [stdout] Couldn't compile the test.
[INFO] [stdout] ---- src/lib.rs - (line 75) stdout ----
[INFO] [stdout] error: expected `;`, found `logger`
[INFO] [stdout]  --> src/lib.rs:76:39
[INFO] [stdout]   |
[INFO] [stdout] 3 | let logger = Logger::new(Levels::INFO)
[INFO] [stdout]   |                                       ^ help: add `;` here
[INFO] [stdout] 4 | logger.info(vec![
[INFO] [stdout]   | ------ unexpected token
[INFO] [stdout] 
[INFO] [stdout] error[E0433]: failed to resolve: use of undeclared type `Levels`
[INFO] [stdout]  --> src/lib.rs:76:26
[INFO] [stdout]   |
[INFO] [stdout] 3 | let logger = Logger::new(Levels::INFO)
[INFO] [stdout]   |                          ^^^^^^ use of undeclared type `Levels`
[INFO] [stdout] 
[INFO] [stdout] error[E0433]: failed to resolve: use of undeclared type `Logger`
[INFO] [stdout]  --> src/lib.rs:76:14
[INFO] [stdout]   |
[INFO] [stdout] 3 | let logger = Logger::new(Levels::INFO)
[INFO] [stdout]   |              ^^^^^^ use of undeclared type `Logger`
[INFO] [stdout]   |
[INFO] [stdout] help: consider importing this struct
[INFO] [stdout]   |
[INFO] [stdout] 2 + use hectorl_logger::Logger;
[INFO] [stdout]   |
[INFO] [stdout] 
[INFO] [stdout] error: aborting due to 3 previous errors
[INFO] [stdout] 
[INFO] [stdout] For more information about this error, try `rustc --explain E0433`.
[INFO] [stdout] Couldn't compile the test.
[INFO] [stdout] 
[INFO] [stdout] failures:
[INFO] [stdout]     src/lib.rs - (line 75)
[INFO] [stdout]     src/lib.rs - (line 86)
[INFO] [stdout] 
[INFO] [stdout] test result: FAILED. 0 passed; 2 failed; 0 ignored; 0 measured; 0 filtered out; finished in 0.09s
[INFO] [stdout] 
[INFO] [stderr] error: doctest failed, to rerun pass `--doc`
[INFO] running `Command { std: "docker" "inspect" "00020f219b856f9abcbb51a4469ad6dc689ebc9b8cd86a1e3a43898fd37efd12", kill_on_drop: false }`
[INFO] running `Command { std: "docker" "rm" "-f" "00020f219b856f9abcbb51a4469ad6dc689ebc9b8cd86a1e3a43898fd37efd12", kill_on_drop: false }`
[INFO] [stdout] 00020f219b856f9abcbb51a4469ad6dc689ebc9b8cd86a1e3a43898fd37efd12
