[INFO] fetching crate hcaptcha_derive 2.2.2...
[INFO] testing hcaptcha_derive-2.2.2 against beta-2023-04-20 for beta-1.70-1
[INFO] extracting crate hcaptcha_derive 2.2.2 into /workspace/builds/worker-7-tc2/source
[INFO] validating manifest of crates.io crate hcaptcha_derive 2.2.2 on toolchain beta-2023-04-20
[INFO] running `Command { std: CARGO_HOME="/workspace/cargo-home" RUSTUP_HOME="/workspace/rustup-home" "/workspace/cargo-home/bin/cargo" "+beta-2023-04-20" "metadata" "--manifest-path" "Cargo.toml" "--no-deps", kill_on_drop: false }`
[INFO] started tweaking crates.io crate hcaptcha_derive 2.2.2
[INFO] finished tweaking crates.io crate hcaptcha_derive 2.2.2
[INFO] tweaked toml for crates.io crate hcaptcha_derive 2.2.2 written to /workspace/builds/worker-7-tc2/source/Cargo.toml
[INFO] running `Command { std: CARGO_HOME="/workspace/cargo-home" RUSTUP_HOME="/workspace/rustup-home" __CARGO_TEST_CHANNEL_OVERRIDE_DO_NOT_USE_THIS="nightly" "/workspace/cargo-home/bin/cargo" "+beta-2023-04-20" "generate-lockfile" "--manifest-path" "Cargo.toml" "-Zno-index-update", kill_on_drop: false }`
[INFO] running `Command { std: CARGO_HOME="/workspace/cargo-home" RUSTUP_HOME="/workspace/rustup-home" "/workspace/cargo-home/bin/cargo" "+beta-2023-04-20" "fetch" "--manifest-path" "Cargo.toml", kill_on_drop: false }`
[INFO] running `Command { std: "docker" "create" "-v" "/var/lib/crater-agent-workspace/builds/worker-7-tc2/target:/opt/rustwide/target:rw,Z" "-v" "/var/lib/crater-agent-workspace/builds/worker-7-tc2/source:/opt/rustwide/workdir:ro,Z" "-v" "/var/lib/crater-agent-workspace/cargo-home:/opt/rustwide/cargo-home:ro,Z" "-v" "/var/lib/crater-agent-workspace/rustup-home:/opt/rustwide/rustup-home:ro,Z" "-e" "SOURCE_DIR=/opt/rustwide/workdir" "-e" "CARGO_TARGET_DIR=/opt/rustwide/target" "-e" "CARGO_HOME=/opt/rustwide/cargo-home" "-e" "RUSTUP_HOME=/opt/rustwide/rustup-home" "-w" "/opt/rustwide/workdir" "-m" "1610612736" "--user" "0:0" "--network" "none" "ghcr.io/rust-lang/crates-build-env/linux@sha256:5ff2268d62e97bff2cde7d5815dd6ed5b47097566f13b8d0ca110b04b60e07ed" "/opt/rustwide/cargo-home/bin/cargo" "+beta-2023-04-20" "metadata" "--no-deps" "--format-version=1", kill_on_drop: false }`
[INFO] [stdout] 67222c49f36298defcb6e497fc2ad0593e44a46d16911aa8b8a652dd6cbffced
[INFO] running `Command { std: "docker" "start" "-a" "67222c49f36298defcb6e497fc2ad0593e44a46d16911aa8b8a652dd6cbffced", kill_on_drop: false }`
[INFO] running `Command { std: "docker" "inspect" "67222c49f36298defcb6e497fc2ad0593e44a46d16911aa8b8a652dd6cbffced", kill_on_drop: false }`
[INFO] running `Command { std: "docker" "rm" "-f" "67222c49f36298defcb6e497fc2ad0593e44a46d16911aa8b8a652dd6cbffced", kill_on_drop: false }`
[INFO] [stdout] 67222c49f36298defcb6e497fc2ad0593e44a46d16911aa8b8a652dd6cbffced
[INFO] running `Command { std: "docker" "create" "-v" "/var/lib/crater-agent-workspace/builds/worker-7-tc2/target:/opt/rustwide/target:rw,Z" "-v" "/var/lib/crater-agent-workspace/builds/worker-7-tc2/source:/opt/rustwide/workdir:ro,Z" "-v" "/var/lib/crater-agent-workspace/cargo-home:/opt/rustwide/cargo-home:ro,Z" "-v" "/var/lib/crater-agent-workspace/rustup-home:/opt/rustwide/rustup-home:ro,Z" "-e" "SOURCE_DIR=/opt/rustwide/workdir" "-e" "CARGO_TARGET_DIR=/opt/rustwide/target" "-e" "CARGO_INCREMENTAL=0" "-e" "RUST_BACKTRACE=full" "-e" "RUSTFLAGS=--cap-lints=warn" "-e" "RUSTDOCFLAGS=--cap-lints=warn" "-e" "CARGO_HOME=/opt/rustwide/cargo-home" "-e" "RUSTUP_HOME=/opt/rustwide/rustup-home" "-w" "/opt/rustwide/workdir" "-m" "1610612736" "--user" "0:0" "--network" "none" "ghcr.io/rust-lang/crates-build-env/linux@sha256:5ff2268d62e97bff2cde7d5815dd6ed5b47097566f13b8d0ca110b04b60e07ed" "/opt/rustwide/cargo-home/bin/cargo" "+beta-2023-04-20" "build" "--frozen" "--message-format=json", kill_on_drop: false }`
[INFO] [stdout] e7bbf580faf561178abe7dffc45bbc074672625b3f8988ee73027dfc7da90038
[INFO] running `Command { std: "docker" "start" "-a" "e7bbf580faf561178abe7dffc45bbc074672625b3f8988ee73027dfc7da90038", kill_on_drop: false }`
[INFO] [stderr]    Compiling syn v1.0.109
[INFO] [stderr]    Compiling proc-macro-error-attr v1.0.4
[INFO] [stderr]    Compiling proc-macro-error v1.0.4
[INFO] [stderr]    Compiling syn v2.0.15
[INFO] [stderr]    Compiling hcaptcha_derive v2.2.2 (/opt/rustwide/workdir)
[INFO] [stderr]     Finished dev [unoptimized + debuginfo] target(s) in 4.09s
[INFO] running `Command { std: "docker" "inspect" "e7bbf580faf561178abe7dffc45bbc074672625b3f8988ee73027dfc7da90038", kill_on_drop: false }`
[INFO] running `Command { std: "docker" "rm" "-f" "e7bbf580faf561178abe7dffc45bbc074672625b3f8988ee73027dfc7da90038", kill_on_drop: false }`
[INFO] [stdout] e7bbf580faf561178abe7dffc45bbc074672625b3f8988ee73027dfc7da90038
[INFO] running `Command { std: "docker" "create" "-v" "/var/lib/crater-agent-workspace/builds/worker-7-tc2/target:/opt/rustwide/target:rw,Z" "-v" "/var/lib/crater-agent-workspace/builds/worker-7-tc2/source:/opt/rustwide/workdir:ro,Z" "-v" "/var/lib/crater-agent-workspace/cargo-home:/opt/rustwide/cargo-home:ro,Z" "-v" "/var/lib/crater-agent-workspace/rustup-home:/opt/rustwide/rustup-home:ro,Z" "-e" "SOURCE_DIR=/opt/rustwide/workdir" "-e" "CARGO_TARGET_DIR=/opt/rustwide/target" "-e" "CARGO_INCREMENTAL=0" "-e" "RUST_BACKTRACE=full" "-e" "RUSTFLAGS=--cap-lints=warn" "-e" "RUSTDOCFLAGS=--cap-lints=warn" "-e" "CARGO_HOME=/opt/rustwide/cargo-home" "-e" "RUSTUP_HOME=/opt/rustwide/rustup-home" "-w" "/opt/rustwide/workdir" "-m" "1610612736" "--user" "0:0" "--network" "none" "ghcr.io/rust-lang/crates-build-env/linux@sha256:5ff2268d62e97bff2cde7d5815dd6ed5b47097566f13b8d0ca110b04b60e07ed" "/opt/rustwide/cargo-home/bin/cargo" "+beta-2023-04-20" "test" "--frozen" "--no-run" "--message-format=json", kill_on_drop: false }`
[INFO] [stdout] 23f8b3194c76bcab089101c5aa7b10fbe9de487cd199c90c42276035652ef805
[INFO] running `Command { std: "docker" "start" "-a" "23f8b3194c76bcab089101c5aa7b10fbe9de487cd199c90c42276035652ef805", kill_on_drop: false }`
[INFO] [stderr]    Compiling hcaptcha_derive v2.2.2 (/opt/rustwide/workdir)
[INFO] [stderr]     Finished test [unoptimized + debuginfo] target(s) in 0.81s
[INFO] running `Command { std: "docker" "inspect" "23f8b3194c76bcab089101c5aa7b10fbe9de487cd199c90c42276035652ef805", kill_on_drop: false }`
[INFO] running `Command { std: "docker" "rm" "-f" "23f8b3194c76bcab089101c5aa7b10fbe9de487cd199c90c42276035652ef805", kill_on_drop: false }`
[INFO] [stdout] 23f8b3194c76bcab089101c5aa7b10fbe9de487cd199c90c42276035652ef805
[INFO] running `Command { std: "docker" "create" "-v" "/var/lib/crater-agent-workspace/builds/worker-7-tc2/target:/opt/rustwide/target:rw,Z" "-v" "/var/lib/crater-agent-workspace/builds/worker-7-tc2/source:/opt/rustwide/workdir:ro,Z" "-v" "/var/lib/crater-agent-workspace/cargo-home:/opt/rustwide/cargo-home:ro,Z" "-v" "/var/lib/crater-agent-workspace/rustup-home:/opt/rustwide/rustup-home:ro,Z" "-e" "SOURCE_DIR=/opt/rustwide/workdir" "-e" "CARGO_TARGET_DIR=/opt/rustwide/target" "-e" "CARGO_INCREMENTAL=0" "-e" "RUST_BACKTRACE=full" "-e" "RUSTFLAGS=--cap-lints=warn" "-e" "RUSTDOCFLAGS=--cap-lints=warn" "-e" "CARGO_HOME=/opt/rustwide/cargo-home" "-e" "RUSTUP_HOME=/opt/rustwide/rustup-home" "-w" "/opt/rustwide/workdir" "-m" "1610612736" "--user" "0:0" "--network" "none" "ghcr.io/rust-lang/crates-build-env/linux@sha256:5ff2268d62e97bff2cde7d5815dd6ed5b47097566f13b8d0ca110b04b60e07ed" "/opt/rustwide/cargo-home/bin/cargo" "+beta-2023-04-20" "test" "--frozen", kill_on_drop: false }`
[INFO] [stdout] 114d681e7af9ab6a382db906f9f7f29613e9465e747d9265496d18881cda7a98
[INFO] running `Command { std: "docker" "start" "-a" "114d681e7af9ab6a382db906f9f7f29613e9465e747d9265496d18881cda7a98", kill_on_drop: false }`
[INFO] [stderr]     Finished test [unoptimized + debuginfo] target(s) in 0.01s
[INFO] [stderr]      Running unittests src/lib.rs (/opt/rustwide/target/debug/deps/hcaptcha_derive-67386407334ba380)
[INFO] [stdout] 
[INFO] [stdout] running 0 tests
[INFO] [stdout] 
[INFO] [stdout] test result: ok. 0 passed; 0 failed; 0 ignored; 0 measured; 0 filtered out; finished in 0.00s
[INFO] [stdout] 
[INFO] [stderr]    Doc-tests hcaptcha_derive
[INFO] [stdout] 
[INFO] [stdout] running 3 tests
[INFO] [stdout] test src/lib.rs - hcaptcha_derive (line 112) ... FAILED
[INFO] [stdout] test src/lib.rs - (line 32) ... FAILED
[INFO] [stderr] error: doctest failed, to rerun pass `--doc`
[INFO] [stdout] test src/lib.rs - (line 12) ... FAILED
[INFO] [stdout] 
[INFO] [stdout] failures:
[INFO] [stdout] 
[INFO] [stdout] ---- src/lib.rs - hcaptcha_derive (line 112) stdout ----
[INFO] [stdout] error[E0432]: unresolved import `hcaptcha`
[INFO] [stdout]  --> src/lib.rs:113:5
[INFO] [stdout]   |
[INFO] [stdout] 3 | use hcaptcha::Hcaptcha;
[INFO] [stdout]   |     ^^^^^^^^ use of undeclared crate or module `hcaptcha`
[INFO] [stdout] 
[INFO] [stdout] error: cannot determine resolution for the derive macro `Hcaptcha`
[INFO] [stdout]  --> src/lib.rs:115:10
[INFO] [stdout]   |
[INFO] [stdout] 5 | #[derive(Hcaptcha)]
[INFO] [stdout]   |          ^^^^^^^^
[INFO] [stdout]   |
[INFO] [stdout]   = note: import resolution is stuck, try simplifying macro imports
[INFO] [stdout] 
[INFO] [stdout] error: cannot find attribute `captcha` in this scope
[INFO] [stdout]   --> src/lib.rs:121:7
[INFO] [stdout]    |
[INFO] [stdout] 11 |     #[captcha]
[INFO] [stdout]    |       ^^^^^^^
[INFO] [stdout] 
[INFO] [stdout] error: aborting due to 3 previous errors
[INFO] [stdout] 
[INFO] [stdout] For more information about this error, try `rustc --explain E0432`.
[INFO] [stdout] Couldn't compile the test.
[INFO] [stdout] ---- src/lib.rs - (line 32) stdout ----
[INFO] [stdout] error[E0432]: unresolved import `hcaptcha`
[INFO] [stdout]  --> src/lib.rs:33:5
[INFO] [stdout]   |
[INFO] [stdout] 3 | use hcaptcha::Hcaptcha;
[INFO] [stdout]   |     ^^^^^^^^ use of undeclared crate or module `hcaptcha`
[INFO] [stdout] 
[INFO] [stdout] error[E0433]: failed to resolve: use of undeclared crate or module `hcaptcha`
[INFO] [stdout]   --> src/lib.rs:52:38
[INFO] [stdout]    |
[INFO] [stdout] 22 |                      Output = Result<hcaptcha::HcaptchaResponse,
[INFO] [stdout]    |                                      ^^^^^^^^ use of undeclared crate or module `hcaptcha`
[INFO] [stdout] 
[INFO] [stdout] error[E0433]: failed to resolve: use of undeclared crate or module `hcaptcha`
[INFO] [stdout]   --> src/lib.rs:53:38
[INFO] [stdout]    |
[INFO] [stdout] 23 | ...                   hcaptcha::HcaptchaError>,
[INFO] [stdout]    |                       ^^^^^^^^ use of undeclared crate or module `hcaptcha`
[INFO] [stdout] 
[INFO] [stdout] error[E0433]: failed to resolve: use of undeclared crate or module `hcaptcha`
[INFO] [stdout]   --> src/lib.rs:57:27
[INFO] [stdout]    |
[INFO] [stdout] 27 |          let mut client = hcaptcha::HcaptchaClient::new();
[INFO] [stdout]    |                           ^^^^^^^^ use of undeclared crate or module `hcaptcha`
[INFO] [stdout] 
[INFO] [stdout] error[E0433]: failed to resolve: use of undeclared crate or module `hcaptcha`
[INFO] [stdout]   --> src/lib.rs:68:16
[INFO] [stdout]    |
[INFO] [stdout] 38 |          match hcaptcha::HcaptchaCaptcha::new(&self.hcaptcha) {
[INFO] [stdout]    |                ^^^^^^^^ use of undeclared crate or module `hcaptcha`
[INFO] [stdout] 
[INFO] [stdout] error[E0433]: failed to resolve: use of undeclared crate or module `hcaptcha`
[INFO] [stdout]   --> src/lib.rs:87:16
[INFO] [stdout]    |
[INFO] [stdout] 57 |          match hcaptcha::HcaptchaRequest::new(&secret, captcha) {
[INFO] [stdout]    |                ^^^^^^^^ use of undeclared crate or module `hcaptcha`
[INFO] [stdout] 
[INFO] [stdout] error: aborting due to 6 previous errors
[INFO] [stdout] 
[INFO] [stdout] Some errors have detailed explanations: E0432, E0433.
[INFO] [stdout] For more information about an error, try `rustc --explain E0432`.
[INFO] [stdout] Couldn't compile the test.
[INFO] [stdout] ---- src/lib.rs - (line 12) stdout ----
[INFO] [stdout] error[E0432]: unresolved import `hcaptcha`
[INFO] [stdout]  --> src/lib.rs:13:5
[INFO] [stdout]   |
[INFO] [stdout] 3 | use hcaptcha::Hcaptcha;
[INFO] [stdout]   |     ^^^^^^^^ use of undeclared crate or module `hcaptcha`
[INFO] [stdout] 
[INFO] [stdout] error: cannot determine resolution for the derive macro `Hcaptcha`
[INFO] [stdout]  --> src/lib.rs:15:10
[INFO] [stdout]   |
[INFO] [stdout] 5 | #[derive(Hcaptcha)]
[INFO] [stdout]   |          ^^^^^^^^
[INFO] [stdout]   |
[INFO] [stdout]   = note: import resolution is stuck, try simplifying macro imports
[INFO] [stdout] 
[INFO] [stdout] error: cannot find attribute `captcha` in this scope
[INFO] [stdout]   --> src/lib.rs:21:7
[INFO] [stdout]    |
[INFO] [stdout] 11 |     #[captcha]
[INFO] [stdout]    |       ^^^^^^^
[INFO] [stdout] 
[INFO] [stdout] error: cannot find attribute `remoteip` in this scope
[INFO] [stdout]   --> src/lib.rs:23:7
[INFO] [stdout]    |
[INFO] [stdout] 13 |     #[remoteip]
[INFO] [stdout]    |       ^^^^^^^^
[INFO] [stdout] 
[INFO] [stdout] error: cannot find attribute `sitekey` in this scope
[INFO] [stdout]   --> src/lib.rs:25:7
[INFO] [stdout]    |
[INFO] [stdout] 15 |     #[sitekey]
[INFO] [stdout]    |       ^^^^^^^
[INFO] [stdout] 
[INFO] [stdout] error: aborting due to 5 previous errors
[INFO] [stdout] 
[INFO] [stdout] For more information about this error, try `rustc --explain E0432`.
[INFO] [stdout] Couldn't compile the test.
[INFO] [stdout] 
[INFO] [stdout] failures:
[INFO] [stdout]     src/lib.rs - (line 12)
[INFO] [stdout]     src/lib.rs - (line 32)
[INFO] [stdout]     src/lib.rs - hcaptcha_derive (line 112)
[INFO] [stdout] 
[INFO] [stdout] test result: FAILED. 0 passed; 3 failed; 0 ignored; 0 measured; 0 filtered out; finished in 0.08s
[INFO] [stdout] 
[INFO] running `Command { std: "docker" "inspect" "114d681e7af9ab6a382db906f9f7f29613e9465e747d9265496d18881cda7a98", kill_on_drop: false }`
[INFO] running `Command { std: "docker" "rm" "-f" "114d681e7af9ab6a382db906f9f7f29613e9465e747d9265496d18881cda7a98", kill_on_drop: false }`
[INFO] [stdout] 114d681e7af9ab6a382db906f9f7f29613e9465e747d9265496d18881cda7a98
