[INFO] fetching crate haussmann 0.0.3...
[INFO] testing haussmann-0.0.3 against beta-2023-04-20 for beta-1.70-1
[INFO] extracting crate haussmann 0.0.3 into /workspace/builds/worker-4-tc2/source
[INFO] validating manifest of crates.io crate haussmann 0.0.3 on toolchain beta-2023-04-20
[INFO] running `Command { std: CARGO_HOME="/workspace/cargo-home" RUSTUP_HOME="/workspace/rustup-home" "/workspace/cargo-home/bin/cargo" "+beta-2023-04-20" "metadata" "--manifest-path" "Cargo.toml" "--no-deps", kill_on_drop: false }`
[INFO] started tweaking crates.io crate haussmann 0.0.3
[INFO] finished tweaking crates.io crate haussmann 0.0.3
[INFO] tweaked toml for crates.io crate haussmann 0.0.3 written to /workspace/builds/worker-4-tc2/source/Cargo.toml
[INFO] running `Command { std: CARGO_HOME="/workspace/cargo-home" RUSTUP_HOME="/workspace/rustup-home" __CARGO_TEST_CHANNEL_OVERRIDE_DO_NOT_USE_THIS="nightly" "/workspace/cargo-home/bin/cargo" "+beta-2023-04-20" "generate-lockfile" "--manifest-path" "Cargo.toml" "-Zno-index-update", kill_on_drop: false }`
[INFO] running `Command { std: CARGO_HOME="/workspace/cargo-home" RUSTUP_HOME="/workspace/rustup-home" "/workspace/cargo-home/bin/cargo" "+beta-2023-04-20" "fetch" "--manifest-path" "Cargo.toml", kill_on_drop: false }`
[INFO] [stderr]  Downloading crates ...
[INFO] [stderr]   Downloaded sdl2 v0.35.2
[INFO] [stderr]   Downloaded sdl2-sys v0.35.2
[INFO] running `Command { std: "docker" "create" "-v" "/var/lib/crater-agent-workspace/builds/worker-4-tc2/target:/opt/rustwide/target:rw,Z" "-v" "/var/lib/crater-agent-workspace/builds/worker-4-tc2/source:/opt/rustwide/workdir:ro,Z" "-v" "/var/lib/crater-agent-workspace/cargo-home:/opt/rustwide/cargo-home:ro,Z" "-v" "/var/lib/crater-agent-workspace/rustup-home:/opt/rustwide/rustup-home:ro,Z" "-e" "SOURCE_DIR=/opt/rustwide/workdir" "-e" "CARGO_TARGET_DIR=/opt/rustwide/target" "-e" "CARGO_HOME=/opt/rustwide/cargo-home" "-e" "RUSTUP_HOME=/opt/rustwide/rustup-home" "-w" "/opt/rustwide/workdir" "-m" "1610612736" "--user" "0:0" "--network" "none" "ghcr.io/rust-lang/crates-build-env/linux@sha256:5ff2268d62e97bff2cde7d5815dd6ed5b47097566f13b8d0ca110b04b60e07ed" "/opt/rustwide/cargo-home/bin/cargo" "+beta-2023-04-20" "metadata" "--no-deps" "--format-version=1", kill_on_drop: false }`
[INFO] [stdout] 1228f9868b5ba5342aee86aff62f988005e4a760d7277c40a57af13ed40fb8ec
[INFO] running `Command { std: "docker" "start" "-a" "1228f9868b5ba5342aee86aff62f988005e4a760d7277c40a57af13ed40fb8ec", kill_on_drop: false }`
[INFO] running `Command { std: "docker" "inspect" "1228f9868b5ba5342aee86aff62f988005e4a760d7277c40a57af13ed40fb8ec", kill_on_drop: false }`
[INFO] running `Command { std: "docker" "rm" "-f" "1228f9868b5ba5342aee86aff62f988005e4a760d7277c40a57af13ed40fb8ec", kill_on_drop: false }`
[INFO] [stdout] 1228f9868b5ba5342aee86aff62f988005e4a760d7277c40a57af13ed40fb8ec
[INFO] running `Command { std: "docker" "create" "-v" "/var/lib/crater-agent-workspace/builds/worker-4-tc2/target:/opt/rustwide/target:rw,Z" "-v" "/var/lib/crater-agent-workspace/builds/worker-4-tc2/source:/opt/rustwide/workdir:ro,Z" "-v" "/var/lib/crater-agent-workspace/cargo-home:/opt/rustwide/cargo-home:ro,Z" "-v" "/var/lib/crater-agent-workspace/rustup-home:/opt/rustwide/rustup-home:ro,Z" "-e" "SOURCE_DIR=/opt/rustwide/workdir" "-e" "CARGO_TARGET_DIR=/opt/rustwide/target" "-e" "CARGO_INCREMENTAL=0" "-e" "RUST_BACKTRACE=full" "-e" "RUSTFLAGS=--cap-lints=warn" "-e" "RUSTDOCFLAGS=--cap-lints=warn" "-e" "CARGO_HOME=/opt/rustwide/cargo-home" "-e" "RUSTUP_HOME=/opt/rustwide/rustup-home" "-w" "/opt/rustwide/workdir" "-m" "1610612736" "--user" "0:0" "--network" "none" "ghcr.io/rust-lang/crates-build-env/linux@sha256:5ff2268d62e97bff2cde7d5815dd6ed5b47097566f13b8d0ca110b04b60e07ed" "/opt/rustwide/cargo-home/bin/cargo" "+beta-2023-04-20" "build" "--frozen" "--message-format=json", kill_on_drop: false }`
[INFO] [stdout] f11ad7272dd531ee5de8ffae8b93a15257ee12cc4dac0709b5439d8059339902
[INFO] running `Command { std: "docker" "start" "-a" "f11ad7272dd531ee5de8ffae8b93a15257ee12cc4dac0709b5439d8059339902", kill_on_drop: false }`
[INFO] [stderr]    Compiling haussmann v0.0.3 (/opt/rustwide/workdir)
[INFO] [stdout] warning: unused import: `controllers::tap`
[INFO] [stdout]  --> src/graphics/drawer.rs:8:24
[INFO] [stdout]   |
[INFO] [stdout] 8 |     Direction, Widget, controllers::tap,
[INFO] [stdout]   |                        ^^^^^^^^^^^^^^^^
[INFO] [stdout]   |
[INFO] [stdout]   = note: `#[warn(unused_imports)]` on by default
[INFO] [stdout] 
[INFO] [stdout] 
[INFO] [stdout] warning: missing documentation for an associated function
[INFO] [stdout]   --> src/../widgets/toolbar.rs:59:5
[INFO] [stdout]    |
[INFO] [stdout] 59 | /     pub fn new(
[INFO] [stdout] 60 | |         title: Label,
[INFO] [stdout] 61 | |         title_align: Align,
[INFO] [stdout] 62 | |         actions: Vec<Button>,
[INFO] [stdout] 63 | |         actions_align: Align,
[INFO] [stdout] 64 | |         colour: RGBA,
[INFO] [stdout] 65 | |     ) -> Self {
[INFO] [stdout]    | |_____________^
[INFO] [stdout]    |
[INFO] [stdout] note: the lint level is defined here
[INFO] [stdout]   --> src/lib.rs:49:9
[INFO] [stdout]    |
[INFO] [stdout] 49 | #![warn(missing_docs)]
[INFO] [stdout]    |         ^^^^^^^^^^^^
[INFO] [stdout] 
[INFO] [stdout] 
[INFO] [stdout] warning: missing documentation for an associated function
[INFO] [stdout]   --> src/../widgets/toolbar.rs:75:5
[INFO] [stdout]    |
[INFO] [stdout] 75 |     pub fn simple(actions: Vec<Button>, colour: RGBA) -> Self {
[INFO] [stdout]    |     ^^^^^^^^^^^^^^^^^^^^^^^^^^^^^^^^^^^^^^^^^^^^^^^^^^^^^^^^^
[INFO] [stdout] 
[INFO] [stdout] 
[INFO] [stdout] warning: missing documentation for an associated function
[INFO] [stdout]   --> src/../widgets/toolbar.rs:83:5
[INFO] [stdout]    |
[INFO] [stdout] 83 |     pub fn titled(title: Label, actions: Vec<Button>) -> Self {
[INFO] [stdout]    |     ^^^^^^^^^^^^^^^^^^^^^^^^^^^^^^^^^^^^^^^^^^^^^^^^^^^^^^^^^
[INFO] [stdout] 
[INFO] [stdout] 
[INFO] [stdout] warning: missing documentation for an associated function
[INFO] [stdout]   --> src/../widgets/toolbar.rs:91:5
[INFO] [stdout]    |
[INFO] [stdout] 91 |     pub fn coloured(actions: Vec<Button>, colour: RGBA) -> Self {
[INFO] [stdout]    |     ^^^^^^^^^^^^^^^^^^^^^^^^^^^^^^^^^^^^^^^^^^^^^^^^^^^^^^^^^^^
[INFO] [stdout] 
[INFO] [stdout] 
[INFO] [stdout] warning: 5 warnings emitted
[INFO] [stdout] 
[INFO] [stdout] 
[INFO] [stderr]     Finished dev [unoptimized + debuginfo] target(s) in 0.69s
[INFO] running `Command { std: "docker" "inspect" "f11ad7272dd531ee5de8ffae8b93a15257ee12cc4dac0709b5439d8059339902", kill_on_drop: false }`
[INFO] running `Command { std: "docker" "rm" "-f" "f11ad7272dd531ee5de8ffae8b93a15257ee12cc4dac0709b5439d8059339902", kill_on_drop: false }`
[INFO] [stdout] f11ad7272dd531ee5de8ffae8b93a15257ee12cc4dac0709b5439d8059339902
[INFO] running `Command { std: "docker" "create" "-v" "/var/lib/crater-agent-workspace/builds/worker-4-tc2/target:/opt/rustwide/target:rw,Z" "-v" "/var/lib/crater-agent-workspace/builds/worker-4-tc2/source:/opt/rustwide/workdir:ro,Z" "-v" "/var/lib/crater-agent-workspace/cargo-home:/opt/rustwide/cargo-home:ro,Z" "-v" "/var/lib/crater-agent-workspace/rustup-home:/opt/rustwide/rustup-home:ro,Z" "-e" "SOURCE_DIR=/opt/rustwide/workdir" "-e" "CARGO_TARGET_DIR=/opt/rustwide/target" "-e" "CARGO_INCREMENTAL=0" "-e" "RUST_BACKTRACE=full" "-e" "RUSTFLAGS=--cap-lints=warn" "-e" "RUSTDOCFLAGS=--cap-lints=warn" "-e" "CARGO_HOME=/opt/rustwide/cargo-home" "-e" "RUSTUP_HOME=/opt/rustwide/rustup-home" "-w" "/opt/rustwide/workdir" "-m" "1610612736" "--user" "0:0" "--network" "none" "ghcr.io/rust-lang/crates-build-env/linux@sha256:5ff2268d62e97bff2cde7d5815dd6ed5b47097566f13b8d0ca110b04b60e07ed" "/opt/rustwide/cargo-home/bin/cargo" "+beta-2023-04-20" "test" "--frozen" "--no-run" "--message-format=json", kill_on_drop: false }`
[INFO] [stdout] 3ac78c86a87c5b5b1cb8666373619bad535534771221365f2a968aeb5f54ccaf
[INFO] running `Command { std: "docker" "start" "-a" "3ac78c86a87c5b5b1cb8666373619bad535534771221365f2a968aeb5f54ccaf", kill_on_drop: false }`
[INFO] [stderr]    Compiling version-compare v0.1.1
[INFO] [stderr]    Compiling cfg-if v1.0.0
[INFO] [stdout] warning: unused import: `controllers::tap`
[INFO] [stdout]  --> src/graphics/drawer.rs:8:24
[INFO] [stdout]   |
[INFO] [stdout] 8 |     Direction, Widget, controllers::tap,
[INFO] [stdout]   |                        ^^^^^^^^^^^^^^^^
[INFO] [stdout]   |
[INFO] [stdout]   = note: `#[warn(unused_imports)]` on by default
[INFO] [stdout] 
[INFO] [stdout] 
[INFO] [stderr]    Compiling libc v0.2.142
[INFO] [stdout] warning: missing documentation for an associated function
[INFO] [stdout]   --> src/../widgets/toolbar.rs:59:5
[INFO] [stdout]    |
[INFO] [stdout] 59 | /     pub fn new(
[INFO] [stdout] 60 | |         title: Label,
[INFO] [stdout] 61 | |         title_align: Align,
[INFO] [stdout] 62 | |         actions: Vec<Button>,
[INFO] [stdout] 63 | |         actions_align: Align,
[INFO] [stdout] 64 | |         colour: RGBA,
[INFO] [stdout] 65 | |     ) -> Self {
[INFO] [stdout]    | |_____________^
[INFO] [stdout]    |
[INFO] [stdout] note: the lint level is defined here
[INFO] [stdout]   --> src/lib.rs:49:9
[INFO] [stdout]    |
[INFO] [stdout] 49 | #![warn(missing_docs)]
[INFO] [stdout]    |         ^^^^^^^^^^^^
[INFO] [stdout] 
[INFO] [stdout] 
[INFO] [stderr]    Compiling sdl2 v0.35.2
[INFO] [stdout] warning: missing documentation for an associated function
[INFO] [stdout]   --> src/../widgets/toolbar.rs:75:5
[INFO] [stdout]    |
[INFO] [stdout] 75 |     pub fn simple(actions: Vec<Button>, colour: RGBA) -> Self {
[INFO] [stdout]    |     ^^^^^^^^^^^^^^^^^^^^^^^^^^^^^^^^^^^^^^^^^^^^^^^^^^^^^^^^^
[INFO] [stdout] 
[INFO] [stdout] 
[INFO] [stderr]    Compiling bitflags v1.3.2
[INFO] [stdout] warning: missing documentation for an associated function
[INFO] [stdout]   --> src/../widgets/toolbar.rs:83:5
[INFO] [stdout]    |
[INFO] [stdout] 83 |     pub fn titled(title: Label, actions: Vec<Button>) -> Self {
[INFO] [stdout]    |     ^^^^^^^^^^^^^^^^^^^^^^^^^^^^^^^^^^^^^^^^^^^^^^^^^^^^^^^^^
[INFO] [stdout] 
[INFO] [stdout] 
[INFO] [stdout] warning: missing documentation for an associated function
[INFO] [stdout]   --> src/../widgets/toolbar.rs:91:5
[INFO] [stdout]    |
[INFO] [stdout] 91 |     pub fn coloured(actions: Vec<Button>, colour: RGBA) -> Self {
[INFO] [stdout]    |     ^^^^^^^^^^^^^^^^^^^^^^^^^^^^^^^^^^^^^^^^^^^^^^^^^^^^^^^^^^^
[INFO] [stdout] 
[INFO] [stdout] 
[INFO] [stdout] warning: 5 warnings emitted
[INFO] [stdout] 
[INFO] [stdout] 
[INFO] [stderr]    Compiling sdl2-sys v0.35.2
[INFO] [stderr]    Compiling haussmann v0.0.3 (/opt/rustwide/workdir)
[INFO] [stdout] warning: unused import: `controllers::tap`
[INFO] [stdout]  --> src/graphics/drawer.rs:8:24
[INFO] [stdout]   |
[INFO] [stdout] 8 |     Direction, Widget, controllers::tap,
[INFO] [stdout]   |                        ^^^^^^^^^^^^^^^^
[INFO] [stdout]   |
[INFO] [stdout]   = note: `#[warn(unused_imports)]` on by default
[INFO] [stdout] 
[INFO] [stdout] 
[INFO] [stdout] warning: unused macro definition: `widgets1`
[INFO] [stdout]   --> tests/dyn.rs:23:14
[INFO] [stdout]    |
[INFO] [stdout] 23 | macro_rules! widgets1 {
[INFO] [stdout]    |              ^^^^^^^^
[INFO] [stdout]    |
[INFO] [stdout]    = note: `#[warn(unused_macros)]` on by default
[INFO] [stdout] 
[INFO] [stdout] 
[INFO] [stdout] warning: unused import: `ToolBar`
[INFO] [stdout]   --> tests/integration.rs:16:67
[INFO] [stdout]    |
[INFO] [stdout] 16 | use haussmann::widgets::{Button, Container, Image, Label, Layout, ToolBar};
[INFO] [stdout]    |                                                                   ^^^^^^^
[INFO] [stdout]    |
[INFO] [stdout]    = note: `#[warn(unused_imports)]` on by default
[INFO] [stdout] 
[INFO] [stdout] 
[INFO] [stdout] warning: unused variable: `widgets`
[INFO] [stdout]   --> tests/dyn.rs:38:11
[INFO] [stdout]    |
[INFO] [stdout] 38 | fn foo<T>(widgets: Vec<T>)
[INFO] [stdout]    |           ^^^^^^^ help: if this is intentional, prefix it with an underscore: `_widgets`
[INFO] [stdout]    |
[INFO] [stdout]    = note: `#[warn(unused_variables)]` on by default
[INFO] [stdout] 
[INFO] [stdout] 
[INFO] [stdout] warning: unused variable: `position`
[INFO] [stdout]   --> tests/integration.rs:80:25
[INFO] [stdout]    |
[INFO] [stdout] 80 |     fn image(&mut self, position: Point, _image: &Image) {
[INFO] [stdout]    |                         ^^^^^^^^ help: if this is intentional, prefix it with an underscore: `_position`
[INFO] [stdout]    |
[INFO] [stdout]    = note: `#[warn(unused_variables)]` on by default
[INFO] [stdout] 
[INFO] [stdout] 
[INFO] [stdout] warning: unused variable: `position`
[INFO] [stdout]   --> tests/integration.rs:84:25
[INFO] [stdout]    |
[INFO] [stdout] 84 |     fn label(&mut self, position: Point, label: &Label) {
[INFO] [stdout]    |                         ^^^^^^^^ help: if this is intentional, prefix it with an underscore: `_position`
[INFO] [stdout] 
[INFO] [stdout] 
[INFO] [stdout] warning: unused variable: `label`
[INFO] [stdout]   --> tests/integration.rs:84:42
[INFO] [stdout]    |
[INFO] [stdout] 84 |     fn label(&mut self, position: Point, label: &Label) {
[INFO] [stdout]    |                                          ^^^^^ help: if this is intentional, prefix it with an underscore: `_label`
[INFO] [stdout] 
[INFO] [stdout] 
[INFO] [stdout] warning: unused variable: `x`
[INFO] [stdout]    --> tests/integration.rs:187:32
[INFO] [stdout]     |
[INFO] [stdout] 187 |                     mouse_btn, x, y, ..
[INFO] [stdout]     |                                ^-
[INFO] [stdout]     |                                |
[INFO] [stdout]     |                                help: try removing the field
[INFO] [stdout] 
[INFO] [stdout] 
[INFO] [stdout] warning: unused variable: `y`
[INFO] [stdout]    --> tests/integration.rs:187:35
[INFO] [stdout]     |
[INFO] [stdout] 187 |                     mouse_btn, x, y, ..
[INFO] [stdout]     |                                   ^-
[INFO] [stdout]     |                                   |
[INFO] [stdout]     |                                   help: try removing the field
[INFO] [stdout] 
[INFO] [stdout] 
[INFO] [stdout] warning: 1 warning emitted
[INFO] [stdout] 
[INFO] [stdout] 
[INFO] [stdout] warning: 2 warnings emitted
[INFO] [stdout] 
[INFO] [stdout] 
[INFO] [stdout] warning: 6 warnings emitted
[INFO] [stdout] 
[INFO] [stdout] 
[INFO] [stderr]     Finished test [unoptimized + debuginfo] target(s) in 6.13s
[INFO] running `Command { std: "docker" "inspect" "3ac78c86a87c5b5b1cb8666373619bad535534771221365f2a968aeb5f54ccaf", kill_on_drop: false }`
[INFO] running `Command { std: "docker" "rm" "-f" "3ac78c86a87c5b5b1cb8666373619bad535534771221365f2a968aeb5f54ccaf", kill_on_drop: false }`
[INFO] [stdout] 3ac78c86a87c5b5b1cb8666373619bad535534771221365f2a968aeb5f54ccaf
[INFO] running `Command { std: "docker" "create" "-v" "/var/lib/crater-agent-workspace/builds/worker-4-tc2/target:/opt/rustwide/target:rw,Z" "-v" "/var/lib/crater-agent-workspace/builds/worker-4-tc2/source:/opt/rustwide/workdir:ro,Z" "-v" "/var/lib/crater-agent-workspace/cargo-home:/opt/rustwide/cargo-home:ro,Z" "-v" "/var/lib/crater-agent-workspace/rustup-home:/opt/rustwide/rustup-home:ro,Z" "-e" "SOURCE_DIR=/opt/rustwide/workdir" "-e" "CARGO_TARGET_DIR=/opt/rustwide/target" "-e" "CARGO_INCREMENTAL=0" "-e" "RUST_BACKTRACE=full" "-e" "RUSTFLAGS=--cap-lints=warn" "-e" "RUSTDOCFLAGS=--cap-lints=warn" "-e" "CARGO_HOME=/opt/rustwide/cargo-home" "-e" "RUSTUP_HOME=/opt/rustwide/rustup-home" "-w" "/opt/rustwide/workdir" "-m" "1610612736" "--user" "0:0" "--network" "none" "ghcr.io/rust-lang/crates-build-env/linux@sha256:5ff2268d62e97bff2cde7d5815dd6ed5b47097566f13b8d0ca110b04b60e07ed" "/opt/rustwide/cargo-home/bin/cargo" "+beta-2023-04-20" "test" "--frozen", kill_on_drop: false }`
[INFO] [stdout] 62937842f3bdbddd8cac515c7a36655e35fc1ab6cab15f6bbafc4f6bb2f9aa08
[INFO] running `Command { std: "docker" "start" "-a" "62937842f3bdbddd8cac515c7a36655e35fc1ab6cab15f6bbafc4f6bb2f9aa08", kill_on_drop: false }`
[INFO] [stderr] warning: unused import: `controllers::tap`
[INFO] [stderr]  --> src/graphics/drawer.rs:8:24
[INFO] [stderr]   |
[INFO] [stderr] 8 |     Direction, Widget, controllers::tap,
[INFO] [stderr]   |                        ^^^^^^^^^^^^^^^^
[INFO] [stderr]   |
[INFO] [stderr]   = note: `#[warn(unused_imports)]` on by default
[INFO] [stderr] 
[INFO] [stderr] warning: missing documentation for an associated function
[INFO] [stderr]   --> src/../widgets/toolbar.rs:59:5
[INFO] [stderr]    |
[INFO] [stderr] 59 | /     pub fn new(
[INFO] [stderr] 60 | |         title: Label,
[INFO] [stderr] 61 | |         title_align: Align,
[INFO] [stderr] 62 | |         actions: Vec<Button>,
[INFO] [stderr] 63 | |         actions_align: Align,
[INFO] [stderr] 64 | |         colour: RGBA,
[INFO] [stderr] 65 | |     ) -> Self {
[INFO] [stderr]    | |_____________^
[INFO] [stderr]    |
[INFO] [stderr] note: the lint level is defined here
[INFO] [stderr]   --> src/lib.rs:49:9
[INFO] [stderr]    |
[INFO] [stderr] 49 | #![warn(missing_docs)]
[INFO] [stderr]    |         ^^^^^^^^^^^^
[INFO] [stderr] 
[INFO] [stderr] warning: missing documentation for an associated function
[INFO] [stderr]   --> src/../widgets/toolbar.rs:75:5
[INFO] [stderr]    |
[INFO] [stderr] 75 |     pub fn simple(actions: Vec<Button>, colour: RGBA) -> Self {
[INFO] [stderr]    |     ^^^^^^^^^^^^^^^^^^^^^^^^^^^^^^^^^^^^^^^^^^^^^^^^^^^^^^^^^
[INFO] [stderr] 
[INFO] [stderr] warning: missing documentation for an associated function
[INFO] [stderr]   --> src/../widgets/toolbar.rs:83:5
[INFO] [stderr]    |
[INFO] [stderr] 83 |     pub fn titled(title: Label, actions: Vec<Button>) -> Self {
[INFO] [stderr]    |     ^^^^^^^^^^^^^^^^^^^^^^^^^^^^^^^^^^^^^^^^^^^^^^^^^^^^^^^^^
[INFO] [stderr] 
[INFO] [stderr] warning: missing documentation for an associated function
[INFO] [stderr]   --> src/../widgets/toolbar.rs:91:5
[INFO] [stderr]    |
[INFO] [stderr] 91 |     pub fn coloured(actions: Vec<Button>, colour: RGBA) -> Self {
[INFO] [stderr]    |     ^^^^^^^^^^^^^^^^^^^^^^^^^^^^^^^^^^^^^^^^^^^^^^^^^^^^^^^^^^^
[INFO] [stderr] 
[INFO] [stderr] warning: `haussmann` (lib) generated 5 warnings (run `cargo fix --lib -p haussmann` to apply 1 suggestion)
[INFO] [stderr] warning: unused macro definition: `widgets1`
[INFO] [stderr]   --> tests/dyn.rs:23:14
[INFO] [stderr]    |
[INFO] [stderr] 23 | macro_rules! widgets1 {
[INFO] [stderr]    |              ^^^^^^^^
[INFO] [stderr]    |
[INFO] [stderr]    = note: `#[warn(unused_macros)]` on by default
[INFO] [stderr] 
[INFO] [stderr] warning: unused variable: `widgets`
[INFO] [stderr]   --> tests/dyn.rs:38:11
[INFO] [stderr]    |
[INFO] [stderr] 38 | fn foo<T>(widgets: Vec<T>)
[INFO] [stderr]    |           ^^^^^^^ help: if this is intentional, prefix it with an underscore: `_widgets`
[INFO] [stderr]    |
[INFO] [stderr]    = note: `#[warn(unused_variables)]` on by default
[INFO] [stderr] 
[INFO] [stderr] warning: unused import: `ToolBar`
[INFO] [stderr]   --> tests/integration.rs:16:67
[INFO] [stderr]    |
[INFO] [stderr] 16 | use haussmann::widgets::{Button, Container, Image, Label, Layout, ToolBar};
[INFO] [stderr]    |                                                                   ^^^^^^^
[INFO] [stderr]    |
[INFO] [stderr]    = note: `#[warn(unused_imports)]` on by default
[INFO] [stderr] 
[INFO] [stderr] warning: unused variable: `position`
[INFO] [stderr]   --> tests/integration.rs:80:25
[INFO] [stderr]    |
[INFO] [stderr] 80 |     fn image(&mut self, position: Point, _image: &Image) {
[INFO] [stderr]    |                         ^^^^^^^^ help: if this is intentional, prefix it with an underscore: `_position`
[INFO] [stderr]    |
[INFO] [stderr]    = note: `#[warn(unused_variables)]` on by default
[INFO] [stderr] 
[INFO] [stderr] warning: unused variable: `position`
[INFO] [stderr]   --> tests/integration.rs:84:25
[INFO] [stderr]    |
[INFO] [stderr] 84 |     fn label(&mut self, position: Point, label: &Label) {
[INFO] [stderr]    |                         ^^^^^^^^ help: if this is intentional, prefix it with an underscore: `_position`
[INFO] [stderr] 
[INFO] [stderr] warning: unused variable: `label`
[INFO] [stderr]   --> tests/integration.rs:84:42
[INFO] [stderr]    |
[INFO] [stderr] 84 |     fn label(&mut self, position: Point, label: &Label) {
[INFO] [stderr]    |                                          ^^^^^ help: if this is intentional, prefix it with an underscore: `_label`
[INFO] [stderr] 
[INFO] [stderr] warning: unused variable: `x`
[INFO] [stderr]    --> tests/integration.rs:187:32
[INFO] [stderr]     |
[INFO] [stderr] 187 |                     mouse_btn, x, y, ..
[INFO] [stderr]     |                                ^-
[INFO] [stderr]     |                                |
[INFO] [stderr]     |                                help: try removing the field
[INFO] [stderr] 
[INFO] [stderr] warning: unused variable: `y`
[INFO] [stderr]    --> tests/integration.rs:187:35
[INFO] [stderr]     |
[INFO] [stderr] 187 |                     mouse_btn, x, y, ..
[INFO] [stderr]     |                                   ^-
[INFO] [stderr]     |                                   |
[INFO] [stderr]     |                                   help: try removing the field
[INFO] [stderr] 
[INFO] [stderr] warning: `haussmann` (lib test) generated 1 warning (1 duplicate)
[INFO] [stderr] warning: `haussmann` (test "dyn") generated 2 warnings (run `cargo fix --test "dyn"` to apply 1 suggestion)
[INFO] [stderr] warning: `haussmann` (test "integration") generated 6 warnings (run `cargo fix --test "integration"` to apply 6 suggestions)
[INFO] [stderr]     Finished test [unoptimized + debuginfo] target(s) in 0.02s
[INFO] [stderr]      Running unittests src/lib.rs (/opt/rustwide/target/debug/deps/haussmann-7e7696c2bda852a6)
[INFO] [stdout] 
[INFO] [stdout] running 0 tests
[INFO] [stdout] 
[INFO] [stdout] test result: ok. 0 passed; 0 failed; 0 ignored; 0 measured; 0 filtered out; finished in 0.00s
[INFO] [stdout] 
[INFO] [stderr]      Running tests/dyn.rs (/opt/rustwide/target/debug/deps/dyn-2932a617f2b930f2)
[INFO] [stdout] 
[INFO] [stdout] running 1 test
[INFO] [stdout] test dyn_widgets ... ok
[INFO] [stdout] 
[INFO] [stdout] test result: ok. 1 passed; 0 failed; 0 ignored; 0 measured; 0 filtered out; finished in 0.00s
[INFO] [stdout] 
[INFO] [stderr]      Running tests/integration.rs (/opt/rustwide/target/debug/deps/integration-a57a2740c37c2dbe)
[INFO] [stdout] 
[INFO] [stdout] running 1 test
[INFO] [stderr] error: XDG_RUNTIME_DIR not set in the environment.
[INFO] [stdout] test with_sdl2 ... FAILED
[INFO] [stdout] 
[INFO] [stdout] failures:
[INFO] [stdout] 
[INFO] [stdout] ---- with_sdl2 stdout ----
[INFO] [stdout] thread 'with_sdl2' panicked at 'called `Result::unwrap()` on an `Err` value: "No available video device"', tests/integration.rs:96:47
[INFO] [stdout] stack backtrace:
[INFO] [stdout]    0:     0x5590a1a70e4a - std::backtrace_rs::backtrace::libunwind::trace::h2f05d0192276a8f6
[INFO] [stdout]                                at /rustc/1b7dd2252b99671ce5d1cb9664c5f8636329436d/library/std/src/../../backtrace/src/backtrace/libunwind.rs:93:5
[INFO] [stdout]    1:     0x5590a1a70e4a - std::backtrace_rs::backtrace::trace_unsynchronized::hedc23dff7a1af150
[INFO] [stdout]                                at /rustc/1b7dd2252b99671ce5d1cb9664c5f8636329436d/library/std/src/../../backtrace/src/backtrace/mod.rs:66:5
[INFO] [stdout]    2:     0x5590a1a70e4a - std::sys_common::backtrace::_print_fmt::h17541ef7592f3ce2
[INFO] [stdout]                                at /rustc/1b7dd2252b99671ce5d1cb9664c5f8636329436d/library/std/src/sys_common/backtrace.rs:65:5
[INFO] [stdout]    3:     0x5590a1a70e4a - <std::sys_common::backtrace::_print::DisplayBacktrace as core::fmt::Display>::fmt::h20f75df5ab0c0792
[INFO] [stdout]                                at /rustc/1b7dd2252b99671ce5d1cb9664c5f8636329436d/library/std/src/sys_common/backtrace.rs:44:22
[INFO] [stdout]    4:     0x5590a1a9562f - core::fmt::write::h78109e6f466b3af6
[INFO] [stdout]                                at /rustc/1b7dd2252b99671ce5d1cb9664c5f8636329436d/library/core/src/fmt/mod.rs:1254:17
[INFO] [stdout]    5:     0x5590a1a6e195 - std::io::Write::write_fmt::hd24bfb68a1b35a25
[INFO] [stdout]                                at /rustc/1b7dd2252b99671ce5d1cb9664c5f8636329436d/library/std/src/io/mod.rs:1698:15
[INFO] [stdout]    6:     0x5590a1a70c15 - std::sys_common::backtrace::_print::h8dac57a9f8fbf9a5
[INFO] [stdout]                                at /rustc/1b7dd2252b99671ce5d1cb9664c5f8636329436d/library/std/src/sys_common/backtrace.rs:47:5
[INFO] [stdout]    7:     0x5590a1a70c15 - std::sys_common::backtrace::print::hf9ecbf41d1aa712f
[INFO] [stdout]                                at /rustc/1b7dd2252b99671ce5d1cb9664c5f8636329436d/library/std/src/sys_common/backtrace.rs:34:9
[INFO] [stdout]    8:     0x5590a1a728ce - std::panicking::default_hook::{{closure}}::h04c07acfc84ca028
[INFO] [stdout]                                at /rustc/1b7dd2252b99671ce5d1cb9664c5f8636329436d/library/std/src/panicking.rs:269:22
[INFO] [stdout]    9:     0x5590a1a72601 - std::panicking::default_hook::h01f6bb23e1eceb2c
[INFO] [stdout]                                at /rustc/1b7dd2252b99671ce5d1cb9664c5f8636329436d/library/std/src/panicking.rs:285:9
[INFO] [stdout]   10:     0x5590a1a28e3b - <alloc::boxed::Box<F,A> as core::ops::function::Fn<Args>>::call::h87fe9f7b2fd49e4c
[INFO] [stdout]                                at /rustc/1b7dd2252b99671ce5d1cb9664c5f8636329436d/library/alloc/src/boxed.rs:1987:9
[INFO] [stdout]   11:     0x5590a1a28e3b - test::test_main::{{closure}}::he94d679243a7531b
[INFO] [stdout]                                at /rustc/1b7dd2252b99671ce5d1cb9664c5f8636329436d/library/test/src/lib.rs:134:21
[INFO] [stdout]   12:     0x5590a1a72fb4 - <alloc::boxed::Box<F,A> as core::ops::function::Fn<Args>>::call::h3f2d6d8b14c4769f
[INFO] [stdout]                                at /rustc/1b7dd2252b99671ce5d1cb9664c5f8636329436d/library/alloc/src/boxed.rs:1987:9
[INFO] [stdout]   13:     0x5590a1a72fb4 - std::panicking::rust_panic_with_hook::h2bb3722bbaf2f6df
[INFO] [stdout]                                at /rustc/1b7dd2252b99671ce5d1cb9664c5f8636329436d/library/std/src/panicking.rs:695:13
[INFO] [stdout]   14:     0x5590a1a72d29 - std::panicking::begin_panic_handler::{{closure}}::h91bc7f36a4be011b
[INFO] [stdout]                                at /rustc/1b7dd2252b99671ce5d1cb9664c5f8636329436d/library/std/src/panicking.rs:582:13
[INFO] [stdout]   15:     0x5590a1a712b6 - std::sys_common::backtrace::__rust_end_short_backtrace::h8b3d3717114f9e59
[INFO] [stdout]                                at /rustc/1b7dd2252b99671ce5d1cb9664c5f8636329436d/library/std/src/sys_common/backtrace.rs:150:18
[INFO] [stdout]   16:     0x5590a1a72a82 - rust_begin_unwind
[INFO] [stdout]                                at /rustc/1b7dd2252b99671ce5d1cb9664c5f8636329436d/library/std/src/panicking.rs:578:5
[INFO] [stdout]   17:     0x5590a19ebba3 - core::panicking::panic_fmt::hfd368e3fbdabea26
[INFO] [stdout]                                at /rustc/1b7dd2252b99671ce5d1cb9664c5f8636329436d/library/core/src/panicking.rs:67:14
[INFO] [stdout]   18:     0x5590a19ec143 - core::result::unwrap_failed::he54eb4b2f125b26f
[INFO] [stdout]                                at /rustc/1b7dd2252b99671ce5d1cb9664c5f8636329436d/library/core/src/result.rs:1687:5
[INFO] [stdout]   19:     0x5590a19ef3c2 - core::result::Result<T,E>::unwrap::hc6fa0bf72bdb6e58
[INFO] [stdout]                                at /rustc/1b7dd2252b99671ce5d1cb9664c5f8636329436d/library/core/src/result.rs:1089:23
[INFO] [stdout]   20:     0x5590a19f2323 - integration::with_sdl2::hbe46139a33ced226
[INFO] [stdout]                                at /opt/rustwide/workdir/tests/integration.rs:96:27
[INFO] [stdout]   21:     0x5590a19f2247 - integration::with_sdl2::{{closure}}::h0851ed76ddf4a109
[INFO] [stdout]                                at /opt/rustwide/workdir/tests/integration.rs:94:16
[INFO] [stdout]   22:     0x5590a19f4925 - core::ops::function::FnOnce::call_once::hc710aeef82c4695e
[INFO] [stdout]                                at /rustc/1b7dd2252b99671ce5d1cb9664c5f8636329436d/library/core/src/ops/function.rs:250:5
[INFO] [stdout]   23:     0x5590a1a2dd0f - core::ops::function::FnOnce::call_once::ha6a70e79f7481a7e
[INFO] [stdout]                                at /rustc/1b7dd2252b99671ce5d1cb9664c5f8636329436d/library/core/src/ops/function.rs:250:5
[INFO] [stdout]   24:     0x5590a1a2dd0f - test::__rust_begin_short_backtrace::hce33033019b61e69
[INFO] [stdout]                                at /rustc/1b7dd2252b99671ce5d1cb9664c5f8636329436d/library/test/src/lib.rs:655:18
[INFO] [stdout]   25:     0x5590a19fb4fc - test::run_test::{{closure}}::h858d3528838ae3e5
[INFO] [stdout]                                at /rustc/1b7dd2252b99671ce5d1cb9664c5f8636329436d/library/test/src/lib.rs:646:30
[INFO] [stdout]   26:     0x5590a19fb4fc - core::ops::function::FnOnce::call_once{{vtable.shim}}::he8ac2b00f01ae79e
[INFO] [stdout]                                at /rustc/1b7dd2252b99671ce5d1cb9664c5f8636329436d/library/core/src/ops/function.rs:250:5
[INFO] [stdout]   27:     0x5590a1a2cde6 - <alloc::boxed::Box<F,A> as core::ops::function::FnOnce<Args>>::call_once::h8093d25b522725ef
[INFO] [stdout]                                at /rustc/1b7dd2252b99671ce5d1cb9664c5f8636329436d/library/alloc/src/boxed.rs:1973:9
[INFO] [stdout]   28:     0x5590a1a2cde6 - <core::panic::unwind_safe::AssertUnwindSafe<F> as core::ops::function::FnOnce<()>>::call_once::h5c334c204e4a3913
[INFO] [stdout]                                at /rustc/1b7dd2252b99671ce5d1cb9664c5f8636329436d/library/core/src/panic/unwind_safe.rs:271:9
[INFO] [stdout]   29:     0x5590a1a2cde6 - std::panicking::try::do_call::ha8b740c7b9478074
[INFO] [stdout]                                at /rustc/1b7dd2252b99671ce5d1cb9664c5f8636329436d/library/std/src/panicking.rs:485:40
[INFO] [stdout]   30:     0x5590a1a2cde6 - std::panicking::try::h5d34f63d0e41b64e
[INFO] [stdout]                                at /rustc/1b7dd2252b99671ce5d1cb9664c5f8636329436d/library/std/src/panicking.rs:449:19
[INFO] [stdout]   31:     0x5590a1a2cde6 - std::panic::catch_unwind::hcfbb511e1aa7fc67
[INFO] [stdout]                                at /rustc/1b7dd2252b99671ce5d1cb9664c5f8636329436d/library/std/src/panic.rs:140:14
[INFO] [stdout]   32:     0x5590a1a2cde6 - test::run_test_in_process::h9abda90f802eaf21
[INFO] [stdout]                                at /rustc/1b7dd2252b99671ce5d1cb9664c5f8636329436d/library/test/src/lib.rs:678:27
[INFO] [stdout]   33:     0x5590a1a2cde6 - test::run_test::run_test_inner::{{closure}}::h0f058de91f6c6edf
[INFO] [stdout]                                at /rustc/1b7dd2252b99671ce5d1cb9664c5f8636329436d/library/test/src/lib.rs:572:39
[INFO] [stdout]   34:     0x5590a19f5d05 - test::run_test::run_test_inner::{{closure}}::h5ca48a4c59c6c1fb
[INFO] [stdout]                                at /rustc/1b7dd2252b99671ce5d1cb9664c5f8636329436d/library/test/src/lib.rs:599:37
[INFO] [stdout]   35:     0x5590a19f5d05 - std::sys_common::backtrace::__rust_begin_short_backtrace::h32bd51e1495d4a33
[INFO] [stdout]                                at /rustc/1b7dd2252b99671ce5d1cb9664c5f8636329436d/library/std/src/sys_common/backtrace.rs:134:18
[INFO] [stdout]   36:     0x5590a19fb241 - std::thread::Builder::spawn_unchecked_::{{closure}}::{{closure}}::hc086fae9b128b2db
[INFO] [stdout]                                at /rustc/1b7dd2252b99671ce5d1cb9664c5f8636329436d/library/std/src/thread/mod.rs:526:17
[INFO] [stdout]   37:     0x5590a19fb241 - <core::panic::unwind_safe::AssertUnwindSafe<F> as core::ops::function::FnOnce<()>>::call_once::hb66571888d270d43
[INFO] [stdout]                                at /rustc/1b7dd2252b99671ce5d1cb9664c5f8636329436d/library/core/src/panic/unwind_safe.rs:271:9
[INFO] [stdout]   38:     0x5590a19fb241 - std::panicking::try::do_call::h4fa2ef4f6e51fecf
[INFO] [stdout]                                at /rustc/1b7dd2252b99671ce5d1cb9664c5f8636329436d/library/std/src/panicking.rs:485:40
[INFO] [stdout]   39:     0x5590a19fb241 - std::panicking::try::h1e9e22b8584489b5
[INFO] [stdout]                                at /rustc/1b7dd2252b99671ce5d1cb9664c5f8636329436d/library/std/src/panicking.rs:449:19
[INFO] [stdout]   40:     0x5590a19fb241 - std::panic::catch_unwind::h44698a3de0e0769e
[INFO] [stdout]                                at /rustc/1b7dd2252b99671ce5d1cb9664c5f8636329436d/library/std/src/panic.rs:140:14
[INFO] [stdout]   41:     0x5590a19fb241 - std::thread::Builder::spawn_unchecked_::{{closure}}::h50153abde3fe239e
[INFO] [stdout]                                at /rustc/1b7dd2252b99671ce5d1cb9664c5f8636329436d/library/std/src/thread/mod.rs:525:30
[INFO] [stdout]   42:     0x5590a19fb241 - core::ops::function::FnOnce::call_once{{vtable.shim}}::hbe5bbf6f38394364
[INFO] [stdout]                                at /rustc/1b7dd2252b99671ce5d1cb9664c5f8636329436d/library/core/src/ops/function.rs:250:5
[INFO] [stdout]   43:     0x5590a1a77485 - <alloc::boxed::Box<F,A> as core::ops::function::FnOnce<Args>>::call_once::h0d83cb2920a49046
[INFO] [stdout]                                at /rustc/1b7dd2252b99671ce5d1cb9664c5f8636329436d/library/alloc/src/boxed.rs:1973:9
[INFO] [stdout]   44:     0x5590a1a77485 - <alloc::boxed::Box<F,A> as core::ops::function::FnOnce<Args>>::call_once::hbe0a008aa7d9ef59
[INFO] [stdout]                                at /rustc/1b7dd2252b99671ce5d1cb9664c5f8636329436d/library/alloc/src/boxed.rs:1973:9
[INFO] [stdout]   45:     0x5590a1a77485 - std::sys::unix::thread::Thread::new::thread_start::h3a466996bdf6b1f9
[INFO] [stdout]                                at /rustc/1b7dd2252b99671ce5d1cb9664c5f8636329436d/library/std/src/sys/unix/thread.rs:108:17
[INFO] [stdout]   46:     0x7f0740cf3b43 - <unknown>
[INFO] [stdout]   47:     0x7f0740d84bb4 - __clone
[INFO] [stdout]   48:                0x0 - <unknown>
[INFO] [stdout] 
[INFO] [stdout] 
[INFO] [stdout] failures:
[INFO] [stdout]     with_sdl2
[INFO] [stdout] 
[INFO] [stdout] test result: FAILED. 0 passed; 1 failed; 0 ignored; 0 measured; 0 filtered out; finished in 0.02s
[INFO] [stdout] 
[INFO] [stderr] error: test failed, to rerun pass `--test integration`
[INFO] running `Command { std: "docker" "inspect" "62937842f3bdbddd8cac515c7a36655e35fc1ab6cab15f6bbafc4f6bb2f9aa08", kill_on_drop: false }`
[INFO] running `Command { std: "docker" "rm" "-f" "62937842f3bdbddd8cac515c7a36655e35fc1ab6cab15f6bbafc4f6bb2f9aa08", kill_on_drop: false }`
[INFO] [stdout] 62937842f3bdbddd8cac515c7a36655e35fc1ab6cab15f6bbafc4f6bb2f9aa08
