[INFO] fetching crate haru-decorator 0.21.0...
[INFO] testing haru-decorator-0.21.0 against beta-2023-04-20 for beta-1.70-1
[INFO] extracting crate haru-decorator 0.21.0 into /workspace/builds/worker-5-tc2/source
[INFO] validating manifest of crates.io crate haru-decorator 0.21.0 on toolchain beta-2023-04-20
[INFO] running `Command { std: CARGO_HOME="/workspace/cargo-home" RUSTUP_HOME="/workspace/rustup-home" "/workspace/cargo-home/bin/cargo" "+beta-2023-04-20" "metadata" "--manifest-path" "Cargo.toml" "--no-deps", kill_on_drop: false }`
[INFO] started tweaking crates.io crate haru-decorator 0.21.0
[INFO] finished tweaking crates.io crate haru-decorator 0.21.0
[INFO] tweaked toml for crates.io crate haru-decorator 0.21.0 written to /workspace/builds/worker-5-tc2/source/Cargo.toml
[INFO] running `Command { std: CARGO_HOME="/workspace/cargo-home" RUSTUP_HOME="/workspace/rustup-home" __CARGO_TEST_CHANNEL_OVERRIDE_DO_NOT_USE_THIS="nightly" "/workspace/cargo-home/bin/cargo" "+beta-2023-04-20" "generate-lockfile" "--manifest-path" "Cargo.toml" "-Zno-index-update", kill_on_drop: false }`
[INFO] running `Command { std: CARGO_HOME="/workspace/cargo-home" RUSTUP_HOME="/workspace/rustup-home" "/workspace/cargo-home/bin/cargo" "+beta-2023-04-20" "fetch" "--manifest-path" "Cargo.toml", kill_on_drop: false }`
[INFO] running `Command { std: "docker" "create" "-v" "/var/lib/crater-agent-workspace/builds/worker-5-tc2/target:/opt/rustwide/target:rw,Z" "-v" "/var/lib/crater-agent-workspace/builds/worker-5-tc2/source:/opt/rustwide/workdir:ro,Z" "-v" "/var/lib/crater-agent-workspace/cargo-home:/opt/rustwide/cargo-home:ro,Z" "-v" "/var/lib/crater-agent-workspace/rustup-home:/opt/rustwide/rustup-home:ro,Z" "-e" "SOURCE_DIR=/opt/rustwide/workdir" "-e" "CARGO_TARGET_DIR=/opt/rustwide/target" "-e" "CARGO_HOME=/opt/rustwide/cargo-home" "-e" "RUSTUP_HOME=/opt/rustwide/rustup-home" "-w" "/opt/rustwide/workdir" "-m" "1610612736" "--user" "0:0" "--network" "none" "ghcr.io/rust-lang/crates-build-env/linux@sha256:5ff2268d62e97bff2cde7d5815dd6ed5b47097566f13b8d0ca110b04b60e07ed" "/opt/rustwide/cargo-home/bin/cargo" "+beta-2023-04-20" "metadata" "--no-deps" "--format-version=1", kill_on_drop: false }`
[INFO] [stdout] f75a7b2910bca301758be7024f491e169c0e8517cf0e65d5fa55d394a11f1e78
[INFO] running `Command { std: "docker" "start" "-a" "f75a7b2910bca301758be7024f491e169c0e8517cf0e65d5fa55d394a11f1e78", kill_on_drop: false }`
[INFO] running `Command { std: "docker" "inspect" "f75a7b2910bca301758be7024f491e169c0e8517cf0e65d5fa55d394a11f1e78", kill_on_drop: false }`
[INFO] running `Command { std: "docker" "rm" "-f" "f75a7b2910bca301758be7024f491e169c0e8517cf0e65d5fa55d394a11f1e78", kill_on_drop: false }`
[INFO] [stdout] f75a7b2910bca301758be7024f491e169c0e8517cf0e65d5fa55d394a11f1e78
[INFO] running `Command { std: "docker" "create" "-v" "/var/lib/crater-agent-workspace/builds/worker-5-tc2/target:/opt/rustwide/target:rw,Z" "-v" "/var/lib/crater-agent-workspace/builds/worker-5-tc2/source:/opt/rustwide/workdir:ro,Z" "-v" "/var/lib/crater-agent-workspace/cargo-home:/opt/rustwide/cargo-home:ro,Z" "-v" "/var/lib/crater-agent-workspace/rustup-home:/opt/rustwide/rustup-home:ro,Z" "-e" "SOURCE_DIR=/opt/rustwide/workdir" "-e" "CARGO_TARGET_DIR=/opt/rustwide/target" "-e" "CARGO_INCREMENTAL=0" "-e" "RUST_BACKTRACE=full" "-e" "RUSTFLAGS=--cap-lints=warn" "-e" "RUSTDOCFLAGS=--cap-lints=warn" "-e" "CARGO_HOME=/opt/rustwide/cargo-home" "-e" "RUSTUP_HOME=/opt/rustwide/rustup-home" "-w" "/opt/rustwide/workdir" "-m" "1610612736" "--user" "0:0" "--network" "none" "ghcr.io/rust-lang/crates-build-env/linux@sha256:5ff2268d62e97bff2cde7d5815dd6ed5b47097566f13b8d0ca110b04b60e07ed" "/opt/rustwide/cargo-home/bin/cargo" "+beta-2023-04-20" "build" "--frozen" "--message-format=json", kill_on_drop: false }`
[INFO] [stdout] b7d6dc09e18e2ba1694c51f46dcdebc9dff8894575a5f5a31121351462987640
[INFO] running `Command { std: "docker" "start" "-a" "b7d6dc09e18e2ba1694c51f46dcdebc9dff8894575a5f5a31121351462987640", kill_on_drop: false }`
[INFO] [stderr]    Compiling proc-macro2 v0.4.30
[INFO] [stderr]    Compiling unicode-xid v0.1.0
[INFO] [stderr]    Compiling syn v0.15.44
[INFO] [stderr]    Compiling quote v0.6.13
[INFO] [stderr]    Compiling haru-decorator v0.21.0 (/opt/rustwide/workdir)
[INFO] [stderr]     Finished dev [unoptimized + debuginfo] target(s) in 8.23s
[INFO] running `Command { std: "docker" "inspect" "b7d6dc09e18e2ba1694c51f46dcdebc9dff8894575a5f5a31121351462987640", kill_on_drop: false }`
[INFO] running `Command { std: "docker" "rm" "-f" "b7d6dc09e18e2ba1694c51f46dcdebc9dff8894575a5f5a31121351462987640", kill_on_drop: false }`
[INFO] [stdout] b7d6dc09e18e2ba1694c51f46dcdebc9dff8894575a5f5a31121351462987640
[INFO] running `Command { std: "docker" "create" "-v" "/var/lib/crater-agent-workspace/builds/worker-5-tc2/target:/opt/rustwide/target:rw,Z" "-v" "/var/lib/crater-agent-workspace/builds/worker-5-tc2/source:/opt/rustwide/workdir:ro,Z" "-v" "/var/lib/crater-agent-workspace/cargo-home:/opt/rustwide/cargo-home:ro,Z" "-v" "/var/lib/crater-agent-workspace/rustup-home:/opt/rustwide/rustup-home:ro,Z" "-e" "SOURCE_DIR=/opt/rustwide/workdir" "-e" "CARGO_TARGET_DIR=/opt/rustwide/target" "-e" "CARGO_INCREMENTAL=0" "-e" "RUST_BACKTRACE=full" "-e" "RUSTFLAGS=--cap-lints=warn" "-e" "RUSTDOCFLAGS=--cap-lints=warn" "-e" "CARGO_HOME=/opt/rustwide/cargo-home" "-e" "RUSTUP_HOME=/opt/rustwide/rustup-home" "-w" "/opt/rustwide/workdir" "-m" "1610612736" "--user" "0:0" "--network" "none" "ghcr.io/rust-lang/crates-build-env/linux@sha256:5ff2268d62e97bff2cde7d5815dd6ed5b47097566f13b8d0ca110b04b60e07ed" "/opt/rustwide/cargo-home/bin/cargo" "+beta-2023-04-20" "test" "--frozen" "--no-run" "--message-format=json", kill_on_drop: false }`
[INFO] [stdout] 9b7343ad21853616ae84fbaa069a788d8c8664eeb6bdb83890d4e0e20512142d
[INFO] running `Command { std: "docker" "start" "-a" "9b7343ad21853616ae84fbaa069a788d8c8664eeb6bdb83890d4e0e20512142d", kill_on_drop: false }`
[INFO] [stderr]    Compiling haru-decorator v0.21.0 (/opt/rustwide/workdir)
[INFO] [stderr]     Finished test [unoptimized + debuginfo] target(s) in 0.92s
[INFO] running `Command { std: "docker" "inspect" "9b7343ad21853616ae84fbaa069a788d8c8664eeb6bdb83890d4e0e20512142d", kill_on_drop: false }`
[INFO] running `Command { std: "docker" "rm" "-f" "9b7343ad21853616ae84fbaa069a788d8c8664eeb6bdb83890d4e0e20512142d", kill_on_drop: false }`
[INFO] [stdout] 9b7343ad21853616ae84fbaa069a788d8c8664eeb6bdb83890d4e0e20512142d
[INFO] running `Command { std: "docker" "create" "-v" "/var/lib/crater-agent-workspace/builds/worker-5-tc2/target:/opt/rustwide/target:rw,Z" "-v" "/var/lib/crater-agent-workspace/builds/worker-5-tc2/source:/opt/rustwide/workdir:ro,Z" "-v" "/var/lib/crater-agent-workspace/cargo-home:/opt/rustwide/cargo-home:ro,Z" "-v" "/var/lib/crater-agent-workspace/rustup-home:/opt/rustwide/rustup-home:ro,Z" "-e" "SOURCE_DIR=/opt/rustwide/workdir" "-e" "CARGO_TARGET_DIR=/opt/rustwide/target" "-e" "CARGO_INCREMENTAL=0" "-e" "RUST_BACKTRACE=full" "-e" "RUSTFLAGS=--cap-lints=warn" "-e" "RUSTDOCFLAGS=--cap-lints=warn" "-e" "CARGO_HOME=/opt/rustwide/cargo-home" "-e" "RUSTUP_HOME=/opt/rustwide/rustup-home" "-w" "/opt/rustwide/workdir" "-m" "1610612736" "--user" "0:0" "--network" "none" "ghcr.io/rust-lang/crates-build-env/linux@sha256:5ff2268d62e97bff2cde7d5815dd6ed5b47097566f13b8d0ca110b04b60e07ed" "/opt/rustwide/cargo-home/bin/cargo" "+beta-2023-04-20" "test" "--frozen", kill_on_drop: false }`
[INFO] [stdout] 3e8ac370ff5692e64553fb4ef5f78170a41702c41e89d297be2d412d95cb67ce
[INFO] running `Command { std: "docker" "start" "-a" "3e8ac370ff5692e64553fb4ef5f78170a41702c41e89d297be2d412d95cb67ce", kill_on_drop: false }`
[INFO] [stderr]     Finished test [unoptimized + debuginfo] target(s) in 0.01s
[INFO] [stderr]      Running unittests src/lib.rs (/opt/rustwide/target/debug/deps/decorator-eac4c3193c9f8f10)
[INFO] [stderr]    Doc-tests decorator
[INFO] [stdout] 
[INFO] [stdout] running 0 tests
[INFO] [stdout] 
[INFO] [stdout] test result: ok. 0 passed; 0 failed; 0 ignored; 0 measured; 0 filtered out; finished in 0.00s
[INFO] [stdout] 
[INFO] [stdout] 
[INFO] [stdout] running 5 tests
[INFO] [stdout] test src/lib.rs - (line 15) ... FAILED
[INFO] [stdout] test src/lib.rs - hana_function (line 32) ... FAILED
[INFO] [stdout] test src/lib.rs - hana_function (line 40) ... FAILED
[INFO] [stdout] test src/lib.rs - (line 3) ... FAILED
[INFO] [stdout] test src/lib.rs - hana_function (line 49) ... FAILED
[INFO] [stdout] 
[INFO] [stdout] failures:
[INFO] [stdout] 
[INFO] [stdout] ---- src/lib.rs - (line 15) stdout ----
[INFO] [stdout] error: unexpected token: `...`
[INFO] [stdout]  --> src/lib.rs:17:5
[INFO] [stdout]   |
[INFO] [stdout] 4 |     ...
[INFO] [stdout]   |     ^^^
[INFO] [stdout]   |
[INFO] [stdout] help: use `..` for an exclusive range
[INFO] [stdout]   |
[INFO] [stdout] 4 |     ..
[INFO] [stdout]   |
[INFO] [stdout] help: or `..=` for an inclusive range
[INFO] [stdout]   |
[INFO] [stdout] 4 |     ..=
[INFO] [stdout]   |
[INFO] [stdout] 
[INFO] [stdout] error[E0586]: inclusive range with no end
[INFO] [stdout]  --> src/lib.rs:17:5
[INFO] [stdout]   |
[INFO] [stdout] 4 |     ...
[INFO] [stdout]   |     ^^^ help: use `..` instead
[INFO] [stdout]   |
[INFO] [stdout]   = note: inclusive ranges must be bounded at the end (`..=b` or `a..=b`)
[INFO] [stdout] 
[INFO] [stdout] error[E0412]: cannot find type `Vm` in this scope
[INFO] [stdout]  --> src/lib.rs:16:35
[INFO] [stdout]   |
[INFO] [stdout] 3 | pub extern "C" fn succ(vm: *const Vm, nargs: u16) {
[INFO] [stdout]   |                                   ^^ not found in this scope
[INFO] [stdout] 
[INFO] [stdout] error: aborting due to 3 previous errors
[INFO] [stdout] 
[INFO] [stdout] Some errors have detailed explanations: E0412, E0586.
[INFO] [stdout] For more information about an error, try `rustc --explain E0412`.
[INFO] [stdout] Couldn't compile the test.
[INFO] [stdout] ---- src/lib.rs - hana_function (line 32) stdout ----
[INFO] [stdout] error[E0463]: can't find crate for `haru`
[INFO] [stdout]  --> src/lib.rs:32:1
[INFO] [stdout]   |
[INFO] [stdout] 2 | extern crate haru;
[INFO] [stdout]   | ^^^^^^^^^^^^^^^^^^ can't find crate
[INFO] [stdout] 
[INFO] [stdout] error: aborting due to previous error
[INFO] [stdout] 
[INFO] [stdout] For more information about this error, try `rustc --explain E0463`.
[INFO] [stdout] Couldn't compile the test.
[INFO] [stdout] ---- src/lib.rs - hana_function (line 40) stdout ----
[INFO] [stdout] error: expected one of `!`, `,`, `.`, `::`, `;`, `?`, `]`, `{`, or an operator, found `of`
[INFO] [stdout]  --> src/lib.rs:43:11
[INFO] [stdout]   |
[INFO] [stdout] 5 |     [body of fopen]
[INFO] [stdout]   |           ^^ expected one of 9 possible tokens
[INFO] [stdout] 
[INFO] [stdout] error: cannot find attribute `hana_function` in this scope
[INFO] [stdout]  --> src/lib.rs:41:3
[INFO] [stdout]   |
[INFO] [stdout] 3 | #[hana_function()]
[INFO] [stdout]   |   ^^^^^^^^^^^^^
[INFO] [stdout]   |
[INFO] [stdout]   = help: consider importing this attribute macro:
[INFO] [stdout]           decorator::hana_function
[INFO] [stdout] 
[INFO] [stdout] error[E0433]: failed to resolve: use of undeclared type `Value`
[INFO] [stdout]  --> src/lib.rs:42:16
[INFO] [stdout]   |
[INFO] [stdout] 4 | fn fopen(path: Value::String, mode: Value::String) {
[INFO] [stdout]   |                ^^^^^ use of undeclared type `Value`
[INFO] [stdout] 
[INFO] [stdout] error[E0433]: failed to resolve: use of undeclared type `Value`
[INFO] [stdout]  --> src/lib.rs:42:37
[INFO] [stdout]   |
[INFO] [stdout] 4 | fn fopen(path: Value::String, mode: Value::String) {
[INFO] [stdout]   |                                     ^^^^^ use of undeclared type `Value`
[INFO] [stdout] 
[INFO] [stdout] error: aborting due to 4 previous errors
[INFO] [stdout] 
[INFO] [stdout] For more information about this error, try `rustc --explain E0433`.
[INFO] [stdout] Couldn't compile the test.
[INFO] [stdout] ---- src/lib.rs - (line 3) stdout ----
[INFO] [stdout] error[E0463]: can't find crate for `haru`
[INFO] [stdout]  --> src/lib.rs:3:1
[INFO] [stdout]   |
[INFO] [stdout] 2 | extern crate haru;
[INFO] [stdout]   | ^^^^^^^^^^^^^^^^^^ can't find crate
[INFO] [stdout] 
[INFO] [stdout] error: cannot find attribute `hana_function` in this scope
[INFO] [stdout]  --> src/lib.rs:8:3
[INFO] [stdout]   |
[INFO] [stdout] 7 | #[hana_function()]
[INFO] [stdout]   |   ^^^^^^^^^^^^^
[INFO] [stdout]   |
[INFO] [stdout]   = help: consider importing this attribute macro:
[INFO] [stdout]           decorator::hana_function
[INFO] [stdout] 
[INFO] [stdout] error: aborting due to 2 previous errors
[INFO] [stdout] 
[INFO] [stdout] For more information about this error, try `rustc --explain E0463`.
[INFO] [stdout] Couldn't compile the test.
[INFO] [stdout] ---- src/lib.rs - hana_function (line 49) stdout ----
[INFO] [stdout] error: expected one of `!`, `,`, `.`, `::`, `;`, `?`, `]`, `{`, or an operator, found `vm`
[INFO] [stdout]  --> src/lib.rs:51:34
[INFO] [stdout]   |
[INFO] [stdout] 4 |     if nargs != [nargs] { [raise vm error] }
[INFO] [stdout]   |                                  ^^ expected one of 9 possible tokens
[INFO] [stdout] 
[INFO] [stdout] error: expected one of `!`, `,`, `.`, `::`, `;`, `?`, `]`, `{`, or an operator, found `of`
[INFO] [stdout]   --> src/lib.rs:57:15
[INFO] [stdout]    |
[INFO] [stdout] 10 |         [body of fopen]
[INFO] [stdout]    |               ^^ expected one of 9 possible tokens
[INFO] [stdout] 
[INFO] [stdout] error: expected one of `!` or `[`, found `name`
[INFO] [stdout]   --> src/lib.rs:60:27
[INFO] [stdout]    |
[INFO] [stdout] 13 |     let result : Value = #name(vm);
[INFO] [stdout]    |                           ^^^^ expected one of `!` or `[`
[INFO] [stdout] 
[INFO] [stdout] error[E0433]: failed to resolve: use of undeclared type `Value`
[INFO] [stdout]  --> src/lib.rs:53:13
[INFO] [stdout]   |
[INFO] [stdout] 6 |         let Value::String(path) = vm.stack.pop().unwrap() ||
[INFO] [stdout]   |             ^^^^^ use of undeclared type `Value`
[INFO] [stdout] 
[INFO] [stdout] error[E0433]: failed to resolve: use of undeclared type `Value`
[INFO] [stdout]  --> src/lib.rs:55:13
[INFO] [stdout]   |
[INFO] [stdout] 8 |         let Value::String(mode) = vm.stack.pop().unwrap() ||
[INFO] [stdout]   |             ^^^^^ use of undeclared type `Value`
[INFO] [stdout] 
[INFO] [stdout] error[E0412]: cannot find type `Vm` in this scope
[INFO] [stdout]  --> src/lib.rs:50:36
[INFO] [stdout]   |
[INFO] [stdout] 3 | pub extern "C" fn fopen(cvm : *mut Vm, nargs : u16) {
[INFO] [stdout]   |                                    ^^ not found in this scope
[INFO] [stdout] 
[INFO] [stdout] error[E0412]: cannot find type `Value` in this scope
[INFO] [stdout]  --> src/lib.rs:52:19
[INFO] [stdout]   |
[INFO] [stdout] 5 |     fn fopen() -> Value {
[INFO] [stdout]   |                   ^^^^^ not found in this scope
[INFO] [stdout] 
[INFO] [stdout] error[E0425]: cannot find value `vm` in this scope
[INFO] [stdout]  --> src/lib.rs:53:35
[INFO] [stdout]   |
[INFO] [stdout] 6 |         let Value::String(path) = vm.stack.pop().unwrap() ||
[INFO] [stdout]   |                                   ^^ help: a local variable with a similar name exists: `cvm`
[INFO] [stdout] 
[INFO] [stdout] error[E0425]: cannot find value `vm` in this scope
[INFO] [stdout]  --> src/lib.rs:55:35
[INFO] [stdout]   |
[INFO] [stdout] 8 |         let Value::String(mode) = vm.stack.pop().unwrap() ||
[INFO] [stdout]   |                                   ^^ help: a local variable with a similar name exists: `cvm`
[INFO] [stdout] 
[INFO] [stdout] error[E0308]: mismatched types
[INFO] [stdout]  --> src/lib.rs:51:17
[INFO] [stdout]   |
[INFO] [stdout] 4 |     if nargs != [nargs] { [raise vm error] }
[INFO] [stdout]   |        -----    ^^^^^^^ expected `u16`, found `[u16; 1]`
[INFO] [stdout]   |        |
[INFO] [stdout]   |        expected because this is `u16`
[INFO] [stdout] 
[INFO] [stdout] error: aborting due to 10 previous errors
[INFO] [stdout] 
[INFO] [stdout] Some errors have detailed explanations: E0308, E0412, E0425, E0433.
[INFO] [stdout] For more information about an error, try `rustc --explain E0308`.
[INFO] [stdout] Couldn't compile the test.
[INFO] [stdout] 
[INFO] [stdout] failures:
[INFO] [stdout]     src/lib.rs - (line 15)
[INFO] [stdout]     src/lib.rs - (line 3)
[INFO] [stdout]     src/lib.rs - hana_function (line 32)
[INFO] [stdout]     src/lib.rs - hana_function (line 40)
[INFO] [stdout]     src/lib.rs - hana_function (line 49)
[INFO] [stdout] 
[INFO] [stdout] test result: FAILED. 0 passed; 5 failed; 0 ignored; 0 measured; 0 filtered out; finished in 0.18s
[INFO] [stdout] 
[INFO] [stderr] error: doctest failed, to rerun pass `--doc`
[INFO] running `Command { std: "docker" "inspect" "3e8ac370ff5692e64553fb4ef5f78170a41702c41e89d297be2d412d95cb67ce", kill_on_drop: false }`
[INFO] running `Command { std: "docker" "rm" "-f" "3e8ac370ff5692e64553fb4ef5f78170a41702c41e89d297be2d412d95cb67ce", kill_on_drop: false }`
[INFO] [stdout] 3e8ac370ff5692e64553fb4ef5f78170a41702c41e89d297be2d412d95cb67ce
